--
-- Host: localhost    Database: noss2142_classic
-- ------------------------------------------------------


--
-- Table structure for table `ajuste_custo_medio`
--

CREATE TABLE `ajuste_custo_medio` (
  `idajuste_custo_medio` int(11) NOT NULL AUTO_INCREMENT,
  `item_id` int(11) NOT NULL,
  `iduser` int(11) NOT NULL,
  `idempresa` int(11) NOT NULL,
  `motivo` varchar(50) NOT NULL,
  `valor` double NOT NULL,
  `created_at` datetime DEFAULT NULL,
  PRIMARY KEY (`idajuste_custo_medio`),
  KEY `fk_ajuste_custo_medio_1` (`item_id`),
  KEY `fk_ajuste_custo_medio_3` (`idempresa`),
  KEY `fk_ajuste_custo_medio_2` (`iduser`),
  CONSTRAINT `fk_ajuste_custo_medio_1` FOREIGN KEY (`item_id`) REFERENCES `item` (`iditem`),
  CONSTRAINT `fk_ajuste_custo_medio_2` FOREIGN KEY (`iduser`) REFERENCES `system_users` (`id`),
  CONSTRAINT `fk_ajuste_custo_medio_3` FOREIGN KEY (`idempresa`) REFERENCES `system_unit` (`id`)
) ENGINE=InnoDB DEFAULT CHARSET=utf8mb3 COLLATE=utf8mb3_unicode_ci;

--
-- Dumping data for table `ajuste_custo_medio`
--


--
-- Table structure for table `ajuste_saldo_estoque`
--

CREATE TABLE `ajuste_saldo_estoque` (
  `idajuste_saldo_estoque` int(11) NOT NULL AUTO_INCREMENT,
  `item_id` int(11) NOT NULL,
  `estoque_id` int(11) NOT NULL,
  `iduser` int(11) NOT NULL,
  `idempresa` int(11) NOT NULL,
  `motivo` varchar(50) NOT NULL,
  `qtd` double NOT NULL,
  `created_at` datetime DEFAULT NULL,
  PRIMARY KEY (`idajuste_saldo_estoque`),
  KEY `fk_ajuste_saldo_estoque_1` (`estoque_id`),
  KEY `fk_ajuste_saldo_estoque_2` (`item_id`),
  KEY `fk_ajuste_saldo_estoque_4` (`idempresa`),
  KEY `fk_ajuste_saldo_estoque_3` (`iduser`),
  CONSTRAINT `fk_ajuste_saldo_estoque_1` FOREIGN KEY (`estoque_id`) REFERENCES `estoque` (`idestoque`),
  CONSTRAINT `fk_ajuste_saldo_estoque_2` FOREIGN KEY (`item_id`) REFERENCES `item` (`iditem`),
  CONSTRAINT `fk_ajuste_saldo_estoque_3` FOREIGN KEY (`iduser`) REFERENCES `system_users` (`id`),
  CONSTRAINT `fk_ajuste_saldo_estoque_4` FOREIGN KEY (`idempresa`) REFERENCES `system_unit` (`id`)
) ENGINE=InnoDB DEFAULT CHARSET=utf8mb3 COLLATE=utf8mb3_unicode_ci;

--
-- Dumping data for table `ajuste_saldo_estoque`
--


--
-- Table structure for table `api_error`
--

CREATE TABLE `api_error` (
  `id` int(11) NOT NULL AUTO_INCREMENT,
  `classe` varchar(255) DEFAULT NULL,
  `metodo` varchar(255) DEFAULT NULL,
  `url` varchar(500) DEFAULT NULL,
  `dados` varchar(3000) DEFAULT NULL,
  `error_message` varchar(3000) DEFAULT NULL,
  `created_at` datetime DEFAULT NULL,
  PRIMARY KEY (`id`)
) ENGINE=InnoDB DEFAULT CHARSET=utf8mb3 COLLATE=utf8mb3_unicode_ci;

--
-- Dumping data for table `api_error`
--


--
-- Table structure for table `auditoria`
--

CREATE TABLE `auditoria` (
  `idauditoria` int(11) NOT NULL AUTO_INCREMENT,
  `item_id` int(11) NOT NULL,
  `movimento_id` int(11) NOT NULL,
  `iduser` int(11) NOT NULL,
  `idempresa` int(11) NOT NULL,
  `created_at` datetime NOT NULL,
  `valor_auditado` double NOT NULL,
  `qtd_auditada` double NOT NULL,
  `percentual` double NOT NULL,
  `valor_item` double NOT NULL,
  PRIMARY KEY (`idauditoria`),
  KEY `fk_auditoria_1` (`item_id`),
  KEY `fk_auditoria_2` (`movimento_id`),
  KEY `fk_auditoria_4` (`idempresa`),
  KEY `fk_auditoria_3` (`iduser`),
  CONSTRAINT `fk_auditoria_1` FOREIGN KEY (`item_id`) REFERENCES `item` (`iditem`),
  CONSTRAINT `fk_auditoria_2` FOREIGN KEY (`movimento_id`) REFERENCES `movimento` (`idmovimento`),
  CONSTRAINT `fk_auditoria_3` FOREIGN KEY (`iduser`) REFERENCES `system_users` (`id`),
  CONSTRAINT `fk_auditoria_4` FOREIGN KEY (`idempresa`) REFERENCES `system_unit` (`id`)
) ENGINE=InnoDB DEFAULT CHARSET=utf8mb3 COLLATE=utf8mb3_unicode_ci;

--
-- Dumping data for table `auditoria`
--


--
-- Table structure for table `beneficiamento`
--

CREATE TABLE `beneficiamento` (
  `id` int(11) NOT NULL AUTO_INCREMENT,
  `iditem` int(11) NOT NULL,
  `idempresa` int(11) NOT NULL,
  `iduser` int(11) NOT NULL,
  `peso_perca` double NOT NULL,
  `qtd` double NOT NULL,
  `total` double NOT NULL,
  `status_id` int(11) DEFAULT NULL,
  `percentual_perca` int(11) NOT NULL,
  `created_at` datetime NOT NULL,
  `deleted_at` datetime NOT NULL,
  `updated_at` datetime NOT NULL,
  PRIMARY KEY (`id`),
  KEY `fk_beneficiamento_1` (`idempresa`),
  KEY `fk_beneficiamento_2` (`iduser`),
  KEY `fk_beneficiamento_3` (`iditem`),
  KEY `fk_beneficiamento_4` (`status_id`),
  CONSTRAINT `fk_beneficiamento_1` FOREIGN KEY (`idempresa`) REFERENCES `system_unit` (`id`),
  CONSTRAINT `fk_beneficiamento_2` FOREIGN KEY (`iduser`) REFERENCES `system_users` (`id`),
  CONSTRAINT `fk_beneficiamento_3` FOREIGN KEY (`iditem`) REFERENCES `item` (`iditem`),
  CONSTRAINT `fk_beneficiamento_4` FOREIGN KEY (`status_id`) REFERENCES `status` (`idstatus`)
) ENGINE=InnoDB DEFAULT CHARSET=utf8mb3 COLLATE=utf8mb3_unicode_ci;

--
-- Dumping data for table `beneficiamento`
--


--
-- Table structure for table `categoria`
--

CREATE TABLE `categoria` (
  `idcategoria` int(11) NOT NULL AUTO_INCREMENT,
  `pcn2_id` int(11) DEFAULT NULL,
  `idempresa` int(11) NOT NULL,
  `nome` varchar(50) NOT NULL,
  `codigo` varchar(6) NOT NULL,
  `codigo_pai` varchar(20) DEFAULT NULL,
  PRIMARY KEY (`idcategoria`),
  KEY `fk_categoria_2` (`pcn2_id`),
  KEY `fk_categoria_1` (`idempresa`),
  CONSTRAINT `fk_categoria_1` FOREIGN KEY (`idempresa`) REFERENCES `system_unit` (`id`),
  CONSTRAINT `fk_categoria_2` FOREIGN KEY (`pcn2_id`) REFERENCES `pcn2` (`id`)
) ENGINE=InnoDB AUTO_INCREMENT=65 DEFAULT CHARSET=utf8mb3 COLLATE=utf8mb3_unicode_ci;

--
-- Dumping data for table `categoria`
--

INSERT INTO `categoria` (`idcategoria`, `pcn2_id`, `idempresa`, `nome`, `codigo`, `codigo_pai`) VALUES (1,NULL,1,'AGUA','01',NULL),(3,NULL,1,'CARNES','02',NULL),(4,NULL,1,'SUCOS','03',NULL),(5,NULL,1,'FRUTOS DO MAR','04',NULL),(6,NULL,1,'CEASA','05',NULL),(7,NULL,1,'ALIMENTOS','06',NULL),(8,NULL,1,'SOBREMESA','07',NULL),(9,NULL,1,'MATERIAL DESCARTAVEL','08',NULL),(10,NULL,1,'MATERIAL DE LIMPEZA','09',NULL),(11,NULL,1,'PADARIA','10',NULL),(12,NULL,1,'CAFETERIA','11',NULL),(13,NULL,1,'GELO','12',NULL),(14,NULL,1,'GAS','13',NULL),(15,NULL,1,'MATERIAL DE EXPEDIENTE','14',NULL),(16,NULL,1,'CARVÃO','15',NULL),(17,NULL,1,'SUSHI','16',NULL),(18,NULL,1,'PIZZARIA','17',NULL),(19,NULL,1,'APERITIVOS','18',NULL),(20,NULL,1,'WHISKY','19',NULL),(21,NULL,1,'VINHOS','20',NULL),(22,NULL,1,'LICORES','21',NULL),(23,NULL,1,'REFRIGERANTES','22',NULL),(24,NULL,1,'CERVEJA','23',NULL),(25,NULL,1,'CHOPP','24',NULL),(26,NULL,1,'FRIOS E CONGELADOS','25',NULL),(27,NULL,1,'CIGARROS','26',NULL),(28,14,1,'ÁGUA MINERAL','01.001','01'),(29,9,1,'MOLHOS E AZEITES','06.001','06'),(30,9,1,'SUPERMERCADO','06.002','06'),(31,19,1,'APERITIVOS','18.001','18'),(32,129,1,'CAFETERIA','11.001','11'),(33,7,1,'AVES','02.001','02'),(34,7,1,'CARNES DIVERSAS','02.002','02'),(35,7,1,'BOVINA','02.003','02'),(36,7,1,'CARNES RODÍZIO','02.004','02'),(37,157,1,'CARVÃO','15.001','15'),(38,5,1,'CEASA','05.001','05'),(39,17,1,'CERVEJA','23.001','23'),(40,13,1,'CHOPP','24.001','24'),(41,125,1,'CIGARROS','26.001','26'),(42,60,1,'MATERIAL DESCARTAVEL','08.001','08'),(43,6,1,'FRIOS E CONGELADOS','25.001','25'),(44,4,1,'FRUTOS DO MAR','04.001','04'),(45,58,1,'GAS','13.001','13'),(46,158,1,'GELO','12.001','12'),(47,21,1,'LICORES','21.001','21'),(48,59,1,'MATERIAL DE LIMPEZA','09.001','09'),(49,52,1,'MATERIAL DE EXPEDIENTE','14.001','14'),(50,126,1,'PADARIA','10.001','10'),(51,8,1,'PIZZARIA','17.001','17'),(52,16,1,'REFRIGERANTES','22.001','22'),(53,127,1,'CHICLETES','07.001','07'),(54,124,1,'CHOCOLATE','07.002','07'),(55,128,1,'SOBREMESA','07.003','07'),(56,128,1,'PICOLES E SORVETES','07.004','07'),(57,12,1,'POLPA DA FRUTA','03.001','03'),(58,11,1,'SUCOS','03.002','03'),(59,10,1,'SUSHI','16.001','16'),(60,20,1,'VINHOS IMPORTADOS','20.001','20'),(61,20,1,'VINHOS NACIONAIS','20.002','20'),(62,20,1,'ESPUMANTES IMPORTADAS','20.003','20'),(63,20,1,'ESPUMANTES NACIONAIS','20.004','20'),(64,18,1,'WHISKY','19.001','19');

--
-- Table structure for table `cep_cache`
--

CREATE TABLE `cep_cache` (
  `id` int(11) NOT NULL AUTO_INCREMENT,
  `cep` varchar(10) DEFAULT NULL,
  `rua` varchar(255) DEFAULT NULL,
  `cidade` varchar(500) DEFAULT NULL,
  `bairro` varchar(500) DEFAULT NULL,
  `codigo_ibge` varchar(20) DEFAULT NULL,
  `uf` varchar(2) DEFAULT NULL,
  `cidade_id` int(11) DEFAULT NULL,
  `estado_id` int(11) DEFAULT NULL,
  `created_at` datetime DEFAULT NULL,
  PRIMARY KEY (`id`)
) ENGINE=InnoDB AUTO_INCREMENT=2 DEFAULT CHARSET=utf8mb3 COLLATE=utf8mb3_unicode_ci;

--
-- Dumping data for table `cep_cache`
--

INSERT INTO `cep_cache` (`id`, `cep`, `rua`, `cidade`, `bairro`, `codigo_ibge`, `uf`, `cidade_id`, `estado_id`, `created_at`) VALUES (1,'51250430','Rua Camocim','Recife','Jordão','2611606','PE',2,2,'2026-01-09 11:42:23');

--
-- Table structure for table `cfop`
--

CREATE TABLE `cfop` (
  `id` int(11) NOT NULL AUTO_INCREMENT,
  `codigo` varchar(4) DEFAULT NULL,
  `descricao` varchar(255) DEFAULT NULL,
  `tipo` char(1) DEFAULT NULL,
  `system_unit_id` int(11) DEFAULT NULL,
  PRIMARY KEY (`id`)
) ENGINE=InnoDB AUTO_INCREMENT=2 DEFAULT CHARSET=utf8mb3 COLLATE=utf8mb3_unicode_ci;

--
-- Dumping data for table `cfop`
--


--
-- Table structure for table `cidade`
--

CREATE TABLE `cidade` (
  `id` int(11) NOT NULL AUTO_INCREMENT,
  `estado_id` int(11) NOT NULL,
  `nome` varchar(255) NOT NULL,
  `cod_ibge` varchar(7) DEFAULT NULL,
  `uf` char(2) DEFAULT NULL,
  `codigo_ibge` int(11) NOT NULL,
  PRIMARY KEY (`id`),
  KEY `fk_cidade_1` (`estado_id`),
  CONSTRAINT `fk_cidade_1` FOREIGN KEY (`estado_id`) REFERENCES `estado` (`id`)
) ENGINE=InnoDB AUTO_INCREMENT=3 DEFAULT CHARSET=utf8mb3 COLLATE=utf8mb3_unicode_ci;

--
-- Dumping data for table `cidade`
--

INSERT INTO `cidade` (`id`, `estado_id`, `nome`, `cod_ibge`, `uf`, `codigo_ibge`) VALUES (2,2,'Recife',NULL,'PE',2611606);

--
-- Table structure for table `cliente_fornecedor`
--

CREATE TABLE `cliente_fornecedor` (
  `idcliente_fornecedor` int(11) NOT NULL AUTO_INCREMENT,
  `idempresa` int(11) NOT NULL,
  `cnpj` varchar(14) DEFAULT NULL,
  `razaosocial` varchar(100) NOT NULL,
  `fantasia` varchar(80) NOT NULL,
  `cep` varchar(8) NOT NULL,
  `endereco` varchar(50) NOT NULL,
  `bairro` varchar(50) NOT NULL,
  `cidade` int(11) NOT NULL,
  `numero` varchar(10) NOT NULL,
  `uf` int(11) NOT NULL,
  `contato` varchar(20) NOT NULL,
  `celular` varchar(11) NOT NULL,
  `telefone` varchar(11) DEFAULT NULL,
  `email` varchar(100) NOT NULL,
  `tipo` char(1) NOT NULL,
  `visualisado` char(1) NOT NULL,
  `pessoa` char(1) NOT NULL,
  PRIMARY KEY (`idcliente_fornecedor`),
  KEY `fk_cliente_fornecedor_2` (`cidade`),
  KEY `fk_cliente_fornecedor_3` (`uf`),
  KEY `fk_cliente_fornecedor_1` (`idempresa`),
  CONSTRAINT `fk_cliente_fornecedor_1` FOREIGN KEY (`idempresa`) REFERENCES `system_unit` (`id`),
  CONSTRAINT `fk_cliente_fornecedor_2` FOREIGN KEY (`cidade`) REFERENCES `cidade` (`id`),
  CONSTRAINT `fk_cliente_fornecedor_3` FOREIGN KEY (`uf`) REFERENCES `estado` (`id`)
) ENGINE=InnoDB DEFAULT CHARSET=utf8mb3 COLLATE=utf8mb3_unicode_ci;

--
-- Dumping data for table `cliente_fornecedor`
--


--
-- Table structure for table `contas_bancaria`
--

CREATE TABLE `contas_bancaria` (
  `id` int(11) NOT NULL AUTO_INCREMENT,
  `idtipo_conta` int(11) NOT NULL DEFAULT 10,
  `idempresa` int(11) NOT NULL,
  `nome` varchar(30) NOT NULL,
  `status` char(1) NOT NULL DEFAULT 'A',
  `saldo` double NOT NULL,
  `data_inicial` date NOT NULL,
  PRIMARY KEY (`id`),
  KEY `fk_contas_2` (`idtipo_conta`),
  KEY `fk_contas_bancaria_2` (`idempresa`),
  CONSTRAINT `fk_contas_2` FOREIGN KEY (`idtipo_conta`) REFERENCES `tipo_conta` (`idtipo_conta`),
  CONSTRAINT `fk_contas_bancaria_2` FOREIGN KEY (`idempresa`) REFERENCES `system_unit` (`id`)
) ENGINE=InnoDB AUTO_INCREMENT=6 DEFAULT CHARSET=utf8mb3 COLLATE=utf8mb3_unicode_ci;

--
-- Dumping data for table `contas_bancaria`
--


--
-- Table structure for table `estado`
--

CREATE TABLE `estado` (
  `id` int(11) NOT NULL AUTO_INCREMENT,
  `nome` varchar(255) NOT NULL,
  `sigla` char(2) NOT NULL,
  `uf` varchar(2) DEFAULT NULL,
  `codigo_ibge` varchar(10) DEFAULT NULL,
  PRIMARY KEY (`id`)
) ENGINE=InnoDB AUTO_INCREMENT=3 DEFAULT CHARSET=utf8mb3 COLLATE=utf8mb3_unicode_ci;

--
-- Dumping data for table `estado`
--

INSERT INTO `estado` (`id`, `nome`, `sigla`, `uf`, `codigo_ibge`) VALUES (2,'Pernambuco','PE',NULL,'26');

--
-- Table structure for table `estoque`
--

CREATE TABLE `estoque` (
  `idestoque` int(11) NOT NULL AUTO_INCREMENT,
  `idempresa` int(11) NOT NULL,
  `nome` varchar(30) NOT NULL,
  `tipo` char(1) NOT NULL,
  PRIMARY KEY (`idestoque`),
  KEY `fk_estoque_1` (`idempresa`),
  CONSTRAINT `fk_estoque_1` FOREIGN KEY (`idempresa`) REFERENCES `system_unit` (`id`)
) ENGINE=InnoDB AUTO_INCREMENT=4 DEFAULT CHARSET=utf8mb3 COLLATE=utf8mb3_unicode_ci;

--
-- Dumping data for table `estoque`
--

INSERT INTO `estoque` (`idestoque`, `idempresa`, `nome`, `tipo`) VALUES (1,1,'Central','E'),(2,1,'Apoio','1'),(3,1,'JK STEAK','1');

--
-- Table structure for table `estoque_itens`
--

CREATE TABLE `estoque_itens` (
  `idestoque_itens` int(11) NOT NULL AUTO_INCREMENT,
  `item_id` int(11) NOT NULL,
  `estoque_id` int(11) NOT NULL,
  `updated_at` datetime NOT NULL,
  `qtd` double NOT NULL,
  `idempresa` int(11) DEFAULT NULL,
  PRIMARY KEY (`idestoque_itens`),
  KEY `fk_estoque_itens_1` (`estoque_id`),
  KEY `fk_estoque_itens_2` (`item_id`),
  CONSTRAINT `fk_estoque_itens_1` FOREIGN KEY (`estoque_id`) REFERENCES `estoque` (`idestoque`),
  CONSTRAINT `fk_estoque_itens_2` FOREIGN KEY (`item_id`) REFERENCES `item` (`iditem`)
) ENGINE=InnoDB DEFAULT CHARSET=utf8mb3 COLLATE=utf8mb3_unicode_ci;

--
-- Dumping data for table `estoque_itens`
--


--
-- Table structure for table `fechamento_categoria`
--

CREATE TABLE `fechamento_categoria` (
  `id` int(11) NOT NULL AUTO_INCREMENT,
  `descricao` text DEFAULT NULL,
  PRIMARY KEY (`id`)
) ENGINE=InnoDB AUTO_INCREMENT=8 DEFAULT CHARSET=utf8mb3 COLLATE=utf8mb3_unicode_ci;

--
-- Dumping data for table `fechamento_categoria`
--

INSERT INTO `fechamento_categoria` (`id`, `descricao`) VALUES (1,'Receita por competência'),(2,'Despesas pagas'),(3,'Retiradas sócios'),(4,'Contas a pagar'),(5,'Valor em estoque'),(6,'Receitas a receber'),(7,'Saldo das contas');

--
-- Table structure for table `fechamento_lancamento`
--

CREATE TABLE `fechamento_lancamento` (
  `id` int(11) NOT NULL AUTO_INCREMENT,
  `fechamento_mensal_id` int(11) NOT NULL,
  `fechamento_categoria_id` int(11) NOT NULL,
  `valor` double DEFAULT NULL,
  PRIMARY KEY (`id`),
  KEY `fk_fechamento_lancamento_1` (`fechamento_mensal_id`),
  KEY `fk_fechamento_lancamento_2` (`fechamento_categoria_id`),
  CONSTRAINT `fk_fechamento_lancamento_1` FOREIGN KEY (`fechamento_mensal_id`) REFERENCES `fechamento_mensal` (`id`),
  CONSTRAINT `fk_fechamento_lancamento_2` FOREIGN KEY (`fechamento_categoria_id`) REFERENCES `fechamento_categoria` (`id`)
) ENGINE=InnoDB DEFAULT CHARSET=utf8mb3 COLLATE=utf8mb3_unicode_ci;

--
-- Dumping data for table `fechamento_lancamento`
--


--
-- Table structure for table `fechamento_mensal`
--

CREATE TABLE `fechamento_mensal` (
  `id` int(11) NOT NULL AUTO_INCREMENT,
  `status_id` int(11) DEFAULT NULL,
  `mes` int(11) DEFAULT NULL,
  `ano` int(11) DEFAULT NULL,
  `data_fechamento` date NOT NULL,
  `obs` text DEFAULT NULL,
  `idempresa` int(11) DEFAULT NULL,
  `created_at` datetime NOT NULL,
  `updated_at` datetime DEFAULT NULL,
  PRIMARY KEY (`id`),
  KEY `fk_fechamento_mensal_1` (`status_id`),
  KEY `fk_fechamento_mensal_2` (`idempresa`),
  CONSTRAINT `fk_fechamento_mensal_1` FOREIGN KEY (`status_id`) REFERENCES `status` (`idstatus`),
  CONSTRAINT `fk_fechamento_mensal_2` FOREIGN KEY (`idempresa`) REFERENCES `empresa` (`id`)
) ENGINE=InnoDB DEFAULT CHARSET=utf8mb3 COLLATE=utf8mb3_unicode_ci;

--
-- Dumping data for table `fechamento_mensal`
--


--
-- Table structure for table `fechamento_saldo_mes`
--

CREATE TABLE `fechamento_saldo_mes` (
  `id` int(11) NOT NULL AUTO_INCREMENT,
  `saldo` double DEFAULT NULL,
  `mes` int(11) DEFAULT NULL,
  `ano` int(11) DEFAULT NULL,
  `data_saldo` date DEFAULT NULL,
  `idempresa` int(11) DEFAULT NULL,
  PRIMARY KEY (`id`)
) ENGINE=InnoDB DEFAULT CHARSET=utf8mb3 COLLATE=utf8mb3_unicode_ci;

--
-- Dumping data for table `fechamento_saldo_mes`
--


--
-- Table structure for table `fornecedor_codigo`
--

CREATE TABLE `fornecedor_codigo` (
  `id` int(11) NOT NULL AUTO_INCREMENT,
  `pessoa_id` int(11) DEFAULT NULL,
  `produto_id` int(11) DEFAULT NULL,
  `codigo` varchar(100) DEFAULT NULL,
  `temp` char(1) DEFAULT NULL,
  `nome` varchar(100) DEFAULT NULL,
  `system_unit_id` int(11) NOT NULL,
  PRIMARY KEY (`id`),
  KEY `fk_fornecedor_codigo_1` (`pessoa_id`),
  KEY `fk_fornecedor_codigo_2` (`produto_id`),
  CONSTRAINT `fk_fornecedor_codigo_1` FOREIGN KEY (`pessoa_id`) REFERENCES `cliente_fornecedor` (`idcliente_fornecedor`),
  CONSTRAINT `fk_fornecedor_codigo_2` FOREIGN KEY (`produto_id`) REFERENCES `item` (`iditem`)
) ENGINE=InnoDB DEFAULT CHARSET=utf8mb3 COLLATE=utf8mb3_unicode_ci;

--
-- Dumping data for table `fornecedor_codigo`
--


--
-- Table structure for table `fornecedor_codigo_temp`
--

CREATE TABLE `fornecedor_codigo_temp` (
  `id` int(11) NOT NULL AUTO_INCREMENT,
  `nome` varchar(150) DEFAULT NULL,
  `codigo` varchar(50) DEFAULT NULL,
  `produto` int(11) DEFAULT NULL,
  `pessoa` int(11) DEFAULT NULL,
  `system_unit_id` int(11) NOT NULL,
  `associado` tinyint(1) DEFAULT NULL,
  `cod_barras` text DEFAULT NULL,
  `ncm` text DEFAULT NULL,
  `cfop` text DEFAULT NULL,
  `custo` double DEFAULT NULL,
  `tipo_produto` int(11) DEFAULT NULL,
  `unidade_medida_id` int(11) DEFAULT NULL,
  `cest` text DEFAULT NULL,
  `cod_anp` int(11) DEFAULT NULL,
  PRIMARY KEY (`id`),
  KEY `fk_fornecedor_codigo_temp_1` (`pessoa`),
  CONSTRAINT `fk_fornecedor_codigo_temp_1` FOREIGN KEY (`pessoa`) REFERENCES `cliente_fornecedor` (`idcliente_fornecedor`)
) ENGINE=InnoDB DEFAULT CHARSET=utf8mb3 COLLATE=utf8mb3_unicode_ci;

--
-- Dumping data for table `fornecedor_codigo_temp`
--


--
-- Table structure for table `ft`
--

CREATE TABLE `ft` (
  `idft` int(11) NOT NULL AUTO_INCREMENT,
  `item_id` int(11) NOT NULL,
  `idempresa` int(11) NOT NULL,
  `created_at` datetime NOT NULL,
  `updated_at` datetime NOT NULL,
  `ativo` char(1) NOT NULL DEFAULT 'S',
  `validade` int(11) NOT NULL,
  `rendimento` int(11) NOT NULL,
  `peso` double NOT NULL,
  `venda` double DEFAULT NULL,
  `cmv_venda` double DEFAULT NULL,
  `perc_lucro` int(11) DEFAULT NULL,
  `tempo_preparo` int(11) NOT NULL,
  `receita` text DEFAULT NULL,
  `valor` double NOT NULL,
  PRIMARY KEY (`idft`),
  KEY `fk_ft_1` (`idempresa`),
  KEY `fk_ft_2` (`item_id`),
  CONSTRAINT `fk_ft_1` FOREIGN KEY (`idempresa`) REFERENCES `system_unit` (`id`),
  CONSTRAINT `fk_ft_2` FOREIGN KEY (`item_id`) REFERENCES `item` (`iditem`)
) ENGINE=InnoDB DEFAULT CHARSET=utf8mb3 COLLATE=utf8mb3_unicode_ci;

--
-- Dumping data for table `ft`
--


--
-- Table structure for table `item`
--

CREATE TABLE `item` (
  `iditem` int(11) NOT NULL AUTO_INCREMENT,
  `unidade_id` int(11) NOT NULL,
  `categoria_id` int(11) NOT NULL,
  `idempresa` int(11) NOT NULL,
  `status` char(1) NOT NULL DEFAULT 'A',
  `nome` varchar(50) NOT NULL,
  `codigobarra` varchar(20) DEFAULT NULL,
  `precoatual` double DEFAULT NULL,
  `precomedio` double DEFAULT NULL,
  `preco1` double DEFAULT NULL,
  `preco2` double DEFAULT NULL,
  `preco3` double DEFAULT NULL,
  `ncm` varchar(20) DEFAULT NULL,
  `pr` int(11) DEFAULT NULL,
  `ficha_tecnica` char(1) NOT NULL DEFAULT 'N',
  `beneficiamento` char(1) NOT NULL DEFAULT 'N',
  PRIMARY KEY (`iditem`),
  KEY `fk_produto_1` (`unidade_id`),
  KEY `fk_produto_2` (`categoria_id`),
  KEY `fk_item_4` (`idempresa`),
  CONSTRAINT `fk_item_4` FOREIGN KEY (`idempresa`) REFERENCES `system_unit` (`id`),
  CONSTRAINT `fk_produto_1` FOREIGN KEY (`unidade_id`) REFERENCES `unidade` (`idunidade`),
  CONSTRAINT `fk_produto_2` FOREIGN KEY (`categoria_id`) REFERENCES `categoria` (`idcategoria`)
) ENGINE=InnoDB AUTO_INCREMENT=1697 DEFAULT CHARSET=utf8mb3 COLLATE=utf8mb3_unicode_ci;

--
-- Dumping data for table `item`
--

INSERT INTO `item` (`iditem`, `unidade_id`, `categoria_id`, `idempresa`, `status`, `nome`, `codigobarra`, `precoatual`, `precomedio`, `preco1`, `preco2`, `preco3`, `ncm`, `pr`, `ficha_tecnica`, `beneficiamento`) VALUES (1,1,1,1,'A','AGUA MINERAL 500ML',NULL,NULL,NULL,NULL,NULL,NULL,NULL,NULL,'N','N'),(2,1,1,1,'A','AGUA PET S/GAS 330ML',NULL,NULL,NULL,NULL,NULL,NULL,NULL,NULL,'N','N'),(3,1,1,1,'A','AGUA PET C/ GAS 330ML',NULL,NULL,NULL,NULL,NULL,NULL,NULL,NULL,'N','N'),(4,1,1,1,'A','AGUA MIN. GARRAFÃO 20L',NULL,NULL,NULL,NULL,NULL,NULL,NULL,NULL,'N','N'),(5,1,1,1,'A','COCO VERDE ',NULL,NULL,NULL,NULL,NULL,NULL,NULL,NULL,'N','N'),(6,1,1,1,'A','AGUA DE COCO',NULL,NULL,NULL,NULL,NULL,NULL,NULL,NULL,'N','N'),(7,1,1,1,'A','AGUA SEM GAS MINALBA',NULL,NULL,NULL,NULL,NULL,NULL,NULL,NULL,'N','N'),(8,1,1,1,'A','AGUA  MINERAL CRISTAL',NULL,NULL,NULL,NULL,NULL,NULL,NULL,NULL,'N','N'),(9,1,1,1,'A','AGUA MINERAL CRISTAL C/GAS',NULL,NULL,NULL,NULL,NULL,NULL,NULL,NULL,'N','N'),(10,1,1,1,'A','AGUA MINERAL C/GAS MINALBA',NULL,NULL,NULL,NULL,NULL,NULL,NULL,NULL,'N','N'),(11,1,1,1,'A','AGUA PERRIER',NULL,NULL,NULL,NULL,NULL,NULL,NULL,NULL,'N','N'),(12,1,1,1,'A','AGUA MINALBA LATA',NULL,NULL,NULL,NULL,NULL,NULL,NULL,NULL,'N','N'),(13,1,1,1,'A','AGUA MINALBA LATA COM GAS',NULL,NULL,NULL,NULL,NULL,NULL,NULL,NULL,'N','N'),(14,14,36,1,'A','PICANHA NACIONAL',NULL,NULL,NULL,NULL,NULL,NULL,NULL,NULL,'N','N'),(15,14,36,1,'A','LINGUIÇA CHURRASCO SUINA',NULL,NULL,NULL,NULL,NULL,NULL,NULL,NULL,'N','N'),(16,14,36,1,'A','COSTELA DE PORCO AURORA',NULL,NULL,NULL,NULL,NULL,NULL,NULL,NULL,'N','N'),(17,14,36,1,'A','COXAO MOLE',NULL,NULL,NULL,NULL,NULL,NULL,NULL,NULL,'N','N'),(18,14,36,1,'A','LOMBO DE PORCO',NULL,NULL,NULL,NULL,NULL,NULL,NULL,NULL,'N','N'),(19,14,36,1,'A','PICANHA SUINA',NULL,NULL,NULL,NULL,NULL,NULL,NULL,NULL,'N','N'),(20,14,36,1,'A','ALCATRA',NULL,NULL,NULL,NULL,NULL,NULL,NULL,NULL,'N','N'),(21,14,36,1,'A','CORAÇÃO',NULL,NULL,NULL,NULL,NULL,NULL,NULL,NULL,'N','N'),(22,14,36,1,'A','COSTELA PORCO SILVO',NULL,NULL,NULL,NULL,NULL,NULL,NULL,NULL,'N','N'),(23,14,36,1,'A','CUPIM',NULL,NULL,NULL,NULL,NULL,NULL,NULL,NULL,'N','N'),(24,14,36,1,'A','FRALDÃO',NULL,NULL,NULL,NULL,NULL,NULL,NULL,NULL,'N','N'),(25,14,36,1,'A','LINGUIÇA CHURRASCO FRANGO',NULL,NULL,NULL,NULL,NULL,NULL,NULL,NULL,'N','N'),(26,14,36,1,'A','PRESUNTO ROYALE',NULL,NULL,NULL,NULL,NULL,NULL,NULL,NULL,'N','N'),(27,14,36,1,'A','MAMINHA',NULL,NULL,NULL,NULL,NULL,NULL,NULL,NULL,'N','N'),(28,14,36,1,'A','PERNIL DE CORDEIRO',NULL,NULL,NULL,NULL,NULL,NULL,NULL,NULL,'N','N'),(29,14,36,1,'A','BACON FATIADO',NULL,NULL,NULL,NULL,NULL,NULL,NULL,NULL,'N','N'),(30,14,36,1,'A','BARRIGA SUINA',NULL,NULL,NULL,NULL,NULL,NULL,NULL,NULL,'N','N'),(31,14,36,1,'A','COXINHA DA ASA',NULL,NULL,NULL,NULL,NULL,NULL,NULL,NULL,'N','N'),(32,14,36,1,'A','PERNIL SUINO S/ OSSO',NULL,NULL,NULL,NULL,NULL,NULL,NULL,NULL,'N','N'),(33,14,36,1,'A','COXAO DURO CARAPRETA',NULL,NULL,NULL,NULL,NULL,NULL,NULL,NULL,'N','N'),(34,14,36,1,'A','CUPIM PORCIONADO',NULL,NULL,NULL,NULL,NULL,NULL,NULL,NULL,'N','N'),(35,14,36,1,'A','FRAUDINHA BOVINA',NULL,NULL,NULL,NULL,NULL,NULL,NULL,NULL,'N','N'),(36,14,36,1,'A','LINGUIÇA CALABRESA FRESCA',NULL,NULL,NULL,NULL,NULL,NULL,NULL,NULL,'N','N'),(37,14,36,1,'A','SOBREPALETA SUINA',NULL,NULL,NULL,NULL,NULL,NULL,NULL,NULL,'N','N'),(38,14,36,1,'A','FILE DE COSTELA',NULL,NULL,NULL,NULL,NULL,NULL,NULL,NULL,'N','N'),(39,14,36,1,'A','COSTELA BOVINA JANELA',NULL,NULL,NULL,NULL,NULL,NULL,NULL,NULL,'N','N'),(40,14,36,1,'A','BIFE DE PRIMEIRA',NULL,NULL,NULL,NULL,NULL,NULL,NULL,NULL,'N','N'),(41,14,36,1,'A','CONTRA FILE',NULL,NULL,NULL,NULL,NULL,NULL,NULL,NULL,'N','N'),(42,2,36,1,'A','MANTEIGA DE GARRAFA',NULL,NULL,NULL,NULL,NULL,NULL,NULL,NULL,'N','N'),(43,14,36,1,'A','COSTELA DE CORDEIRO',NULL,NULL,NULL,NULL,NULL,NULL,NULL,NULL,'N','N'),(44,14,36,1,'A','COXA DE FRANGO',NULL,NULL,NULL,NULL,NULL,NULL,NULL,NULL,'N','N'),(45,14,36,1,'A','PALETA DE CORDEIRO S/OSSO',NULL,NULL,NULL,NULL,NULL,NULL,NULL,NULL,'N','N'),(46,14,36,1,'A','COSTELA MINGA',NULL,NULL,NULL,NULL,NULL,NULL,NULL,NULL,'N','N'),(47,14,36,1,'A','COXAO DURO',NULL,NULL,NULL,NULL,NULL,NULL,NULL,NULL,'N','N'),(48,14,36,1,'A','LINGUIÇA DE PERNIL MINI',NULL,NULL,NULL,NULL,NULL,NULL,NULL,NULL,'N','N'),(49,14,36,1,'A','LINGUICA  GOURMET',NULL,NULL,NULL,NULL,NULL,NULL,NULL,NULL,'N','N'),(50,14,36,1,'A','PICANHA ARG. FORRES BELTRAN (A)',NULL,NULL,NULL,NULL,NULL,NULL,NULL,NULL,'N','N'),(51,14,36,1,'A','LINGUICA BOV COSTELA CARAPRETA',NULL,NULL,NULL,NULL,NULL,NULL,NULL,NULL,'N','N'),(52,14,36,1,'A','ACEM FATIADO  SHORT RIB (2335)',NULL,NULL,NULL,NULL,NULL,NULL,NULL,NULL,'N','N'),(53,14,36,1,'A','ALCATRA (BABY BEEF)',NULL,NULL,NULL,NULL,NULL,NULL,NULL,NULL,'N','N'),(54,14,36,1,'A','LOMBO SUINO GRILL',NULL,NULL,NULL,NULL,NULL,NULL,NULL,NULL,'N','N'),(55,14,36,1,'A','FILE DE COSTELA (BIFE ANCHO) 3973',NULL,NULL,NULL,NULL,NULL,NULL,NULL,NULL,'N','N'),(56,14,36,1,'A','COSTELA DO DIANT.(ASSADO DE TIRA)',NULL,NULL,NULL,NULL,NULL,NULL,NULL,NULL,'N','N'),(57,14,36,1,'A','PEITO BOVINO (BRISKET)',NULL,NULL,NULL,NULL,NULL,NULL,NULL,NULL,'N','N'),(58,14,36,1,'A','CONTRA FILE (PRIME RIB)  1245',NULL,NULL,NULL,NULL,NULL,NULL,NULL,NULL,'N','N'),(59,14,36,1,'A','RAQUETE BOVINA (SHOUDER STEAK)',NULL,NULL,NULL,NULL,NULL,NULL,NULL,NULL,'N','N'),(60,14,36,1,'A','CONTRA FILE (SHORIZO)',NULL,NULL,NULL,NULL,NULL,NULL,NULL,NULL,'N','N'),(61,14,36,1,'A','ACEM FATIADO (DENVER STEAK)',NULL,NULL,NULL,NULL,NULL,NULL,NULL,NULL,'N','N'),(62,14,36,1,'A','COSTELA SUINA GRILL',NULL,NULL,NULL,NULL,NULL,NULL,NULL,NULL,'N','N'),(63,14,36,1,'A','FILE MIGNON DE CORDEIRO',NULL,NULL,NULL,NULL,NULL,NULL,NULL,NULL,'N','N'),(64,14,36,1,'A','CUPIM TIPO A',NULL,NULL,NULL,NULL,NULL,NULL,NULL,NULL,'N','N'),(65,14,36,1,'A','PICANHA ANGUS',NULL,NULL,NULL,NULL,NULL,NULL,NULL,NULL,'N','N'),(66,14,36,1,'A','BIFE DO VAZIO (2332)',NULL,NULL,NULL,NULL,NULL,NULL,NULL,NULL,'N','N'),(67,14,36,1,'A','COSTELA DE BOI 3 RIPAS',NULL,NULL,NULL,NULL,NULL,NULL,NULL,NULL,'N','N'),(68,14,36,1,'A','TIBONE (3996)',NULL,NULL,NULL,NULL,NULL,NULL,NULL,NULL,'N','N'),(69,14,36,1,'A','COSTELA DO TRAZEIRO  QUADRADA',NULL,NULL,NULL,NULL,NULL,NULL,NULL,NULL,'N','N'),(70,14,36,1,'A','PERNIL DE CORDEIRO COM OSSO',NULL,NULL,NULL,NULL,NULL,NULL,NULL,NULL,'N','N'),(71,14,36,1,'A','COSTELA DO TRAZEIRO (GRILL)',NULL,NULL,NULL,NULL,NULL,NULL,NULL,NULL,'N','N'),(72,14,36,1,'A','COSTELA MINGA FATIADA',NULL,NULL,NULL,NULL,NULL,NULL,NULL,NULL,'N','N'),(73,14,36,1,'A','COSTELA MINGA  (GRILL)',NULL,NULL,NULL,NULL,NULL,NULL,NULL,NULL,'N','N'),(74,14,36,1,'A','FILE DE COSTELA TIPO B',NULL,NULL,NULL,NULL,NULL,NULL,NULL,NULL,'N','N'),(75,14,36,1,'A','BIFE DE SHORIZO BOVINO (TESTE)',NULL,NULL,NULL,NULL,NULL,NULL,NULL,NULL,'N','N'),(76,14,36,1,'A','TIBONE BOVINO (TESTE)',NULL,NULL,NULL,NULL,NULL,NULL,NULL,NULL,'N','N'),(77,14,36,1,'A','ASSADO DE TIRA BOV (ANGUS)',NULL,NULL,NULL,NULL,NULL,NULL,NULL,NULL,'N','N'),(78,14,36,1,'A','CORACAO DE ALCATRA (BABY BIFE)',NULL,NULL,NULL,NULL,NULL,NULL,NULL,NULL,'N','N'),(79,14,36,1,'A','PRIME RIB ANGUS MARFRIG',NULL,NULL,NULL,NULL,NULL,NULL,NULL,NULL,'N','N'),(80,14,36,1,'A','PICANHA QUICK FOOD',NULL,NULL,NULL,NULL,NULL,NULL,NULL,NULL,'N','N'),(81,14,36,1,'A','SHOULDER SUINO (RAQUETE)',NULL,NULL,NULL,NULL,NULL,NULL,NULL,NULL,'N','N'),(82,14,36,1,'A','PORCHETTA SUINA',NULL,NULL,NULL,NULL,NULL,NULL,NULL,NULL,'N','N'),(83,14,36,1,'A','PICANHA MASTERBLACK',NULL,NULL,NULL,NULL,NULL,NULL,NULL,NULL,'N','N'),(84,14,36,1,'A','SOBREPALETA RECHEADA',NULL,NULL,NULL,NULL,NULL,NULL,NULL,NULL,'N','N'),(85,14,36,1,'A','FILE DE COSTELA BASSI',NULL,NULL,NULL,NULL,NULL,NULL,NULL,NULL,'N','N'),(86,14,36,1,'A','BIFE DE CHORIZO BASSI',NULL,NULL,NULL,NULL,NULL,NULL,NULL,NULL,'N','N'),(87,14,36,1,'A','BIFE DO VAZIO (SKILLUS)',NULL,NULL,NULL,NULL,NULL,NULL,NULL,NULL,'N','N'),(88,14,36,1,'A','CHIMICHURRI TEMPERO',NULL,NULL,NULL,NULL,NULL,NULL,NULL,NULL,'N','N'),(89,14,36,1,'A','ALCATRA BOMBOM (2393)',NULL,NULL,NULL,NULL,NULL,NULL,NULL,NULL,'N','N'),(90,14,36,1,'A','MAMINHA ANGUS',NULL,NULL,NULL,NULL,NULL,NULL,NULL,NULL,'N','N'),(91,14,36,1,'A','LINGUICA GOURMET APIMENTADA',NULL,NULL,NULL,NULL,NULL,NULL,NULL,NULL,'N','N'),(92,14,36,1,'A','PICANHA OVINA',NULL,NULL,NULL,NULL,NULL,NULL,NULL,NULL,'N','N'),(93,14,36,1,'A','TIBONE DE CORDEIRO',NULL,NULL,NULL,NULL,NULL,NULL,NULL,NULL,'N','N'),(94,14,36,1,'A','PICANHA ANGUS BASSI',NULL,NULL,NULL,NULL,NULL,NULL,NULL,NULL,'N','N'),(95,14,36,1,'A','BIFE DE CHORIZO  BASSI',NULL,NULL,NULL,NULL,NULL,NULL,NULL,NULL,'N','N'),(96,14,36,1,'A','FILE DE COSTELA  BASSI',NULL,NULL,NULL,NULL,NULL,NULL,NULL,NULL,'N','N'),(97,14,36,1,'A','FRALDAO ESTANCIA MINERVA',NULL,NULL,NULL,NULL,NULL,NULL,NULL,NULL,'N','N'),(98,14,36,1,'A','DIAFRAGMA (SKIRT STEAK)  2797',NULL,NULL,NULL,NULL,NULL,NULL,NULL,NULL,'N','N'),(99,14,36,1,'A','LOMBO DE CORDEIRO',NULL,NULL,NULL,NULL,NULL,NULL,NULL,NULL,'N','N'),(100,14,36,1,'A','PICANHA AUSTRALIANA',NULL,NULL,NULL,NULL,NULL,NULL,NULL,NULL,'N','N'),(101,14,36,1,'A','CORACAO DE PALETA',NULL,NULL,NULL,NULL,NULL,NULL,NULL,NULL,'N','N'),(102,14,36,1,'A','CONTRA FILE DE CORDEIRO',NULL,NULL,NULL,NULL,NULL,NULL,NULL,NULL,'N','N'),(103,14,36,1,'A','PICANHA B',NULL,NULL,NULL,NULL,NULL,NULL,NULL,NULL,'N','N'),(104,14,36,1,'A','PICANHA LAS MORAS B',NULL,NULL,NULL,NULL,NULL,NULL,NULL,NULL,'N','N'),(105,14,36,1,'A','PICANHA LAS MORAS A',NULL,NULL,NULL,NULL,NULL,NULL,NULL,NULL,'N','N'),(106,14,36,1,'A','CORACAO DA  ALCATRA',NULL,NULL,NULL,NULL,NULL,NULL,NULL,NULL,'N','N'),(107,14,36,1,'A','FILE DE COSTELA TOMAHAWK',NULL,NULL,NULL,NULL,NULL,NULL,NULL,NULL,'N','N'),(108,14,36,1,'A','FILE DE COSTELA  ( PRIME RIB) JBS',NULL,NULL,NULL,NULL,NULL,NULL,NULL,NULL,'N','N'),(109,14,36,1,'A','LOMBO DE PRIME RIB',NULL,NULL,NULL,NULL,NULL,NULL,NULL,NULL,'N','N'),(110,14,36,1,'A','COSTELA DO DIANTEIRO (RIPA)',NULL,NULL,NULL,NULL,NULL,NULL,NULL,NULL,'N','N'),(111,14,36,1,'A','TIBONE FATIADO (3997)',NULL,NULL,NULL,NULL,NULL,NULL,NULL,NULL,'N','N'),(112,14,36,1,'A','RAQUETE BOVINA FRIBOI',NULL,NULL,NULL,NULL,NULL,NULL,NULL,NULL,'N','N'),(113,14,36,1,'A','PICANHA  CAMPOS DEL PLATA',NULL,NULL,NULL,NULL,NULL,NULL,NULL,NULL,'N','N'),(114,14,36,1,'A','PEIXINHO BOVINO',NULL,NULL,NULL,NULL,NULL,NULL,NULL,NULL,'N','N'),(115,14,36,1,'A','FLAT IRON  WESSEL',NULL,NULL,NULL,NULL,NULL,NULL,NULL,NULL,'N','N'),(116,14,36,1,'A','FRALDAO RED WESSEL',NULL,NULL,NULL,NULL,NULL,NULL,NULL,NULL,'N','N'),(117,14,36,1,'A','PICANHA PAMPEANAS',NULL,NULL,NULL,NULL,NULL,NULL,NULL,NULL,'N','N'),(118,14,36,1,'A','CONTRA FILE FATIADO (3459)',NULL,NULL,NULL,NULL,NULL,NULL,NULL,NULL,'N','N'),(119,14,36,1,'A','CONTRA FILE PORCIONADO B',NULL,NULL,NULL,NULL,NULL,NULL,NULL,NULL,'N','N'),(120,14,36,1,'A','CONTRA FILE FATIADO VERDI',NULL,NULL,NULL,NULL,NULL,NULL,NULL,NULL,'N','N'),(121,14,36,1,'A','PICANHA CATTER MEAT ',NULL,NULL,NULL,NULL,NULL,NULL,NULL,NULL,'N','N'),(122,14,36,1,'A','PICANHA FINEXCOR',NULL,NULL,NULL,NULL,NULL,NULL,NULL,NULL,'N','N'),(123,14,36,1,'A','PICANHA VATTER MEAT',NULL,NULL,NULL,NULL,NULL,NULL,NULL,NULL,'N','N'),(124,14,36,1,'A','PICANHA BOV CONG S/O ESTANCIA MINERVA',NULL,NULL,NULL,NULL,NULL,NULL,NULL,NULL,'N','N'),(125,14,36,1,'A','LINGUIÇA BOV CG MBLACK (2574)',NULL,NULL,NULL,NULL,NULL,NULL,NULL,NULL,'N','N'),(126,14,36,1,'A','ALCATRA BABY BEEF TIPO B',NULL,NULL,NULL,NULL,NULL,NULL,NULL,NULL,'N','N'),(127,14,36,1,'A','PICANHA BOV ARG CONG SANTA GIULIA',NULL,NULL,NULL,NULL,NULL,NULL,NULL,NULL,'N','N'),(128,14,36,1,'A','PICANHA TAPA DE QUADRIL B',NULL,NULL,NULL,NULL,NULL,NULL,NULL,NULL,'N','N'),(129,14,36,1,'A','PICANHA (FATIADA)  (2427)',NULL,NULL,NULL,NULL,NULL,NULL,NULL,NULL,'N','N'),(130,14,36,1,'A','RECORTE DE CONTRAFILÉ (BANANINHA)',NULL,NULL,NULL,NULL,NULL,NULL,NULL,NULL,'N','N'),(131,14,36,1,'A','PESCOÇO FATIADO DE CORDEIRO',NULL,NULL,NULL,NULL,NULL,NULL,NULL,NULL,'N','N'),(132,14,36,1,'A','COSTELA JANELA  ENGENHO',NULL,NULL,NULL,NULL,NULL,NULL,NULL,NULL,'N','N'),(133,14,36,1,'A','ASSADO DE TIRAS ENGENHO ',NULL,NULL,NULL,NULL,NULL,NULL,NULL,NULL,'N','N'),(134,14,36,1,'A','COSTELA BOV GRILL ENGENHO',NULL,NULL,NULL,NULL,NULL,NULL,NULL,NULL,'N','N'),(135,14,36,1,'A','BABY BEEF ENGENHO',NULL,NULL,NULL,NULL,NULL,NULL,NULL,NULL,'N','N'),(136,14,36,1,'A','PICANHA ENGENHO',NULL,NULL,NULL,NULL,NULL,NULL,NULL,NULL,'N','N'),(137,14,36,1,'A','PRIME RIB ENGENHO',NULL,NULL,NULL,NULL,NULL,NULL,NULL,NULL,'N','N'),(138,14,36,1,'A','T-BONE ENGENHO',NULL,NULL,NULL,NULL,NULL,NULL,NULL,NULL,'N','N'),(139,14,36,1,'A','SHORT RIB ENGENHO',NULL,NULL,NULL,NULL,NULL,NULL,NULL,NULL,'N','N'),(140,14,36,1,'A','COSTELA 3 RIPAS ENGENHO ',NULL,NULL,NULL,NULL,NULL,NULL,NULL,NULL,'N','N'),(141,14,36,1,'A','BIFE ANCHO ENGENHO',NULL,NULL,NULL,NULL,NULL,NULL,NULL,NULL,'N','N'),(142,14,36,1,'A','BIFE DE CHORIZO ENGENHO',NULL,NULL,NULL,NULL,NULL,NULL,NULL,NULL,'N','N'),(143,14,36,1,'A','SHOULDER ENGENHO',NULL,NULL,NULL,NULL,NULL,NULL,NULL,NULL,'N','N'),(144,14,36,1,'A','BOMBOM DE ALCATRA ENGENHO',NULL,NULL,NULL,NULL,NULL,NULL,NULL,NULL,'N','N'),(145,14,36,1,'A','CUPIM RESERVA',NULL,NULL,NULL,NULL,NULL,NULL,NULL,NULL,'N','N'),(146,14,36,1,'A','BIFE DO VAZIO ENGENHO',NULL,NULL,NULL,NULL,NULL,NULL,NULL,NULL,'N','N'),(147,14,36,1,'A','PICANHA DEVESA',NULL,NULL,NULL,NULL,NULL,NULL,NULL,NULL,'N','N'),(148,14,36,1,'A','COSTELA DO TRAZEIRO (TIRAS)',NULL,NULL,NULL,NULL,NULL,NULL,NULL,NULL,'N','N'),(149,14,36,1,'A','COSTELA ROJAO ENGENHO',NULL,NULL,NULL,NULL,NULL,NULL,NULL,NULL,'N','N'),(150,14,36,1,'A','CONTRA FILE  PORCIONADO ENGENHO',NULL,NULL,NULL,NULL,NULL,NULL,NULL,NULL,'N','N'),(151,14,36,1,'A','FILE DE COSTELA  FAT. ALABRASA',NULL,NULL,NULL,NULL,NULL,NULL,NULL,NULL,'N','N'),(152,14,36,1,'A','CONTRA FILE FAT. ALABRASA',NULL,NULL,NULL,NULL,NULL,NULL,NULL,NULL,'N','N'),(153,14,36,1,'A','PICANHA FAT. ALABRASA',NULL,NULL,NULL,NULL,NULL,NULL,NULL,NULL,'N','N'),(154,14,36,1,'A','RAQUETE BOVINA ENGENHO',NULL,NULL,NULL,NULL,NULL,NULL,NULL,NULL,'N','N'),(155,14,36,1,'A','BIFE DE SEGUNDA',NULL,NULL,NULL,NULL,NULL,NULL,NULL,NULL,'N','N'),(156,14,36,1,'A','CONTRA  FILE  FRIBOI',NULL,NULL,NULL,NULL,NULL,NULL,NULL,NULL,'N','N'),(157,14,36,1,'A','TIBONE  FRIBOI ',NULL,NULL,NULL,NULL,NULL,NULL,NULL,NULL,'N','N'),(158,14,36,1,'A','BOMBOM DE ALCATRA FRIBOI',NULL,NULL,NULL,NULL,NULL,NULL,NULL,NULL,'N','N'),(159,14,36,1,'A','CONTRA FILE BLACK FRIBOI',NULL,NULL,NULL,NULL,NULL,NULL,NULL,NULL,'N','N'),(160,14,36,1,'A','COSTELA DIANTEIRO BLACK FRIBOI',NULL,NULL,NULL,NULL,NULL,NULL,NULL,NULL,'N','N'),(161,14,36,1,'A','RAQUETE BLACK FRIBOI',NULL,NULL,NULL,NULL,NULL,NULL,NULL,NULL,'N','N'),(162,14,36,1,'A','LINGUIÇA FACILITA GROSSA ENGENHO',NULL,NULL,NULL,NULL,NULL,NULL,NULL,NULL,'N','N'),(163,14,36,1,'A','CARNE DE SOL ENGENHO',NULL,NULL,NULL,NULL,NULL,NULL,NULL,NULL,'N','N'),(164,14,36,1,'A','PICANHA ANGUS HEREFORD AM',NULL,NULL,NULL,NULL,NULL,NULL,NULL,NULL,'N','N'),(165,14,36,1,'A','ACEM S/OSSO MINERVA',NULL,NULL,NULL,NULL,NULL,NULL,NULL,NULL,'N','N'),(166,14,36,1,'A','CHÂ DE FORA CARNE DE SOL',NULL,NULL,NULL,NULL,NULL,NULL,NULL,NULL,'N','N'),(167,14,36,1,'A','PRIME STEAK ORIGEM W',NULL,NULL,NULL,NULL,NULL,NULL,NULL,NULL,'N','N'),(168,14,36,1,'A','COWBOY W ORIGEM',NULL,NULL,NULL,NULL,NULL,NULL,NULL,NULL,'N','N'),(169,14,36,1,'A','PICANHA MEDALHAO GRAN CAMPEON',NULL,NULL,NULL,NULL,NULL,NULL,NULL,NULL,'N','N'),(170,14,36,1,'A','CONTRA FILE (3970)',NULL,NULL,NULL,NULL,NULL,NULL,NULL,NULL,'N','N'),(171,14,36,1,'A','FILE DE COSTELA  LAS LILAS',NULL,NULL,NULL,NULL,NULL,NULL,NULL,NULL,'N','N'),(172,14,36,1,'A','SHOUDER STEAK  LAS LILAS',NULL,NULL,NULL,NULL,NULL,NULL,NULL,NULL,'N','N'),(173,14,36,1,'A','MAMINHA  LAS LILAS ',NULL,NULL,NULL,NULL,NULL,NULL,NULL,NULL,'N','N'),(174,14,36,1,'A','PEIXINHO  LAS LILAS',NULL,NULL,NULL,NULL,NULL,NULL,NULL,NULL,'N','N'),(175,14,36,1,'A','BIFE DE SHORIZO   LAS LILAS',NULL,NULL,NULL,NULL,NULL,NULL,NULL,NULL,'N','N'),(176,14,36,1,'A','BABY BEEF  LAS LILAS',NULL,NULL,NULL,NULL,NULL,NULL,NULL,NULL,'N','N'),(177,14,36,1,'A','ACEM CHUCK  LAS LILAS',NULL,NULL,NULL,NULL,NULL,NULL,NULL,NULL,'N','N'),(178,14,36,1,'A','RABADA BOVINA',NULL,NULL,NULL,NULL,NULL,NULL,NULL,NULL,'N','N'),(179,14,36,1,'A','BUCHO BOVINO',NULL,NULL,NULL,NULL,NULL,NULL,NULL,NULL,'N','N'),(180,14,36,1,'A','CARNE MOIDA PRIMEIRA',NULL,NULL,NULL,NULL,NULL,NULL,NULL,NULL,'N','N'),(181,14,36,1,'A','PERNIL SUINO',NULL,NULL,NULL,NULL,NULL,NULL,NULL,NULL,'N','N'),(182,14,36,1,'A','BACON MANTA',NULL,NULL,NULL,NULL,NULL,NULL,NULL,NULL,'N','N'),(183,14,36,1,'A','LOMBO PAULISTA',NULL,NULL,NULL,NULL,NULL,NULL,NULL,NULL,'N','N'),(184,14,36,1,'A','FILE MINGNON',NULL,NULL,NULL,NULL,NULL,NULL,NULL,NULL,'N','N'),(185,14,36,1,'A','BISTECA BOVINA',NULL,NULL,NULL,NULL,NULL,NULL,NULL,NULL,'N','N'),(186,14,36,1,'A','BUCHADA DE CABRITO',NULL,NULL,NULL,NULL,NULL,NULL,NULL,NULL,'N','N'),(187,14,36,1,'A','MOCOTO  BOVINO SERRADO',NULL,NULL,NULL,NULL,NULL,NULL,NULL,NULL,'N','N'),(188,14,36,1,'A','PATINHO ',NULL,NULL,NULL,NULL,NULL,NULL,NULL,NULL,'N','N'),(189,14,36,1,'A','FRAUDINHA DIAFRAGMA',NULL,NULL,NULL,NULL,NULL,NULL,NULL,NULL,'N','N'),(190,14,36,1,'A','CARNE INDUSTRIAL ',NULL,NULL,NULL,NULL,NULL,NULL,NULL,NULL,'N','N'),(191,14,36,1,'A','DIAFRAGMA BOVINO CONG',NULL,NULL,NULL,NULL,NULL,NULL,NULL,NULL,'N','N'),(192,14,36,1,'A','FILE SUINO',NULL,NULL,NULL,NULL,NULL,NULL,NULL,NULL,'N','N'),(193,14,36,1,'A','FIGADO BOVINO',NULL,NULL,NULL,NULL,NULL,NULL,NULL,NULL,'N','N'),(194,14,36,1,'A','ALMONDEGAS',NULL,NULL,NULL,NULL,NULL,NULL,NULL,NULL,'N','N'),(195,14,36,1,'A','SARAPATEL',NULL,NULL,NULL,NULL,NULL,NULL,NULL,NULL,'N','N'),(196,14,36,1,'A','MUSCULO BOVINO ',NULL,NULL,NULL,NULL,NULL,NULL,NULL,NULL,'N','N'),(197,14,36,1,'A','CHARQUE  DE PRIMEIRA COZINHA',NULL,NULL,NULL,NULL,NULL,NULL,NULL,NULL,'N','N'),(198,14,36,1,'A','PERNIL DEFUMADO',NULL,NULL,NULL,NULL,NULL,NULL,NULL,NULL,'N','N'),(199,14,36,1,'A','ALCATRA MIOLO',NULL,NULL,NULL,NULL,NULL,NULL,NULL,NULL,'N','N'),(200,14,36,1,'A','LINGUA BOVINA',NULL,NULL,NULL,NULL,NULL,NULL,NULL,NULL,'N','N'),(201,14,36,1,'A','CARNE MOIDA SEGUNDA',NULL,NULL,NULL,NULL,NULL,NULL,NULL,NULL,'N','N'),(202,14,36,1,'A','COSTELA  BOVINA SERRADA',NULL,NULL,NULL,NULL,NULL,NULL,NULL,NULL,'N','N'),(203,14,36,1,'A','CABRITO  P/ GUISADO',NULL,NULL,NULL,NULL,NULL,NULL,NULL,NULL,'N','N'),(204,14,36,1,'A','TENDER',NULL,NULL,NULL,NULL,NULL,NULL,NULL,NULL,'N','N'),(205,14,36,1,'A','ACEM COM OSSO',NULL,NULL,NULL,NULL,NULL,NULL,NULL,NULL,'N','N'),(206,14,36,1,'A','ACEM SEM OSSO',NULL,NULL,NULL,NULL,NULL,NULL,NULL,NULL,'N','N'),(207,14,36,1,'A','CHARQUE PA',NULL,NULL,NULL,NULL,NULL,NULL,NULL,NULL,'N','N'),(208,14,36,1,'A','LINGUIÇA CALABRESA PERDIGÃO',NULL,NULL,NULL,NULL,NULL,NULL,NULL,NULL,'N','N'),(209,14,36,1,'A','BISTECA SUINA  ',NULL,NULL,NULL,NULL,NULL,NULL,NULL,NULL,'N','N'),(210,14,36,1,'A','CHAMBARIL',NULL,NULL,NULL,NULL,NULL,NULL,NULL,NULL,'N','N'),(211,14,36,1,'A','BIFE DO VAZIO',NULL,NULL,NULL,NULL,NULL,NULL,NULL,NULL,'N','N'),(212,14,36,1,'A','PEIXINHO BOVINO CONG',NULL,NULL,NULL,NULL,NULL,NULL,NULL,NULL,'N','N'),(213,14,36,1,'A','LOMBO PAULISTA (LAGARTO)',NULL,NULL,NULL,NULL,NULL,NULL,NULL,NULL,'N','N'),(214,14,36,1,'A','TOUCINHO SUINO',NULL,NULL,NULL,NULL,NULL,NULL,NULL,NULL,'N','N'),(215,14,36,1,'A','OSSO DO PATINHO',NULL,NULL,NULL,NULL,NULL,NULL,NULL,NULL,'N','N'),(216,14,36,1,'A','BISTECA SUINA',NULL,NULL,NULL,NULL,NULL,NULL,NULL,NULL,'N','N'),(217,14,36,1,'A','SARAPATEL DE CORDEIRO',NULL,NULL,NULL,NULL,NULL,NULL,NULL,NULL,'N','N'),(218,14,36,1,'A','NECK DE CORDEIRO',NULL,NULL,NULL,NULL,NULL,NULL,NULL,NULL,'N','N'),(219,14,36,1,'A','FRANGO CARCAÇA 0.9',NULL,NULL,NULL,NULL,NULL,NULL,NULL,NULL,'N','N'),(220,14,36,1,'A','CHARQUE ROJAO ',NULL,NULL,NULL,NULL,NULL,NULL,NULL,NULL,'N','N'),(221,14,36,1,'A','SARDINHA EVISSERADA',NULL,NULL,NULL,NULL,NULL,NULL,NULL,NULL,'N','N'),(222,14,36,1,'A','PRIME RIB SUINO',NULL,NULL,NULL,NULL,NULL,NULL,NULL,NULL,'N','N'),(223,14,36,1,'A','LAGARTO BOVINO ',NULL,NULL,NULL,NULL,NULL,NULL,NULL,NULL,'N','N'),(224,14,36,1,'A','CARNE PARA GUISASO',NULL,NULL,NULL,NULL,NULL,NULL,NULL,NULL,'N','N'),(225,14,36,1,'A','FRALDINHA BOV CONG',NULL,NULL,NULL,NULL,NULL,NULL,NULL,NULL,'N','N'),(226,14,36,1,'A','COPA LOMBO',NULL,NULL,NULL,NULL,NULL,NULL,NULL,NULL,'N','N'),(227,14,36,1,'A','ORELHA',NULL,NULL,NULL,NULL,NULL,NULL,NULL,NULL,'N','N'),(228,14,36,1,'A','RABO DE PORCO',NULL,NULL,NULL,NULL,NULL,NULL,NULL,NULL,'N','N'),(229,14,36,1,'A','PAIO',NULL,NULL,NULL,NULL,NULL,NULL,NULL,NULL,'N','N'),(230,14,36,1,'A','LINGUIÇA PORTUGUESA',NULL,NULL,NULL,NULL,NULL,NULL,NULL,NULL,'N','N'),(231,14,36,1,'A','PE DE PROCO',NULL,NULL,NULL,NULL,NULL,NULL,NULL,NULL,'N','N'),(232,14,36,1,'A','TOUCINHO DE PORCO',NULL,NULL,NULL,NULL,NULL,NULL,NULL,NULL,'N','N'),(233,14,36,1,'A','COSTELA SUINA SALGADA',NULL,NULL,NULL,NULL,NULL,NULL,NULL,NULL,'N','N'),(234,1,36,1,'A','FEIJOADA PRONTA',NULL,NULL,NULL,NULL,NULL,NULL,NULL,NULL,'N','N'),(235,14,44,1,'A','FILÉ DE PINTADO',NULL,NULL,NULL,NULL,NULL,NULL,NULL,NULL,'N','N'),(236,14,44,1,'A','POSTA DE CAVALA',NULL,NULL,NULL,NULL,NULL,NULL,NULL,NULL,'N','N'),(237,14,44,1,'A','BACALHAU DESFIADO',NULL,NULL,NULL,NULL,NULL,NULL,NULL,NULL,'N','N'),(238,14,44,1,'A','FILE DE SURUBIM',NULL,NULL,NULL,NULL,NULL,NULL,NULL,NULL,'N','N'),(239,14,44,1,'A','FILE CAMARÃO 71/90',NULL,NULL,NULL,NULL,NULL,NULL,NULL,NULL,'N','N'),(240,14,44,1,'A','MARISCO CONGELADO',NULL,NULL,NULL,NULL,NULL,NULL,NULL,NULL,'N','N'),(241,14,44,1,'A','POLVO',NULL,NULL,NULL,NULL,NULL,NULL,NULL,NULL,'N','N'),(242,14,44,1,'A','SURURU',NULL,NULL,NULL,NULL,NULL,NULL,NULL,NULL,'N','N'),(243,14,44,1,'A','SURURU CONGELADO',NULL,NULL,NULL,NULL,NULL,NULL,NULL,NULL,'N','N'),(244,14,44,1,'A','FILE DE BACALHAU',NULL,NULL,NULL,NULL,NULL,NULL,NULL,NULL,'N','N'),(245,14,44,1,'A','CAMARÃO 51/60',NULL,NULL,NULL,NULL,NULL,NULL,NULL,NULL,'N','N'),(246,14,44,1,'A','FILE DE SALMÃO',NULL,NULL,NULL,NULL,NULL,NULL,NULL,NULL,'N','N'),(247,14,44,1,'A','POSTA MECA',NULL,NULL,NULL,NULL,NULL,NULL,NULL,NULL,'N','N'),(248,14,44,1,'A','BACALHAU SAITH',NULL,NULL,NULL,NULL,NULL,NULL,NULL,NULL,'N','N'),(249,14,44,1,'A','CARNE DE SIRI',NULL,NULL,NULL,NULL,NULL,NULL,NULL,NULL,'N','N'),(250,14,44,1,'A','POSTA DE AGULHÃO',NULL,NULL,NULL,NULL,NULL,NULL,NULL,NULL,'N','N'),(251,14,44,1,'A','LULA ANEL ',NULL,NULL,NULL,NULL,NULL,NULL,NULL,NULL,'N','N'),(252,14,44,1,'A','FILE DE TILAPIA',NULL,NULL,NULL,NULL,NULL,NULL,NULL,NULL,'N','N'),(253,14,44,1,'A','FILE DE LIGUADO',NULL,NULL,NULL,NULL,NULL,NULL,NULL,NULL,'N','N'),(254,14,44,1,'A','OSTRA',NULL,NULL,NULL,NULL,NULL,NULL,NULL,NULL,'N','N'),(255,14,44,1,'A','CARNE DE CARANGUEIJO',NULL,NULL,NULL,NULL,NULL,NULL,NULL,NULL,'N','N'),(256,14,44,1,'A','DOURADO INTEIRO',NULL,NULL,NULL,NULL,NULL,NULL,NULL,NULL,'N','N'),(257,14,44,1,'A','MEXILHAO CONCHA',NULL,NULL,NULL,NULL,NULL,NULL,NULL,NULL,'N','N'),(258,14,44,1,'A','POSTA MERLUZA',NULL,NULL,NULL,NULL,NULL,NULL,NULL,NULL,'N','N'),(259,14,44,1,'A','BACALHAU 7/9',NULL,NULL,NULL,NULL,NULL,NULL,NULL,NULL,'N','N'),(260,14,44,1,'A','PESCADA AMARELA',NULL,NULL,NULL,NULL,NULL,NULL,NULL,NULL,'N','N'),(261,14,44,1,'A','PEIXE CORVINA',NULL,NULL,NULL,NULL,NULL,NULL,NULL,NULL,'N','N'),(262,14,44,1,'A','POSTA SALMÃO',NULL,NULL,NULL,NULL,NULL,NULL,NULL,NULL,'N','N'),(263,14,44,1,'A','CAMARAO  SEM CABEÇA 60/70',NULL,NULL,NULL,NULL,NULL,NULL,NULL,NULL,'N','N'),(264,14,44,1,'A','MEXILHAO',NULL,NULL,NULL,NULL,NULL,NULL,NULL,NULL,'N','N'),(265,14,44,1,'A','FILE DE MERLUZA',NULL,NULL,NULL,NULL,NULL,NULL,NULL,NULL,'N','N'),(266,14,44,1,'A','PERNIL DE LAGOSTA',NULL,NULL,NULL,NULL,NULL,NULL,NULL,NULL,'N','N'),(267,14,44,1,'A','FILE DE PESCADA AMARELA ',NULL,NULL,NULL,NULL,NULL,NULL,NULL,NULL,'N','N'),(268,14,44,1,'A','CAMARAO 80/100',NULL,NULL,NULL,NULL,NULL,NULL,NULL,NULL,'N','N'),(269,14,44,1,'A','POSTA DE CAÇÃO',NULL,NULL,NULL,NULL,NULL,NULL,NULL,NULL,'N','N'),(270,14,44,1,'A','POSTA DE BACALHAU',NULL,NULL,NULL,NULL,NULL,NULL,NULL,NULL,'N','N'),(271,14,44,1,'A','POSTA DE DOURADO',NULL,NULL,NULL,NULL,NULL,NULL,NULL,NULL,'N','N'),(272,14,44,1,'A','PEIXE CAMBU?U',NULL,NULL,NULL,NULL,NULL,NULL,NULL,NULL,'N','N'),(273,14,44,1,'A','FILE DE PANGA',NULL,NULL,NULL,NULL,NULL,NULL,NULL,NULL,'N','N'),(274,14,44,1,'A','POSTA PESCADA AMARELA ',NULL,NULL,NULL,NULL,NULL,NULL,NULL,NULL,'N','N'),(275,14,44,1,'A','CAMARAO  PEQUENO',NULL,NULL,NULL,NULL,NULL,NULL,NULL,NULL,'N','N'),(276,14,44,1,'A','BACALHAU FILÉ',NULL,NULL,NULL,NULL,NULL,NULL,NULL,NULL,'N','N'),(277,14,44,1,'A','SALMAO EM POSTA',NULL,NULL,NULL,NULL,NULL,NULL,NULL,NULL,'N','N'),(278,14,44,1,'A','MEXILHAO MEIA CONCHA',NULL,NULL,NULL,NULL,NULL,NULL,NULL,NULL,'N','N'),(279,14,44,1,'A','BACALHAU GADUS MARRHUA',NULL,NULL,NULL,NULL,NULL,NULL,NULL,NULL,'N','N'),(280,14,44,1,'A','CAMARAO 51/60',NULL,NULL,NULL,NULL,NULL,NULL,NULL,NULL,'N','N'),(281,14,44,1,'A','PEIXE TAINHA',NULL,NULL,NULL,NULL,NULL,NULL,NULL,NULL,'N','N'),(282,14,44,1,'A','FILÉ DE SALMÃO SELVAGEM',NULL,NULL,NULL,NULL,NULL,NULL,NULL,NULL,'N','N'),(283,14,44,1,'A','FILE DE SURUBIM   M',NULL,NULL,NULL,NULL,NULL,NULL,NULL,NULL,'N','N'),(284,14,44,1,'A','FILE CAMARAO 61/70',NULL,NULL,NULL,NULL,NULL,NULL,NULL,NULL,'N','N'),(285,14,44,1,'A','POSTA DE PIRAMUTABA',NULL,NULL,NULL,NULL,NULL,NULL,NULL,NULL,'N','N'),(286,14,44,1,'A','CAMARÃO ROSA DESCASCADO ',NULL,NULL,NULL,NULL,NULL,NULL,NULL,NULL,'N','N'),(287,14,44,1,'A','POSTA DE CACAO',NULL,NULL,NULL,NULL,NULL,NULL,NULL,NULL,'N','N'),(288,14,38,1,'A','BOLDO  FOLHA',NULL,NULL,NULL,NULL,NULL,NULL,NULL,NULL,'N','N'),(289,14,38,1,'A','CAMOMILA ',NULL,NULL,NULL,NULL,NULL,NULL,NULL,NULL,'N','N'),(290,14,38,1,'A','ANIL ESTRELADO',NULL,NULL,NULL,NULL,NULL,NULL,NULL,NULL,'N','N'),(291,14,38,1,'A','HIBISCO',NULL,NULL,NULL,NULL,NULL,NULL,NULL,NULL,'N','N'),(292,14,38,1,'A','TANGERINA  IMPORTADA',NULL,NULL,NULL,NULL,NULL,NULL,NULL,NULL,'N','N'),(293,14,38,1,'A','LIMAO SICILIANO',NULL,NULL,NULL,NULL,NULL,NULL,NULL,NULL,'N','N'),(294,14,38,1,'A','COUVE FLOR',NULL,NULL,NULL,NULL,NULL,NULL,NULL,NULL,'N','N'),(295,14,38,1,'A','MORANGO',NULL,NULL,NULL,NULL,NULL,NULL,NULL,NULL,'N','N'),(296,14,38,1,'A','PERA',NULL,NULL,NULL,NULL,NULL,NULL,NULL,NULL,'N','N'),(297,14,38,1,'A','GENGIBRE',NULL,NULL,NULL,NULL,NULL,NULL,NULL,NULL,'N','N'),(298,14,38,1,'A','GOMA',NULL,NULL,NULL,NULL,NULL,NULL,NULL,NULL,'N','N'),(299,14,38,1,'A','UVA ISABEL',NULL,NULL,NULL,NULL,NULL,NULL,NULL,NULL,'N','N'),(300,14,38,1,'A','PIMENTA DE CHEIRO',NULL,NULL,NULL,NULL,NULL,NULL,NULL,NULL,'N','N'),(301,14,38,1,'A','UVA ITALIA',NULL,NULL,NULL,NULL,NULL,NULL,NULL,NULL,'N','N'),(302,14,38,1,'A','UVA ROSADA',NULL,NULL,NULL,NULL,NULL,NULL,NULL,NULL,'N','N'),(303,14,38,1,'A','BATATA INGLESA',NULL,NULL,NULL,NULL,NULL,NULL,NULL,NULL,'N','N'),(304,14,38,1,'A','BETERRABA',NULL,NULL,NULL,NULL,NULL,NULL,NULL,NULL,'N','N'),(305,14,38,1,'A','CEBOLA',NULL,NULL,NULL,NULL,NULL,NULL,NULL,NULL,'N','N'),(306,14,38,1,'A','CEBOLA APERITIVO',NULL,NULL,NULL,NULL,NULL,NULL,NULL,NULL,'N','N'),(307,1,38,1,'A','LARANJA PERA',NULL,NULL,NULL,NULL,NULL,NULL,NULL,NULL,'N','N'),(308,14,38,1,'A','MANGA TOMY',NULL,NULL,NULL,NULL,NULL,NULL,NULL,NULL,'N','N'),(309,14,38,1,'A','MACA VERMELHA',NULL,NULL,NULL,NULL,NULL,NULL,NULL,NULL,'N','N'),(310,14,38,1,'A','KIWI',NULL,NULL,NULL,NULL,NULL,NULL,NULL,NULL,'N','N'),(311,14,38,1,'A','PIMENTAO AMARELO',NULL,NULL,NULL,NULL,NULL,NULL,NULL,NULL,'N','N'),(312,14,38,1,'A','PIMENTAO VERMELHO',NULL,NULL,NULL,NULL,NULL,NULL,NULL,NULL,'N','N'),(313,14,38,1,'A','RADICHIO VERMELHO',NULL,NULL,NULL,NULL,NULL,NULL,NULL,NULL,'N','N'),(314,14,38,1,'A','TOMATE MOLHO',NULL,NULL,NULL,NULL,NULL,NULL,NULL,NULL,'N','N'),(315,14,38,1,'A','TOMATE SALADA',NULL,NULL,NULL,NULL,NULL,NULL,NULL,NULL,'N','N'),(316,14,38,1,'A','TOMATE CAQUI',NULL,NULL,NULL,NULL,NULL,NULL,NULL,NULL,'N','N'),(317,14,38,1,'A','BERINGELA',NULL,NULL,NULL,NULL,NULL,NULL,NULL,NULL,'N','N'),(318,1,38,1,'A','ABACAXI',NULL,NULL,NULL,NULL,NULL,NULL,NULL,NULL,'N','N'),(319,14,38,1,'A','BATATA DOCE',NULL,NULL,NULL,NULL,NULL,NULL,NULL,NULL,'N','N'),(320,14,38,1,'A','PIMENTAO VERDE',NULL,NULL,NULL,NULL,NULL,NULL,NULL,NULL,'N','N'),(321,1,38,1,'A','LIMAO',NULL,NULL,NULL,NULL,NULL,NULL,NULL,NULL,'N','N'),(322,14,38,1,'A','CENOURA',NULL,NULL,NULL,NULL,NULL,NULL,NULL,NULL,'N','N'),(323,6,38,1,'A','COUVE FOLHA',NULL,NULL,NULL,NULL,NULL,NULL,NULL,NULL,'N','N'),(324,14,38,1,'A','ALHO',NULL,NULL,NULL,NULL,NULL,NULL,NULL,NULL,'N','N'),(325,14,38,1,'A','FEIJAO VERDE',NULL,NULL,NULL,NULL,NULL,NULL,NULL,NULL,'N','N'),(326,14,38,1,'A','CEBOLA ROXA',NULL,NULL,NULL,NULL,NULL,NULL,NULL,NULL,'N','N'),(327,14,38,1,'A','TOMATE LONGA VIDA',NULL,NULL,NULL,NULL,NULL,NULL,NULL,NULL,'N','N'),(328,14,38,1,'A','MELAO ESPANHOL',NULL,NULL,NULL,NULL,NULL,NULL,NULL,NULL,'N','N'),(329,14,38,1,'A','MAMAO',NULL,NULL,NULL,NULL,NULL,NULL,NULL,NULL,'N','N'),(330,1,38,1,'A','LARANJA',NULL,NULL,NULL,NULL,NULL,NULL,NULL,NULL,'N','N'),(331,1,38,1,'A','MARACUJA',NULL,NULL,NULL,NULL,NULL,NULL,NULL,NULL,'N','N'),(332,6,38,1,'A','CEBOLINHO',NULL,NULL,NULL,NULL,NULL,NULL,NULL,NULL,'N','N'),(333,1,38,1,'A','COCO SECO',NULL,NULL,NULL,NULL,NULL,NULL,NULL,NULL,'N','N'),(334,14,38,1,'A','REPOLHO BRANCO',NULL,NULL,NULL,NULL,NULL,NULL,NULL,NULL,'N','N'),(335,14,38,1,'A','REPOLHO ROXO',NULL,NULL,NULL,NULL,NULL,NULL,NULL,NULL,'N','N'),(336,6,38,1,'A','SALSA',NULL,NULL,NULL,NULL,NULL,NULL,NULL,NULL,'N','N'),(337,14,38,1,'A','TOMATE CEREJA ',NULL,NULL,NULL,NULL,NULL,NULL,NULL,NULL,'N','N'),(338,1,38,1,'A','AIPO SALSAO',NULL,NULL,NULL,NULL,NULL,NULL,NULL,NULL,'N','N'),(339,1,38,1,'A','ALHO PORO',NULL,NULL,NULL,NULL,NULL,NULL,NULL,NULL,'N','N'),(340,14,38,1,'A','BATATA APERITIVO',NULL,NULL,NULL,NULL,NULL,NULL,NULL,NULL,'N','N'),(341,14,38,1,'A','PIMENTA DO REINO MOI',NULL,NULL,NULL,NULL,NULL,NULL,NULL,NULL,'N','N'),(342,14,38,1,'A','UVA ROXA',NULL,NULL,NULL,NULL,NULL,NULL,NULL,NULL,'N','N'),(343,14,38,1,'A','ERVILHA TORTA',NULL,NULL,NULL,NULL,NULL,NULL,NULL,NULL,'N','N'),(344,14,38,1,'A','RADICHIO',NULL,NULL,NULL,NULL,NULL,NULL,NULL,NULL,'N','N'),(345,6,38,1,'A','AGRIÃO',NULL,NULL,NULL,NULL,NULL,NULL,NULL,NULL,'N','N'),(346,14,38,1,'A','CEBOLA APERITIVO',NULL,NULL,NULL,NULL,NULL,NULL,NULL,NULL,'N','N'),(347,14,38,1,'A','MACA VERDE',NULL,NULL,NULL,NULL,NULL,NULL,NULL,NULL,'N','N'),(348,1,38,1,'A','OVO DE GALINHA',NULL,NULL,NULL,NULL,NULL,NULL,NULL,NULL,'N','N'),(349,14,38,1,'A','ABOBRINHA',NULL,NULL,NULL,NULL,NULL,NULL,NULL,NULL,'N','N'),(350,14,38,1,'A','ACELGA',NULL,NULL,NULL,NULL,NULL,NULL,NULL,NULL,'N','N'),(351,1,38,1,'A','ALFACE CRESPA',NULL,NULL,NULL,NULL,NULL,NULL,NULL,NULL,'N','N'),(352,1,38,1,'A','ALFACE LISA',NULL,NULL,NULL,NULL,NULL,NULL,NULL,NULL,'N','N'),(353,1,38,1,'A','ALFACE AMERICANA',NULL,NULL,NULL,NULL,NULL,NULL,NULL,NULL,'N','N'),(354,1,38,1,'A','BANANA',NULL,NULL,NULL,NULL,NULL,NULL,NULL,NULL,'N','N'),(355,1,38,1,'A','CHICORIA',NULL,NULL,NULL,NULL,NULL,NULL,NULL,NULL,'N','N'),(356,1,38,1,'A','CHUCHU',NULL,NULL,NULL,NULL,NULL,NULL,NULL,NULL,'N','N'),(357,6,38,1,'A','COENTRO',NULL,NULL,NULL,NULL,NULL,NULL,NULL,NULL,'N','N'),(358,1,38,1,'A','ESCAROLA',NULL,NULL,NULL,NULL,NULL,NULL,NULL,NULL,'N','N'),(359,6,38,1,'A','HORTELA',NULL,NULL,NULL,NULL,NULL,NULL,NULL,NULL,'N','N'),(360,14,38,1,'A','MACAXEIRA',NULL,NULL,NULL,NULL,NULL,NULL,NULL,NULL,'N','N'),(361,6,38,1,'A','MANJERICAO VERDE',NULL,NULL,NULL,NULL,NULL,NULL,NULL,NULL,'N','N'),(362,6,38,1,'A','MANJERICAO ROXO',NULL,NULL,NULL,NULL,NULL,NULL,NULL,NULL,'N','N'),(363,14,38,1,'A','QUIABO',NULL,NULL,NULL,NULL,NULL,NULL,NULL,NULL,'N','N'),(364,14,38,1,'A','VAGEM',NULL,NULL,NULL,NULL,NULL,NULL,NULL,NULL,'N','N'),(365,1,38,1,'A','ALFACE ROXA FRANCESA',NULL,NULL,NULL,NULL,NULL,NULL,NULL,NULL,'N','N'),(366,14,38,1,'A','JERIMUM',NULL,NULL,NULL,NULL,NULL,NULL,NULL,NULL,'N','N'),(367,6,38,1,'A','ALECRIM',NULL,NULL,NULL,NULL,NULL,NULL,NULL,NULL,'N','N'),(368,14,38,1,'A','LIMÃO SICILIANO',NULL,NULL,NULL,NULL,NULL,NULL,NULL,NULL,'N','N'),(369,6,38,1,'A','RUCULA',NULL,NULL,NULL,NULL,NULL,NULL,NULL,NULL,'N','N'),(370,1,38,1,'A','OVOS DE CODORNA',NULL,NULL,NULL,NULL,NULL,NULL,NULL,NULL,'N','N'),(371,14,38,1,'A','PEPINO JAPONES',NULL,NULL,NULL,NULL,NULL,NULL,NULL,NULL,'N','N'),(372,14,38,1,'A','ERVA DOCE',NULL,NULL,NULL,NULL,NULL,NULL,NULL,NULL,'N','N'),(373,14,38,1,'A','NABO',NULL,NULL,NULL,NULL,NULL,NULL,NULL,NULL,'N','N'),(374,14,38,1,'A','FOLHA DE LOURO',NULL,NULL,NULL,NULL,NULL,NULL,NULL,NULL,'N','N'),(375,14,38,1,'A','MELAO JAPONÊS',NULL,NULL,NULL,NULL,NULL,NULL,NULL,NULL,'N','N'),(376,14,38,1,'A','CAJA FRUTA',NULL,NULL,NULL,NULL,NULL,NULL,NULL,NULL,'N','N'),(377,14,38,1,'A','CAJU FRUTA',NULL,NULL,NULL,NULL,NULL,NULL,NULL,NULL,'N','N'),(378,14,38,1,'A','MORANGA',NULL,NULL,NULL,NULL,NULL,NULL,NULL,NULL,'N','N'),(379,14,38,1,'A','PIMENTA DEDO DE MOÇA',NULL,NULL,NULL,NULL,NULL,NULL,NULL,NULL,'N','N'),(380,14,38,1,'A','PIMENTA MALAGUETA',NULL,NULL,NULL,NULL,NULL,NULL,NULL,NULL,'N','N'),(381,14,38,1,'A','GOIABA FRUTA',NULL,NULL,NULL,NULL,NULL,NULL,NULL,NULL,'N','N'),(382,14,38,1,'A','RABANETE',NULL,NULL,NULL,NULL,NULL,NULL,NULL,NULL,'N','N'),(383,14,38,1,'A','MELANCIA',NULL,NULL,NULL,NULL,NULL,NULL,NULL,NULL,'N','N'),(384,14,38,1,'A','ENDIVIA',NULL,NULL,NULL,NULL,NULL,NULL,NULL,NULL,'N','N'),(385,6,38,1,'A','SALSAO',NULL,NULL,NULL,NULL,NULL,NULL,NULL,NULL,'N','N'),(386,14,38,1,'A','Cara',NULL,NULL,NULL,NULL,NULL,NULL,NULL,NULL,'N','N'),(387,14,38,1,'A','BROTO DE FEIJAO',NULL,NULL,NULL,NULL,NULL,NULL,NULL,NULL,'N','N'),(388,14,38,1,'A','MAXIXE',NULL,NULL,NULL,NULL,NULL,NULL,NULL,NULL,'N','N'),(389,14,38,1,'A','ABACATE',NULL,NULL,NULL,NULL,NULL,NULL,NULL,NULL,'N','N'),(390,1,38,1,'A','BANANA COMPRIDA',NULL,NULL,NULL,NULL,NULL,NULL,NULL,NULL,'N','N'),(391,14,38,1,'A','BREDO',NULL,NULL,NULL,NULL,NULL,NULL,NULL,NULL,'N','N'),(392,14,38,1,'A','Pepino',NULL,NULL,NULL,NULL,NULL,NULL,NULL,NULL,'N','N'),(393,1,38,1,'A','SALSA CRESPA ',NULL,NULL,NULL,NULL,NULL,NULL,NULL,NULL,'N','N'),(394,14,38,1,'A','SIRIGUELA',NULL,NULL,NULL,NULL,NULL,NULL,NULL,NULL,'N','N'),(395,14,38,1,'A','SHIMEJI  FRESCO',NULL,NULL,NULL,NULL,NULL,NULL,NULL,NULL,'N','N'),(396,6,38,1,'A','TOMILHO',NULL,NULL,NULL,NULL,NULL,NULL,NULL,NULL,'N','N'),(397,14,38,1,'A','TANGERINA',NULL,NULL,NULL,NULL,NULL,NULL,NULL,NULL,'N','N'),(398,14,38,1,'A','MAMÃO HAVAI',NULL,NULL,NULL,NULL,NULL,NULL,NULL,NULL,'N','N'),(399,14,38,1,'A','AMEIXA FRESCA',NULL,NULL,NULL,NULL,NULL,NULL,NULL,NULL,'N','N'),(400,6,38,1,'A','ESPINAFRE',NULL,NULL,NULL,NULL,NULL,NULL,NULL,NULL,'N','N'),(401,14,38,1,'A','UMBU CAJA',NULL,NULL,NULL,NULL,NULL,NULL,NULL,NULL,'N','N'),(402,14,38,1,'A','MAXIXE',NULL,NULL,NULL,NULL,NULL,NULL,NULL,NULL,'N','N'),(403,14,38,1,'A','MOYACHE ',NULL,NULL,NULL,NULL,NULL,NULL,NULL,NULL,'N','N'),(404,14,38,1,'A','CHIA',NULL,NULL,NULL,NULL,NULL,NULL,NULL,NULL,'N','N'),(405,14,38,1,'A','LINHAÇA DOURADA',NULL,NULL,NULL,NULL,NULL,NULL,NULL,NULL,'N','N'),(406,14,38,1,'A','PERA',NULL,NULL,NULL,NULL,NULL,NULL,NULL,NULL,'N','N'),(407,14,38,1,'A','TAMARA',NULL,NULL,NULL,NULL,NULL,NULL,NULL,NULL,'N','N'),(408,14,38,1,'A','CEBOLA APERITIVO CEASA',NULL,NULL,NULL,NULL,NULL,NULL,NULL,NULL,'N','N'),(409,14,38,1,'A','QUINOA',NULL,NULL,NULL,NULL,NULL,NULL,NULL,NULL,'N','N'),(410,14,38,1,'A','BICARBONATO DE SÓDIO',NULL,NULL,NULL,NULL,NULL,NULL,NULL,NULL,'N','N'),(411,2,31,1,'A','GIN TANQUERAY 750 ML ',NULL,NULL,NULL,NULL,NULL,NULL,NULL,NULL,'N','N'),(412,2,31,1,'A','XAROPE BEBIDA SABORIZADA',NULL,NULL,NULL,NULL,NULL,NULL,NULL,NULL,'N','N'),(413,17,31,1,'A','XAROPE MONIN LIMAO SICILIANO',NULL,NULL,NULL,NULL,NULL,NULL,NULL,NULL,'N','N'),(414,17,31,1,'A','XAROPE MONIN CRANBERRY AIRELLES',NULL,NULL,NULL,NULL,NULL,NULL,NULL,NULL,'N','N'),(415,17,31,1,'A','XAROPE MONIN MACA VERDE',NULL,NULL,NULL,NULL,NULL,NULL,NULL,NULL,'N','N'),(416,17,31,1,'A','XAROPE MONIN TANGERINA',NULL,NULL,NULL,NULL,NULL,NULL,NULL,NULL,'N','N'),(417,17,31,1,'A','XAROPE MONIN GENGIBRE',NULL,NULL,NULL,NULL,NULL,NULL,NULL,NULL,'N','N'),(418,17,31,1,'A','XAROPE MONIN GRENADINE',NULL,NULL,NULL,NULL,NULL,NULL,NULL,NULL,'N','N'),(419,17,31,1,'A','XAROPE MONIN BANANA VERDE',NULL,NULL,NULL,NULL,NULL,NULL,NULL,NULL,'N','N'),(420,17,31,1,'A','XAROPE MONIN ROSA',NULL,NULL,NULL,NULL,NULL,NULL,NULL,NULL,'N','N'),(421,17,31,1,'A','XAROPE MONIN KIWI',NULL,NULL,NULL,NULL,NULL,NULL,NULL,NULL,'N','N'),(422,17,31,1,'A','XAROPE MONIN MELANCIA',NULL,NULL,NULL,NULL,NULL,NULL,NULL,NULL,'N','N'),(423,17,31,1,'A','XAROPE MONIN ROMA',NULL,NULL,NULL,NULL,NULL,NULL,NULL,NULL,'N','N'),(424,17,31,1,'A','MARTINE ROSSO',NULL,NULL,NULL,NULL,NULL,NULL,NULL,NULL,'N','N'),(425,17,31,1,'A','TEQUILA JOSE CUERVO',NULL,NULL,NULL,NULL,NULL,NULL,NULL,NULL,'N','N'),(426,17,31,1,'A','APERITIVO ITA APEROL 15',NULL,NULL,NULL,NULL,NULL,NULL,NULL,NULL,'N','N'),(427,17,31,1,'A','AGUARDENTE PITU 19',NULL,NULL,NULL,NULL,NULL,NULL,NULL,NULL,'N','N'),(428,17,31,1,'A','CONHAQUE DREHER 18',NULL,NULL,NULL,NULL,NULL,NULL,NULL,NULL,'N','N'),(429,17,31,1,'A','MARTINE DRY 18',NULL,NULL,NULL,NULL,NULL,NULL,NULL,NULL,'N','N'),(430,17,31,1,'A','MARTINE ROSE 19',NULL,NULL,NULL,NULL,NULL,NULL,NULL,NULL,'N','N'),(431,17,31,1,'A','VODKA ORLOF 20',NULL,NULL,NULL,NULL,NULL,NULL,NULL,NULL,'N','N'),(432,17,31,1,'A','RUN BACARDI CARTA B.20',NULL,NULL,NULL,NULL,NULL,NULL,NULL,NULL,'N','N'),(433,17,31,1,'A','SEAGERS GIN 1GF 19',NULL,NULL,NULL,NULL,NULL,NULL,NULL,NULL,'N','N'),(434,17,31,1,'A','VODKA SMINORF 1GF 20',NULL,NULL,NULL,NULL,NULL,NULL,NULL,NULL,'N','N'),(435,17,31,1,'A','CONHAQUE DOMEC 20',NULL,NULL,NULL,NULL,NULL,NULL,NULL,NULL,'N','N'),(436,1,31,1,'A','VODKA  DIVERSAS',NULL,NULL,NULL,NULL,NULL,NULL,NULL,NULL,'N','N'),(437,17,31,1,'A','CONHAQUE MACIEIRA',NULL,NULL,NULL,NULL,NULL,NULL,NULL,NULL,'N','N'),(438,17,31,1,'A','AGUARDENTE PITU GOLD 20',NULL,NULL,NULL,NULL,NULL,NULL,NULL,NULL,'N','N'),(439,17,31,1,'A','RUN BACARDI LEMON 15',NULL,NULL,NULL,NULL,NULL,NULL,NULL,NULL,'N','N'),(440,17,31,1,'A','STEINHAEGER BOLS 20',NULL,NULL,NULL,NULL,NULL,NULL,NULL,NULL,'N','N'),(441,17,31,1,'A','RUN MONTILLA 20',NULL,NULL,NULL,NULL,NULL,NULL,NULL,NULL,'N','N'),(442,17,31,1,'A','CAMPARI 18',NULL,NULL,NULL,NULL,NULL,NULL,NULL,NULL,'N','N'),(443,17,31,1,'A','MARTINI BIANCO 955 ML',NULL,NULL,NULL,NULL,NULL,NULL,NULL,NULL,'N','N'),(444,2,31,1,'A','CARVALHEIRA BRASIL 750 ML ',NULL,NULL,NULL,NULL,NULL,NULL,NULL,NULL,'N','N'),(445,2,31,1,'A','FIKA JURUBEBA 750 ML',NULL,NULL,NULL,NULL,NULL,NULL,NULL,NULL,'N','N'),(446,2,31,1,'A','CARVALHEIRA ALAMBIQUE 375 ML',NULL,NULL,NULL,NULL,NULL,NULL,NULL,NULL,'N','N'),(447,2,31,1,'A','CARVALHEIRA ALAMBIQUE 750 ML',NULL,NULL,NULL,NULL,NULL,NULL,NULL,NULL,'N','N'),(448,2,31,1,'A','CARVALHEIRA TRADICONAL 375 ML ',NULL,NULL,NULL,NULL,NULL,NULL,NULL,NULL,'N','N'),(449,2,31,1,'A','CARVALHEIRA TRADICIONAL  750 ML ',NULL,NULL,NULL,NULL,NULL,NULL,NULL,NULL,'N','N'),(450,1,31,1,'A','KIT MINIATURAS CARVALHEIRA 50 ML ',NULL,NULL,NULL,NULL,NULL,NULL,NULL,NULL,'N','N'),(451,1,31,1,'A','KIT CARVALHEIA CANECA ',NULL,NULL,NULL,NULL,NULL,NULL,NULL,NULL,'N','N'),(452,1,31,1,'A','CARVALHEIRA BRASIL  MINIATURA 50 ML ',NULL,NULL,NULL,NULL,NULL,NULL,NULL,NULL,'N','N'),(453,1,31,1,'A',' FIKA JURUBEBA MINIATURA 50 ML ',NULL,NULL,NULL,NULL,NULL,NULL,NULL,NULL,'N','N'),(454,2,31,1,'A','CARVA MEL E LIMÃO 750 ML',NULL,NULL,NULL,NULL,NULL,NULL,NULL,NULL,'N','N'),(455,1,31,1,'A','CARVA MINIATURA 50 ML',NULL,NULL,NULL,NULL,NULL,NULL,NULL,NULL,'N','N'),(456,1,31,1,'A','KIT PREMIUM ALAMBIQUE 375 ML ',NULL,NULL,NULL,NULL,NULL,NULL,NULL,NULL,'N','N'),(457,17,31,1,'A','MARTINE EXTRA DRY 15',NULL,NULL,NULL,NULL,NULL,NULL,NULL,NULL,'N','N'),(458,17,31,1,'A','VODKA INTENCION 18',NULL,NULL,NULL,NULL,NULL,NULL,NULL,NULL,'N','N'),(459,17,31,1,'A','CONHAQUE FUNDADOR 15',NULL,NULL,NULL,NULL,NULL,NULL,NULL,NULL,'N','N'),(460,17,31,1,'A','CACHACA SELETA 14',NULL,NULL,NULL,NULL,NULL,NULL,NULL,NULL,'N','N'),(461,17,31,1,'A','CACHACA GERMANA',NULL,NULL,NULL,NULL,NULL,NULL,NULL,NULL,'N','N'),(462,17,31,1,'A','VODKA CIROC 15',NULL,NULL,NULL,NULL,NULL,NULL,NULL,NULL,'N','N'),(463,17,31,1,'A','VODKA  ABSOLUT  20',NULL,NULL,NULL,NULL,NULL,NULL,NULL,NULL,'N','N'),(464,17,31,1,'A','MARTINI ROSATO 15',NULL,NULL,NULL,NULL,NULL,NULL,NULL,NULL,'N','N'),(465,17,31,1,'A','TEQUILA JOSE CUERVO OURO 15',NULL,NULL,NULL,NULL,NULL,NULL,NULL,NULL,'N','N'),(466,17,31,1,'A','GIN GORDONS 15',NULL,NULL,NULL,NULL,NULL,NULL,NULL,NULL,'N','N'),(467,17,31,1,'A','CACHACA SALINAS',NULL,NULL,NULL,NULL,NULL,NULL,NULL,NULL,'N','N'),(468,2,31,1,'A','CACHACA VOLUPIA ENVELHECIDA 14DS',NULL,NULL,NULL,NULL,NULL,NULL,NULL,NULL,'N','N'),(469,17,31,1,'A','CACHACA SAGATIBA',NULL,NULL,NULL,NULL,NULL,NULL,NULL,NULL,'N','N'),(470,17,31,1,'A','CACHACA VOLUPIA ENVELHECIDA',NULL,NULL,NULL,NULL,NULL,NULL,NULL,NULL,'N','N'),(471,17,31,1,'A','XAROPE MONIN CURACAU BLUE',NULL,NULL,NULL,NULL,NULL,NULL,NULL,NULL,'N','N'),(472,17,31,1,'A','VODKA SKYY  980ML',NULL,NULL,NULL,NULL,NULL,NULL,NULL,NULL,'N','N'),(473,17,31,1,'A','XAROPE MONIN TORTA DE MAÇA',NULL,NULL,NULL,NULL,NULL,NULL,NULL,NULL,'N','N'),(474,17,31,1,'A','XAROPE MONIN PUMPKIN SPICE',NULL,NULL,NULL,NULL,NULL,NULL,NULL,NULL,'N','N'),(475,17,31,1,'A','XAROPE MONIN  MORANGO',NULL,NULL,NULL,NULL,NULL,NULL,NULL,NULL,'N','N'),(476,17,31,1,'A','XAROPE MONIN BAUNILHA',NULL,NULL,NULL,NULL,NULL,NULL,NULL,NULL,'N','N'),(477,17,31,1,'A','XAROPE MONIN PIPOCA ',NULL,NULL,NULL,NULL,NULL,NULL,NULL,NULL,'N','N'),(478,17,31,1,'A','CACHACA SERRA LIMPA  6 DS',NULL,NULL,NULL,NULL,NULL,NULL,NULL,NULL,'N','N'),(479,1,31,1,'A','SMIRNOF ICE',NULL,NULL,NULL,NULL,NULL,NULL,NULL,NULL,'N','N'),(480,17,64,1,'A','WHISKY J.W.BLACK 20',NULL,NULL,NULL,NULL,NULL,NULL,NULL,NULL,'N','N'),(481,17,64,1,'A','WHISKY J.W.RED 20',NULL,NULL,NULL,NULL,NULL,NULL,NULL,NULL,'N','N'),(482,17,64,1,'A','WHISKY TEACHER',NULL,NULL,NULL,NULL,NULL,NULL,NULL,NULL,'N','N'),(483,17,64,1,'A','WHISKY FAMOUS GOUSE',NULL,NULL,NULL,NULL,NULL,NULL,NULL,NULL,'N','N'),(484,17,64,1,'A','WHISKY JB 20',NULL,NULL,NULL,NULL,NULL,NULL,NULL,NULL,'N','N'),(485,17,64,1,'A','WHISKY J.W.BLACK 20',NULL,NULL,NULL,NULL,NULL,NULL,NULL,NULL,'N','N'),(486,17,64,1,'A','WHISKY GRAN MACNISH 20',NULL,NULL,NULL,NULL,NULL,NULL,NULL,NULL,'N','N'),(487,17,64,1,'A','WHISKY BALANTINES 20',NULL,NULL,NULL,NULL,NULL,NULL,NULL,NULL,'N','N'),(488,17,64,1,'A','WHISKY OLD PAR 20',NULL,NULL,NULL,NULL,NULL,NULL,NULL,NULL,'N','N'),(489,17,64,1,'A','WHISKY HORSE 20',NULL,NULL,NULL,NULL,NULL,NULL,NULL,NULL,'N','N'),(490,17,64,1,'A','WHISKY LOGAN',NULL,NULL,NULL,NULL,NULL,NULL,NULL,NULL,'N','N'),(491,17,64,1,'A','Whisky Black White',NULL,NULL,NULL,NULL,NULL,NULL,NULL,NULL,'N','N'),(492,2,64,1,'A','WHISKY CHIVAS 12 ANOS',NULL,NULL,NULL,NULL,NULL,NULL,NULL,NULL,'N','N'),(493,17,64,1,'A','WHISKY JACK DANIELS',NULL,NULL,NULL,NULL,NULL,NULL,NULL,NULL,'N','N'),(494,17,64,1,'A','W. JOHNNIE WALKER GOLD 15',NULL,NULL,NULL,NULL,NULL,NULL,NULL,NULL,'N','N'),(495,17,64,1,'A','W. JOHNNIE WALKER DOUBLE BLACK 20',NULL,NULL,NULL,NULL,NULL,NULL,NULL,NULL,'N','N'),(496,17,64,1,'A','W.BUCHANANS 20',NULL,NULL,NULL,NULL,NULL,NULL,NULL,NULL,'N','N'),(497,17,64,1,'A','W. JOHNNIE WALKER BLUE',NULL,NULL,NULL,NULL,NULL,NULL,NULL,NULL,'N','N'),(498,17,47,1,'A','LICOR TIA MARIA 23',NULL,NULL,NULL,NULL,NULL,NULL,NULL,NULL,'N','N'),(499,17,47,1,'A','LICOR AMARULA 25',NULL,NULL,NULL,NULL,NULL,NULL,NULL,NULL,'N','N'),(500,17,47,1,'A','LICOR DE MENTA 23',NULL,NULL,NULL,NULL,NULL,NULL,NULL,NULL,'N','N'),(501,17,47,1,'A','LICOR PEACH TREE',NULL,NULL,NULL,NULL,NULL,NULL,NULL,NULL,'N','N'),(502,17,47,1,'A','LICOR BAILEYS 25',NULL,NULL,NULL,NULL,NULL,NULL,NULL,NULL,'N','N'),(503,17,47,1,'A','LICOR DRAMBUIE 25',NULL,NULL,NULL,NULL,NULL,NULL,NULL,NULL,'N','N'),(504,17,47,1,'A','LICOR 43 23DS',NULL,NULL,NULL,NULL,NULL,NULL,NULL,NULL,'N','N'),(505,17,47,1,'A','LICOR FRANGELICO',NULL,NULL,NULL,NULL,NULL,NULL,NULL,NULL,'N','N'),(506,17,47,1,'A','LICOR STOCK CASSIC 23',NULL,NULL,NULL,NULL,NULL,NULL,NULL,NULL,'N','N'),(507,17,47,1,'A','LICOR COINTREAU',NULL,NULL,NULL,NULL,NULL,NULL,NULL,NULL,'N','N'),(508,17,47,1,'A','LICOR BAILEYS 15',NULL,NULL,NULL,NULL,NULL,NULL,NULL,NULL,'N','N'),(509,17,47,1,'A','LICOR CURACAU FINO 14',NULL,NULL,NULL,NULL,NULL,NULL,NULL,NULL,'N','N'),(510,17,47,1,'A','LICOR 43 14 DOSES',NULL,NULL,NULL,NULL,NULL,NULL,NULL,NULL,'N','N'),(511,17,47,1,'A','LICOR LIMONCELLO 14',NULL,NULL,NULL,NULL,NULL,NULL,NULL,NULL,'N','N'),(512,17,47,1,'A','LICOR FIREBALL 750ML',NULL,NULL,NULL,NULL,NULL,NULL,NULL,NULL,'N','N'),(513,17,47,1,'A','LICOR PESSEGO 14',NULL,NULL,NULL,NULL,NULL,NULL,NULL,NULL,'N','N'),(514,17,47,1,'A','CURACAU BLUE',NULL,NULL,NULL,NULL,NULL,NULL,NULL,NULL,'N','N'),(515,1,52,1,'A','PEPSI TWISTE',NULL,NULL,NULL,NULL,NULL,NULL,NULL,NULL,'N','N'),(516,1,52,1,'A','PEPSI LIGHT',NULL,NULL,NULL,NULL,NULL,NULL,NULL,NULL,'N','N'),(517,1,52,1,'A','GUARANA ANTARTICA',NULL,NULL,NULL,NULL,NULL,NULL,NULL,NULL,'N','N'),(518,1,52,1,'A','GUARANA ANTARTICA ZERO',NULL,NULL,NULL,NULL,NULL,NULL,NULL,NULL,'N','N'),(519,1,52,1,'A','GUARANA 200 ML',NULL,NULL,NULL,NULL,NULL,NULL,NULL,NULL,'N','N'),(520,1,52,1,'A','SODA LIMONADA 350ML',NULL,NULL,NULL,NULL,NULL,NULL,NULL,NULL,'N','N'),(521,1,52,1,'A','SUKITA',NULL,NULL,NULL,NULL,NULL,NULL,NULL,NULL,'N','N'),(522,1,52,1,'A','PEPSI COLA',NULL,NULL,NULL,NULL,NULL,NULL,NULL,NULL,'N','N'),(523,1,52,1,'A','TONICA ANTARTICA 350ML',NULL,NULL,NULL,NULL,NULL,NULL,NULL,NULL,'N','N'),(524,1,52,1,'A','COCA COLA  2LT',NULL,NULL,NULL,NULL,NULL,NULL,NULL,NULL,'N','N'),(525,1,52,1,'A','COCA COLA LATA 350 ML ',NULL,NULL,NULL,NULL,NULL,NULL,NULL,NULL,'N','N'),(526,4,52,1,'A','TONICA SCHWEPPES CITRUS',NULL,NULL,NULL,NULL,NULL,NULL,NULL,NULL,'N','N'),(527,1,52,1,'A','COCA COLA 1 LT',NULL,NULL,NULL,NULL,NULL,NULL,NULL,NULL,'N','N'),(528,1,52,1,'A','COCA COLA  KS ',NULL,NULL,NULL,NULL,NULL,NULL,NULL,NULL,'N','N'),(529,2,52,1,'A','REFRIGERANTE PET',NULL,NULL,NULL,NULL,NULL,NULL,NULL,NULL,'N','N'),(530,2,52,1,'A','AQ.FRESH',NULL,NULL,NULL,NULL,NULL,NULL,NULL,NULL,'N','N'),(531,1,52,1,'A','ENERGETICO',NULL,NULL,NULL,NULL,NULL,NULL,NULL,NULL,'N','N'),(532,1,52,1,'A','COCA COLA  ZERO',NULL,NULL,NULL,NULL,NULL,NULL,NULL,NULL,'N','N'),(533,2,52,1,'A','GUARANÁ E PEPSI  1 LT',NULL,NULL,NULL,NULL,NULL,NULL,NULL,NULL,'N','N'),(534,2,52,1,'A','H20 500 ML LIMAO',NULL,NULL,NULL,NULL,NULL,NULL,NULL,NULL,'N','N'),(535,4,52,1,'A','CHA DIVERSOS SABORES LATA',NULL,NULL,NULL,NULL,NULL,NULL,NULL,NULL,'N','N'),(536,1,52,1,'A','GUARANA ANTARCTICA PET 2 LT',NULL,NULL,NULL,NULL,NULL,NULL,NULL,NULL,'N','N'),(537,1,52,1,'A','SODA LIMONADA ANTARCTICA  PET 2 LT',NULL,NULL,NULL,NULL,NULL,NULL,NULL,NULL,'N','N'),(538,1,52,1,'A','PEPSI COLA PET 2 LT',NULL,NULL,NULL,NULL,NULL,NULL,NULL,NULL,'N','N'),(539,1,52,1,'A','SUKITA  PET 2 LT',NULL,NULL,NULL,NULL,NULL,NULL,NULL,NULL,'N','N'),(540,1,52,1,'A','H2OH LIMONETO PET 500ML',NULL,NULL,NULL,NULL,NULL,NULL,NULL,NULL,'N','N'),(541,1,52,1,'A','H20 Limoneto',NULL,NULL,NULL,NULL,NULL,NULL,NULL,NULL,'N','N'),(542,1,52,1,'A','PEPSI TWIST PET 2LT ',NULL,NULL,NULL,NULL,NULL,NULL,NULL,NULL,'N','N'),(543,1,52,1,'A','GUARANA ANTARTICA ZERO PET 2LT',NULL,NULL,NULL,NULL,NULL,NULL,NULL,NULL,'N','N'),(544,1,52,1,'A','COCA COLA ZERO KS',NULL,NULL,NULL,NULL,NULL,NULL,NULL,NULL,'N','N'),(545,1,52,1,'A','H2O LIMAO 1,5LT',NULL,NULL,NULL,NULL,NULL,NULL,NULL,NULL,'N','N'),(546,1,52,1,'A','FANTA UVA LT 350ML ',NULL,NULL,NULL,NULL,NULL,NULL,NULL,NULL,'N','N'),(547,1,52,1,'A','FANTA LARANJA LT 350ML',NULL,NULL,NULL,NULL,NULL,NULL,NULL,NULL,'N','N'),(548,1,52,1,'A','SCHWEPPES CITRUS COLOR LT 350ML',NULL,NULL,NULL,NULL,NULL,NULL,NULL,NULL,'N','N'),(549,1,52,1,'A','SCHWEPPES COLOR TONICA LT 350ML',NULL,NULL,NULL,NULL,NULL,NULL,NULL,NULL,'N','N'),(550,1,52,1,'A','COCA C/ JACK DANIELS',NULL,NULL,NULL,NULL,NULL,NULL,NULL,NULL,'N','N'),(551,1,52,1,'A','CITRUS KS',NULL,NULL,NULL,NULL,NULL,NULL,NULL,NULL,'N','N'),(552,1,39,1,'A','CERVEJA BRAHMA ZERO 355 ML (LONG NECK) ',NULL,NULL,NULL,NULL,NULL,NULL,NULL,NULL,'N','N'),(553,1,39,1,'A','CERVEJA EISENBAHN ',NULL,NULL,NULL,NULL,NULL,NULL,NULL,NULL,'N','N'),(554,1,39,1,'A','CERVEJA FREVO COZINHA',NULL,NULL,NULL,NULL,NULL,NULL,NULL,NULL,'N','N'),(555,1,39,1,'A','CERVEJA BUDWEISER',NULL,NULL,NULL,NULL,NULL,NULL,NULL,NULL,'N','N'),(556,1,39,1,'A','CERVEJA STELLA ARTOIS',NULL,NULL,NULL,NULL,NULL,NULL,NULL,NULL,'N','N'),(557,2,39,1,'A','CERVEJA SKOL BEATS SENSE LONG NECK',NULL,NULL,NULL,NULL,NULL,NULL,NULL,NULL,'N','N'),(558,2,39,1,'A','CERV. ANTARTICA CRIST',NULL,NULL,NULL,NULL,NULL,NULL,NULL,NULL,'N','N'),(559,2,39,1,'A','CERVEJA BOHEMIA',NULL,NULL,NULL,NULL,NULL,NULL,NULL,NULL,'N','N'),(560,2,39,1,'A','CERVEJA BRAHMA EXTRA',NULL,NULL,NULL,NULL,NULL,NULL,NULL,NULL,'N','N'),(561,2,39,1,'A','CERVEJA SKOL',NULL,NULL,NULL,NULL,NULL,NULL,NULL,NULL,'N','N'),(562,2,39,1,'A','CERVEJA MALZEBIER',NULL,NULL,NULL,NULL,NULL,NULL,NULL,NULL,'N','N'),(563,1,39,1,'A','HEINEKEN LONG NECK',NULL,NULL,NULL,NULL,NULL,NULL,NULL,NULL,'N','N'),(564,1,39,1,'A','CERVEJA HEINEKEN',NULL,NULL,NULL,NULL,NULL,NULL,NULL,NULL,'N','N'),(565,1,39,1,'A','CERVEJA CORONA ',NULL,NULL,NULL,NULL,NULL,NULL,NULL,NULL,'N','N'),(566,1,39,1,'A','CERVEJA ITAIPAVA',NULL,NULL,NULL,NULL,NULL,NULL,NULL,NULL,'N','N'),(567,2,39,1,'A','CERVEJA ITAIPAVA PREMIUM',NULL,NULL,NULL,NULL,NULL,NULL,NULL,NULL,'N','N'),(568,1,39,1,'A','CERVEJA EKAUT PRAMIUM LAGER 275ML',NULL,NULL,NULL,NULL,NULL,NULL,NULL,NULL,'N','N'),(569,1,39,1,'A','CERVEJA EKAUT PILSENER 355ML',NULL,NULL,NULL,NULL,NULL,NULL,NULL,NULL,'N','N'),(570,2,39,1,'A','HEINEKEN 250ML',NULL,NULL,NULL,NULL,NULL,NULL,NULL,NULL,'N','N'),(571,1,39,1,'A','CORONA EXTRA LONG NECK',NULL,NULL,NULL,NULL,NULL,NULL,NULL,NULL,'N','N'),(572,1,39,1,'A','SPATEN LONG NECK',NULL,NULL,NULL,NULL,NULL,NULL,NULL,NULL,'N','N'),(573,14,40,1,'A','DIOXIDO DE CARBONO / CO2',NULL,NULL,NULL,NULL,NULL,NULL,NULL,NULL,'N','N'),(574,5,40,1,'A','CHOPP',NULL,NULL,NULL,NULL,NULL,NULL,NULL,NULL,'N','N'),(575,14,43,1,'A','PARMESAO PORCIONADO',NULL,NULL,NULL,NULL,NULL,NULL,NULL,NULL,'N','N'),(576,14,43,1,'A','QUEIJO PARMESÃO',NULL,NULL,NULL,NULL,NULL,NULL,NULL,NULL,'N','N'),(577,14,43,1,'A','QUEIJO RICOTA DEFUMADO',NULL,NULL,NULL,NULL,NULL,NULL,NULL,NULL,'N','N'),(578,14,43,1,'A','QUEIJO PROVOLONE',NULL,NULL,NULL,NULL,NULL,NULL,NULL,NULL,'N','N'),(579,14,43,1,'A','SALAME ITALIANO',NULL,NULL,NULL,NULL,NULL,NULL,NULL,NULL,'N','N'),(580,14,43,1,'A','APRESUNTADO',NULL,NULL,NULL,NULL,NULL,NULL,NULL,NULL,'N','N'),(581,14,43,1,'A','QUEIJO GORGONZOLA',NULL,NULL,NULL,NULL,NULL,NULL,NULL,NULL,'N','N'),(582,14,43,1,'A','COPA',NULL,NULL,NULL,NULL,NULL,NULL,NULL,NULL,'N','N'),(583,14,43,1,'A','RICOTA FRESCA SEM SAL',NULL,NULL,NULL,NULL,NULL,NULL,NULL,NULL,'N','N'),(584,1,43,1,'A','CREME DE RICOTA ',NULL,NULL,NULL,NULL,NULL,NULL,NULL,NULL,'N','N'),(585,14,43,1,'A','SALSISHA',NULL,NULL,NULL,NULL,NULL,NULL,NULL,NULL,'N','N'),(586,14,43,1,'A','QUEIJO MUSSARELA BUFALO',NULL,NULL,NULL,NULL,NULL,NULL,NULL,NULL,'N','N'),(587,14,43,1,'A','LOMBO CANADENSE',NULL,NULL,NULL,NULL,NULL,NULL,NULL,NULL,'N','N'),(588,14,43,1,'A','QUEIJO COALHO TIPO A',NULL,NULL,NULL,NULL,NULL,NULL,NULL,NULL,'N','N'),(589,14,43,1,'A','QUEIJO DO REINO',NULL,NULL,NULL,NULL,NULL,NULL,NULL,NULL,'N','N'),(590,14,43,1,'A','QUEIJO EDAN',NULL,NULL,NULL,NULL,NULL,NULL,NULL,NULL,'N','N'),(591,14,43,1,'A','PEITO DE PERU LIGHT DEFUMADO',NULL,NULL,NULL,NULL,NULL,NULL,NULL,NULL,'N','N'),(592,14,43,1,'A','QUEIJO PARMESÃO NEGRO ',NULL,NULL,NULL,NULL,NULL,NULL,NULL,NULL,'N','N'),(593,14,43,1,'A','QUEIJO COALHO TIPO B',NULL,NULL,NULL,NULL,NULL,NULL,NULL,NULL,'N','N'),(594,14,43,1,'A','QUEIJO GOUDA',NULL,NULL,NULL,NULL,NULL,NULL,NULL,NULL,'N','N'),(595,14,43,1,'A','QUEIJO GRUYERE',NULL,NULL,NULL,NULL,NULL,NULL,NULL,NULL,'N','N'),(596,14,43,1,'A','QUEIJO MONTANHÊS',NULL,NULL,NULL,NULL,NULL,NULL,NULL,NULL,'N','N'),(597,14,43,1,'A','PRESUNTO',NULL,NULL,NULL,NULL,NULL,NULL,NULL,NULL,'N','N'),(598,14,43,1,'A','PRESUNTO DE PARMA',NULL,NULL,NULL,NULL,NULL,NULL,NULL,NULL,'N','N'),(599,1,43,1,'A','Iorgut Natural',NULL,NULL,NULL,NULL,NULL,NULL,NULL,NULL,'N','N'),(600,14,43,1,'A','QUEIJO MANTEIGA',NULL,NULL,NULL,NULL,NULL,NULL,NULL,NULL,'N','N'),(601,14,43,1,'A','QUEIJO MUSSARELA COZINHA',NULL,NULL,NULL,NULL,NULL,NULL,NULL,NULL,'N','N'),(602,14,43,1,'A','MORTADELA',NULL,NULL,NULL,NULL,NULL,NULL,NULL,NULL,'N','N'),(603,14,43,1,'A','QUEIJO MUSSARELA DEFUMADO',NULL,NULL,NULL,NULL,NULL,NULL,NULL,NULL,'N','N'),(604,14,43,1,'A','QUEIJO RICOTA BUFALO ',NULL,NULL,NULL,NULL,NULL,NULL,NULL,NULL,'N','N'),(605,14,43,1,'A','QUEIJO PRATO',NULL,NULL,NULL,NULL,NULL,NULL,NULL,NULL,'N','N'),(606,14,43,1,'A','MORTADELA PREMIUM',NULL,NULL,NULL,NULL,NULL,NULL,NULL,NULL,'N','N'),(607,14,43,1,'A','QUEIJO MINAS FRESCAL',NULL,NULL,NULL,NULL,NULL,NULL,NULL,NULL,'N','N'),(608,14,43,1,'A','QUEIJO ESTEPE',NULL,NULL,NULL,NULL,NULL,NULL,NULL,NULL,'N','N'),(609,14,43,1,'A','QUEIJO COALHO BUFALO',NULL,NULL,NULL,NULL,NULL,NULL,NULL,NULL,'N','N'),(610,14,43,1,'A','LANCHE APRESUNTADO',NULL,NULL,NULL,NULL,NULL,NULL,NULL,NULL,'N','N'),(611,14,43,1,'A','QUEIJO MANTEIGA RASPA DE TACHO',NULL,NULL,NULL,NULL,NULL,NULL,NULL,NULL,'N','N'),(612,14,43,1,'A','QUEIJO BRIE',NULL,NULL,NULL,NULL,NULL,NULL,NULL,NULL,'N','N'),(613,14,43,1,'A','PARMESAO FORMA VIGOR',NULL,NULL,NULL,NULL,NULL,NULL,NULL,NULL,'N','N'),(614,14,43,1,'A','RICOTA DEFUMADA',NULL,NULL,NULL,NULL,NULL,NULL,NULL,NULL,'N','N'),(615,14,43,1,'A','QUEIJO EMMENTAL',NULL,NULL,NULL,NULL,NULL,NULL,NULL,NULL,'N','N'),(616,1,43,1,'A','EMPANADO DE PROVOLONE',NULL,NULL,NULL,NULL,NULL,NULL,NULL,NULL,'N','N'),(617,14,43,1,'A','QUEIJO GOUDA',NULL,NULL,NULL,NULL,NULL,NULL,NULL,NULL,'N','N'),(618,14,43,1,'A','QUEIJO GRAN FORMAGIO',NULL,NULL,NULL,NULL,NULL,NULL,NULL,NULL,'N','N'),(619,14,43,1,'A','RAMON SERRANO',NULL,NULL,NULL,NULL,NULL,NULL,NULL,NULL,'N','N'),(620,1,43,1,'A','RICOTA PROCESSADA',NULL,NULL,NULL,NULL,NULL,NULL,NULL,NULL,'N','N'),(621,14,43,1,'A','QUEIJO FAIXA AZUL',NULL,NULL,NULL,NULL,NULL,NULL,NULL,NULL,'N','N'),(622,14,43,1,'A','QUEIJO PRATO',NULL,NULL,NULL,NULL,NULL,NULL,NULL,NULL,'N','N'),(623,14,43,1,'A','QUEIJO DO REINO JONGUINHO LT 650G',NULL,NULL,NULL,NULL,NULL,NULL,NULL,NULL,'N','N'),(624,14,43,1,'A','QUEIJO PARMESÃO VIGOR (PEÇA  C/7,5KG)',NULL,NULL,NULL,NULL,NULL,NULL,NULL,NULL,'N','N'),(625,14,43,1,'A','QUEIJO COALHO TIPO A',NULL,NULL,NULL,NULL,NULL,NULL,NULL,NULL,'N','N'),(626,14,43,1,'A','MUSSSARELA DE BUFALA CEREJA',NULL,NULL,NULL,NULL,NULL,NULL,NULL,NULL,'N','N'),(627,14,43,1,'A','MUSSARELA DE BUFALA MANTA',NULL,NULL,NULL,NULL,NULL,NULL,NULL,NULL,'N','N'),(628,14,43,1,'A','ENROLADO DE SALSICHA',NULL,NULL,NULL,NULL,NULL,NULL,NULL,NULL,'N','N'),(629,14,43,1,'A','COXINHA DE FRANGO 120 G',NULL,NULL,NULL,NULL,NULL,NULL,NULL,NULL,'N','N'),(630,14,43,1,'A','CAMARÃO EMPANADO ',NULL,NULL,NULL,NULL,NULL,NULL,NULL,NULL,'N','N'),(631,14,43,1,'A','JARDINEIRA  LEGUMES',NULL,NULL,NULL,NULL,NULL,NULL,NULL,NULL,'N','N'),(632,14,43,1,'A','ASPARGO FRESCO CONGELADO',NULL,NULL,NULL,NULL,NULL,NULL,NULL,NULL,'N','N'),(633,14,43,1,'A','MASSA FOLHADA',NULL,NULL,NULL,NULL,NULL,NULL,NULL,NULL,'N','N'),(634,14,43,1,'A','ERVILHA CONGELADA',NULL,NULL,NULL,NULL,NULL,NULL,NULL,NULL,'N','N'),(635,14,43,1,'A','Vagem Congelada',NULL,NULL,NULL,NULL,NULL,NULL,NULL,NULL,'N','N'),(636,14,43,1,'A','BOLINHO DE BACALHAU',NULL,NULL,NULL,NULL,NULL,NULL,NULL,NULL,'N','N'),(637,14,43,1,'A','CEBOLA  EM ANÉIS CONGELADA ',NULL,NULL,NULL,NULL,NULL,NULL,NULL,NULL,'N','N'),(638,14,43,1,'A','BROCOLIS CONGELADO',NULL,NULL,NULL,NULL,NULL,NULL,NULL,NULL,'N','N'),(639,14,43,1,'A','ESPINAFRE CONGELADO',NULL,NULL,NULL,NULL,NULL,NULL,NULL,NULL,'N','N'),(640,14,43,1,'A','CENOURA BABY',NULL,NULL,NULL,NULL,NULL,NULL,NULL,NULL,'N','N'),(641,14,43,1,'A','BATATA MEIA LUA ',NULL,NULL,NULL,NULL,NULL,NULL,NULL,NULL,'N','N'),(642,14,43,1,'A','EMPANADO DE FRANGO AUROGGTS',NULL,NULL,NULL,NULL,NULL,NULL,NULL,NULL,'N','N'),(643,14,43,1,'A','BATATA NOISETTES',NULL,NULL,NULL,NULL,NULL,NULL,NULL,NULL,'N','N'),(644,14,43,1,'A','MANDIOCA PALITO',NULL,NULL,NULL,NULL,NULL,NULL,NULL,NULL,'N','N'),(645,14,43,1,'A','COUVE FLOR CONGELADA',NULL,NULL,NULL,NULL,NULL,NULL,NULL,NULL,'N','N'),(646,14,43,1,'A','BATATA PRE FRITA  9 MMM',NULL,NULL,NULL,NULL,NULL,NULL,NULL,NULL,'N','N'),(647,14,43,1,'A','MINI KIBE',NULL,NULL,NULL,NULL,NULL,NULL,NULL,NULL,'N','N'),(648,14,43,1,'A','MACAXEIRA PRÉ FRITA',NULL,NULL,NULL,NULL,NULL,NULL,NULL,NULL,'N','N'),(649,14,43,1,'A','PÃO DE QUEIJO ',NULL,NULL,NULL,NULL,NULL,NULL,NULL,NULL,'N','N'),(650,14,43,1,'A','COUVE BRUXELAS CONGELADOS',NULL,NULL,NULL,NULL,NULL,NULL,NULL,NULL,'N','N'),(651,14,43,1,'A','ALHO  CONGELADO',NULL,NULL,NULL,NULL,NULL,NULL,NULL,NULL,'N','N'),(652,14,43,1,'A','COGUMELO CONGELADO',NULL,NULL,NULL,NULL,NULL,NULL,NULL,NULL,'N','N'),(653,14,43,1,'A','MINI COXINHA ',NULL,NULL,NULL,NULL,NULL,NULL,NULL,NULL,'N','N'),(654,14,43,1,'A','MINI COXINHA CHARQUE',NULL,NULL,NULL,NULL,NULL,NULL,NULL,NULL,'N','N'),(655,14,43,1,'A','MANDIOCA PALITO ',NULL,NULL,NULL,NULL,NULL,NULL,NULL,NULL,'N','N'),(656,14,43,1,'A','MINI CHURROS',NULL,NULL,NULL,NULL,NULL,NULL,NULL,NULL,'N','N'),(657,14,43,1,'A','BATATA PRE FRITA ONDULADA',NULL,NULL,NULL,NULL,NULL,NULL,NULL,NULL,'N','N'),(658,14,43,1,'A','BATATA PRE FRITA 7MM',NULL,NULL,NULL,NULL,NULL,NULL,NULL,NULL,'N','N'),(659,14,43,1,'A','ANEIS DE CEBOLA EMPANADO',NULL,NULL,NULL,NULL,NULL,NULL,NULL,NULL,'N','N'),(660,14,43,1,'A','BATATA PRE FRITA B10MM',NULL,NULL,NULL,NULL,NULL,NULL,NULL,NULL,'N','N'),(661,1,43,1,'A','RISOLE MISTO',NULL,NULL,NULL,NULL,NULL,NULL,NULL,NULL,'N','N'),(662,1,43,1,'A','ENROLADO DE SALSICHA',NULL,NULL,NULL,NULL,NULL,NULL,NULL,NULL,'N','N'),(663,14,43,1,'A','PICLES',NULL,NULL,NULL,NULL,NULL,NULL,NULL,NULL,'N','N'),(664,1,43,1,'A','MASSA DEPASTEL ROLO ',NULL,NULL,NULL,NULL,NULL,NULL,NULL,NULL,'N','N'),(665,14,43,1,'A','STICK DE QUEIJO',NULL,NULL,NULL,NULL,NULL,NULL,NULL,NULL,'N','N'),(666,14,30,1,'A','POLPA DE TOMATE BAG',NULL,NULL,NULL,NULL,NULL,NULL,NULL,NULL,'N','N'),(667,1,30,1,'A','MACARRAO SEM GLUTEN',NULL,NULL,NULL,NULL,NULL,NULL,NULL,NULL,'N','N'),(668,14,30,1,'A','SAL GROSSO',NULL,NULL,NULL,NULL,NULL,NULL,NULL,NULL,'N','N'),(669,1,30,1,'A','OLEO DE COCO',NULL,NULL,NULL,NULL,NULL,NULL,NULL,NULL,'N','N'),(670,1,30,1,'A','MACARRÃO YAKISSOBA',NULL,NULL,NULL,NULL,NULL,NULL,NULL,NULL,'N','N'),(671,1,30,1,'A','CHIPS  500 GR',NULL,NULL,NULL,NULL,NULL,NULL,NULL,NULL,'N','N'),(672,14,30,1,'A','AÇUCAR DEMERARA ',NULL,NULL,NULL,NULL,NULL,NULL,NULL,NULL,'N','N'),(673,15,30,1,'A','MACARRÃO PARAFUSO VITARELA',NULL,NULL,NULL,NULL,NULL,NULL,NULL,NULL,'N','N'),(674,14,30,1,'A','CREME DE  CEBOLA ',NULL,NULL,NULL,NULL,NULL,NULL,NULL,NULL,'N','N'),(675,14,30,1,'A','SAL DE PARRILLA ',NULL,NULL,NULL,NULL,NULL,NULL,NULL,NULL,'N','N'),(676,1,30,1,'A','CREME DE LEITE CULINARIO 1KG',NULL,NULL,NULL,NULL,NULL,NULL,NULL,NULL,'N','N'),(677,1,30,1,'A','REQUEIJAO C/ AMIDO',NULL,NULL,NULL,NULL,NULL,NULL,NULL,NULL,'N','N'),(678,1,30,1,'A','XAROPE DE GROSELHA',NULL,NULL,NULL,NULL,NULL,NULL,NULL,NULL,'N','N'),(679,1,30,1,'A','LEITE DE COCO 500ML',NULL,NULL,NULL,NULL,NULL,NULL,NULL,NULL,'N','N'),(680,14,30,1,'A','BICARBONATO DE SODIO',NULL,NULL,NULL,NULL,NULL,NULL,NULL,NULL,'N','N'),(681,1,30,1,'A','PALMITO EM FATIAS',NULL,NULL,NULL,NULL,NULL,NULL,NULL,NULL,'N','N'),(682,1,30,1,'A','Extrato de Tomate 1,1 kg',NULL,NULL,NULL,NULL,NULL,NULL,NULL,NULL,'N','N'),(683,5,30,1,'A','Azeite Extra Virgem Bombona 5 Lt',NULL,NULL,NULL,NULL,NULL,NULL,NULL,NULL,'N','N'),(684,14,30,1,'A','CORAÇÃO DE ALCACHOFRA',NULL,NULL,NULL,NULL,NULL,NULL,NULL,NULL,'N','N'),(685,5,30,1,'A','SUCO DE UVA ORGÂNICO 1L',NULL,NULL,NULL,NULL,NULL,NULL,NULL,NULL,'N','N'),(686,2,30,1,'A','SUCO DE UVA 295 ML ',NULL,NULL,NULL,NULL,NULL,NULL,NULL,NULL,'N','N'),(687,14,30,1,'A','Damasco',NULL,NULL,NULL,NULL,NULL,NULL,NULL,NULL,'N','N'),(688,14,30,1,'A','LEITE INTEGRAL 1L',NULL,NULL,NULL,NULL,NULL,NULL,NULL,NULL,'N','N'),(689,15,30,1,'A','CAFÉ EM PÓ 250G',NULL,NULL,NULL,NULL,NULL,NULL,NULL,NULL,'N','N'),(690,15,30,1,'A','MACARRÃO COMUM',NULL,NULL,NULL,NULL,NULL,NULL,NULL,NULL,'N','N'),(691,1,30,1,'A','VINAGRE DE ALCOOL',NULL,NULL,NULL,NULL,NULL,NULL,NULL,NULL,'N','N'),(692,2,30,1,'A','VINHO BRANCO 2L',NULL,NULL,NULL,NULL,NULL,NULL,NULL,NULL,'N','N'),(693,14,30,1,'A','COGUMELO FATIADO',NULL,NULL,NULL,NULL,NULL,NULL,NULL,NULL,'N','N'),(694,14,30,1,'A','MAIONESE MOLHO 3KG',NULL,NULL,NULL,NULL,NULL,NULL,NULL,NULL,'N','N'),(695,14,30,1,'A','CURRY 250G',NULL,NULL,NULL,NULL,NULL,NULL,NULL,NULL,'N','N'),(696,14,30,1,'A','MARGARINA',NULL,NULL,NULL,NULL,NULL,NULL,NULL,NULL,'N','N'),(697,14,30,1,'A','FARINHA DE ROSCA',NULL,NULL,NULL,NULL,NULL,NULL,NULL,NULL,'N','N'),(698,14,30,1,'A','FEIJÃO CARIOCA',NULL,NULL,NULL,NULL,NULL,NULL,NULL,NULL,'N','N'),(699,4,30,1,'A','MINI PEPINO EM CONSERVA',NULL,NULL,NULL,NULL,NULL,NULL,NULL,NULL,'N','N'),(700,14,30,1,'A','FERMENTO EM PÓ',NULL,NULL,NULL,NULL,NULL,NULL,NULL,NULL,'N','N'),(701,1,30,1,'A','OLEO DE SOJA ',NULL,NULL,NULL,NULL,NULL,NULL,NULL,NULL,'N','N'),(702,14,30,1,'A','NOS MOSCADAS EM GRÃO',NULL,NULL,NULL,NULL,NULL,NULL,NULL,NULL,'N','N'),(703,14,30,1,'A','ALCAPARRAS 2KG',NULL,NULL,NULL,NULL,NULL,NULL,NULL,NULL,'N','N'),(704,14,30,1,'A','FUNCHI SECO',NULL,NULL,NULL,NULL,NULL,NULL,NULL,NULL,'N','N'),(705,1,30,1,'A','PALMITO PICADO',NULL,NULL,NULL,NULL,NULL,NULL,NULL,NULL,'N','N'),(706,1,30,1,'A','SUCO DE GOIABA',NULL,NULL,NULL,NULL,NULL,NULL,NULL,NULL,'N','N'),(707,1,30,1,'A','OVO DE CODORNA DEFUMADO',NULL,NULL,NULL,NULL,NULL,NULL,NULL,NULL,'N','N'),(708,1,30,1,'A','CEREAL NESCAL',NULL,NULL,NULL,NULL,NULL,NULL,NULL,NULL,'N','N'),(709,1,30,1,'A','CEREAL ',NULL,NULL,NULL,NULL,NULL,NULL,NULL,NULL,'N','N'),(710,14,30,1,'A','ARROZ PARBOLIZADO',NULL,NULL,NULL,NULL,NULL,NULL,NULL,NULL,'N','N'),(711,1,30,1,'A','GELEIA DIVERSAS',NULL,NULL,NULL,NULL,NULL,NULL,NULL,NULL,'N','N'),(712,5,30,1,'A','LEITE DE COCO 1L',NULL,NULL,NULL,NULL,NULL,NULL,NULL,NULL,'N','N'),(713,4,30,1,'A','SARDINHA EM LATA',NULL,NULL,NULL,NULL,NULL,NULL,NULL,NULL,'N','N'),(714,15,30,1,'A','FUBÁ ',NULL,NULL,NULL,NULL,NULL,NULL,NULL,NULL,'N','N'),(715,1,30,1,'A','BISCOITO CREAM CRACKER',NULL,NULL,NULL,NULL,NULL,NULL,NULL,NULL,'N','N'),(716,14,30,1,'A','CALDO DE CARNE',NULL,NULL,NULL,NULL,NULL,NULL,NULL,NULL,'N','N'),(717,15,30,1,'A','MACARRÃO FETTUCINE',NULL,NULL,NULL,NULL,NULL,NULL,NULL,NULL,'N','N'),(718,14,30,1,'A','LENTILHA',NULL,NULL,NULL,NULL,NULL,NULL,NULL,NULL,'N','N'),(719,15,30,1,'A','MACARRÃO PENNE',NULL,NULL,NULL,NULL,NULL,NULL,NULL,NULL,'N','N'),(720,2,30,1,'A','VINHO TINTO GARRAFÃO',NULL,NULL,NULL,NULL,NULL,NULL,NULL,NULL,'N','N'),(721,14,30,1,'A','MILHO PARA MUNGUZÁ ',NULL,NULL,NULL,NULL,NULL,NULL,NULL,NULL,'N','N'),(722,14,30,1,'A','COLORAU',NULL,NULL,NULL,NULL,NULL,NULL,NULL,NULL,'N','N'),(723,14,30,1,'A','FECULA',NULL,NULL,NULL,NULL,NULL,NULL,NULL,NULL,'N','N'),(724,4,30,1,'A','MILHO VERDE',NULL,NULL,NULL,NULL,NULL,NULL,NULL,NULL,'N','N'),(725,15,30,1,'A','ACAFRAO',NULL,NULL,NULL,NULL,NULL,NULL,NULL,NULL,'N','N'),(726,14,30,1,'A','FEIJÃO MACASSAR ',NULL,NULL,NULL,NULL,NULL,NULL,NULL,NULL,'N','N'),(727,19,30,1,'A','MOSTARDA BOMBONA',NULL,NULL,NULL,NULL,NULL,NULL,NULL,NULL,'N','N'),(728,11,30,1,'A','ADOCANTE SACHE',NULL,NULL,NULL,NULL,NULL,NULL,NULL,NULL,'N','N'),(729,14,30,1,'A','ARROZ 7 CEREAIS SOJA 500g',NULL,NULL,NULL,NULL,NULL,NULL,NULL,NULL,'N','N'),(730,14,30,1,'A','AMACIANTE P CARNE 1KG',NULL,NULL,NULL,NULL,NULL,NULL,NULL,NULL,'N','N'),(731,15,30,1,'A','GELEIA DE MENTA',NULL,NULL,NULL,NULL,NULL,NULL,NULL,NULL,'N','N'),(732,14,30,1,'A','ARROZ INTEGRAL',NULL,NULL,NULL,NULL,NULL,NULL,NULL,NULL,'N','N'),(733,18,30,1,'A','GORDURA VEGETAL ',NULL,NULL,NULL,NULL,NULL,NULL,NULL,NULL,'N','N'),(734,14,30,1,'A','SAL FINO',NULL,NULL,NULL,NULL,NULL,NULL,NULL,NULL,'N','N'),(735,5,30,1,'A','AZEITE DENDÊ ',NULL,NULL,NULL,NULL,NULL,NULL,NULL,NULL,'N','N'),(736,15,30,1,'A','LEITE EM PÓ 200G',NULL,NULL,NULL,NULL,NULL,NULL,NULL,NULL,'N','N'),(737,1,30,1,'A','PEPINIO EM CONSERVAS',NULL,NULL,NULL,NULL,NULL,NULL,NULL,NULL,'N','N'),(738,1,30,1,'A','SUCO DE ABACAXI',NULL,NULL,NULL,NULL,NULL,NULL,NULL,NULL,'N','N'),(739,19,30,1,'A','CATCHUP 3,4KG',NULL,NULL,NULL,NULL,NULL,NULL,NULL,NULL,'N','N'),(740,14,30,1,'A','AZEITONA VERDE',NULL,NULL,NULL,NULL,NULL,NULL,NULL,NULL,'N','N'),(741,1,30,1,'A','MACARRÃO PENNE INTEGRAL',NULL,NULL,NULL,NULL,NULL,NULL,NULL,NULL,'N','N'),(742,14,30,1,'A','CALDO DE GALINHA',NULL,NULL,NULL,NULL,NULL,NULL,NULL,NULL,'N','N'),(743,2,30,1,'A','SUCO DE TOMATE',NULL,NULL,NULL,NULL,NULL,NULL,NULL,NULL,'N','N'),(744,14,30,1,'A','AVEIA',NULL,NULL,NULL,NULL,NULL,NULL,NULL,NULL,'N','N'),(745,19,30,1,'A','CEBOLINHA EM CONSERVA',NULL,NULL,NULL,NULL,NULL,NULL,NULL,NULL,'N','N'),(746,15,30,1,'A','MACARRAO FUSILI DIVELLA',NULL,NULL,NULL,NULL,NULL,NULL,NULL,NULL,'N','N'),(747,2,30,1,'A','XAROPE DE GROSELHA',NULL,NULL,NULL,NULL,NULL,NULL,NULL,NULL,'N','N'),(748,14,30,1,'A','MAIZENA',NULL,NULL,NULL,NULL,NULL,NULL,NULL,NULL,'N','N'),(749,1,30,1,'A','CREME DE LEITE',NULL,NULL,NULL,NULL,NULL,NULL,NULL,NULL,'N','N'),(750,14,30,1,'A','FARINHA DE MANDIOCA',NULL,NULL,NULL,NULL,NULL,NULL,NULL,NULL,'N','N'),(751,1,30,1,'A','MEL KARO',NULL,NULL,NULL,NULL,NULL,NULL,NULL,NULL,'N','N'),(752,1,30,1,'A','MASSA LASANHA PRONTA',NULL,NULL,NULL,NULL,NULL,NULL,NULL,NULL,'N','N'),(753,14,30,1,'A','FEIJÃO BRANCO',NULL,NULL,NULL,NULL,NULL,NULL,NULL,NULL,'N','N'),(754,14,30,1,'A','ACUCAR CRISTAL',NULL,NULL,NULL,NULL,NULL,NULL,NULL,NULL,'N','N'),(755,14,30,1,'A','FEIJÃO PRETO',NULL,NULL,NULL,NULL,NULL,NULL,NULL,NULL,'N','N'),(756,14,30,1,'A','NOZ MOSCADA',NULL,NULL,NULL,NULL,NULL,NULL,NULL,NULL,'N','N'),(757,14,30,1,'A','SALSA DESIDRATADA',NULL,NULL,NULL,NULL,NULL,NULL,NULL,NULL,'N','N'),(758,1,30,1,'A','GELEIA DE PIMENTA VE',NULL,NULL,NULL,NULL,NULL,NULL,NULL,NULL,'N','N'),(759,14,30,1,'A','ARROZ 8 GRAOS AVEIA 500g',NULL,NULL,NULL,NULL,NULL,NULL,NULL,NULL,'N','N'),(760,14,30,1,'A','ARROZ 8 GRAOS QUINOA 500g',NULL,NULL,NULL,NULL,NULL,NULL,NULL,NULL,'N','N'),(761,14,30,1,'A','ARROZ 7 CEREAIS QUINOA 500g',NULL,NULL,NULL,NULL,NULL,NULL,NULL,NULL,'N','N'),(762,14,30,1,'A','ARROZ 7 CEREAIS UVA PASSA 500G',NULL,NULL,NULL,NULL,NULL,NULL,NULL,NULL,'N','N'),(763,14,30,1,'A','EXTRATO DE TOMATE 4KG',NULL,NULL,NULL,NULL,NULL,NULL,NULL,NULL,'N','N'),(764,14,30,1,'A','ASPARGO',NULL,NULL,NULL,NULL,NULL,NULL,NULL,NULL,'N','N'),(765,11,30,1,'A','SAL SACHE 2000',NULL,NULL,NULL,NULL,NULL,NULL,NULL,NULL,'N','N'),(766,14,30,1,'A','ARROZ ORGANICO',NULL,NULL,NULL,NULL,NULL,NULL,NULL,NULL,'N','N'),(767,1,30,1,'A','LEITE EM PO DESNATADO',NULL,NULL,NULL,NULL,NULL,NULL,NULL,NULL,'N','N'),(768,14,30,1,'A','ARROZ  ARBÓRIO',NULL,NULL,NULL,NULL,NULL,NULL,NULL,NULL,'N','N'),(769,1,30,1,'A','ADOÇANTE LÍQUIDO',NULL,NULL,NULL,NULL,NULL,NULL,NULL,NULL,'N','N'),(770,14,30,1,'A','AVELÃ',NULL,NULL,NULL,NULL,NULL,NULL,NULL,NULL,'N','N'),(771,15,30,1,'A','MACARRÃO BIFFUM',NULL,NULL,NULL,NULL,NULL,NULL,NULL,NULL,'N','N'),(772,15,30,1,'A','MACARRÃO ESPAGHETIN',NULL,NULL,NULL,NULL,NULL,NULL,NULL,NULL,'N','N'),(773,1,30,1,'A','MOLHO PRONTO DE TOMATE 2 KG',NULL,NULL,NULL,NULL,NULL,NULL,NULL,NULL,'N','N'),(774,2,30,1,'A','SUCO DE MARACUJÁ ',NULL,NULL,NULL,NULL,NULL,NULL,NULL,NULL,'N','N'),(775,14,30,1,'A','ERVAS FINAS SECA',NULL,NULL,NULL,NULL,NULL,NULL,NULL,NULL,'N','N'),(776,14,30,1,'A',' ERVAS FINAS',NULL,NULL,NULL,NULL,NULL,NULL,NULL,NULL,'N','N'),(777,18,30,1,'A','PICLES BALDE 2KG',NULL,NULL,NULL,NULL,NULL,NULL,NULL,NULL,'N','N'),(778,1,30,1,'A','SUCO DE UVA ORGÂNICO 500ML',NULL,NULL,NULL,NULL,NULL,NULL,NULL,NULL,'N','N'),(779,1,30,1,'A','CANELA PAU',NULL,NULL,NULL,NULL,NULL,NULL,NULL,NULL,'N','N'),(780,14,30,1,'A','BATATA EM FLOCOS',NULL,NULL,NULL,NULL,NULL,NULL,NULL,NULL,'N','N'),(781,5,30,1,'A','LEITE PASTEURIZADO TIPO C',NULL,NULL,NULL,NULL,NULL,NULL,NULL,NULL,'N','N'),(782,5,30,1,'A','AZEITE COMPOSTO 5LT',NULL,NULL,NULL,NULL,NULL,NULL,NULL,NULL,'N','N'),(783,4,30,1,'A','MINI MILHO ',NULL,NULL,NULL,NULL,NULL,NULL,NULL,NULL,'N','N'),(784,15,30,1,'A','BATATA PALHA 500GR',NULL,NULL,NULL,NULL,NULL,NULL,NULL,NULL,'N','N'),(785,19,30,1,'A','AZEITONA PRETA',NULL,NULL,NULL,NULL,NULL,NULL,NULL,NULL,'N','N'),(786,14,30,1,'A','GRAO DE BICO',NULL,NULL,NULL,NULL,NULL,NULL,NULL,NULL,'N','N'),(787,14,30,1,'A','PIMENTA ROSA GRAO',NULL,NULL,NULL,NULL,NULL,NULL,NULL,NULL,'N','N'),(788,1,30,1,'A','MAIONESE SACHE HEINZ 192X7GR',NULL,NULL,NULL,NULL,NULL,NULL,NULL,NULL,'N','N'),(789,14,30,1,'A','AMENDOIM SALGADO',NULL,NULL,NULL,NULL,NULL,NULL,NULL,NULL,'N','N'),(790,14,30,1,'A','MACARRAO LINGUINE CASEIRO',NULL,NULL,NULL,NULL,NULL,NULL,NULL,NULL,'N','N'),(791,14,30,1,'A','PIMENTA BIQUINHO',NULL,NULL,NULL,NULL,NULL,NULL,NULL,NULL,'N','N'),(792,14,30,1,'A','AMIDO DE MILHO 1 KG',NULL,NULL,NULL,NULL,NULL,NULL,NULL,NULL,'N','N'),(793,14,30,1,'A','CALDO DELICIAR DO MAR',NULL,NULL,NULL,NULL,NULL,NULL,NULL,NULL,'N','N'),(794,14,30,1,'A','AMENDOAS LAMINADAS',NULL,NULL,NULL,NULL,NULL,NULL,NULL,NULL,'N','N'),(795,14,30,1,'A','MANTEIGA  COM SAL ',NULL,NULL,NULL,NULL,NULL,NULL,NULL,NULL,'N','N'),(796,14,30,1,'A','POLVILHO ZEDO',NULL,NULL,NULL,NULL,NULL,NULL,NULL,NULL,'N','N'),(797,14,30,1,'A','FARINHA DE LINHAÇA',NULL,NULL,NULL,NULL,NULL,NULL,NULL,NULL,'N','N'),(798,14,30,1,'A','CUMINHO',NULL,NULL,NULL,NULL,NULL,NULL,NULL,NULL,'N','N'),(799,14,30,1,'A','SUCRILHOS',NULL,NULL,NULL,NULL,NULL,NULL,NULL,NULL,'N','N'),(800,14,30,1,'A','PAPRICA PICANTE',NULL,NULL,NULL,NULL,NULL,NULL,NULL,NULL,'N','N'),(801,14,30,1,'A','TOMATE SECO',NULL,NULL,NULL,NULL,NULL,NULL,NULL,NULL,'N','N'),(802,1,30,1,'A','PALMITO INTEIRO',NULL,NULL,NULL,NULL,NULL,NULL,NULL,NULL,'N','N'),(803,14,30,1,'A','SABOR AMIL ALHO E SAL',NULL,NULL,NULL,NULL,NULL,NULL,NULL,NULL,'N','N'),(804,14,30,1,'A','PIMENTA DO REINO GRAO',NULL,NULL,NULL,NULL,NULL,NULL,NULL,NULL,'N','N'),(805,18,30,1,'A','COGUMELO INTEIRO 2KG',NULL,NULL,NULL,NULL,NULL,NULL,NULL,NULL,'N','N'),(806,18,30,1,'A','AZEITONA VERDE RECHEADA',NULL,NULL,NULL,NULL,NULL,NULL,NULL,NULL,'N','N'),(807,14,30,1,'A','CASTANHA DO PARA',NULL,NULL,NULL,NULL,NULL,NULL,NULL,NULL,'N','N'),(808,14,30,1,'A','FONDOR',NULL,NULL,NULL,NULL,NULL,NULL,NULL,NULL,'N','N'),(809,14,30,1,'A','FAVA',NULL,NULL,NULL,NULL,NULL,NULL,NULL,NULL,'N','N'),(810,14,30,1,'A','Alho Picado',NULL,NULL,NULL,NULL,NULL,NULL,NULL,NULL,'N','N'),(811,14,30,1,'A','GRANOLA',NULL,NULL,NULL,NULL,NULL,NULL,NULL,NULL,'N','N'),(812,15,30,1,'A','FLOCÃO DE MILHO',NULL,NULL,NULL,NULL,NULL,NULL,NULL,NULL,'N','N'),(813,15,30,1,'A','COUSCOUS  MARROQUINO 500 G',NULL,NULL,NULL,NULL,NULL,NULL,NULL,NULL,'N','N'),(814,1,30,1,'A','TREMOSO 550GR',NULL,NULL,NULL,NULL,NULL,NULL,NULL,NULL,'N','N'),(815,14,30,1,'A','PROTEINA DE SOJA',NULL,NULL,NULL,NULL,NULL,NULL,NULL,NULL,'N','N'),(816,14,30,1,'A','PURÊ DE BATATA',NULL,NULL,NULL,NULL,NULL,NULL,NULL,NULL,'N','N'),(817,14,30,1,'A','ARROZ PRETO ',NULL,NULL,NULL,NULL,NULL,NULL,NULL,NULL,'N','N'),(818,14,30,1,'A','PIMENTA CALABRESA EM FLOCOS',NULL,NULL,NULL,NULL,NULL,NULL,NULL,NULL,'N','N'),(819,1,30,1,'A','LEITE EM PÓ INTEGRAL ',NULL,NULL,NULL,NULL,NULL,NULL,NULL,NULL,'N','N'),(820,14,30,1,'A','ALECRIM DESIDRATADO',NULL,NULL,NULL,NULL,NULL,NULL,NULL,NULL,'N','N'),(821,14,30,1,'A','MILHO MUNGUZA',NULL,NULL,NULL,NULL,NULL,NULL,NULL,NULL,'N','N'),(822,18,30,1,'A','TOMATE PELADO',NULL,NULL,NULL,NULL,NULL,NULL,NULL,NULL,'N','N'),(823,1,30,1,'A','VINAGRE 500ML ',NULL,NULL,NULL,NULL,NULL,NULL,NULL,NULL,'N','N'),(824,14,30,1,'A','ALHO FRITO',NULL,NULL,NULL,NULL,NULL,NULL,NULL,NULL,'N','N'),(825,14,30,1,'A','MANJERICÃO  SECO EM FLOCOS',NULL,NULL,NULL,NULL,NULL,NULL,NULL,NULL,'N','N'),(826,1,30,1,'A','DOCE  EM BARRA',NULL,NULL,NULL,NULL,NULL,NULL,NULL,NULL,'N','N'),(827,1,30,1,'A','DOCE DE LEITE CASEIRO',NULL,NULL,NULL,NULL,NULL,NULL,NULL,NULL,'N','N'),(828,15,30,1,'A','CAFE EM GRÃO PETINHO',NULL,NULL,NULL,NULL,NULL,NULL,NULL,NULL,'N','N'),(829,1,30,1,'A','MOLHO BRANCO BECHAMEL PCT 500G ',NULL,NULL,NULL,NULL,NULL,NULL,NULL,NULL,'N','N'),(830,1,30,1,'A','MOLHO ESCURO DEMI GLACE PCT 500G',NULL,NULL,NULL,NULL,NULL,NULL,NULL,NULL,'N','N'),(831,2,30,1,'A','SUCO DE CAJU 500ML',NULL,NULL,NULL,NULL,NULL,NULL,NULL,NULL,'N','N'),(832,14,30,1,'A','AZEITONA VERDE FATIADA BALDE 2KG',NULL,NULL,NULL,NULL,NULL,NULL,NULL,NULL,'N','N'),(833,14,30,1,'A','ARROZ BRANCO',NULL,NULL,NULL,NULL,NULL,NULL,NULL,NULL,'N','N'),(834,1,30,1,'A','PASSATA DE TOMATE',NULL,NULL,NULL,NULL,NULL,NULL,NULL,NULL,'N','N'),(835,4,30,1,'A','ATUM SOLIDO',NULL,NULL,NULL,NULL,NULL,NULL,NULL,NULL,'N','N'),(836,14,30,1,'A','PIMENTA BRANCA  EM PÓ',NULL,NULL,NULL,NULL,NULL,NULL,NULL,NULL,'N','N'),(837,14,30,1,'A','PURELAC  LEITE CULINÁRIO',NULL,NULL,NULL,NULL,NULL,NULL,NULL,NULL,'N','N'),(838,15,30,1,'A','MASSA CONCHIGLIONI',NULL,NULL,NULL,NULL,NULL,NULL,NULL,NULL,'N','N'),(839,14,30,1,'A','QUEIJO PARMESÃO RALADO',NULL,NULL,NULL,NULL,NULL,NULL,NULL,NULL,'N','N'),(840,14,30,1,'A','FARINHA MANDIOCA FINA',NULL,NULL,NULL,NULL,NULL,NULL,NULL,NULL,'N','N'),(841,14,30,1,'A','FARINHA INTEGRAL ',NULL,NULL,NULL,NULL,NULL,NULL,NULL,NULL,'N','N'),(842,14,30,1,'A','CATCHUP 1 KG ',NULL,NULL,NULL,NULL,NULL,NULL,NULL,NULL,'N','N'),(843,1,30,1,'A','MAIONESE SALADA 3 KG',NULL,NULL,NULL,NULL,NULL,NULL,NULL,NULL,'N','N'),(844,1,30,1,'A','EXTRATO TOMATE PEQUENO',NULL,NULL,NULL,NULL,NULL,NULL,NULL,NULL,'N','N'),(845,14,30,1,'A','COMPOSTO LACTEO ',NULL,NULL,NULL,NULL,NULL,NULL,NULL,NULL,'N','N'),(846,14,30,1,'A','CEREJA EM CALDA',NULL,NULL,NULL,NULL,NULL,NULL,NULL,NULL,'N','N'),(847,1,30,1,'A','GELEIA DE DAMASCO',NULL,NULL,NULL,NULL,NULL,NULL,NULL,NULL,'N','N'),(848,1,30,1,'A','ESSENCIA DE QUEIJO',NULL,NULL,NULL,NULL,NULL,NULL,NULL,NULL,'N','N'),(849,1,30,1,'A','AJI SAL',NULL,NULL,NULL,NULL,NULL,NULL,NULL,NULL,'N','N'),(850,1,30,1,'A','ARROZ CARNAROLI',NULL,NULL,NULL,NULL,NULL,NULL,NULL,NULL,'N','N'),(851,18,30,1,'A','COGUMELO INTEIRO',NULL,NULL,NULL,NULL,NULL,NULL,NULL,NULL,'N','N'),(852,14,30,1,'A','SAL HIMALAIA',NULL,NULL,NULL,NULL,NULL,NULL,NULL,NULL,'N','N'),(853,1,30,1,'A','PURE DE BATATAS',NULL,NULL,NULL,NULL,NULL,NULL,NULL,NULL,'N','N'),(854,11,30,1,'A','ADOCANTE LINEA SACHET',NULL,NULL,NULL,NULL,NULL,NULL,NULL,NULL,'N','N'),(855,1,30,1,'A','ADOCANTE LINEA LIQ.',NULL,NULL,NULL,NULL,NULL,NULL,NULL,NULL,'N','N'),(856,14,30,1,'A','LAZANHA BOLONHESA',NULL,NULL,NULL,NULL,NULL,NULL,NULL,NULL,'N','N'),(857,14,30,1,'A','LASANHA  FRANGO',NULL,NULL,NULL,NULL,NULL,NULL,NULL,NULL,'N','N'),(858,15,30,1,'A','MACARRAO CONCHA',NULL,NULL,NULL,NULL,NULL,NULL,NULL,NULL,'N','N'),(859,1,30,1,'A','MOSTARDA  HEINZ 255GR',NULL,NULL,NULL,NULL,NULL,NULL,NULL,NULL,'N','N'),(860,1,30,1,'A','SARDINHA EM OLEO',NULL,NULL,NULL,NULL,NULL,NULL,NULL,NULL,'N','N'),(861,14,30,1,'A','TAPIOCA GRANULADA',NULL,NULL,NULL,NULL,NULL,NULL,NULL,NULL,'N','N'),(862,1,30,1,'A','GELEIA DE PIMENTA VERMELHA 1KG',NULL,NULL,NULL,NULL,NULL,NULL,NULL,NULL,'N','N'),(863,14,30,1,'A','PROTEINA DE SOJA',NULL,NULL,NULL,NULL,NULL,NULL,NULL,NULL,'N','N'),(864,14,30,1,'A','SAL DE PARRILLA',NULL,NULL,NULL,NULL,NULL,NULL,NULL,NULL,'N','N'),(865,14,30,1,'A','FUBA POLENTA',NULL,NULL,NULL,NULL,NULL,NULL,NULL,NULL,'N','N'),(866,14,30,1,'A','PALMITO GOLDEN GRILL',NULL,NULL,NULL,NULL,NULL,NULL,NULL,NULL,'N','N'),(867,1,30,1,'A','CATCHUP SACHE  HEINZ 192X7GR',NULL,NULL,NULL,NULL,NULL,NULL,NULL,NULL,'N','N'),(868,14,30,1,'A','CRAVO',NULL,NULL,NULL,NULL,NULL,NULL,NULL,NULL,'N','N'),(869,1,30,1,'A','MOLHO TOMATE AJINOMOTO',NULL,NULL,NULL,NULL,NULL,NULL,NULL,NULL,'N','N'),(870,14,30,1,'A','TREMOÇO',NULL,NULL,NULL,NULL,NULL,NULL,NULL,NULL,'N','N'),(871,1,30,1,'A','MACARRAO YAKISSOBA',NULL,NULL,NULL,NULL,NULL,NULL,NULL,NULL,'N','N'),(872,1,30,1,'A','LEMON PEPPER',NULL,NULL,NULL,NULL,NULL,NULL,NULL,NULL,'N','N'),(873,1,30,1,'A','MOLHO POMODORI',NULL,NULL,NULL,NULL,NULL,NULL,NULL,NULL,'N','N'),(874,1,30,1,'A','MACARRAO GNOCCHI',NULL,NULL,NULL,NULL,NULL,NULL,NULL,NULL,'N','N'),(875,1,30,1,'A','MACARRAO FARFALLE',NULL,NULL,NULL,NULL,NULL,NULL,NULL,NULL,'N','N'),(876,1,30,1,'A','MACARRAO CONCHIGLIONE',NULL,NULL,NULL,NULL,NULL,NULL,NULL,NULL,'N','N'),(877,1,30,1,'A','SAGU',NULL,NULL,NULL,NULL,NULL,NULL,NULL,NULL,'N','N'),(878,1,30,1,'A','MACARRAO RIGATONE',NULL,NULL,NULL,NULL,NULL,NULL,NULL,NULL,'N','N'),(879,14,30,1,'A','JARDINEIRA',NULL,NULL,NULL,NULL,NULL,NULL,NULL,NULL,'N','N'),(880,1,30,1,'A','MILHO MUNGUZA',NULL,NULL,NULL,NULL,NULL,NULL,NULL,NULL,'N','N'),(881,1,30,1,'A','CUSCUZ MARROQUINO',NULL,NULL,NULL,NULL,NULL,NULL,NULL,NULL,'N','N'),(882,14,30,1,'A','ARROZ TIPO B',NULL,NULL,NULL,NULL,NULL,NULL,NULL,NULL,'N','N'),(883,1,30,1,'A','CESTA BASICA',NULL,NULL,NULL,NULL,NULL,NULL,NULL,NULL,'N','N'),(884,1,30,1,'A','MACARRAO FUSILLI',NULL,NULL,NULL,NULL,NULL,NULL,NULL,NULL,'N','N'),(885,14,30,1,'A','FUNGHI SECO',NULL,NULL,NULL,NULL,NULL,NULL,NULL,NULL,'N','N'),(886,1,30,1,'A','HONDASHI',NULL,NULL,NULL,NULL,NULL,NULL,NULL,NULL,'N','N'),(887,14,42,1,'A','FILME DE POLIESTER / CELOFANE',NULL,NULL,NULL,NULL,NULL,NULL,NULL,NULL,'N','N'),(888,15,42,1,'A','COPO DESCARTAVEL  150 ML ',NULL,NULL,NULL,NULL,NULL,NULL,NULL,NULL,'N','N'),(889,1,42,1,'A','MOLHEIRA DESCARTAVEL ',NULL,NULL,NULL,NULL,NULL,NULL,NULL,NULL,'N','N'),(890,11,42,1,'A','GUARDANAPO INTER FOLHADO',NULL,NULL,NULL,NULL,NULL,NULL,NULL,NULL,'N','N'),(891,1,42,1,'A','POTES COM TAMPAS',NULL,NULL,NULL,NULL,NULL,NULL,NULL,NULL,'N','N'),(892,1,42,1,'A','EMBALAGEM PIZZA  SKILLUS',NULL,NULL,NULL,NULL,NULL,NULL,NULL,NULL,'N','N'),(893,1,42,1,'A','EMBALAGEM DE ISOPOR IFOOD ',NULL,NULL,NULL,NULL,NULL,NULL,NULL,NULL,'N','N'),(894,11,42,1,'A','GUARDANAPO SACHÊ',NULL,NULL,NULL,NULL,NULL,NULL,NULL,NULL,'N','N'),(895,1,42,1,'A','LUVAS PLASTICO C/100',NULL,NULL,NULL,NULL,NULL,NULL,NULL,NULL,'N','N'),(896,15,42,1,'A','PRATO DESCARTÁVEL ',NULL,NULL,NULL,NULL,NULL,NULL,NULL,NULL,'N','N'),(897,1,42,1,'A','SACO P/ PICILE',NULL,NULL,NULL,NULL,NULL,NULL,NULL,NULL,'N','N'),(898,1,42,1,'A','PERFEX TOALHA',NULL,NULL,NULL,NULL,NULL,NULL,NULL,NULL,'N','N'),(899,1,42,1,'A','PAPEL MANTEIGA ',NULL,NULL,NULL,NULL,NULL,NULL,NULL,NULL,'N','N'),(900,1,42,1,'A','MASCARA DESCARTÁVEL ',NULL,NULL,NULL,NULL,NULL,NULL,NULL,NULL,'N','N'),(901,14,42,1,'A','SACOLA PLASTICA',NULL,NULL,NULL,NULL,NULL,NULL,NULL,NULL,'N','N'),(902,19,42,1,'A','ALCOOL GEL ',NULL,NULL,NULL,NULL,NULL,NULL,NULL,NULL,'N','N'),(903,15,42,1,'A','FACA DESCARTÁVEL ',NULL,NULL,NULL,NULL,NULL,NULL,NULL,NULL,'N','N'),(904,1,42,1,'A','PAPEL ALUMINIO',NULL,NULL,NULL,NULL,NULL,NULL,NULL,NULL,'N','N'),(905,12,42,1,'A','PAPEL HIGIENICO',NULL,NULL,NULL,NULL,NULL,NULL,NULL,NULL,'N','N'),(906,1,42,1,'A','PAPEL TOALHA BOBINA TIPO A',NULL,NULL,NULL,NULL,NULL,NULL,NULL,NULL,'N','N'),(907,1,42,1,'A','QUENTINHA DELIVERY',NULL,NULL,NULL,NULL,NULL,NULL,NULL,NULL,'N','N'),(908,1,42,1,'A','TOUCA DE NYLON',NULL,NULL,NULL,NULL,NULL,NULL,NULL,NULL,'N','N'),(909,1,42,1,'A','TOUCA PROTETORA',NULL,NULL,NULL,NULL,NULL,NULL,NULL,NULL,'N','N'),(910,15,42,1,'A','CANUDO SANFONADO',NULL,NULL,NULL,NULL,NULL,NULL,NULL,NULL,'N','N'),(911,15,42,1,'A','COPO 250ML',NULL,NULL,NULL,NULL,NULL,NULL,NULL,NULL,'N','N'),(912,12,42,1,'A','FITA FILME 1000MT',NULL,NULL,NULL,NULL,NULL,NULL,NULL,NULL,'N','N'),(913,15,42,1,'A','MEXEDOR P/ CAFÉ 500 und',NULL,NULL,NULL,NULL,NULL,NULL,NULL,NULL,'N','N'),(914,15,42,1,'A','PAPEL HIG MICTORIO',NULL,NULL,NULL,NULL,NULL,NULL,NULL,NULL,'N','N'),(915,15,42,1,'A','PAPEL TOALHA BASIC',NULL,NULL,NULL,NULL,NULL,NULL,NULL,NULL,'N','N'),(916,1,42,1,'A','SACO DE LIXO 100 LTS',NULL,NULL,NULL,NULL,NULL,NULL,NULL,NULL,'N','N'),(917,15,42,1,'A','COPO DESCARTAVEL  80ML',NULL,NULL,NULL,NULL,NULL,NULL,NULL,NULL,'N','N'),(918,15,42,1,'A','GARFO DESCARTÁVEL',NULL,NULL,NULL,NULL,NULL,NULL,NULL,NULL,'N','N'),(919,11,42,1,'A','PALITO DENTAL',NULL,NULL,NULL,NULL,NULL,NULL,NULL,NULL,'N','N'),(920,12,42,1,'A','PAPEL HIG. FUNCIONARIO',NULL,NULL,NULL,NULL,NULL,NULL,NULL,NULL,'N','N'),(921,1,42,1,'A','LUVA LATEX CIRURGICA',NULL,NULL,NULL,NULL,NULL,NULL,NULL,NULL,'N','N'),(922,1,42,1,'A','QUENTINHA ISOPOR',NULL,NULL,NULL,NULL,NULL,NULL,NULL,NULL,'N','N'),(923,1,42,1,'A','PERFEX N.80',NULL,NULL,NULL,NULL,NULL,NULL,NULL,NULL,'N','N'),(924,1,42,1,'A','PAPEL TOALHA BOBINA Tipo B',NULL,NULL,NULL,NULL,NULL,NULL,NULL,NULL,'N','N'),(925,1,42,1,'A','EMBALAGEM SOBREMESA',NULL,NULL,NULL,NULL,NULL,NULL,NULL,NULL,'N','N'),(926,14,42,1,'A','BOBINA MULTI USO',NULL,NULL,NULL,NULL,NULL,NULL,NULL,NULL,'N','N'),(927,12,42,1,'A','PAPEL HIGIÊNICO CLIEN ',NULL,NULL,NULL,NULL,NULL,NULL,NULL,NULL,'N','N'),(928,1,42,1,'A','SACO DE LIXO 200LT',NULL,NULL,NULL,NULL,NULL,NULL,NULL,NULL,'N','N'),(929,11,42,1,'A','PALITO DENTAL SACHE 1000',NULL,NULL,NULL,NULL,NULL,NULL,NULL,NULL,'N','N'),(930,1,42,1,'A','EMBALAGEM PARA PIZZA',NULL,NULL,NULL,NULL,NULL,NULL,NULL,NULL,'N','N'),(931,1,42,1,'A','COLHER DESCA.SOBREMESA',NULL,NULL,NULL,NULL,NULL,NULL,NULL,NULL,'N','N'),(932,1,42,1,'A','EMBALAGEM MINI TORTA',NULL,NULL,NULL,NULL,NULL,NULL,NULL,NULL,'N','N'),(933,1,42,1,'A','EMBALAGEM DE PAPEL TAPIOCA',NULL,NULL,NULL,NULL,NULL,NULL,NULL,NULL,'N','N'),(934,15,42,1,'A','COPO DESCARTAVEL SOBREMESA',NULL,NULL,NULL,NULL,NULL,NULL,NULL,NULL,'N','N'),(935,14,42,1,'A','SACOLA BRANCA P',NULL,NULL,NULL,NULL,NULL,NULL,NULL,NULL,'N','N'),(936,1,42,1,'A','LUVA MUTLIUSO  COLORIDA ',NULL,NULL,NULL,NULL,NULL,NULL,NULL,NULL,'N','N'),(937,15,42,1,'A','COPO DESCARTADO 180 ML',NULL,NULL,NULL,NULL,NULL,NULL,NULL,NULL,'N','N'),(938,15,42,1,'A','COPO DESCARTAVEL 300 ML',NULL,NULL,NULL,NULL,NULL,NULL,NULL,NULL,'N','N'),(939,15,42,1,'A','GUARDANAPO 21X23',NULL,NULL,NULL,NULL,NULL,NULL,NULL,NULL,'N','N'),(940,1,42,1,'A','COPO  ISOPOR  180ML ',NULL,NULL,NULL,NULL,NULL,NULL,NULL,NULL,'N','N'),(941,1,42,1,'A','CANUDO FROZEN  ',NULL,NULL,NULL,NULL,NULL,NULL,NULL,NULL,'N','N'),(942,15,42,1,'A','CANUDO FLEXIVEL ',NULL,NULL,NULL,NULL,NULL,NULL,NULL,NULL,'N','N'),(943,1,42,1,'A','POTE RETANGULA SOBREMESA 250 ML',NULL,NULL,NULL,NULL,NULL,NULL,NULL,NULL,'N','N'),(944,15,42,1,'A','TAMPA PARA COPO DESCARTAVEL',NULL,NULL,NULL,NULL,NULL,NULL,NULL,NULL,'N','N'),(945,15,42,1,'A','SACO P/ CONFEITAR  C 10 UNID',NULL,NULL,NULL,NULL,NULL,NULL,NULL,NULL,'N','N'),(946,1,42,1,'A','LUVA NITRILICA',NULL,NULL,NULL,NULL,NULL,NULL,NULL,NULL,'N','N'),(947,1,42,1,'A','BARCA ORIENTAL P/ IFOOD',NULL,NULL,NULL,NULL,NULL,NULL,NULL,NULL,'N','N'),(948,1,42,1,'A','CANUDO FLEXIVEL UND',NULL,NULL,NULL,NULL,NULL,NULL,NULL,NULL,'N','N'),(949,14,42,1,'A','SACO CESTA BASICA',NULL,NULL,NULL,NULL,NULL,NULL,NULL,NULL,'N','N'),(950,14,42,1,'A','SACO BOBINA',NULL,NULL,NULL,NULL,NULL,NULL,NULL,NULL,'N','N'),(951,1,42,1,'A','EMBALAGEM HAMBURGUER H1-ULT',NULL,NULL,NULL,NULL,NULL,NULL,NULL,NULL,'N','N'),(952,1,42,1,'A','EMBALAGEM IFOOD SALADA PT102Q',NULL,NULL,NULL,NULL,NULL,NULL,NULL,NULL,'N','N'),(953,1,42,1,'A','EMBALAGEM IFOOD QUADRADA M900/3',NULL,NULL,NULL,NULL,NULL,NULL,NULL,NULL,'N','N'),(954,1,42,1,'A','SACOLA DE PAPEL IFOOD',NULL,NULL,NULL,NULL,NULL,NULL,NULL,NULL,'N','N'),(955,1,42,1,'A','CINTA DE SEGURANÇA IFOOD',NULL,NULL,NULL,NULL,NULL,NULL,NULL,NULL,'N','N'),(956,1,42,1,'A','EMBALAGEM PARA TORTA  G56',NULL,NULL,NULL,NULL,NULL,NULL,NULL,NULL,'N','N'),(957,11,42,1,'A','QUENTINHA  DE ALUMINIO N9',NULL,NULL,NULL,NULL,NULL,NULL,NULL,NULL,'N','N'),(958,1,42,1,'A','EMBALAGEM TH 200 3D',NULL,NULL,NULL,NULL,NULL,NULL,NULL,NULL,'N','N'),(959,1,42,1,'A','GUARDANAPOS LUXO',NULL,NULL,NULL,NULL,NULL,NULL,NULL,NULL,'N','N'),(960,1,42,1,'A','EMBALAGEM A VACUO 26X45',NULL,NULL,NULL,NULL,NULL,NULL,NULL,NULL,'N','N'),(961,1,42,1,'A','SACO LIXO 300L',NULL,NULL,NULL,NULL,NULL,NULL,NULL,NULL,'N','N'),(962,1,42,1,'A','PAPEL TOALHA BOBINA DISFA',NULL,NULL,NULL,NULL,NULL,NULL,NULL,NULL,'N','N'),(963,1,42,1,'A','PAPEL INTERFOLHADO VIVI',NULL,NULL,NULL,NULL,NULL,NULL,NULL,NULL,'N','N'),(964,1,42,1,'A','GARRAFA PLASTICA P/ CACHACA',NULL,NULL,NULL,NULL,NULL,NULL,NULL,NULL,'N','N'),(965,1,29,1,'A','MOLHO HEINZ',NULL,NULL,NULL,NULL,NULL,NULL,NULL,NULL,'N','N'),(966,2,29,1,'A','AZEITE EXTRA VIRGEM',NULL,NULL,NULL,NULL,NULL,NULL,NULL,NULL,'N','N'),(967,1,29,1,'A','MOLHO JÚNIOR  ',NULL,NULL,NULL,NULL,NULL,NULL,NULL,NULL,'N','N'),(968,14,29,1,'A','MOLHO JÚNIOR 1 KG',NULL,NULL,NULL,NULL,NULL,NULL,NULL,NULL,'N','N'),(969,1,29,1,'A','MOLHO DE PIMENTA',NULL,NULL,NULL,NULL,NULL,NULL,NULL,NULL,'N','N'),(970,1,29,1,'A','VINAGRE BALSAMICO ',NULL,NULL,NULL,NULL,NULL,NULL,NULL,NULL,'N','N'),(971,1,29,1,'A','VINAGRE DE VINHO BRANCO',NULL,NULL,NULL,NULL,NULL,NULL,NULL,NULL,'N','N'),(972,1,29,1,'A','MOLHO TABASCO TRADICIONAL',NULL,NULL,NULL,NULL,NULL,NULL,NULL,NULL,'N','N'),(973,1,29,1,'A','VINAGRE LA PAST MACA',NULL,NULL,NULL,NULL,NULL,NULL,NULL,NULL,'N','N'),(974,1,29,1,'A','MOLHO SALADA 475ML',NULL,NULL,NULL,NULL,NULL,NULL,NULL,NULL,'N','N'),(975,1,29,1,'A','VINAGRE DE VINHO TINTO',NULL,NULL,NULL,NULL,NULL,NULL,NULL,NULL,'N','N'),(976,1,29,1,'A','MOLHO INGLÊS',NULL,NULL,NULL,NULL,NULL,NULL,NULL,NULL,'N','N'),(977,1,29,1,'A','MOLHO  BARBECUE ',NULL,NULL,NULL,NULL,NULL,NULL,NULL,NULL,'N','N'),(978,1,29,1,'A','MOLHO UNCLE. BENS',NULL,NULL,NULL,NULL,NULL,NULL,NULL,NULL,'N','N'),(979,1,29,1,'A','MOLHO TABASCO GREEN',NULL,NULL,NULL,NULL,NULL,NULL,NULL,NULL,'N','N'),(980,1,29,1,'A','VINAGRE DE VINHO BRANCO EXTRAGAO',NULL,NULL,NULL,NULL,NULL,NULL,NULL,NULL,'N','N'),(981,1,29,1,'A','MOLHO DE ALHO',NULL,NULL,NULL,NULL,NULL,NULL,NULL,NULL,'N','N'),(982,1,29,1,'A','MOSTARDA ERVAS FINAS',NULL,NULL,NULL,NULL,NULL,NULL,NULL,NULL,'N','N'),(983,1,29,1,'A','MOSTARDA DIJON',NULL,NULL,NULL,NULL,NULL,NULL,NULL,NULL,'N','N'),(984,2,29,1,'A','AZEITE EXTRA VIRGEM PREMIUN',NULL,NULL,NULL,NULL,NULL,NULL,NULL,NULL,'N','N'),(985,1,29,1,'A','AZEITE GALLO 250ML',NULL,NULL,NULL,NULL,NULL,NULL,NULL,NULL,'N','N'),(986,1,29,1,'A','MOLHO DE ALHO',NULL,NULL,NULL,NULL,NULL,NULL,NULL,NULL,'N','N'),(987,1,29,1,'A','MOLHO DE PIMENTA GOUMET',NULL,NULL,NULL,NULL,NULL,NULL,NULL,NULL,'N','N'),(988,1,29,1,'A','MOLHO BARBECUE CEPERA (3,5KG)',NULL,NULL,NULL,NULL,NULL,NULL,NULL,NULL,'N','N'),(989,1,29,1,'A','MOLHO INGLES',NULL,NULL,NULL,NULL,NULL,NULL,NULL,NULL,'N','N'),(990,5,48,1,'A','ALVEJANTE BRILUZ ',NULL,NULL,NULL,NULL,NULL,NULL,NULL,NULL,'N','N'),(991,5,48,1,'A','ÁCIDO DESINCRUSTANTE ',NULL,NULL,NULL,NULL,NULL,NULL,NULL,NULL,'N','N'),(992,15,48,1,'A','NAFITALINA',NULL,NULL,NULL,NULL,NULL,NULL,NULL,NULL,'N','N'),(993,1,48,1,'A','RODO DE PIA ',NULL,NULL,NULL,NULL,NULL,NULL,NULL,NULL,'N','N'),(994,1,48,1,'A','LA DE AÇO  ',NULL,NULL,NULL,NULL,NULL,NULL,NULL,NULL,'N','N'),(995,19,48,1,'A','DETERGENTE CLORADO',NULL,NULL,NULL,NULL,NULL,NULL,NULL,NULL,'N','N'),(996,14,48,1,'A','SANTIZER  BB 20 LTS',NULL,NULL,NULL,NULL,NULL,NULL,NULL,NULL,'N','N'),(997,1,48,1,'A','TELA P/MICTORIO',NULL,NULL,NULL,NULL,NULL,NULL,NULL,NULL,'N','N'),(998,1,48,1,'A','SABONETE ESPUMA',NULL,NULL,NULL,NULL,NULL,NULL,NULL,NULL,'N','N'),(999,1,48,1,'A','SACO DE LIXO 60',NULL,NULL,NULL,NULL,NULL,NULL,NULL,NULL,'N','N'),(1000,5,48,1,'A','TOP MAT',NULL,NULL,NULL,NULL,NULL,NULL,NULL,NULL,'N','N'),(1001,1,48,1,'A','SUPORTE P/CABO',NULL,NULL,NULL,NULL,NULL,NULL,NULL,NULL,'N','N'),(1002,1,48,1,'A','ALCOOL 70° 1 L',NULL,NULL,NULL,NULL,NULL,NULL,NULL,NULL,'N','N'),(1003,1,48,1,'A','BOM AR',NULL,NULL,NULL,NULL,NULL,NULL,NULL,NULL,'N','N'),(1004,1,48,1,'A','RODO DE BORRACHA',NULL,NULL,NULL,NULL,NULL,NULL,NULL,NULL,'N','N'),(1005,5,48,1,'A','CYCLON AMONIAC 20LT',NULL,NULL,NULL,NULL,NULL,NULL,NULL,NULL,'N','N'),(1006,1,48,1,'A','FIBRAÇO GRANDE LIMPEZA',NULL,NULL,NULL,NULL,NULL,NULL,NULL,NULL,'N','N'),(1007,1,48,1,'A','ESPONJA DUPLA FACE',NULL,NULL,NULL,NULL,NULL,NULL,NULL,NULL,'N','N'),(1008,5,48,1,'A','GREASESTRIP PLUS',NULL,NULL,NULL,NULL,NULL,NULL,NULL,NULL,'N','N'),(1009,4,48,1,'A','LIME A WAY',NULL,NULL,NULL,NULL,NULL,NULL,NULL,NULL,'N','N'),(1010,5,48,1,'A','LEMON CLEAN 20LT',NULL,NULL,NULL,NULL,NULL,NULL,NULL,NULL,'N','N'),(1011,14,48,1,'A','MIKRO CHLOR',NULL,NULL,NULL,NULL,NULL,NULL,NULL,NULL,'N','N'),(1012,1,48,1,'A','INSETICIDA LIQUIDO',NULL,NULL,NULL,NULL,NULL,NULL,NULL,NULL,'N','N'),(1013,14,48,1,'A','SODA CAUSTICA',NULL,NULL,NULL,NULL,NULL,NULL,NULL,NULL,'N','N'),(1014,1,48,1,'A','VASSOURA PIASSAVA',NULL,NULL,NULL,NULL,NULL,NULL,NULL,NULL,'N','N'),(1015,1,48,1,'A','ÁLCOOL 70',NULL,NULL,NULL,NULL,NULL,NULL,NULL,NULL,'N','N'),(1016,1,48,1,'A','CABO ALUMUN.MOP/RODO',NULL,NULL,NULL,NULL,NULL,NULL,NULL,NULL,'N','N'),(1017,1,48,1,'A','VASSOURA PELO',NULL,NULL,NULL,NULL,NULL,NULL,NULL,NULL,'N','N'),(1018,5,48,1,'A','DETERGENTE NEUTRO',NULL,NULL,NULL,NULL,NULL,NULL,NULL,NULL,'N','N'),(1019,5,48,1,'A','OPTIMUM FLORAL BB 5LT SET',NULL,NULL,NULL,NULL,NULL,NULL,NULL,NULL,'N','N'),(1020,1,48,1,'A','INSET SBP',NULL,NULL,NULL,NULL,NULL,NULL,NULL,NULL,'N','N'),(1021,1,48,1,'A','REFIL SIMPLY FRANGANCE ECOLAB',NULL,NULL,NULL,NULL,NULL,NULL,NULL,NULL,'N','N'),(1022,1,48,1,'A','SACO DO CARRINHO',NULL,NULL,NULL,NULL,NULL,NULL,NULL,NULL,'N','N'),(1023,1,48,1,'A','ÓLEO DE PEROBA',NULL,NULL,NULL,NULL,NULL,NULL,NULL,NULL,'N','N'),(1024,1,48,1,'A','SABONETE ANTI SEPTICO',NULL,NULL,NULL,NULL,NULL,NULL,NULL,NULL,'N','N'),(1025,5,48,1,'A','AZ  DETERGENTE MAQUINA',NULL,NULL,NULL,NULL,NULL,NULL,NULL,NULL,'N','N'),(1026,1,48,1,'A','SOLID POWER',NULL,NULL,NULL,NULL,NULL,NULL,NULL,NULL,'N','N'),(1027,1,48,1,'A','PÁ P/ LIXO',NULL,NULL,NULL,NULL,NULL,NULL,NULL,NULL,'N','N'),(1028,5,48,1,'A','DESINFETANTE FLORAL',NULL,NULL,NULL,NULL,NULL,NULL,NULL,NULL,'N','N'),(1029,1,48,1,'A','FIBRAÇO P/ LIMP. PESADA',NULL,NULL,NULL,NULL,NULL,NULL,NULL,NULL,'N','N'),(1030,1,48,1,'A','MOP',NULL,NULL,NULL,NULL,NULL,NULL,NULL,NULL,'N','N'),(1031,5,48,1,'A','J. FLEX GLANCE 1,5LT',NULL,NULL,NULL,NULL,NULL,NULL,NULL,NULL,'N','N'),(1032,1,48,1,'A','PANO ALVEJADO',NULL,NULL,NULL,NULL,NULL,NULL,NULL,NULL,'N','N'),(1033,1,48,1,'A','REFIL SAB. PEROLADO',NULL,NULL,NULL,NULL,NULL,NULL,NULL,NULL,'N','N'),(1034,14,48,1,'A','RESTOCLEAN ',NULL,NULL,NULL,NULL,NULL,NULL,NULL,NULL,'N','N'),(1035,5,48,1,'A','CLORO 2%',NULL,NULL,NULL,NULL,NULL,NULL,NULL,NULL,'N','N'),(1036,1,48,1,'A','POLIDOR DE ALUMÍNIO',NULL,NULL,NULL,NULL,NULL,NULL,NULL,NULL,'N','N'),(1037,2,48,1,'A','DRASTIC',NULL,NULL,NULL,NULL,NULL,NULL,NULL,NULL,'N','N'),(1038,5,48,1,'A','SABONETE LIQUIDO ERVA DOCE',NULL,NULL,NULL,NULL,NULL,NULL,NULL,NULL,'N','N'),(1039,5,48,1,'A','ALCOOL ANTISSEPITICO ',NULL,NULL,NULL,NULL,NULL,NULL,NULL,NULL,'N','N'),(1040,1,48,1,'A','OLEO AROMATIZADO 140ML',NULL,NULL,NULL,NULL,NULL,NULL,NULL,NULL,'N','N'),(1041,5,48,1,'A','POT E PAN',NULL,NULL,NULL,NULL,NULL,NULL,NULL,NULL,'N','N'),(1042,1,48,1,'A','REFIL AEROSOL BANHEIRO',NULL,NULL,NULL,NULL,NULL,NULL,NULL,NULL,'N','N'),(1043,1,48,1,'A','CLORO 10%',NULL,NULL,NULL,NULL,NULL,NULL,NULL,NULL,'N','N'),(1044,1,48,1,'A','DETERGENTE VERO PLUS',NULL,NULL,NULL,NULL,NULL,NULL,NULL,NULL,'N','N'),(1045,5,48,1,'A','BREAK UP D3',NULL,NULL,NULL,NULL,NULL,NULL,NULL,NULL,'N','N'),(1046,1,48,1,'A','AZ SECANTE MAQUINA ',NULL,NULL,NULL,NULL,NULL,NULL,NULL,NULL,'N','N'),(1047,1,48,1,'A','SUMA RINSE',NULL,NULL,NULL,NULL,NULL,NULL,NULL,NULL,'N','N'),(1048,1,48,1,'A','SUMA VIREX DETERGENTE',NULL,NULL,NULL,NULL,NULL,NULL,NULL,NULL,'N','N'),(1049,14,48,1,'A','SANITIZANTE HORTIFRUITS',NULL,NULL,NULL,NULL,NULL,NULL,NULL,NULL,'N','N'),(1050,5,48,1,'A','SUMA GRILL',NULL,NULL,NULL,NULL,NULL,NULL,NULL,NULL,'N','N'),(1051,1,48,1,'A','SABONETE SPRAY CLIENTE',NULL,NULL,NULL,NULL,NULL,NULL,NULL,NULL,'N','N'),(1052,1,48,1,'A','SABONETE SPRAY ANTIBACTERIANO',NULL,NULL,NULL,NULL,NULL,NULL,NULL,NULL,'N','N'),(1053,1,48,1,'A','ALCOOL SPRAY  ',NULL,NULL,NULL,NULL,NULL,NULL,NULL,NULL,'N','N'),(1054,1,48,1,'A','MINUANO LIMPEZA MULTIUSO',NULL,NULL,NULL,NULL,NULL,NULL,NULL,NULL,'N','N'),(1055,5,48,1,'A','SUMA CALC D5',NULL,NULL,NULL,NULL,NULL,NULL,NULL,NULL,'N','N'),(1056,1,48,1,'A','MINI MOP',NULL,NULL,NULL,NULL,NULL,NULL,NULL,NULL,'N','N'),(1057,5,48,1,'A','SUMA COMBO',NULL,NULL,NULL,NULL,NULL,NULL,NULL,NULL,'N','N'),(1058,1,48,1,'A','LUSTRA MÓVEIS ',NULL,NULL,NULL,NULL,NULL,NULL,NULL,NULL,'N','N'),(1059,1,48,1,'A','REFIL AEROSOL',NULL,NULL,NULL,NULL,NULL,NULL,NULL,NULL,'N','N'),(1060,1,48,1,'A','SUPORTE P/ FIO DENTAL',NULL,NULL,NULL,NULL,NULL,NULL,NULL,NULL,'N','N'),(1061,1,48,1,'A','PA COLETORA',NULL,NULL,NULL,NULL,NULL,NULL,NULL,NULL,'N','N'),(1062,1,48,1,'A','PAPELTOALHA BOBINA JK',NULL,NULL,NULL,NULL,NULL,NULL,NULL,NULL,'N','N'),(1063,1,48,1,'A','PERFEX LUXO',NULL,NULL,NULL,NULL,NULL,NULL,NULL,NULL,'N','N'),(1064,5,48,1,'A','LIMPA VIDROS',NULL,NULL,NULL,NULL,NULL,NULL,NULL,NULL,'N','N'),(1065,1,48,1,'A','PASTILHA SANITARIA',NULL,NULL,NULL,NULL,NULL,NULL,NULL,NULL,'N','N'),(1066,1,48,1,'A','MULTI-USO VEJA',NULL,NULL,NULL,NULL,NULL,NULL,NULL,NULL,'N','N'),(1067,1,48,1,'A','MOP PINÇA',NULL,NULL,NULL,NULL,NULL,NULL,NULL,NULL,'N','N'),(1068,1,48,1,'A','SUPREMO BALDE PLÁSTICO 14L',NULL,NULL,NULL,NULL,NULL,NULL,NULL,NULL,'N','N'),(1069,1,48,1,'A','SUPORTE PARA MOPI',NULL,NULL,NULL,NULL,NULL,NULL,NULL,NULL,'N','N'),(1070,1,48,1,'A','SABÃO EM PÓ',NULL,NULL,NULL,NULL,NULL,NULL,NULL,NULL,'N','N'),(1071,1,48,1,'A','COALA',NULL,NULL,NULL,NULL,NULL,NULL,NULL,NULL,'N','N'),(1072,1,50,1,'A','PAO DE HAMBURGUER ',NULL,NULL,NULL,NULL,NULL,NULL,NULL,NULL,'N','N'),(1073,14,50,1,'A','TORRADAS',NULL,NULL,NULL,NULL,NULL,NULL,NULL,NULL,'N','N'),(1074,14,50,1,'A','TORRADA NORMAL ALHO',NULL,NULL,NULL,NULL,NULL,NULL,NULL,NULL,'N','N'),(1075,15,50,1,'A','PAO DE FORMA TRADICIONAL',NULL,NULL,NULL,NULL,NULL,NULL,NULL,NULL,'N','N'),(1076,14,50,1,'A','PAO DIVERSOS ',NULL,NULL,NULL,NULL,NULL,NULL,NULL,NULL,'N','N'),(1077,14,50,1,'A','PAO MINI',NULL,NULL,NULL,NULL,NULL,NULL,NULL,NULL,'N','N'),(1078,14,50,1,'A','CONDICIONADOR DE MASSAS',NULL,NULL,NULL,NULL,NULL,NULL,NULL,NULL,'N','N'),(1079,14,50,1,'A','MELHORADOR DE PÃO',NULL,NULL,NULL,NULL,NULL,NULL,NULL,NULL,'N','N'),(1080,14,50,1,'A','TORRADA COM MANTEIGA',NULL,NULL,NULL,NULL,NULL,NULL,NULL,NULL,'N','N'),(1081,14,50,1,'A','PAO MINI FRANCES',NULL,NULL,NULL,NULL,NULL,NULL,NULL,NULL,'N','N'),(1082,14,50,1,'A','PAO BAGUETE',NULL,NULL,NULL,NULL,NULL,NULL,NULL,NULL,'N','N'),(1083,1,32,1,'A','CHÁ  SACHÊ SORTIDOS',NULL,NULL,NULL,NULL,NULL,NULL,NULL,NULL,'N','N'),(1084,1,32,1,'A','CAPUCCINO SACHÊ 20 GR',NULL,NULL,NULL,NULL,NULL,NULL,NULL,NULL,'N','N'),(1085,1,32,1,'A','CAPUCCINO EM CAPSULA',NULL,NULL,NULL,NULL,NULL,NULL,NULL,NULL,'N','N'),(1086,11,32,1,'A','AÇÚCAR SACHE CX 5 KG',NULL,NULL,NULL,NULL,NULL,NULL,NULL,NULL,'N','N'),(1087,14,32,1,'A','Açucar Sachê Cx 2 kg',NULL,NULL,NULL,NULL,NULL,NULL,NULL,NULL,'N','N'),(1088,14,32,1,'A','LEITE VENDIM PREMIUM CAFE DA MANHÃ',NULL,NULL,NULL,NULL,NULL,NULL,NULL,NULL,'N','N'),(1089,1,32,1,'A','GÁS NZO PARA CHANTILY',NULL,NULL,NULL,NULL,NULL,NULL,NULL,NULL,'N','N'),(1090,1,32,1,'A','CAPUCCINO PRONTO',NULL,NULL,NULL,NULL,NULL,NULL,NULL,NULL,'N','N'),(1091,14,32,1,'A','CAPUCINO 3 CORAÇÕES KG ',NULL,NULL,NULL,NULL,NULL,NULL,NULL,NULL,'N','N'),(1092,1,32,1,'A','CAFE CAPSULA TRÊS CORAÇÕES',NULL,NULL,NULL,NULL,NULL,NULL,NULL,NULL,'N','N'),(1093,11,32,1,'A','CHÁ',NULL,NULL,NULL,NULL,NULL,NULL,NULL,NULL,'N','N'),(1094,1,32,1,'A','CHANTILLY TRADICIONAL',NULL,NULL,NULL,NULL,NULL,NULL,NULL,NULL,'N','N'),(1095,14,32,1,'A','CAFE EXPRESSO SAO BRAZ',NULL,NULL,NULL,NULL,NULL,NULL,NULL,NULL,'N','N'),(1096,1,32,1,'A','Capuccino',NULL,NULL,NULL,NULL,NULL,NULL,NULL,NULL,'N','N'),(1097,14,32,1,'A','CAFÉ DESCAFEINADO',NULL,NULL,NULL,NULL,NULL,NULL,NULL,NULL,'N','N'),(1098,1,32,1,'A','CAFE NESTLE CAPSULAS',NULL,NULL,NULL,NULL,NULL,NULL,NULL,NULL,'N','N'),(1099,1,54,1,'A','CHOC OVO JACK PRINCE',NULL,NULL,NULL,NULL,NULL,NULL,NULL,NULL,'N','N'),(1100,1,54,1,'A','BIS EXTRA',NULL,NULL,NULL,NULL,NULL,NULL,NULL,NULL,'N','N'),(1101,1,54,1,'A','CHOCOLATES SNICKERS',NULL,NULL,NULL,NULL,NULL,NULL,NULL,NULL,'N','N'),(1102,1,54,1,'A','CHOCOLATE KIT KAT',NULL,NULL,NULL,NULL,NULL,NULL,NULL,NULL,'N','N'),(1103,1,54,1,'A','TWIX CHOC 4 BARRAS ',NULL,NULL,NULL,NULL,NULL,NULL,NULL,NULL,'N','N'),(1104,1,54,1,'A','CHOCOLATE M E M TUBO ',NULL,NULL,NULL,NULL,NULL,NULL,NULL,NULL,'N','N'),(1105,1,54,1,'A','CHOCOLATE  CHOKITO',NULL,NULL,NULL,NULL,NULL,NULL,NULL,NULL,'N','N'),(1106,1,54,1,'A','CHOCOLATE MOÇA BR ',NULL,NULL,NULL,NULL,NULL,NULL,NULL,NULL,'N','N'),(1107,14,54,1,'A','CHOCOLATE  MM 1KG',NULL,NULL,NULL,NULL,NULL,NULL,NULL,NULL,'N','N'),(1108,1,54,1,'A','CHOCOLATE TWIX PEQUENO ',NULL,NULL,NULL,NULL,NULL,NULL,NULL,NULL,'N','N'),(1109,1,54,1,'A','CHOCOLATE MENTA',NULL,NULL,NULL,NULL,NULL,NULL,NULL,NULL,'N','N'),(1110,1,54,1,'A','CHOCOLATE CHOCOTUBES ',NULL,NULL,NULL,NULL,NULL,NULL,NULL,NULL,'N','N'),(1111,1,54,1,'A','CHOCOLATE QUADRADO',NULL,NULL,NULL,NULL,NULL,NULL,NULL,NULL,'N','N'),(1112,1,54,1,'A','CHOCOLATE CROCANTE',NULL,NULL,NULL,NULL,NULL,NULL,NULL,NULL,'N','N'),(1113,1,54,1,'A','BUBALOO RADICAL',NULL,NULL,NULL,NULL,NULL,NULL,NULL,NULL,'N','N'),(1114,1,54,1,'A','PALHA ITALIANA',NULL,NULL,NULL,NULL,NULL,NULL,NULL,NULL,'N','N'),(1115,1,54,1,'A','CHOCOLATE BARRA DIET 20 GR ',NULL,NULL,NULL,NULL,NULL,NULL,NULL,NULL,'N','N'),(1116,1,54,1,'A','CHOCOLATE BARRA 20 GR',NULL,NULL,NULL,NULL,NULL,NULL,NULL,NULL,'N','N'),(1117,1,54,1,'A','CHOCOLATE M&MS',NULL,NULL,NULL,NULL,NULL,NULL,NULL,NULL,'N','N'),(1118,1,54,1,'A','AMENDOIN  TORRADO ',NULL,NULL,NULL,NULL,NULL,NULL,NULL,NULL,'N','N'),(1119,1,54,1,'A','CHOCOLATE BARRA 100 GR',NULL,NULL,NULL,NULL,NULL,NULL,NULL,NULL,'N','N'),(1120,1,54,1,'A','CHOC. OVO MONSTERS',NULL,NULL,NULL,NULL,NULL,NULL,NULL,NULL,'N','N'),(1121,1,54,1,'A','CHOC. OVO ZOOMBIES',NULL,NULL,NULL,NULL,NULL,NULL,NULL,NULL,'N','N'),(1122,1,54,1,'A','CHOCOLATE M&M POUCH',NULL,NULL,NULL,NULL,NULL,NULL,NULL,NULL,'N','N'),(1123,1,54,1,'A','SNICKERS DARK',NULL,NULL,NULL,NULL,NULL,NULL,NULL,NULL,'N','N'),(1124,1,54,1,'A','TWIX DARK',NULL,NULL,NULL,NULL,NULL,NULL,NULL,NULL,'N','N'),(1125,1,54,1,'A','CHOCOLATE M & M 148GR',NULL,NULL,NULL,NULL,NULL,NULL,NULL,NULL,'N','N'),(1126,1,54,1,'A','CHOCOLATE 70 POR CENTO 20G',NULL,NULL,NULL,NULL,NULL,NULL,NULL,NULL,'N','N'),(1127,1,54,1,'A','CHOCOLATE ZERO 70 POR CENT.  20GR',NULL,NULL,NULL,NULL,NULL,NULL,NULL,NULL,'N','N'),(1128,1,54,1,'A','TWIX CANGURU',NULL,NULL,NULL,NULL,NULL,NULL,NULL,NULL,'N','N'),(1129,1,54,1,'A','CHOCOLATE PRESTIGIO',NULL,NULL,NULL,NULL,NULL,NULL,NULL,NULL,'N','N'),(1130,1,54,1,'A','BIS EXTRA BARRA',NULL,NULL,NULL,NULL,NULL,NULL,NULL,NULL,'N','N'),(1131,1,54,1,'A','CHOCOLATE BOB ESPONJA',NULL,NULL,NULL,NULL,NULL,NULL,NULL,NULL,'N','N'),(1132,1,54,1,'A','CHOCOLATE JACKIE PRINCE',NULL,NULL,NULL,NULL,NULL,NULL,NULL,NULL,'N','N'),(1133,1,54,1,'A','ZEN TOYS UNICORNIO COM LUZ',NULL,NULL,NULL,NULL,NULL,NULL,NULL,NULL,'N','N'),(1134,1,54,1,'A','CHOCOLATE 5 STAR',NULL,NULL,NULL,NULL,NULL,NULL,NULL,NULL,'N','N'),(1135,9,54,1,'A','CHOC. DARK DP MENTA',NULL,NULL,NULL,NULL,NULL,NULL,NULL,NULL,'N','N'),(1136,1,54,1,'A','CHOCOLATE LAKA',NULL,NULL,NULL,NULL,NULL,NULL,NULL,NULL,'N','N'),(1137,1,54,1,'A','CHOLOLATE DIAMANTE NEGRO',NULL,NULL,NULL,NULL,NULL,NULL,NULL,NULL,'N','N'),(1138,1,54,1,'A','BISCOITO MINI OREO',NULL,NULL,NULL,NULL,NULL,NULL,NULL,NULL,'N','N'),(1139,1,54,1,'A','OREO FAMILIAR',NULL,NULL,NULL,NULL,NULL,NULL,NULL,NULL,'N','N'),(1140,1,54,1,'A','CHOCOLATE  LACTA AO LEITE',NULL,NULL,NULL,NULL,NULL,NULL,NULL,NULL,'N','N'),(1141,1,54,1,'A','CHOCOLATE BATON GAROTO',NULL,NULL,NULL,NULL,NULL,NULL,NULL,NULL,'N','N'),(1142,1,54,1,'A','CHOC HERSHEYS BARRA 20GR',NULL,NULL,NULL,NULL,NULL,NULL,NULL,NULL,'N','N'),(1143,1,54,1,'A','CHOCOLATE KIT KAT  (24UND)',NULL,NULL,NULL,NULL,NULL,NULL,NULL,NULL,'N','N'),(1144,1,54,1,'A','CHOCOMANIA AMENDOIM',NULL,NULL,NULL,NULL,NULL,NULL,NULL,NULL,'N','N'),(1145,1,54,1,'A','CHOCOMANIA COCO',NULL,NULL,NULL,NULL,NULL,NULL,NULL,NULL,'N','N'),(1146,1,54,1,'A','CHOCOMANIA PAÇOCA',NULL,NULL,NULL,NULL,NULL,NULL,NULL,NULL,'N','N'),(1147,1,54,1,'A','DOCE BANANA  ZERO',NULL,NULL,NULL,NULL,NULL,NULL,NULL,NULL,'N','N'),(1148,1,49,1,'A','RECARGA CARTUCHO HP 1022',NULL,NULL,NULL,NULL,NULL,NULL,NULL,NULL,'N','N'),(1149,1,49,1,'A','TALAO TURISMO',NULL,NULL,NULL,NULL,NULL,NULL,NULL,NULL,'N','N'),(1150,1,49,1,'A','PAPEL A4 C/ 500FLS',NULL,NULL,NULL,NULL,NULL,NULL,NULL,NULL,'N','N'),(1151,1,49,1,'A','MATERIAL DE ESCRITÓRIO',NULL,NULL,NULL,NULL,NULL,NULL,NULL,NULL,'N','N'),(1152,1,49,1,'A','BORRACHA P/ MAQ. CHANT',NULL,NULL,NULL,NULL,NULL,NULL,NULL,NULL,'N','N'),(1153,1,49,1,'A','BOBINA PARA IMPRESSO FISCAL',NULL,NULL,NULL,NULL,NULL,NULL,NULL,NULL,'N','N'),(1154,1,49,1,'A','BOBINA CARTAO PONTO',NULL,NULL,NULL,NULL,NULL,NULL,NULL,NULL,'N','N'),(1155,1,49,1,'A','CADERNO 1/4',NULL,NULL,NULL,NULL,NULL,NULL,NULL,NULL,'N','N'),(1156,1,49,1,'A','MARCA TEXTO',NULL,NULL,NULL,NULL,NULL,NULL,NULL,NULL,'N','N'),(1157,11,49,1,'A','CLIPS 2/0 ',NULL,NULL,NULL,NULL,NULL,NULL,NULL,NULL,'N','N'),(1158,11,49,1,'A','CLIPS 4/0',NULL,NULL,NULL,NULL,NULL,NULL,NULL,NULL,'N','N'),(1159,11,49,1,'A','GRAMPO  26/6',NULL,NULL,NULL,NULL,NULL,NULL,NULL,NULL,'N','N'),(1160,14,49,1,'A','LIGA ',NULL,NULL,NULL,NULL,NULL,NULL,NULL,NULL,'N','N'),(1161,1,49,1,'A','COLA BASTAO ',NULL,NULL,NULL,NULL,NULL,NULL,NULL,NULL,'N','N'),(1162,1,49,1,'A','COLA BRANCA',NULL,NULL,NULL,NULL,NULL,NULL,NULL,NULL,'N','N'),(1163,11,49,1,'A','GRAMPO JOGAR4 OFFICE 26/6',NULL,NULL,NULL,NULL,NULL,NULL,NULL,NULL,'N','N'),(1164,1,49,1,'A','CANETA ESFEROGRAFICA',NULL,NULL,NULL,NULL,NULL,NULL,NULL,NULL,'N','N'),(1165,9,46,1,'A','GELO EM CUBO',NULL,NULL,NULL,NULL,NULL,NULL,NULL,NULL,'N','N'),(1166,9,46,1,'A','Gelo Escama',NULL,NULL,NULL,NULL,NULL,NULL,NULL,NULL,'N','N'),(1167,14,45,1,'A','GAS GLP',NULL,NULL,NULL,NULL,NULL,NULL,NULL,NULL,'N','N'),(1168,1,45,1,'A','GAS BUTANO P/ MAÇARICO',NULL,NULL,NULL,NULL,NULL,NULL,NULL,NULL,'N','N'),(1169,1,45,1,'A','GAS PARA CHANTILLY',NULL,NULL,NULL,NULL,NULL,NULL,NULL,NULL,'N','N'),(1170,14,45,1,'A','GAS DE COZINHA',NULL,NULL,NULL,NULL,NULL,NULL,NULL,NULL,'N','N'),(1171,9,37,1,'A','CARVÃO',NULL,NULL,NULL,NULL,NULL,NULL,NULL,NULL,'N','N'),(1172,5,59,1,'A','MOLHO SHOYU LIGHT',NULL,NULL,NULL,NULL,NULL,NULL,NULL,NULL,'N','N'),(1173,14,59,1,'A','LOMBO DE ATUM FRESCO',NULL,NULL,NULL,NULL,NULL,NULL,NULL,NULL,'N','N'),(1174,14,59,1,'A','ARROZ JAPONÊS',NULL,NULL,NULL,NULL,NULL,NULL,NULL,NULL,'N','N'),(1175,15,59,1,'A','GERGELIM BRANCO ',NULL,NULL,NULL,NULL,NULL,NULL,NULL,NULL,'N','N'),(1176,1,59,1,'A','HASHI PALITO DE BAMBU',NULL,NULL,NULL,NULL,NULL,NULL,NULL,NULL,'N','N'),(1177,5,59,1,'A','VINAGRE DE ARROZ',NULL,NULL,NULL,NULL,NULL,NULL,NULL,NULL,'N','N'),(1178,14,59,1,'A','FARINHA PANKO',NULL,NULL,NULL,NULL,NULL,NULL,NULL,NULL,'N','N'),(1179,15,59,1,'A','GERGELIM PRETO',NULL,NULL,NULL,NULL,NULL,NULL,NULL,NULL,'N','N'),(1180,1,59,1,'A','MOLHO SHOYU SACHÊ ',NULL,NULL,NULL,NULL,NULL,NULL,NULL,NULL,'N','N'),(1181,15,59,1,'A','NORI',NULL,NULL,NULL,NULL,NULL,NULL,NULL,NULL,'N','N'),(1182,5,59,1,'A','SAQUE CULINÁRIO  MIRIM  ',NULL,NULL,NULL,NULL,NULL,NULL,NULL,NULL,'N','N'),(1183,14,59,1,'A','CREAM CHEESE',NULL,NULL,NULL,NULL,NULL,NULL,NULL,NULL,'N','N'),(1184,15,59,1,'A','MASSA DE HAROMAKE',NULL,NULL,NULL,NULL,NULL,NULL,NULL,NULL,'N','N'),(1185,15,59,1,'A','WASABI',NULL,NULL,NULL,NULL,NULL,NULL,NULL,NULL,'N','N'),(1186,14,59,1,'A','GOIABADA BARRA',NULL,NULL,NULL,NULL,NULL,NULL,NULL,NULL,'N','N'),(1187,5,59,1,'A','MOLHO SHOYU BOMBONA 20L',NULL,NULL,NULL,NULL,NULL,NULL,NULL,NULL,'N','N'),(1188,14,59,1,'A','AJINOMOTO',NULL,NULL,NULL,NULL,NULL,NULL,NULL,NULL,'N','N'),(1189,14,59,1,'A','SALMÃO FRESCO',NULL,NULL,NULL,NULL,NULL,NULL,NULL,NULL,'N','N'),(1190,14,59,1,'A','PEIXE ATUM',NULL,NULL,NULL,NULL,NULL,NULL,NULL,NULL,'N','N'),(1191,2,59,1,'A','SAKE 1GF',NULL,NULL,NULL,NULL,NULL,NULL,NULL,NULL,'N','N'),(1192,1,59,1,'A','MASSA PARA PASTEL',NULL,NULL,NULL,NULL,NULL,NULL,NULL,NULL,'N','N'),(1193,15,59,1,'A','GENGIBRE FATIADO CONGELADO',NULL,NULL,NULL,NULL,NULL,NULL,NULL,NULL,'N','N'),(1194,1,59,1,'A','MAÇARICO PR 13J',NULL,NULL,NULL,NULL,NULL,NULL,NULL,NULL,'N','N'),(1195,1,59,1,'A','SUDARE PEQ.',NULL,NULL,NULL,NULL,NULL,NULL,NULL,NULL,'N','N'),(1196,14,59,1,'A','PEIXE PREGO',NULL,NULL,NULL,NULL,NULL,NULL,NULL,NULL,'N','N'),(1197,14,59,1,'A','KANI KAMA',NULL,NULL,NULL,NULL,NULL,NULL,NULL,NULL,'N','N'),(1198,5,59,1,'A','OLEO DE GERGILIN',NULL,NULL,NULL,NULL,NULL,NULL,NULL,NULL,'N','N'),(1199,14,59,1,'A','LOMBO DE PREGO',NULL,NULL,NULL,NULL,NULL,NULL,NULL,NULL,'N','N'),(1200,1,59,1,'A','NORI GOLD P/ TEMAKI',NULL,NULL,NULL,NULL,NULL,NULL,NULL,NULL,'N','N'),(1201,1,59,1,'A','MOEDOR DE GERGILIM',NULL,NULL,NULL,NULL,NULL,NULL,NULL,NULL,'N','N'),(1202,1,59,1,'A','MOLHO TARE',NULL,NULL,NULL,NULL,NULL,NULL,NULL,NULL,'N','N'),(1203,1,59,1,'A','EMBALAGEM  BARCA SUSHI ',NULL,NULL,NULL,NULL,NULL,NULL,NULL,NULL,'N','N'),(1204,1,59,1,'A','MOLHO TARE  GARRAFA',NULL,NULL,NULL,NULL,NULL,NULL,NULL,NULL,'N','N'),(1205,1,59,1,'A','MAÇARICO',NULL,NULL,NULL,NULL,NULL,NULL,NULL,NULL,'N','N'),(1206,1,56,1,'A','PALETA FERRERO',NULL,NULL,NULL,NULL,NULL,NULL,NULL,NULL,'N','N'),(1207,5,56,1,'A','SORVETE CREME COM PASSAS',NULL,NULL,NULL,NULL,NULL,NULL,NULL,NULL,'N','N'),(1208,5,56,1,'A','SORVETE FLOCOS',NULL,NULL,NULL,NULL,NULL,NULL,NULL,NULL,'N','N'),(1209,1,56,1,'A','PICOLE COCO',NULL,NULL,NULL,NULL,NULL,NULL,NULL,NULL,'N','N'),(1210,5,56,1,'A','SORVETE CHOCOLATE',NULL,NULL,NULL,NULL,NULL,NULL,NULL,NULL,'N','N'),(1211,5,56,1,'A','SORVETE COCO',NULL,NULL,NULL,NULL,NULL,NULL,NULL,NULL,'N','N'),(1212,5,56,1,'A','SORVETE CREME',NULL,NULL,NULL,NULL,NULL,NULL,NULL,NULL,'N','N'),(1213,1,56,1,'A','PICOLE NESTLE',NULL,NULL,NULL,NULL,NULL,NULL,NULL,NULL,'N','N'),(1214,1,56,1,'A','PICOLE  ICSO',NULL,NULL,NULL,NULL,NULL,NULL,NULL,NULL,'N','N'),(1215,1,56,1,'A','PICOLE MILET',NULL,NULL,NULL,NULL,NULL,NULL,NULL,NULL,'N','N'),(1216,14,57,1,'A','POLPA ABACAXI',NULL,NULL,NULL,NULL,NULL,NULL,NULL,NULL,'N','N'),(1217,14,57,1,'A','POLPA DE CAJÁ',NULL,NULL,NULL,NULL,NULL,NULL,NULL,NULL,'N','N'),(1218,14,57,1,'A','POLPA DE ACEROLA',NULL,NULL,NULL,NULL,NULL,NULL,NULL,NULL,'N','N'),(1219,14,57,1,'A','POLPA DE GRAVIOLA',NULL,NULL,NULL,NULL,NULL,NULL,NULL,NULL,'N','N'),(1220,14,57,1,'A','POLPA CAJU',NULL,NULL,NULL,NULL,NULL,NULL,NULL,NULL,'N','N'),(1221,14,57,1,'A','POLPA MANGA',NULL,NULL,NULL,NULL,NULL,NULL,NULL,NULL,'N','N'),(1222,14,57,1,'A','MORANGO CONGELADO 1KG',NULL,NULL,NULL,NULL,NULL,NULL,NULL,NULL,'N','N'),(1223,14,57,1,'A','POLPA DE GOIABA',NULL,NULL,NULL,NULL,NULL,NULL,NULL,NULL,'N','N'),(1224,14,57,1,'A','POLPA DE ABACAXI ',NULL,NULL,NULL,NULL,NULL,NULL,NULL,NULL,'N','N'),(1225,1,57,1,'A','POLPA DE TAMARINDO',NULL,NULL,NULL,NULL,NULL,NULL,NULL,NULL,'N','N'),(1226,1,57,1,'A','POLPA DE MORANGO',NULL,NULL,NULL,NULL,NULL,NULL,NULL,NULL,'N','N'),(1227,14,51,1,'A','CHARQUE COXAO ',NULL,NULL,NULL,NULL,NULL,NULL,NULL,NULL,'N','N'),(1228,1,51,1,'A','MOLHO PRONTO PIZZA ',NULL,NULL,NULL,NULL,NULL,NULL,NULL,NULL,'N','N'),(1229,1,51,1,'A','DOCE DE LEITE BISNAGA',NULL,NULL,NULL,NULL,NULL,NULL,NULL,NULL,'N','N'),(1230,14,51,1,'A','BOLO DE ROLO ',NULL,NULL,NULL,NULL,NULL,NULL,NULL,NULL,'N','N'),(1231,1,51,1,'A','LACRE  PIZZA',NULL,NULL,NULL,NULL,NULL,NULL,NULL,NULL,'N','N'),(1232,20,51,1,'A','REQUEIJÃO CREMOSO PREMIUM',NULL,NULL,NULL,NULL,NULL,NULL,NULL,NULL,'N','N'),(1233,15,51,1,'A','CHOCOLATE GRANULADO CORAÇÃO',NULL,NULL,NULL,NULL,NULL,NULL,NULL,NULL,'N','N'),(1234,14,51,1,'A','COXAO PALETA CARNE DE SOL',NULL,NULL,NULL,NULL,NULL,NULL,NULL,NULL,'N','N'),(1235,15,51,1,'A','CHOCO GIROS 500GR',NULL,NULL,NULL,NULL,NULL,NULL,NULL,NULL,'N','N'),(1236,5,51,1,'A','MEL DE ENGENHO',NULL,NULL,NULL,NULL,NULL,NULL,NULL,NULL,'N','N'),(1237,14,51,1,'A','CHOCOLATE MM',NULL,NULL,NULL,NULL,NULL,NULL,NULL,NULL,'N','N'),(1238,14,51,1,'A','CARNE MOIDA DE CORDEIRO',NULL,NULL,NULL,NULL,NULL,NULL,NULL,NULL,'N','N'),(1239,14,51,1,'A','FARINHA DE MILHO ',NULL,NULL,NULL,NULL,NULL,NULL,NULL,NULL,'N','N'),(1240,18,51,1,'A','GOIABADA',NULL,NULL,NULL,NULL,NULL,NULL,NULL,NULL,'N','N'),(1241,14,51,1,'A','LINGUIÇA CALABRESA RETA',NULL,NULL,NULL,NULL,NULL,NULL,NULL,NULL,'N','N'),(1242,1,51,1,'A','PALMITO PEQUENO',NULL,NULL,NULL,NULL,NULL,NULL,NULL,NULL,'N','N'),(1243,20,51,1,'A','REQUEIJÃO CATUPIRI 1.8KG',NULL,NULL,NULL,NULL,NULL,NULL,NULL,NULL,'N','N'),(1244,4,51,1,'A','ATUM RALADO',NULL,NULL,NULL,NULL,NULL,NULL,NULL,NULL,'N','N'),(1245,14,51,1,'A','CANELA EM PÓ',NULL,NULL,NULL,NULL,NULL,NULL,NULL,NULL,'N','N'),(1246,14,51,1,'A','FARINHA DE TRIGO',NULL,NULL,NULL,NULL,NULL,NULL,NULL,NULL,'N','N'),(1247,21,51,1,'A','LENHA DE EUCALIPTO',NULL,NULL,NULL,NULL,NULL,NULL,NULL,NULL,'N','N'),(1248,1,51,1,'A','MOSTARDA SACHÊ ',NULL,NULL,NULL,NULL,NULL,NULL,NULL,NULL,'N','N'),(1249,14,51,1,'A','PEPERONE FATIADO',NULL,NULL,NULL,NULL,NULL,NULL,NULL,NULL,'N','N'),(1250,18,51,1,'A','DOCE DE LEITE CHOC. 10KG',NULL,NULL,NULL,NULL,NULL,NULL,NULL,NULL,'N','N'),(1251,14,51,1,'A','BANHA',NULL,NULL,NULL,NULL,NULL,NULL,NULL,NULL,'N','N'),(1252,1,51,1,'A','CATCHUP SACHÊ',NULL,NULL,NULL,NULL,NULL,NULL,NULL,NULL,'N','N'),(1253,14,51,1,'A','CHOCOLATE GRANULADO',NULL,NULL,NULL,NULL,NULL,NULL,NULL,NULL,'N','N'),(1254,18,51,1,'A','DOCE DE LEITE 10KG',NULL,NULL,NULL,NULL,NULL,NULL,NULL,NULL,'N','N'),(1255,1,51,1,'A','FERMENTO BIOLOGICO PÓ',NULL,NULL,NULL,NULL,NULL,NULL,NULL,NULL,'N','N'),(1256,1,51,1,'A','MAIONESE SACHÊ',NULL,NULL,NULL,NULL,NULL,NULL,NULL,NULL,'N','N'),(1257,14,51,1,'A','OREGANO',NULL,NULL,NULL,NULL,NULL,NULL,NULL,NULL,'N','N'),(1258,14,51,1,'A','QUEIJO MUSSARELA',NULL,NULL,NULL,NULL,NULL,NULL,NULL,NULL,'N','N'),(1259,1,51,1,'A','REQUEIJÃO CHEDDA',NULL,NULL,NULL,NULL,NULL,NULL,NULL,NULL,'N','N'),(1260,14,51,1,'A','CHOCOLATE  HARALD BRANCO',NULL,NULL,NULL,NULL,NULL,NULL,NULL,NULL,'N','N'),(1261,14,51,1,'A','PEPERONE MANIHOT',NULL,NULL,NULL,NULL,NULL,NULL,NULL,NULL,'N','N'),(1262,14,51,1,'A','CHOCOLATE EM PÓ',NULL,NULL,NULL,NULL,NULL,NULL,NULL,NULL,'N','N'),(1263,9,51,1,'A','BRIQUETES',NULL,NULL,NULL,NULL,NULL,NULL,NULL,NULL,'N','N'),(1264,14,51,1,'A','LINGUIÇA CALABRESA FATIADA',NULL,NULL,NULL,NULL,NULL,NULL,NULL,NULL,'N','N'),(1265,20,51,1,'A','REQUEIJÃO CHEDDAR PREMIUN',NULL,NULL,NULL,NULL,NULL,NULL,NULL,NULL,'N','N'),(1266,14,51,1,'A','PEDAÇOS DE BROWNIE ',NULL,NULL,NULL,NULL,NULL,NULL,NULL,NULL,'N','N'),(1267,14,51,1,'A','RECHEIO FORNEAVEL DE CHOCOLATE',NULL,NULL,NULL,NULL,NULL,NULL,NULL,NULL,'N','N'),(1268,14,51,1,'A','RECHEIO FORNEAVEL DE CHOC. BRANCO',NULL,NULL,NULL,NULL,NULL,NULL,NULL,NULL,'N','N'),(1269,20,51,1,'A','RECHEIO FOR. CHOC. AVELA',NULL,NULL,NULL,NULL,NULL,NULL,NULL,NULL,'N','N'),(1270,1,51,1,'A','BISCOITO TRELOSO',NULL,NULL,NULL,NULL,NULL,NULL,NULL,NULL,'N','N'),(1271,14,51,1,'A','CEREAL CROCANTE',NULL,NULL,NULL,NULL,NULL,NULL,NULL,NULL,'N','N'),(1272,1,51,1,'A','LENHA',NULL,NULL,NULL,NULL,NULL,NULL,NULL,NULL,'N','N'),(1273,14,51,1,'A','REQUEIJÃO ORIGINAL CATUPIRY',NULL,NULL,NULL,NULL,NULL,NULL,NULL,NULL,'N','N'),(1274,2,60,1,'A','VINHO EA TINTO 750 ML ',NULL,NULL,NULL,NULL,NULL,NULL,NULL,NULL,'N','N'),(1275,1,60,1,'A','VINHO COSECHA TARAPACA CB',NULL,NULL,NULL,NULL,NULL,NULL,NULL,NULL,'N','N'),(1276,1,60,1,'A','VINHO CONSECHA TARAPACA CARM',NULL,NULL,NULL,NULL,NULL,NULL,NULL,NULL,'N','N'),(1277,2,60,1,'A','VINHO SANTA CAROLINA',NULL,NULL,NULL,NULL,NULL,NULL,NULL,NULL,'N','N'),(1278,5,60,1,'A','V.AMADEU BOX',NULL,NULL,NULL,NULL,NULL,NULL,NULL,NULL,'N','N'),(1279,2,60,1,'A','LA FLOR MALBEC',NULL,NULL,NULL,NULL,NULL,NULL,NULL,NULL,'N','N'),(1280,2,60,1,'A','V.VERSATIL TINTO',NULL,NULL,NULL,NULL,NULL,NULL,NULL,NULL,'N','N'),(1281,2,60,1,'A','TABALI RESERVA SYRAH',NULL,NULL,NULL,NULL,NULL,NULL,NULL,NULL,'N','N'),(1282,2,60,1,'A','LEYDA RESERVA CARMENERE',NULL,NULL,NULL,NULL,NULL,NULL,NULL,NULL,'N','N'),(1283,2,60,1,'A','SANTA RITA 120 C.S. 375ML',NULL,NULL,NULL,NULL,NULL,NULL,NULL,NULL,'N','N'),(1284,2,60,1,'A','TERRAPURA CARMENERE',NULL,NULL,NULL,NULL,NULL,NULL,NULL,NULL,'N','N'),(1285,2,60,1,'A','V.ARGENTINO MALBEC',NULL,NULL,NULL,NULL,NULL,NULL,NULL,NULL,'N','N'),(1286,2,60,1,'A','V.COMANDO REAL TT',NULL,NULL,NULL,NULL,NULL,NULL,NULL,NULL,'N','N'),(1287,2,60,1,'A','V.MEIA PIPA TINTO',NULL,NULL,NULL,NULL,NULL,NULL,NULL,NULL,'N','N'),(1288,2,60,1,'A','SANTA RITA 120 SAUV.BLANC 375 ML',NULL,NULL,NULL,NULL,NULL,NULL,NULL,NULL,'N','N'),(1289,2,60,1,'A','V.ESPORÃO MONTEVELHO',NULL,NULL,NULL,NULL,NULL,NULL,NULL,NULL,'N','N'),(1290,2,60,1,'A','ENCUENTRO MALBEC',NULL,NULL,NULL,NULL,NULL,NULL,NULL,NULL,'N','N'),(1291,2,60,1,'A','V.CONCHA Y TORO CARMENERE',NULL,NULL,NULL,NULL,NULL,NULL,NULL,NULL,'N','N'),(1292,2,60,1,'A','SANTA RITA 120 MERLOT',NULL,NULL,NULL,NULL,NULL,NULL,NULL,NULL,'N','N'),(1293,2,60,1,'A','V.EMINA ROBLE TEMP.',NULL,NULL,NULL,NULL,NULL,NULL,NULL,NULL,'N','N'),(1294,2,60,1,'A','ALTOS DE LA HOYA',NULL,NULL,NULL,NULL,NULL,NULL,NULL,NULL,'N','N'),(1295,2,60,1,'A','DON PROSPERO',NULL,NULL,NULL,NULL,NULL,NULL,NULL,NULL,'N','N'),(1296,2,60,1,'A','V.ARGENTINO CARB.SAUV',NULL,NULL,NULL,NULL,NULL,NULL,NULL,NULL,'N','N'),(1297,2,60,1,'A','V.DAO QUINTA CABRIZ',NULL,NULL,NULL,NULL,NULL,NULL,NULL,NULL,'N','N'),(1298,2,60,1,'A','V.CONCHA Y TORO C.S',NULL,NULL,NULL,NULL,NULL,NULL,NULL,NULL,'N','N'),(1299,2,60,1,'A','V.TANTENUE C.SAUVING',NULL,NULL,NULL,NULL,NULL,NULL,NULL,NULL,'N','N'),(1300,2,60,1,'A','LA FLOR MALBEC ROSE',NULL,NULL,NULL,NULL,NULL,NULL,NULL,NULL,'N','N'),(1301,17,60,1,'A','V. PORTO TAWNY NOVAL 25 DS',NULL,NULL,NULL,NULL,NULL,NULL,NULL,NULL,'N','N'),(1302,2,60,1,'A','LEYDA RESERVA CABERNET SAUV.',NULL,NULL,NULL,NULL,NULL,NULL,NULL,NULL,'N','N'),(1303,2,60,1,'A','SANTA RITA 120 CARMENERE',NULL,NULL,NULL,NULL,NULL,NULL,NULL,NULL,'N','N'),(1304,2,60,1,'A','V.ESPORAO ALANDRA TT',NULL,NULL,NULL,NULL,NULL,NULL,NULL,NULL,'N','N'),(1305,2,60,1,'A','V.BOTTICEL CARBENET SAUV',NULL,NULL,NULL,NULL,NULL,NULL,NULL,NULL,'N','N'),(1306,2,60,1,'A','DON PROSPERO TANNAT',NULL,NULL,NULL,NULL,NULL,NULL,NULL,NULL,'N','N'),(1307,5,60,1,'A','V.QUINTA MOR SUA BOX',NULL,NULL,NULL,NULL,NULL,NULL,NULL,NULL,'N','N'),(1308,2,60,1,'A','VALPOLICELLA ALEGRINI',NULL,NULL,NULL,NULL,NULL,NULL,NULL,NULL,'N','N'),(1309,2,60,1,'A','V. MOSTEIRO / CISTER TT',NULL,NULL,NULL,NULL,NULL,NULL,NULL,NULL,'N','N'),(1310,2,60,1,'A','LOS CARDOS CABERNET SAUVIGNON BLANC',NULL,NULL,NULL,NULL,NULL,NULL,NULL,NULL,'N','N'),(1311,2,60,1,'A','V. FAMILIA GASCON MALBEC',NULL,NULL,NULL,NULL,NULL,NULL,NULL,NULL,'N','N'),(1312,2,60,1,'A','RISPOLLO ROSSO TALENTI',NULL,NULL,NULL,NULL,NULL,NULL,NULL,NULL,'N','N'),(1313,2,60,1,'A','V. PERIQUITAA TT 1 GF',NULL,NULL,NULL,NULL,NULL,NULL,NULL,NULL,'N','N'),(1314,2,60,1,'A','LOS CARDOS MALBEC 375 ML',NULL,NULL,NULL,NULL,NULL,NULL,NULL,NULL,'N','N'),(1315,17,60,1,'A','VINHO PORTO  DOM JOSE',NULL,NULL,NULL,NULL,NULL,NULL,NULL,NULL,'N','N'),(1316,2,60,1,'A','V. RUPRESTO ROSSO TT',NULL,NULL,NULL,NULL,NULL,NULL,NULL,NULL,'N','N'),(1317,2,60,1,'A','V. COMANDO REAL TT',NULL,NULL,NULL,NULL,NULL,NULL,NULL,NULL,'N','N'),(1318,2,60,1,'A','V. VENTISQUEIRO CARMENERE',NULL,NULL,NULL,NULL,NULL,NULL,NULL,NULL,'N','N'),(1319,2,60,1,'A','V. ANUBIS MALBEC CABERNET',NULL,NULL,NULL,NULL,NULL,NULL,NULL,NULL,'N','N'),(1320,2,60,1,'A','V. EMILIA CARMENERE',NULL,NULL,NULL,NULL,NULL,NULL,NULL,NULL,'N','N'),(1321,2,60,1,'A','V. MOST / CISTER COLHET',NULL,NULL,NULL,NULL,NULL,NULL,NULL,NULL,'N','N'),(1322,2,60,1,'A','LEYDA RESERVA PINOT NOIR',NULL,NULL,NULL,NULL,NULL,NULL,NULL,NULL,'N','N'),(1323,2,60,1,'A','V. FAMILIA GASCON C.S.',NULL,NULL,NULL,NULL,NULL,NULL,NULL,NULL,'N','N'),(1324,2,60,1,'A','SANTA RITA MEDALHA REAL C.S.',NULL,NULL,NULL,NULL,NULL,NULL,NULL,NULL,'N','N'),(1325,2,60,1,'A','SANTA RITA 120 SAUVGNON BLANC',NULL,NULL,NULL,NULL,NULL,NULL,NULL,NULL,'N','N'),(1326,2,60,1,'A','VH CORACAO OBRA PRIMA BC 2020 750ML',NULL,NULL,NULL,NULL,NULL,NULL,NULL,NULL,'N','N'),(1327,2,60,1,'A','VH VICENTINO TT 2017 750ML',NULL,NULL,NULL,NULL,NULL,NULL,NULL,NULL,'N','N'),(1328,2,60,1,'A','PITEIRA PREMIUM TT 2018 750ML',NULL,NULL,NULL,NULL,NULL,NULL,NULL,NULL,'N','N'),(1329,2,60,1,'A','CASTELO DE PIAS TT 2019 750ML',NULL,NULL,NULL,NULL,NULL,NULL,NULL,NULL,'N','N'),(1330,2,60,1,'A','ERRAZURIZ 1870 CHARDONNAY 750ML',NULL,NULL,NULL,NULL,NULL,NULL,NULL,NULL,'N','N'),(1331,2,60,1,'A','LEYDA ESTATE SAUV BLACK 750ML',NULL,NULL,NULL,NULL,NULL,NULL,NULL,NULL,'N','N'),(1332,2,60,1,'A','MANCURA ETNIA SAUV BLANC 750ML',NULL,NULL,NULL,NULL,NULL,NULL,NULL,NULL,'N','N'),(1333,2,60,1,'A','TERRAPURA CLASSICO CHARDDONNAY 750ML',NULL,NULL,NULL,NULL,NULL,NULL,NULL,NULL,'N','N'),(1334,2,60,1,'A','TERRAPURA RESERVA SAUV BLANC 750ML',NULL,NULL,NULL,NULL,NULL,NULL,NULL,NULL,'N','N'),(1335,2,60,1,'A','VISTAMAR BRISA CHARDONNAY 187ML',NULL,NULL,NULL,NULL,NULL,NULL,NULL,NULL,'N','N'),(1336,2,60,1,'A','CIRCOS MALBEC 750ML',NULL,NULL,NULL,NULL,NULL,NULL,NULL,NULL,'N','N'),(1337,2,60,1,'A','COBOS FELINO CAB SAUV 750ML',NULL,NULL,NULL,NULL,NULL,NULL,NULL,NULL,'N','N'),(1338,2,60,1,'A','COBOS FELINO MALBEC 750ML',NULL,NULL,NULL,NULL,NULL,NULL,NULL,NULL,'N','N'),(1339,2,60,1,'A','ERRAZURIZ 1870 CARMENERE 750ML',NULL,NULL,NULL,NULL,NULL,NULL,NULL,NULL,'N','N'),(1340,2,60,1,'A','ERRAZURIZ ESTATE SERIES RES CAB SAUV 750ML',NULL,NULL,NULL,NULL,NULL,NULL,NULL,NULL,'N','N'),(1341,2,60,1,'A','ESCORIHUELA FAMILIA GASCOM MALBEC 750ML',NULL,NULL,NULL,NULL,NULL,NULL,NULL,NULL,'N','N'),(1342,2,60,1,'A','LA FLOR DE ALGIREN TEMPRANILLO 750ML',NULL,NULL,NULL,NULL,NULL,NULL,NULL,NULL,'N','N'),(1343,2,60,1,'A','LEYDA ESTATE CAB SAUV 750ML',NULL,NULL,NULL,NULL,NULL,NULL,NULL,NULL,'N','N'),(1344,2,60,1,'A','MANCURA ETNIA CAB SAUV 750ML',NULL,NULL,NULL,NULL,NULL,NULL,NULL,NULL,'N','N'),(1345,2,60,1,'A','MANCURA ETNIA MERLOT 750ML',NULL,NULL,NULL,NULL,NULL,NULL,NULL,NULL,'N','N'),(1346,2,60,1,'A','MIOLO SINGLE VINEYARDS PINOT NOIR 750ML',NULL,NULL,NULL,NULL,NULL,NULL,NULL,NULL,'N','N'),(1347,2,60,1,'A','PALAGETTO CHIANTI SENESI DOCG 750ML',NULL,NULL,NULL,NULL,NULL,NULL,NULL,NULL,'N','N'),(1348,2,60,1,'A','PULENTA FINCA LA ZULEMA MALBEC 2019 750ML',NULL,NULL,NULL,NULL,NULL,NULL,NULL,NULL,'N','N'),(1349,2,60,1,'A','SAN MARZANO COLECCIONES CINQUANTA 750ML',NULL,NULL,NULL,NULL,NULL,NULL,NULL,NULL,'N','N'),(1350,2,60,1,'A','ESCORIHUELA FAMILIA GASCON ROSE 750ML',NULL,NULL,NULL,NULL,NULL,NULL,NULL,NULL,'N','N'),(1351,2,60,1,'A','COBOS FELINO CHARDONAY 750ML',NULL,NULL,NULL,NULL,NULL,NULL,NULL,NULL,'N','N'),(1352,2,60,1,'A','ESCORRIUELA PEQ PROD. MALBEC 750ML',NULL,NULL,NULL,NULL,NULL,NULL,NULL,NULL,'N','N'),(1353,2,60,1,'A','MANCURA ETNIA CAB. SAUVIGNON 187',NULL,NULL,NULL,NULL,NULL,NULL,NULL,NULL,'N','N'),(1354,2,60,1,'A','MILUNA PUGLIA ROSSO 750ML',NULL,NULL,NULL,NULL,NULL,NULL,NULL,NULL,'N','N'),(1355,2,60,1,'A','TERRAPURA RESERVA CARMENERE 750',NULL,NULL,NULL,NULL,NULL,NULL,NULL,NULL,'N','N'),(1356,2,60,1,'A','VINHO DO PORTO 10 ANOS',NULL,NULL,NULL,NULL,NULL,NULL,NULL,NULL,'N','N'),(1357,2,60,1,'A','CIRCUS SAUVIGNON BLANC 750ML',NULL,NULL,NULL,NULL,NULL,NULL,NULL,NULL,'N','N'),(1358,2,60,1,'A','VINHO UNDURRAGA U CAB SAUV 187ML',NULL,NULL,NULL,NULL,NULL,NULL,NULL,NULL,'N','N'),(1359,2,60,1,'A','VINHO QUINTA DO MORGADO',NULL,NULL,NULL,NULL,NULL,NULL,NULL,NULL,'N','N'),(1360,2,60,1,'A','VINHO CAVIC MALBEC',NULL,NULL,NULL,NULL,NULL,NULL,NULL,NULL,'N','N'),(1361,2,60,1,'A','VINHO BODEGA PRIVADA MALBEC',NULL,NULL,NULL,NULL,NULL,NULL,NULL,NULL,'N','N'),(1362,2,60,1,'A','VINHO ALMA TIERRA SYRAH',NULL,NULL,NULL,NULL,NULL,NULL,NULL,NULL,'N','N'),(1363,1,60,1,'A','PULENTA ESTATE CAB SAUV 750ML',NULL,NULL,NULL,NULL,NULL,NULL,NULL,NULL,'N','N'),(1364,1,60,1,'A','PULENTA ESTATE MALBEC 750ML',NULL,NULL,NULL,NULL,NULL,NULL,NULL,NULL,'N','N'),(1365,1,60,1,'A','VINHO EXCELSO SUPERIOR SYRAH 750ML',NULL,NULL,NULL,NULL,NULL,NULL,NULL,NULL,'N','N'),(1366,1,60,1,'A','VINHO INDOMITA VARIETAL CAB SAUV 375ML',NULL,NULL,NULL,NULL,NULL,NULL,NULL,NULL,'N','N'),(1367,1,60,1,'A','VINHO INDOMITA VARIETAL CARMENERE 375ML',NULL,NULL,NULL,NULL,NULL,NULL,NULL,NULL,'N','N'),(1368,1,60,1,'A','VINHO EXCELSO SUPERIOR CARMENERE',NULL,NULL,NULL,NULL,NULL,NULL,NULL,NULL,'N','N'),(1369,1,60,1,'A','VINHO MG TRES',NULL,NULL,NULL,NULL,NULL,NULL,NULL,NULL,'N','N'),(1370,1,60,1,'A','VH MORANDE SELEC PARCELAS CHARDONAY 187',NULL,NULL,NULL,NULL,NULL,NULL,NULL,NULL,'N','N'),(1371,1,60,1,'A','VINHO MORANDE SELEC PARCELAS CARMENE 187',NULL,NULL,NULL,NULL,NULL,NULL,NULL,NULL,'N','N'),(1372,1,60,1,'A','LEYDA RESERVA CARMENERE',NULL,NULL,NULL,NULL,NULL,NULL,NULL,NULL,'N','N'),(1373,1,60,1,'A','VINHO ANCIANO CRIANZA TEMPRANILO',NULL,NULL,NULL,NULL,NULL,NULL,NULL,NULL,'N','N'),(1374,1,60,1,'A','VINHO PORCA DE MURCA  TT 375ML',NULL,NULL,NULL,NULL,NULL,NULL,NULL,NULL,'N','N'),(1375,5,60,1,'A','VINHO SCALLABIS TINTO BOX 5LTS',NULL,NULL,NULL,NULL,NULL,NULL,NULL,NULL,'N','N'),(1376,5,60,1,'A','VINHO SCALLABIS BRANCO BOX 5LTS',NULL,NULL,NULL,NULL,NULL,NULL,NULL,NULL,'N','N'),(1377,2,60,1,'A','VINHO PORCA DE MURCA TT',NULL,NULL,NULL,NULL,NULL,NULL,NULL,NULL,'N','N'),(1378,2,60,1,'A','VINHO ANCIANO 10 ANOS GRAN RESERVA',NULL,NULL,NULL,NULL,NULL,NULL,NULL,NULL,'N','N'),(1379,2,60,1,'A','VINHO ANCIANO 4 ANOS TEMPRANILO',NULL,NULL,NULL,NULL,NULL,NULL,NULL,NULL,'N','N'),(1380,2,60,1,'A','VINHO ANCIANO CLASSICO TEMPRANILO',NULL,NULL,NULL,NULL,NULL,NULL,NULL,NULL,'N','N'),(1381,2,60,1,'A','LA LINDA MALBEC',NULL,NULL,NULL,NULL,NULL,NULL,NULL,NULL,'N','N'),(1382,2,60,1,'A','VH MAURICIO LORCA GRAN MALBEC',NULL,NULL,NULL,NULL,NULL,NULL,NULL,NULL,'N','N'),(1383,2,60,1,'A','VH LORCA FANTASIA MALBEC',NULL,NULL,NULL,NULL,NULL,NULL,NULL,NULL,'N','N'),(1384,2,60,1,'A','LORCA FANTASIA MALBEC - 1500ML',NULL,NULL,NULL,NULL,NULL,NULL,NULL,NULL,'N','N'),(1385,2,60,1,'A','VH LORCA CHARDONNAY',NULL,NULL,NULL,NULL,NULL,NULL,NULL,NULL,'N','N'),(1386,2,60,1,'A','VH LORCA CAB SAUV',NULL,NULL,NULL,NULL,NULL,NULL,NULL,NULL,'N','N'),(1387,2,60,1,'A','VH LORCA MALBEC',NULL,NULL,NULL,NULL,NULL,NULL,NULL,NULL,'N','N'),(1388,2,60,1,'A','VH EI  MAITEN RES CARMENERE ',NULL,NULL,NULL,NULL,NULL,NULL,NULL,NULL,'N','N'),(1389,2,60,1,'A','VH EI MAITEN RES CAB SAUV',NULL,NULL,NULL,NULL,NULL,NULL,NULL,NULL,'N','N'),(1390,2,60,1,'A','VH EI MAITEN SUPERIOR CAB SAUV',NULL,NULL,NULL,NULL,NULL,NULL,NULL,NULL,'N','N'),(1391,2,60,1,'A','VH LE BOIS DE LA CAMBRE',NULL,NULL,NULL,NULL,NULL,NULL,NULL,NULL,'N','N'),(1392,2,60,1,'A','VH VILLA POGGIO SALVI BRUNELLO',NULL,NULL,NULL,NULL,NULL,NULL,NULL,NULL,'N','N'),(1393,2,60,1,'A','VH TAPADA REAL',NULL,NULL,NULL,NULL,NULL,NULL,NULL,NULL,'N','N'),(1394,2,60,1,'A','VH MORANDE SELEC PARCE CAB SAUV',NULL,NULL,NULL,NULL,NULL,NULL,NULL,NULL,'N','N'),(1395,2,60,1,'A','VH EL MAITEN CAB SAUV',NULL,NULL,NULL,NULL,NULL,NULL,NULL,NULL,'N','N'),(1396,2,60,1,'A','VINHO PIONEIRO RES CAB SAUV 187ML',NULL,NULL,NULL,NULL,NULL,NULL,NULL,NULL,'N','N'),(1397,2,60,1,'A','VINHO SOLDADO TINTO',NULL,NULL,NULL,NULL,NULL,NULL,NULL,NULL,'N','N'),(1398,2,60,1,'A','VINHO SOLDADO BRANCO',NULL,NULL,NULL,NULL,NULL,NULL,NULL,NULL,'N','N'),(1399,2,60,1,'A','VINHO MONTE DO ESTEVALINHO 21 ',NULL,NULL,NULL,NULL,NULL,NULL,NULL,NULL,'N','N'),(1400,2,60,1,'A','VINHO PIONEIRO RES SAUV BLANC 187ML',NULL,NULL,NULL,NULL,NULL,NULL,NULL,NULL,'N','N'),(1401,2,60,1,'A','VINHO EXCELSO SUPERIOR CHARDONNAY',NULL,NULL,NULL,NULL,NULL,NULL,NULL,NULL,'N','N'),(1402,2,60,1,'A','VINHO EXCELSO SUPERIOR CAMEN  375',NULL,NULL,NULL,NULL,NULL,NULL,NULL,NULL,'N','N'),(1403,2,60,1,'A','VINHO EXCELSO SUPERIOR ROSE MERLOT',NULL,NULL,NULL,NULL,NULL,NULL,NULL,NULL,'N','N'),(1404,2,60,1,'A','VINHO EXCELSO SUPERIOR CHARDONAY 375',NULL,NULL,NULL,NULL,NULL,NULL,NULL,NULL,'N','N'),(1405,2,60,1,'A','VINHO EXCELSO SUPERIOR CAB SAUVG 375',NULL,NULL,NULL,NULL,NULL,NULL,NULL,NULL,'N','N'),(1406,2,61,1,'A','VINHO BACALHOAJP AZEITÃO TTO 250 ML ',NULL,NULL,NULL,NULL,NULL,NULL,NULL,NULL,'N','N'),(1407,2,61,1,'A','VINHO CARLOTA JOAQUINA TTO  750 ML',NULL,NULL,NULL,NULL,NULL,NULL,NULL,NULL,'N','N'),(1408,2,61,1,'A','SINUELO  DE MESA',NULL,NULL,NULL,NULL,NULL,NULL,NULL,NULL,'N','N'),(1409,2,61,1,'A','V.MIOLO RESERVA MERLOT',NULL,NULL,NULL,NULL,NULL,NULL,NULL,NULL,'N','N'),(1410,2,61,1,'A','V. BOTTIC RUBY CARBER',NULL,NULL,NULL,NULL,NULL,NULL,NULL,NULL,'N','N'),(1411,2,61,1,'A','V.QUINTA MARG TT SEC',NULL,NULL,NULL,NULL,NULL,NULL,NULL,NULL,'N','N'),(1412,2,61,1,'A','V.BOTTICELI BRC SEC',NULL,NULL,NULL,NULL,NULL,NULL,NULL,NULL,'N','N'),(1413,2,61,1,'A','V.QUINTA/MORG T SUA',NULL,NULL,NULL,NULL,NULL,NULL,NULL,NULL,'N','N'),(1414,2,61,1,'A','V. NATURELLI BRANCO SUAVE',NULL,NULL,NULL,NULL,NULL,NULL,NULL,NULL,'N','N'),(1415,2,61,1,'A','V.BOTTICELLI BRC SUA',NULL,NULL,NULL,NULL,NULL,NULL,NULL,NULL,'N','N'),(1416,2,61,1,'A','V. CASA VALDUGA CABERNET. SAUV',NULL,NULL,NULL,NULL,NULL,NULL,NULL,NULL,'N','N'),(1417,2,61,1,'A','V. RIO SOL C.S SYRAH',NULL,NULL,NULL,NULL,NULL,NULL,NULL,NULL,'N','N'),(1418,2,61,1,'A','V.MIOLO RESERVA C.S',NULL,NULL,NULL,NULL,NULL,NULL,NULL,NULL,'N','N'),(1419,2,61,1,'A','V.MIOLO SELECAO BB 1/2',NULL,NULL,NULL,NULL,NULL,NULL,NULL,NULL,'N','N'),(1420,2,61,1,'A','VINHO NATURELLE BRANCO 750ML',NULL,NULL,NULL,NULL,NULL,NULL,NULL,NULL,'N','N'),(1421,2,61,1,'A','VINHO NATURELLE TINTO 750ML',NULL,NULL,NULL,NULL,NULL,NULL,NULL,NULL,'N','N'),(1422,2,63,1,'A','ESPUMANTE CHANDOM BR',NULL,NULL,NULL,NULL,NULL,NULL,NULL,NULL,'N','N'),(1423,2,63,1,'A','ESPUMANTE RIO SOL BRUT',NULL,NULL,NULL,NULL,NULL,NULL,NULL,NULL,'N','N'),(1424,2,63,1,'A','ESPUM.BRUT F.FOINARI',NULL,NULL,NULL,NULL,NULL,NULL,NULL,NULL,'N','N'),(1425,2,63,1,'A','ESPUMANT BOTTIT ASTI',NULL,NULL,NULL,NULL,NULL,NULL,NULL,NULL,'N','N'),(1426,2,63,1,'A','ESPUMANTE GARIBALDE/CONDE',NULL,NULL,NULL,NULL,NULL,NULL,NULL,NULL,'N','N'),(1427,2,63,1,'A','ESPUMANTE QUINTA DO BONIFACIO',NULL,NULL,NULL,NULL,NULL,NULL,NULL,NULL,'N','N'),(1428,2,62,1,'A','ESPUMANTE NOCTURN ROSE',NULL,NULL,NULL,NULL,NULL,NULL,NULL,NULL,'N','N'),(1429,2,62,1,'A','CHAMPAGNE GOSSET BRUT',NULL,NULL,NULL,NULL,NULL,NULL,NULL,NULL,'N','N'),(1430,2,62,1,'A','ESPUMANT NOCTURNO BRUT',NULL,NULL,NULL,NULL,NULL,NULL,NULL,NULL,'N','N'),(1431,2,62,1,'A','ESPUMANT BOTTEGA ROSE',NULL,NULL,NULL,NULL,NULL,NULL,NULL,NULL,'N','N'),(1432,2,62,1,'A','CHAMPAGNE GOSSET BRU EXCELLENCE',NULL,NULL,NULL,NULL,NULL,NULL,NULL,NULL,'N','N'),(1433,2,62,1,'A','CHAMPAGNE MOET CHANDON BRUT',NULL,NULL,NULL,NULL,NULL,NULL,NULL,NULL,'N','N'),(1434,2,62,1,'A',' ESPUMANTE RIO SOL  ROS?',NULL,NULL,NULL,NULL,NULL,NULL,NULL,NULL,'N','N'),(1435,2,62,1,'A','ESPUMANTE NOCTURNO BRUT 2019 750ML',NULL,NULL,NULL,NULL,NULL,NULL,NULL,NULL,'N','N'),(1436,2,62,1,'A','ESPUMANTE NOCTURNO DEMI SEC',NULL,NULL,NULL,NULL,NULL,NULL,NULL,NULL,'N','N'),(1437,2,62,1,'A','VEUVE CLICQUOT BRUT',NULL,NULL,NULL,NULL,NULL,NULL,NULL,NULL,'N','N'),(1438,2,62,1,'A','ESPUMANTE MIONETTO ROSE',NULL,NULL,NULL,NULL,NULL,NULL,NULL,NULL,'N','N'),(1439,14,55,1,'A','OVOMALTINE',NULL,NULL,NULL,NULL,NULL,NULL,NULL,NULL,'N','N'),(1440,1,55,1,'A','OURO BRANCO ',NULL,NULL,NULL,NULL,NULL,NULL,NULL,NULL,'N','N'),(1441,1,55,1,'A','PETIT GATEAU CHOCOLATE 100 GR',NULL,NULL,NULL,NULL,NULL,NULL,NULL,NULL,'N','N'),(1442,1,55,1,'A','PETIT GATEAU DOCE DE LEITE 80 GR',NULL,NULL,NULL,NULL,NULL,NULL,NULL,NULL,'N','N'),(1443,14,55,1,'A','ACUCAR COLORIDO',NULL,NULL,NULL,NULL,NULL,NULL,NULL,NULL,'N','N'),(1444,1,55,1,'A','FINI 500 GR',NULL,NULL,NULL,NULL,NULL,NULL,NULL,NULL,'N','N'),(1445,1,55,1,'A','GELATINA DIVERSAS',NULL,NULL,NULL,NULL,NULL,NULL,NULL,NULL,'N','N'),(1446,14,55,1,'A','CHANTLINHO EM PÓ',NULL,NULL,NULL,NULL,NULL,NULL,NULL,NULL,'N','N'),(1447,14,55,1,'A','MISTURA P/ BROWNIE 5KG',NULL,NULL,NULL,NULL,NULL,NULL,NULL,NULL,'N','N'),(1448,14,55,1,'A','MANTEIGA S/ SAL',NULL,NULL,NULL,NULL,NULL,NULL,NULL,NULL,'N','N'),(1449,15,55,1,'A','MIX FRUTAS VERMELHAS',NULL,NULL,NULL,NULL,NULL,NULL,NULL,NULL,'N','N'),(1450,14,55,1,'A','Doce de leite moça',NULL,NULL,NULL,NULL,NULL,NULL,NULL,NULL,'N','N'),(1451,14,55,1,'A','CHOCOLATE AO LEITE HIDROGENADO',NULL,NULL,NULL,NULL,NULL,NULL,NULL,NULL,'N','N'),(1452,1,55,1,'A','LICHIA EM CALDAS',NULL,NULL,NULL,NULL,NULL,NULL,NULL,NULL,'N','N'),(1453,4,55,1,'A','ABACAXI EM CONSERVA 400G',NULL,NULL,NULL,NULL,NULL,NULL,NULL,NULL,'N','N'),(1454,1,55,1,'A','LEITE CONDENSADO 395g',NULL,NULL,NULL,NULL,NULL,NULL,NULL,NULL,'N','N'),(1455,14,55,1,'A','CHOCOLAT.MEIO AMARGO',NULL,NULL,NULL,NULL,NULL,NULL,NULL,NULL,'N','N'),(1456,14,55,1,'A','COCO RALADO',NULL,NULL,NULL,NULL,NULL,NULL,NULL,NULL,'N','N'),(1457,14,55,1,'A','GELATINA SEM SABOR',NULL,NULL,NULL,NULL,NULL,NULL,NULL,NULL,'N','N'),(1458,4,55,1,'A','LEITE CONDENSADO',NULL,NULL,NULL,NULL,NULL,NULL,NULL,NULL,'N','N'),(1459,14,55,1,'A','NESCAU',NULL,NULL,NULL,NULL,NULL,NULL,NULL,NULL,'N','N'),(1460,1,55,1,'A','SONHO DE VALSA',NULL,NULL,NULL,NULL,NULL,NULL,NULL,NULL,'N','N'),(1461,14,55,1,'A','AÇUCAR CONF. GLACUCAR',NULL,NULL,NULL,NULL,NULL,NULL,NULL,NULL,'N','N'),(1462,1,55,1,'A','CALDA DE SORVETE',NULL,NULL,NULL,NULL,NULL,NULL,NULL,NULL,'N','N'),(1463,15,55,1,'A','CHOC BOLL',NULL,NULL,NULL,NULL,NULL,NULL,NULL,NULL,'N','N'),(1464,1,55,1,'A','CORANTE P/ ALIMENTOS',NULL,NULL,NULL,NULL,NULL,NULL,NULL,NULL,'N','N'),(1465,14,55,1,'A','ADOÇANTE EM PÓ DIET',NULL,NULL,NULL,NULL,NULL,NULL,NULL,NULL,'N','N'),(1466,18,55,1,'A','COBERTURA DE CHOCOLATE',NULL,NULL,NULL,NULL,NULL,NULL,NULL,NULL,'N','N'),(1467,14,55,1,'A','UVA PASSA',NULL,NULL,NULL,NULL,NULL,NULL,NULL,NULL,'N','N'),(1468,14,55,1,'A','FRUTAS CRISTALIZADAS',NULL,NULL,NULL,NULL,NULL,NULL,NULL,NULL,'N','N'),(1469,5,55,1,'A','LEITE MOÇA LATÃO',NULL,NULL,NULL,NULL,NULL,NULL,NULL,NULL,'N','N'),(1470,4,55,1,'A','PESSEGO EM CALDA',NULL,NULL,NULL,NULL,NULL,NULL,NULL,NULL,'N','N'),(1471,14,55,1,'A','AÇUCAR REFINADO',NULL,NULL,NULL,NULL,NULL,NULL,NULL,NULL,'N','N'),(1472,15,55,1,'A','BISCOITO MARIA',NULL,NULL,NULL,NULL,NULL,NULL,NULL,NULL,'N','N'),(1473,14,55,1,'A','CASTANHA XEREM ',NULL,NULL,NULL,NULL,NULL,NULL,NULL,NULL,'N','N'),(1474,14,55,1,'A','CHOCOLATE AO LEITE',NULL,NULL,NULL,NULL,NULL,NULL,NULL,NULL,'N','N'),(1475,4,55,1,'A','COBERTURA NESTLÉ',NULL,NULL,NULL,NULL,NULL,NULL,NULL,NULL,'N','N'),(1476,14,55,1,'A','CHOCOLATE CACAU EM PÓ',NULL,NULL,NULL,NULL,NULL,NULL,NULL,NULL,'N','N'),(1477,22,55,1,'A','DOCES CASEIROS DIVERSOS',NULL,NULL,NULL,NULL,NULL,NULL,NULL,NULL,'N','N'),(1478,14,55,1,'A','CHOCOLATE GRANULADO COLORIDO 500G',NULL,NULL,NULL,NULL,NULL,NULL,NULL,NULL,'N','N'),(1479,14,55,1,'A','MANTEIGA S/ SAL',NULL,NULL,NULL,NULL,NULL,NULL,NULL,NULL,'N','N'),(1480,1,55,1,'A','BOLO CASEIRO',NULL,NULL,NULL,NULL,NULL,NULL,NULL,NULL,'N','N'),(1481,14,55,1,'A','COCO EM FLOCOS',NULL,NULL,NULL,NULL,NULL,NULL,NULL,NULL,'N','N'),(1482,1,55,1,'A','SONHO DE VALSA',NULL,NULL,NULL,NULL,NULL,NULL,NULL,NULL,'N','N'),(1483,2,55,1,'A','RECHEIO NESTLE',NULL,NULL,NULL,NULL,NULL,NULL,NULL,NULL,'N','N'),(1484,14,55,1,'A','AMEIXA SEM CAROÇO',NULL,NULL,NULL,NULL,NULL,NULL,NULL,NULL,'N','N'),(1485,14,55,1,'A','FIGO EM CALDAS',NULL,NULL,NULL,NULL,NULL,NULL,NULL,NULL,'N','N'),(1486,14,55,1,'A','CREME CONFEITEIRO',NULL,NULL,NULL,NULL,NULL,NULL,NULL,NULL,'N','N'),(1487,15,55,1,'A','GELATINA',NULL,NULL,NULL,NULL,NULL,NULL,NULL,NULL,'N','N'),(1488,18,55,1,'A','COBERTURA MORANGO',NULL,NULL,NULL,NULL,NULL,NULL,NULL,NULL,'N','N'),(1489,14,55,1,'A','CASTANHA INTEIRA',NULL,NULL,NULL,NULL,NULL,NULL,NULL,NULL,'N','N'),(1490,14,55,1,'A','CHOCOLATE BRANCO',NULL,NULL,NULL,NULL,NULL,NULL,NULL,NULL,'N','N'),(1491,14,55,1,'A','CEREJA',NULL,NULL,NULL,NULL,NULL,NULL,NULL,NULL,'N','N'),(1492,2,55,1,'A','ESSENCIA DE BAUNILHA',NULL,NULL,NULL,NULL,NULL,NULL,NULL,NULL,'N','N'),(1493,14,55,1,'A','AMEIXA C/ CAROÇO',NULL,NULL,NULL,NULL,NULL,NULL,NULL,NULL,'N','N'),(1494,18,55,1,'A','GELEIA DE BRILHO',NULL,NULL,NULL,NULL,NULL,NULL,NULL,NULL,'N','N'),(1495,14,55,1,'A','NOZES',NULL,NULL,NULL,NULL,NULL,NULL,NULL,NULL,'N','N'),(1496,1,55,1,'A','COBERTURA BLEND DE MORANGO E AMORA 1,4 KG',NULL,NULL,NULL,NULL,NULL,NULL,NULL,NULL,'N','N'),(1497,1,55,1,'A','BISCOITO RECHEADO',NULL,NULL,NULL,NULL,NULL,NULL,NULL,NULL,'N','N'),(1498,14,55,1,'A','LEITE CONDENSADO BAG 2.5KG',NULL,NULL,NULL,NULL,NULL,NULL,NULL,NULL,'N','N'),(1499,14,55,1,'A','LEITE CONDENSADO 5KG',NULL,NULL,NULL,NULL,NULL,NULL,NULL,NULL,'N','N'),(1500,14,55,1,'A','DOCE DE LEITE 4.8KG',NULL,NULL,NULL,NULL,NULL,NULL,NULL,NULL,'N','N'),(1501,1,55,1,'A','BOLO BROWNIE ',NULL,NULL,NULL,NULL,NULL,NULL,NULL,NULL,'N','N'),(1502,1,55,1,'A','CHANTILLY CHOCOLATE',NULL,NULL,NULL,NULL,NULL,NULL,NULL,NULL,'N','N'),(1503,1,55,1,'A','CREME DE AVELÃ ',NULL,NULL,NULL,NULL,NULL,NULL,NULL,NULL,'N','N'),(1504,14,55,1,'A','PAÇOCA ',NULL,NULL,NULL,NULL,NULL,NULL,NULL,NULL,'N','N'),(1505,1,55,1,'A','BASE PARA SOBREMESA',NULL,NULL,NULL,NULL,NULL,NULL,NULL,NULL,'N','N'),(1506,14,55,1,'A','TAMARA',NULL,NULL,NULL,NULL,NULL,NULL,NULL,NULL,'N','N'),(1507,1,55,1,'A','MINI BROWNIE',NULL,NULL,NULL,NULL,NULL,NULL,NULL,NULL,'N','N'),(1508,1,55,1,'A','AÇAI NO POTE',NULL,NULL,NULL,NULL,NULL,NULL,NULL,NULL,'N','N'),(1509,14,55,1,'A','CHOCOLATE BLACK',NULL,NULL,NULL,NULL,NULL,NULL,NULL,NULL,'N','N'),(1510,14,55,1,'A','COBERTURA  MEIO AMARGO HIDROGENADO',NULL,NULL,NULL,NULL,NULL,NULL,NULL,NULL,'N','N'),(1511,1,55,1,'A','LEITE MOÇA RECHEIO CREMOSO',NULL,NULL,NULL,NULL,NULL,NULL,NULL,NULL,'N','N'),(1512,1,55,1,'A','ESSENCIA DE BAUNILHA',NULL,NULL,NULL,NULL,NULL,NULL,NULL,NULL,'N','N'),(1513,1,55,1,'A','KISUK DIVERSOS',NULL,NULL,NULL,NULL,NULL,NULL,NULL,NULL,'N','N'),(1514,14,55,1,'A','FRAMBOESA',NULL,NULL,NULL,NULL,NULL,NULL,NULL,NULL,'N','N'),(1515,14,55,1,'A','AMORA',NULL,NULL,NULL,NULL,NULL,NULL,NULL,NULL,'N','N'),(1516,14,55,1,'A','RECHEIO DIAMANTE NEGRO',NULL,NULL,NULL,NULL,NULL,NULL,NULL,NULL,'N','N'),(1517,1,55,1,'A','PUDIM CLASSICO',NULL,NULL,NULL,NULL,NULL,NULL,NULL,NULL,'N','N'),(1518,1,55,1,'A','CHOCOLATE GRANULE MELKEN',NULL,NULL,NULL,NULL,NULL,NULL,NULL,NULL,'N','N'),(1519,1,55,1,'A','CEREAL FLAKES',NULL,NULL,NULL,NULL,NULL,NULL,NULL,NULL,'N','N'),(1520,1,55,1,'A','PUDIM DIET',NULL,NULL,NULL,NULL,NULL,NULL,NULL,NULL,'N','N'),(1521,1,55,1,'A','PUDIM CLÁSSICO 1,1 KG',NULL,NULL,NULL,NULL,NULL,NULL,NULL,NULL,'N','N'),(1522,1,55,1,'A','AMEIXA EM CALDAS',NULL,NULL,NULL,NULL,NULL,NULL,NULL,NULL,'N','N'),(1523,1,55,1,'A','CHOCOLATE EM  GOTAS COBERTURA',NULL,NULL,NULL,NULL,NULL,NULL,NULL,NULL,'N','N'),(1524,1,55,1,'A','CHOCOLATE BLEND',NULL,NULL,NULL,NULL,NULL,NULL,NULL,NULL,'N','N'),(1525,1,55,1,'A','RECHEIO CHOCOLATE BRANCO',NULL,NULL,NULL,NULL,NULL,NULL,NULL,NULL,'N','N'),(1526,1,55,1,'A','RECHEIO MOÇA BRIGADEIRO ',NULL,NULL,NULL,NULL,NULL,NULL,NULL,NULL,'N','N'),(1527,1,55,1,'A','RECHEIO MOÇA CHOCOLATE ',NULL,NULL,NULL,NULL,NULL,NULL,NULL,NULL,'N','N'),(1528,1,55,1,'A','RECHEIO SABOR ALPINO',NULL,NULL,NULL,NULL,NULL,NULL,NULL,NULL,'N','N'),(1529,1,55,1,'A','EMULSIFICANTE',NULL,NULL,NULL,NULL,NULL,NULL,NULL,NULL,'N','N'),(1530,1,53,1,'A','SKITTLES ',NULL,NULL,NULL,NULL,NULL,NULL,NULL,NULL,'N','N'),(1531,1,53,1,'A','MENTOS PURE CAIXA MINI ',NULL,NULL,NULL,NULL,NULL,NULL,NULL,NULL,'N','N'),(1532,1,53,1,'A','BALA GOLD MORANGO',NULL,NULL,NULL,NULL,NULL,NULL,NULL,NULL,'N','N'),(1533,1,53,1,'A','BALA GOLD MISTA',NULL,NULL,NULL,NULL,NULL,NULL,NULL,NULL,'N','N'),(1534,1,53,1,'A','CHOCOLATE IOIO MIX',NULL,NULL,NULL,NULL,NULL,NULL,NULL,NULL,'N','N'),(1535,1,53,1,'A','KINDER  JOY',NULL,NULL,NULL,NULL,NULL,NULL,NULL,NULL,'N','N'),(1536,1,53,1,'A','OVO SURPRESA ',NULL,NULL,NULL,NULL,NULL,NULL,NULL,NULL,'N','N'),(1537,1,53,1,'A','MINI PASTILHAS TIC TAC',NULL,NULL,NULL,NULL,NULL,NULL,NULL,NULL,'N','N'),(1538,1,53,1,'A','OVO PICA PAU',NULL,NULL,NULL,NULL,NULL,NULL,NULL,NULL,'N','N'),(1539,1,53,1,'A','FINI TUBES 80 GR',NULL,NULL,NULL,NULL,NULL,NULL,NULL,NULL,'N','N'),(1540,1,53,1,'A','FINI PEQUENO  17 GR ',NULL,NULL,NULL,NULL,NULL,NULL,NULL,NULL,'N','N'),(1541,1,53,1,'A','FINI TROLLS',NULL,NULL,NULL,NULL,NULL,NULL,NULL,NULL,'N','N'),(1542,1,53,1,'A','PIRULITO FLESH POP',NULL,NULL,NULL,NULL,NULL,NULL,NULL,NULL,'N','N'),(1543,1,53,1,'A','FINI MINE',NULL,NULL,NULL,NULL,NULL,NULL,NULL,NULL,'N','N'),(1544,1,53,1,'A','PIROLITO LOLLIPOPS',NULL,NULL,NULL,NULL,NULL,NULL,NULL,NULL,'N','N'),(1545,1,53,1,'A','FINI  100 GR (BANANA,DENTADURA E BEIJO )',NULL,NULL,NULL,NULL,NULL,NULL,NULL,NULL,'N','N'),(1546,1,53,1,'A','MENTOS STCK  MINT PASTILHA P',NULL,NULL,NULL,NULL,NULL,NULL,NULL,NULL,'N','N'),(1547,1,53,1,'A','MENTOS SLIM BOX  SABORES',NULL,NULL,NULL,NULL,NULL,NULL,NULL,NULL,'N','N'),(1548,1,53,1,'A','MENTOS FRUITTELA ZERO',NULL,NULL,NULL,NULL,NULL,NULL,NULL,NULL,'N','N'),(1549,1,53,1,'A','MENTOS PURE (TRIDENT)',NULL,NULL,NULL,NULL,NULL,NULL,NULL,NULL,'N','N'),(1550,1,53,1,'A','DOCES VIEIRA PE MOÇA',NULL,NULL,NULL,NULL,NULL,NULL,NULL,NULL,'N','N'),(1551,1,53,1,'A','PIROLITO PUSH POP SLIDERZ',NULL,NULL,NULL,NULL,NULL,NULL,NULL,NULL,'N','N'),(1552,1,53,1,'A','PIROLITO PUSH POP XTREME',NULL,NULL,NULL,NULL,NULL,NULL,NULL,NULL,'N','N'),(1553,1,53,1,'A','GOSMECA',NULL,NULL,NULL,NULL,NULL,NULL,NULL,NULL,'N','N'),(1554,1,53,1,'A','GIRO PEPPA PIG',NULL,NULL,NULL,NULL,NULL,NULL,NULL,NULL,'N','N'),(1555,1,53,1,'A','SURPRESA CABEÇA PATRULHA CANINA',NULL,NULL,NULL,NULL,NULL,NULL,NULL,NULL,'N','N'),(1556,1,53,1,'A','CHOC OVO BOB OU SHIMMER',NULL,NULL,NULL,NULL,NULL,NULL,NULL,NULL,'N','N'),(1557,1,53,1,'A','PIROLITO BABY POP',NULL,NULL,NULL,NULL,NULL,NULL,NULL,NULL,'N','N'),(1558,1,53,1,'A','PIROLITO PUSH POP TORRE',NULL,NULL,NULL,NULL,NULL,NULL,NULL,NULL,'N','N'),(1559,1,53,1,'A','CHICLETS FUNDIPPERZ',NULL,NULL,NULL,NULL,NULL,NULL,NULL,NULL,'N','N'),(1560,1,53,1,'A','PIROLITO PUSH POP MEGA',NULL,NULL,NULL,NULL,NULL,NULL,NULL,NULL,'N','N'),(1561,1,53,1,'A','SURPRESA CABEÇA  PEPPA PIG',NULL,NULL,NULL,NULL,NULL,NULL,NULL,NULL,'N','N'),(1562,1,53,1,'A','PIROLITO ANEL PATRULHA CANINA',NULL,NULL,NULL,NULL,NULL,NULL,NULL,NULL,'N','N'),(1563,1,53,1,'A','PASTILHA KAKO LOKO',NULL,NULL,NULL,NULL,NULL,NULL,NULL,NULL,'N','N'),(1564,1,53,1,'A','CHICLETEFRITAS',NULL,NULL,NULL,NULL,NULL,NULL,NULL,NULL,'N','N'),(1565,1,53,1,'A','PIROLITO RING POP ',NULL,NULL,NULL,NULL,NULL,NULL,NULL,NULL,'N','N'),(1566,14,53,1,'A','PIRULITO',NULL,NULL,NULL,NULL,NULL,NULL,NULL,NULL,'N','N'),(1567,1,53,1,'A','CARRO MOVEL SURPRESA ',NULL,NULL,NULL,NULL,NULL,NULL,NULL,NULL,'N','N'),(1568,1,53,1,'A','CABEÇA SURPRESA GALINHA PINTADINHA',NULL,NULL,NULL,NULL,NULL,NULL,NULL,NULL,'N','N'),(1569,1,53,1,'A','GOMA CHICLEFITA',NULL,NULL,NULL,NULL,NULL,NULL,NULL,NULL,'N','N'),(1570,1,53,1,'A','JUJUBA',NULL,NULL,NULL,NULL,NULL,NULL,NULL,NULL,'N','N'),(1571,1,53,1,'A','CHICLETE BIG GIRAFÃO 100 G',NULL,NULL,NULL,NULL,NULL,NULL,NULL,NULL,'N','N'),(1572,1,53,1,'A','BATATA ELMA CHIPS ORIGINAL',NULL,NULL,NULL,NULL,NULL,NULL,NULL,NULL,'N','N'),(1573,1,53,1,'A','PIULITO SUPRESA',NULL,NULL,NULL,NULL,NULL,NULL,NULL,NULL,'N','N'),(1574,1,53,1,'A','CHAVEIRO LOL',NULL,NULL,NULL,NULL,NULL,NULL,NULL,NULL,'N','N'),(1575,1,53,1,'A','PIRULITO  LUCAS NETO',NULL,NULL,NULL,NULL,NULL,NULL,NULL,NULL,'N','N'),(1576,1,53,1,'A','TRIDENT',NULL,NULL,NULL,NULL,NULL,NULL,NULL,NULL,'N','N'),(1577,1,53,1,'A','CHICLETES DIVERSOS',NULL,NULL,NULL,NULL,NULL,NULL,NULL,NULL,'N','N'),(1578,1,53,1,'A','HALL',NULL,NULL,NULL,NULL,NULL,NULL,NULL,NULL,'N','N'),(1579,1,53,1,'A','HALLS XS SUGAR FREE',NULL,NULL,NULL,NULL,NULL,NULL,NULL,NULL,'N','N'),(1580,1,53,1,'A','TRIDENT  18 S',NULL,NULL,NULL,NULL,NULL,NULL,NULL,NULL,'N','N'),(1581,1,53,1,'A','FRESHEN UP',NULL,NULL,NULL,NULL,NULL,NULL,NULL,NULL,'N','N'),(1582,1,53,1,'A','TRIDENT  XFRESH LIMÃO',NULL,NULL,NULL,NULL,NULL,NULL,NULL,NULL,'N','N'),(1583,1,53,1,'A','MENTOS PURE GARRAFA',NULL,NULL,NULL,NULL,NULL,NULL,NULL,NULL,'N','N'),(1584,1,53,1,'A','TRUFA CACAU 70 %',NULL,NULL,NULL,NULL,NULL,NULL,NULL,NULL,'N','N'),(1585,1,53,1,'A','TRIDENT GARRAFA MENTA  ',NULL,NULL,NULL,NULL,NULL,NULL,NULL,NULL,'N','N'),(1586,1,53,1,'A','TRIDENT GARRAFA HORTELA',NULL,NULL,NULL,NULL,NULL,NULL,NULL,NULL,'N','N'),(1587,1,53,1,'A','CLORETS CAIXINHA',NULL,NULL,NULL,NULL,NULL,NULL,NULL,NULL,'N','N'),(1588,1,53,1,'A','MENTOS MINT CHICLETS',NULL,NULL,NULL,NULL,NULL,NULL,NULL,NULL,'N','N'),(1589,1,53,1,'A','MENTOS KISS',NULL,NULL,NULL,NULL,NULL,NULL,NULL,NULL,'N','N'),(1590,1,53,1,'A','HALLS SOFT',NULL,NULL,NULL,NULL,NULL,NULL,NULL,NULL,'N','N'),(1591,1,53,1,'A','BALA DE CAFÉ',NULL,NULL,NULL,NULL,NULL,NULL,NULL,NULL,'N','N'),(1592,11,53,1,'A','BALA EMBARE',NULL,NULL,NULL,NULL,NULL,NULL,NULL,NULL,'N','N'),(1593,1,53,1,'A','TRIDENT GARRAFA MORANGO',NULL,NULL,NULL,NULL,NULL,NULL,NULL,NULL,'N','N'),(1594,1,53,1,'A','CHOCOLATE 5 STAR',NULL,NULL,NULL,NULL,NULL,NULL,NULL,NULL,'N','N'),(1595,1,53,1,'A','PUSH POP TORRE',NULL,NULL,NULL,NULL,NULL,NULL,NULL,NULL,'N','N'),(1596,1,53,1,'A','GOMA DORI TUBO',NULL,NULL,NULL,NULL,NULL,NULL,NULL,NULL,'N','N'),(1597,1,53,1,'A','FINI PASTILHA HORTELA',NULL,NULL,NULL,NULL,NULL,NULL,NULL,NULL,'N','N'),(1598,1,53,1,'A','PAÇOQUITA EMBALADA',NULL,NULL,NULL,NULL,NULL,NULL,NULL,NULL,'N','N'),(1599,1,53,1,'A','TRIDENT 18S',NULL,NULL,NULL,NULL,NULL,NULL,NULL,NULL,'N','N'),(1600,1,53,1,'A','MENTOS STIK GOMA',NULL,NULL,NULL,NULL,NULL,NULL,NULL,NULL,'N','N'),(1601,1,53,1,'A','CONFEITO APITO',NULL,NULL,NULL,NULL,NULL,NULL,NULL,NULL,'N','N'),(1602,1,53,1,'A','FINI TORCAO',NULL,NULL,NULL,NULL,NULL,NULL,NULL,NULL,'N','N'),(1603,1,53,1,'A','PASTILHA OVO FACE LOL',NULL,NULL,NULL,NULL,NULL,NULL,NULL,NULL,'N','N'),(1604,1,53,1,'A','ZEN TOYS AVIAO MANIA',NULL,NULL,NULL,NULL,NULL,NULL,NULL,NULL,'N','N'),(1605,1,53,1,'A','ZEN TOYS POP GAME',NULL,NULL,NULL,NULL,NULL,NULL,NULL,NULL,'N','N'),(1606,1,53,1,'A','ZEN TOYS ROBO COM LUZ',NULL,NULL,NULL,NULL,NULL,NULL,NULL,NULL,'N','N'),(1607,1,53,1,'A','ZEN TOYS CELULAR POP',NULL,NULL,NULL,NULL,NULL,NULL,NULL,NULL,'N','N'),(1608,1,53,1,'A','ZEN HELICOP MANIA',NULL,NULL,NULL,NULL,NULL,NULL,NULL,NULL,'N','N'),(1609,1,53,1,'A','MENTOS PURE MONOPECA',NULL,NULL,NULL,NULL,NULL,NULL,NULL,NULL,'N','N'),(1610,1,53,1,'A','ZEN TOYS PULSEIRA',NULL,NULL,NULL,NULL,NULL,NULL,NULL,NULL,'N','N'),(1611,1,53,1,'A','FINI FLOR SMOOFR',NULL,NULL,NULL,NULL,NULL,NULL,NULL,NULL,'N','N'),(1612,1,53,1,'A','FINI MARSHIMELOW',NULL,NULL,NULL,NULL,NULL,NULL,NULL,NULL,'N','N'),(1613,1,53,1,'A','PIRULITO MINI PETZ',NULL,NULL,NULL,NULL,NULL,NULL,NULL,NULL,'N','N'),(1614,1,53,1,'A','MENTOS STICK TUTTI FRUTTI',NULL,NULL,NULL,NULL,NULL,NULL,NULL,NULL,'N','N'),(1615,1,53,1,'A','MENTOS CB PEPPERMINT',NULL,NULL,NULL,NULL,NULL,NULL,NULL,NULL,'N','N'),(1616,1,53,1,'A','MENTOS GARRAFA KISS LIMAO',NULL,NULL,NULL,NULL,NULL,NULL,NULL,NULL,'N','N'),(1617,1,53,1,'A','PIRULITO ZE MOLA',NULL,NULL,NULL,NULL,NULL,NULL,NULL,NULL,'N','N'),(1618,1,53,1,'A','MENTOS COOL WHITE 3+',NULL,NULL,NULL,NULL,NULL,NULL,NULL,NULL,'N','N'),(1619,1,53,1,'A','TRIDENT X SENSES',NULL,NULL,NULL,NULL,NULL,NULL,NULL,NULL,'N','N'),(1620,1,53,1,'A','MENTOS FRUTELA LIMAO',NULL,NULL,NULL,NULL,NULL,NULL,NULL,NULL,'N','N'),(1621,1,53,1,'A','PIRULITO CHUPA CHUPS',NULL,NULL,NULL,NULL,NULL,NULL,NULL,NULL,'N','N'),(1622,1,53,1,'A','ZEN TOYS SKATE MANIA ',NULL,NULL,NULL,NULL,NULL,NULL,NULL,NULL,'N','N'),(1623,1,53,1,'A','ZEN TOYS  LANCA HELICE',NULL,NULL,NULL,NULL,NULL,NULL,NULL,NULL,'N','N'),(1624,1,53,1,'A','FINI MARSHBOO HALOWIM',NULL,NULL,NULL,NULL,NULL,NULL,NULL,NULL,'N','N'),(1625,1,53,1,'A','BRINQUEDOS DIVERSOS',NULL,NULL,NULL,NULL,NULL,NULL,NULL,NULL,'N','N'),(1626,1,53,1,'A','ZEN TOYS BIG BOCA',NULL,NULL,NULL,NULL,NULL,NULL,NULL,NULL,'N','N'),(1627,1,53,1,'A','ZEN TOYS STILEKA CAIXINHA',NULL,NULL,NULL,NULL,NULL,NULL,NULL,NULL,'N','N'),(1628,1,53,1,'A','ZEN TOYS MOTO APITO',NULL,NULL,NULL,NULL,NULL,NULL,NULL,NULL,'N','N'),(1629,1,53,1,'A','ZEM TOYS LANCA DISCO',NULL,NULL,NULL,NULL,NULL,NULL,NULL,NULL,'N','N'),(1630,1,53,1,'A','ZEN TOYS OVO UNICORNIO',NULL,NULL,NULL,NULL,NULL,NULL,NULL,NULL,'N','N'),(1631,1,53,1,'A','MENTOS SLIM BOX',NULL,NULL,NULL,NULL,NULL,NULL,NULL,NULL,'N','N'),(1632,1,53,1,'A','CARAMELO MEIO/MEIO',NULL,NULL,NULL,NULL,NULL,NULL,NULL,NULL,'N','N'),(1633,1,53,1,'A','DATE UP TUTTI-FRUTTI',NULL,NULL,NULL,NULL,NULL,NULL,NULL,NULL,'N','N'),(1634,1,53,1,'A','PIRULITO MINI CATZ',NULL,NULL,NULL,NULL,NULL,NULL,NULL,NULL,'N','N'),(1635,1,53,1,'A','CHURRITOS VIEIRA',NULL,NULL,NULL,NULL,NULL,NULL,NULL,NULL,'N','N'),(1636,1,53,1,'A','DROPS ICE KISS TENTAÇAO',NULL,NULL,NULL,NULL,NULL,NULL,NULL,NULL,'N','N'),(1637,1,53,1,'A','BALA TOFFE',NULL,NULL,NULL,NULL,NULL,NULL,NULL,NULL,'N','N'),(1638,1,53,1,'A','FINI SALADA DE FRUTAS',NULL,NULL,NULL,NULL,NULL,NULL,NULL,NULL,'N','N'),(1639,1,53,1,'A','ZEN TOYS PATO DE FONE',NULL,NULL,NULL,NULL,NULL,NULL,NULL,NULL,'N','N'),(1640,1,53,1,'A','ZEN TOYS PEGA JACARE',NULL,NULL,NULL,NULL,NULL,NULL,NULL,NULL,'N','N'),(1641,1,53,1,'A','CREME SURPRESA SONIC',NULL,NULL,NULL,NULL,NULL,NULL,NULL,NULL,'N','N'),(1642,1,53,1,'A','ZEN TOYS MINI PONEY',NULL,NULL,NULL,NULL,NULL,NULL,NULL,NULL,'N','N'),(1643,1,53,1,'A','PAÇOQUITA DROPS',NULL,NULL,NULL,NULL,NULL,NULL,NULL,NULL,'N','N'),(1644,1,53,1,'A','HOT WHEELS CREME',NULL,NULL,NULL,NULL,NULL,NULL,NULL,NULL,'N','N'),(1645,1,53,1,'A','ZEN TOYS POPLITO DINO ',NULL,NULL,NULL,NULL,NULL,NULL,NULL,NULL,'N','N'),(1646,1,53,1,'A','ZEN TOYS BRINCLETS PRINCES',NULL,NULL,NULL,NULL,NULL,NULL,NULL,NULL,'N','N'),(1647,1,53,1,'A','BALA DE CANELA',NULL,NULL,NULL,NULL,NULL,NULL,NULL,NULL,'N','N'),(1648,1,53,1,'A','FRUITTELA STICK MORANGO',NULL,NULL,NULL,NULL,NULL,NULL,NULL,NULL,'N','N'),(1649,1,53,1,'A','ZEN TOYS AMIGUINHOS',NULL,NULL,NULL,NULL,NULL,NULL,NULL,NULL,'N','N'),(1650,1,53,1,'A','ZEN TOYS OVO CARRINHOS ',NULL,NULL,NULL,NULL,NULL,NULL,NULL,NULL,'N','N'),(1651,1,53,1,'A','ZEN TOYS COSPE SLIME ',NULL,NULL,NULL,NULL,NULL,NULL,NULL,NULL,'N','N'),(1652,14,33,1,'A','FILE DE PEITO',NULL,NULL,NULL,NULL,NULL,NULL,NULL,NULL,'N','N'),(1653,14,33,1,'A','FRANGO CONGELADO',NULL,NULL,NULL,NULL,NULL,NULL,NULL,NULL,'N','N'),(1654,14,33,1,'A','COXA COM SOBRECOXA',NULL,NULL,NULL,NULL,NULL,NULL,NULL,NULL,'N','N'),(1655,14,33,1,'A','FIGADO DE GALINHA',NULL,NULL,NULL,NULL,NULL,NULL,NULL,NULL,'N','N'),(1656,14,33,1,'A','MOELA DE FRANGO',NULL,NULL,NULL,NULL,NULL,NULL,NULL,NULL,'N','N'),(1657,14,33,1,'A','FIGADO DE FRANGO',NULL,NULL,NULL,NULL,NULL,NULL,NULL,NULL,'N','N'),(1658,14,33,1,'A','Sangue de Galinha (cabidela)',NULL,NULL,NULL,NULL,NULL,NULL,NULL,NULL,'N','N'),(1659,14,33,1,'A','FRANGO DEFUMADO',NULL,NULL,NULL,NULL,NULL,NULL,NULL,NULL,'N','N'),(1660,14,33,1,'A','FILE EMPANADO DE FRANGO ',NULL,NULL,NULL,NULL,NULL,NULL,NULL,NULL,'N','N'),(1661,14,33,1,'A','PEITO DE FRANGO EMPANADO',NULL,NULL,NULL,NULL,NULL,NULL,NULL,NULL,'N','N'),(1662,14,33,1,'A','MEDALHÃO DE FRANGO',NULL,NULL,NULL,NULL,NULL,NULL,NULL,NULL,'N','N'),(1663,14,33,1,'A','PEITO DE FRANGO',NULL,NULL,NULL,NULL,NULL,NULL,NULL,NULL,'N','N'),(1664,14,33,1,'A','PERU',NULL,NULL,NULL,NULL,NULL,NULL,NULL,NULL,'N','N'),(1665,14,33,1,'A','CHESTER',NULL,NULL,NULL,NULL,NULL,NULL,NULL,NULL,'N','N'),(1666,14,33,1,'A','FILE DE COXA COM SOBRECOXA',NULL,NULL,NULL,NULL,NULL,NULL,NULL,NULL,'N','N'),(1667,14,33,1,'A','MOELA',NULL,NULL,NULL,NULL,NULL,NULL,NULL,NULL,'N','N'),(1668,14,33,1,'A','FILEZINHO DE SASSAME',NULL,NULL,NULL,NULL,NULL,NULL,NULL,NULL,'N','N'),(1669,1,41,1,'A','CIGARROS',NULL,NULL,NULL,NULL,NULL,NULL,NULL,NULL,'N','N'),(1670,4,58,1,'A','SUCO UVA LIGHT 330ML',NULL,NULL,NULL,NULL,NULL,NULL,NULL,NULL,'N','N'),(1671,4,58,1,'A','SUCO MAÇÃ 330ML',NULL,NULL,NULL,NULL,NULL,NULL,NULL,NULL,'N','N'),(1672,1,58,1,'A','SUCO DE UVA 2 TACA',NULL,NULL,NULL,NULL,NULL,NULL,NULL,NULL,'N','N'),(1673,1,58,1,'A','SUCO LIMONADA 330 ML',NULL,NULL,NULL,NULL,NULL,NULL,NULL,NULL,'N','N'),(1674,4,58,1,'A','CHA BRANCO HIBISCO 330ML',NULL,NULL,NULL,NULL,NULL,NULL,NULL,NULL,'N','N'),(1675,4,58,1,'A','SUCO PESSEGO LIGHT 330ML',NULL,NULL,NULL,NULL,NULL,NULL,NULL,NULL,'N','N'),(1676,4,58,1,'A','SUCO UVA 330ML',NULL,NULL,NULL,NULL,NULL,NULL,NULL,NULL,'N','N'),(1677,4,58,1,'A','SUCO DIVERSOS SABORES LATA',NULL,NULL,NULL,NULL,NULL,NULL,NULL,NULL,'N','N'),(1678,4,58,1,'A','SUCO LARANJA 330ML',NULL,NULL,NULL,NULL,NULL,NULL,NULL,NULL,'N','N'),(1679,4,58,1,'A','SUCO PESSEGO 330ML',NULL,NULL,NULL,NULL,NULL,NULL,NULL,NULL,'N','N'),(1680,4,58,1,'A','CHA BRANCO 330ML',NULL,NULL,NULL,NULL,NULL,NULL,NULL,NULL,'N','N'),(1681,4,58,1,'A','CHA BRANCO COM LICHIA 330ML',NULL,NULL,NULL,NULL,NULL,NULL,NULL,NULL,'N','N'),(1682,4,58,1,'A','CHA VERDE COM CRANBERR 330ML',NULL,NULL,NULL,NULL,NULL,NULL,NULL,NULL,'N','N'),(1683,4,58,1,'A','CHA VERDE COM LIMAO 330ML',NULL,NULL,NULL,NULL,NULL,NULL,NULL,NULL,'N','N'),(1684,4,58,1,'A','CHA VERDE COM LARANJA E GENGIBRE 330ML',NULL,NULL,NULL,NULL,NULL,NULL,NULL,NULL,'N','N'),(1685,4,58,1,'A','CHA VERMELHO COM AMORA 330ML',NULL,NULL,NULL,NULL,NULL,NULL,NULL,NULL,'N','N'),(1686,4,58,1,'A','CHA MATE LIMAO 330ML',NULL,NULL,NULL,NULL,NULL,NULL,NULL,NULL,'N','N'),(1687,2,58,1,'A','SUCO DE UVA 1  LITRO',NULL,NULL,NULL,NULL,NULL,NULL,NULL,NULL,'N','N'),(1688,4,58,1,'A','CHA PRETO PESSEGO 330ML',NULL,NULL,NULL,NULL,NULL,NULL,NULL,NULL,'N','N'),(1689,4,58,1,'A','SUCO ABACAXI 330ML',NULL,NULL,NULL,NULL,NULL,NULL,NULL,NULL,'N','N'),(1690,4,58,1,'A','SUCO DE UVA 300ML',NULL,NULL,NULL,NULL,NULL,NULL,NULL,NULL,'N','N'),(1691,4,58,1,'A','SUCO GOIABA 330ML',NULL,NULL,NULL,NULL,NULL,NULL,NULL,NULL,'N','N'),(1692,4,58,1,'A','SUCO MANGA 330ML',NULL,NULL,NULL,NULL,NULL,NULL,NULL,NULL,'N','N'),(1693,4,58,1,'A','SUCO MARACUJA 330ML',NULL,NULL,NULL,NULL,NULL,NULL,NULL,NULL,'N','N'),(1694,4,58,1,'A','SUCO MORANGO 330ML',NULL,NULL,NULL,NULL,NULL,NULL,NULL,NULL,'N','N'),(1695,5,58,1,'A','SUCO DE UVA DE 1,5',NULL,NULL,NULL,NULL,NULL,NULL,NULL,NULL,'N','N'),(1696,1,58,1,'A','SUCO CONCENTRADO 180ML',NULL,NULL,NULL,NULL,NULL,NULL,NULL,NULL,'N','N');

--
-- Table structure for table `item_beneficiamento`
--

CREATE TABLE `item_beneficiamento` (
  `id` int(11) NOT NULL AUTO_INCREMENT,
  `iditem` int(11) NOT NULL,
  `qtd` double NOT NULL,
  `peso` double NOT NULL,
  `valor` double NOT NULL,
  PRIMARY KEY (`id`),
  KEY `fk_item_beneficiamento_1` (`iditem`),
  CONSTRAINT `fk_item_beneficiamento_1` FOREIGN KEY (`iditem`) REFERENCES `item` (`iditem`)
) ENGINE=InnoDB DEFAULT CHARSET=utf8mb3 COLLATE=utf8mb3_unicode_ci;

--
-- Dumping data for table `item_beneficiamento`
--


--
-- Table structure for table `itens_ft`
--

CREATE TABLE `itens_ft` (
  `idft_itens` int(11) NOT NULL AUTO_INCREMENT,
  `item_id` int(11) NOT NULL,
  `ft_id` int(11) NOT NULL,
  `qtd` double NOT NULL,
  `valor` double NOT NULL,
  `fc` double NOT NULL,
  `deleted_at` datetime NOT NULL,
  `updated_at` datetime NOT NULL,
  `created_at` datetime NOT NULL,
  `total` double NOT NULL,
  PRIMARY KEY (`idft_itens`),
  KEY `fk_itens_ft_1` (`item_id`),
  KEY `fk_itens_ft_2` (`ft_id`),
  CONSTRAINT `fk_itens_ft_1` FOREIGN KEY (`item_id`) REFERENCES `item` (`iditem`),
  CONSTRAINT `fk_itens_ft_2` FOREIGN KEY (`ft_id`) REFERENCES `ft` (`idft`)
) ENGINE=InnoDB DEFAULT CHARSET=utf8mb3 COLLATE=utf8mb3_unicode_ci;

--
-- Dumping data for table `itens_ft`
--


--
-- Table structure for table `itens_movimento`
--

CREATE TABLE `itens_movimento` (
  `iditens_movimento` int(11) NOT NULL AUTO_INCREMENT,
  `movimento_id` int(11) NOT NULL,
  `item_id` int(11) NOT NULL,
  `estoque_id` int(11) NOT NULL,
  `qtd` double NOT NULL,
  `valor` double NOT NULL,
  `desconto` double DEFAULT NULL,
  `total` double NOT NULL,
  `consumo` double DEFAULT NULL,
  `acrescimo` double DEFAULT NULL,
  PRIMARY KEY (`iditens_movimento`),
  KEY `fk_itens_movimento_1` (`movimento_id`),
  KEY `fk_itens_movimento_2` (`item_id`),
  CONSTRAINT `fk_itens_movimento_1` FOREIGN KEY (`movimento_id`) REFERENCES `movimento` (`idmovimento`),
  CONSTRAINT `fk_itens_movimento_2` FOREIGN KEY (`item_id`) REFERENCES `item` (`iditem`)
) ENGINE=InnoDB DEFAULT CHARSET=utf8mb3 COLLATE=utf8mb3_unicode_ci;

--
-- Dumping data for table `itens_movimento`
--


--
-- Table structure for table `itens_oc`
--

CREATE TABLE `itens_oc` (
  `iditens_oc` int(11) NOT NULL AUTO_INCREMENT,
  `oc_id` int(11) NOT NULL,
  `item_id` int(11) NOT NULL,
  `qtd` double NOT NULL,
  `valor` double NOT NULL,
  `total` double NOT NULL,
  PRIMARY KEY (`iditens_oc`),
  KEY `fk_itens_oc_1` (`oc_id`),
  KEY `fk_itens_oc_2` (`item_id`),
  CONSTRAINT `fk_itens_oc_1` FOREIGN KEY (`oc_id`) REFERENCES `oc` (`idoc`),
  CONSTRAINT `fk_itens_oc_2` FOREIGN KEY (`item_id`) REFERENCES `item` (`iditem`)
) ENGINE=InnoDB DEFAULT CHARSET=utf8mb3 COLLATE=utf8mb3_unicode_ci;

--
-- Dumping data for table `itens_oc`
--


--
-- Table structure for table `mov_bancaria`
--

CREATE TABLE `mov_bancaria` (
  `idmov_bancaria` int(11) NOT NULL AUTO_INCREMENT,
  `contas_id` int(11) NOT NULL,
  `iduser` int(11) NOT NULL,
  `idempresa` int(11) NOT NULL,
  `transferencia_bancaria_id` int(11) DEFAULT NULL,
  `movimento_financeiro_id` int(11) DEFAULT NULL,
  `descricao` varchar(50) NOT NULL,
  `data_baixa` date NOT NULL,
  `tipo_mov_bancaria` varchar(2) NOT NULL,
  `valor` double NOT NULL,
  `valor_liquido` double DEFAULT NULL,
  PRIMARY KEY (`idmov_bancaria`),
  KEY `fk_mov_bancaria_1` (`contas_id`),
  KEY `fk_mov_bancaria_4` (`movimento_financeiro_id`),
  KEY `fk_mov_bancaria_5` (`idempresa`),
  KEY `fk_mov_bancaria_iduser` (`iduser`),
  KEY `fk_mov_bancaria_transferencia_bancaria_id` (`transferencia_bancaria_id`),
  CONSTRAINT `fk_mov_bancaria_1` FOREIGN KEY (`contas_id`) REFERENCES `contas_bancaria` (`id`),
  CONSTRAINT `fk_mov_bancaria_4` FOREIGN KEY (`movimento_financeiro_id`) REFERENCES `movimento_financeiro` (`idmovimento_financeiro`),
  CONSTRAINT `fk_mov_bancaria_5` FOREIGN KEY (`idempresa`) REFERENCES `system_unit` (`id`),
  CONSTRAINT `fk_mov_bancaria_iduser` FOREIGN KEY (`iduser`) REFERENCES `system_users` (`id`),
  CONSTRAINT `fk_mov_bancaria_transferencia_bancaria_id` FOREIGN KEY (`transferencia_bancaria_id`) REFERENCES `transferencia_bancaria` (`idtransferencia_bancaria`)
) ENGINE=InnoDB DEFAULT CHARSET=utf8mb3 COLLATE=utf8mb3_unicode_ci;

--
-- Dumping data for table `mov_bancaria`
--


--
-- Table structure for table `movimento`
--

CREATE TABLE `movimento` (
  `idmovimento` int(11) NOT NULL AUTO_INCREMENT,
  `status_id` int(11) NOT NULL,
  `tipo_movimento_id` int(11) NOT NULL,
  `cliente_fornecedor_id` int(11) DEFAULT NULL,
  `estoque_origem_id` int(11) DEFAULT NULL,
  `estoque_destino_id` int(11) DEFAULT NULL,
  `tipo_documento_id` int(11) DEFAULT NULL,
  `iduser` int(11) NOT NULL,
  `idempresa` int(11) NOT NULL,
  `competencia` date DEFAULT NULL,
  `valor_total` double NOT NULL,
  `acrescimo` double DEFAULT NULL,
  `desconto` double DEFAULT NULL,
  `valor_original` double DEFAULT NULL,
  `numero` varchar(30) NOT NULL,
  `mes` int(11) DEFAULT NULL,
  `ano` int(11) DEFAULT NULL,
  `obs` text DEFAULT NULL,
  `data_cancelamento` datetime DEFAULT NULL,
  `created_at` datetime NOT NULL,
  `updated_at` datetime DEFAULT NULL,
  `chave` text DEFAULT NULL,
  `importado` char(1) DEFAULT NULL,
  `transferencia_id` int(11) DEFAULT NULL,
  PRIMARY KEY (`idmovimento`),
  KEY `fk_movimento_1` (`status_id`),
  KEY `fk_movimento_3` (`tipo_documento_id`),
  KEY `fk_movimento_4` (`tipo_movimento_id`),
  KEY `fk_movimento_5` (`estoque_destino_id`),
  KEY `fk_movimento_6` (`estoque_origem_id`),
  KEY `fk_movimento_8` (`cliente_fornecedor_id`),
  KEY `fk_movimento_7` (`iduser`),
  KEY `fk_movimento_2` (`idempresa`),
  CONSTRAINT `fk_movimento_1` FOREIGN KEY (`status_id`) REFERENCES `status` (`idstatus`),
  CONSTRAINT `fk_movimento_2` FOREIGN KEY (`idempresa`) REFERENCES `system_unit` (`id`),
  CONSTRAINT `fk_movimento_3` FOREIGN KEY (`tipo_documento_id`) REFERENCES `tipo_documento` (`id`),
  CONSTRAINT `fk_movimento_4` FOREIGN KEY (`tipo_movimento_id`) REFERENCES `tipo_movimento` (`idtipo_movimento`),
  CONSTRAINT `fk_movimento_5` FOREIGN KEY (`estoque_destino_id`) REFERENCES `estoque` (`idestoque`),
  CONSTRAINT `fk_movimento_6` FOREIGN KEY (`estoque_origem_id`) REFERENCES `estoque` (`idestoque`),
  CONSTRAINT `fk_movimento_7` FOREIGN KEY (`iduser`) REFERENCES `system_users` (`id`),
  CONSTRAINT `fk_movimento_8` FOREIGN KEY (`cliente_fornecedor_id`) REFERENCES `cliente_fornecedor` (`idcliente_fornecedor`)
) ENGINE=InnoDB AUTO_INCREMENT=14 DEFAULT CHARSET=utf8mb3 COLLATE=utf8mb3_unicode_ci;

--
-- Dumping data for table `movimento`
--

INSERT INTO `movimento` (`idmovimento`, `status_id`, `tipo_movimento_id`, `cliente_fornecedor_id`, `estoque_origem_id`, `estoque_destino_id`, `tipo_documento_id`, `iduser`, `idempresa`, `competencia`, `valor_total`, `acrescimo`, `desconto`, `valor_original`, `numero`, `mes`, `ano`, `obs`, `data_cancelamento`, `created_at`, `updated_at`, `chave`, `importado`, `transferencia_id`) VALUES (13,2,2,NULL,NULL,NULL,NULL,1,1,NULL,0,NULL,NULL,NULL,'',NULL,NULL,NULL,NULL,'2026-01-08 19:52:26',NULL,NULL,NULL,NULL);

--
-- Table structure for table `movimento_financeiro`
--

CREATE TABLE `movimento_financeiro` (
  `idmovimento_financeiro` int(11) NOT NULL AUTO_INCREMENT,
  `tipo_financeiro_id` int(11) NOT NULL,
  `pcn1_id` int(11) DEFAULT NULL,
  `pcn2_id` int(11) DEFAULT NULL,
  `iduser` int(11) NOT NULL,
  `idempresa` int(11) NOT NULL,
  `status` int(11) NOT NULL,
  `contas_id` int(11) DEFAULT NULL,
  `cliente_fornecedor_id` int(11) DEFAULT NULL,
  `movimento_id` int(11) DEFAULT NULL,
  `descricao` varchar(50) NOT NULL,
  `origem` char(1) NOT NULL DEFAULT 'F',
  `vencimento` date NOT NULL,
  `created_at` datetime DEFAULT NULL,
  `updated_at` datetime DEFAULT NULL,
  `data_cancelamento` datetime DEFAULT NULL,
  `valor` double NOT NULL,
  `valor_pago_recebido` double DEFAULT NULL,
  `competencia` date NOT NULL,
  `data_pago_recebido` date DEFAULT NULL,
  `conciliado` char(1) NOT NULL DEFAULT 'N',
  `parcela` int(11) NOT NULL DEFAULT 1,
  `valor_recebido_liquido` double DEFAULT NULL,
  `valor_taxa` double DEFAULT NULL,
  `desconto` double DEFAULT NULL,
  `acrescimo` double DEFAULT NULL,
  `idmovimento_origem` int(11) DEFAULT NULL,
  `contabil` char(1) NOT NULL,
  PRIMARY KEY (`idmovimento_financeiro`),
  KEY `fk_movimento_financeiro_2` (`tipo_financeiro_id`),
  KEY `fk_movimento_financeiro_3` (`contas_id`),
  KEY `fk_movimento_financeiro_5` (`cliente_fornecedor_id`),
  KEY `fk_movimento_financeiro_6` (`iduser`),
  KEY `fk_movimento_financeiro_8` (`idempresa`),
  KEY `fk_movimento_financeiro_7` (`status`),
  KEY `fk_movimento_financeiro_9` (`pcn1_id`),
  KEY `fk_movimento_financeiro_pcn2_id` (`pcn2_id`),
  KEY `fk_movimento_financeiro_movimento_id` (`movimento_id`),
  CONSTRAINT `fk_movimento_financeiro_2` FOREIGN KEY (`tipo_financeiro_id`) REFERENCES `tipo_financeiro` (`idtipo_financeiro`),
  CONSTRAINT `fk_movimento_financeiro_3` FOREIGN KEY (`contas_id`) REFERENCES `contas_bancaria` (`id`),
  CONSTRAINT `fk_movimento_financeiro_5` FOREIGN KEY (`cliente_fornecedor_id`) REFERENCES `cliente_fornecedor` (`idcliente_fornecedor`),
  CONSTRAINT `fk_movimento_financeiro_6` FOREIGN KEY (`iduser`) REFERENCES `system_users` (`id`),
  CONSTRAINT `fk_movimento_financeiro_7` FOREIGN KEY (`status`) REFERENCES `status` (`idstatus`),
  CONSTRAINT `fk_movimento_financeiro_8` FOREIGN KEY (`idempresa`) REFERENCES `system_unit` (`id`),
  CONSTRAINT `fk_movimento_financeiro_9` FOREIGN KEY (`pcn1_id`) REFERENCES `pcn1` (`id`),
  CONSTRAINT `fk_movimento_financeiro_movimento_id` FOREIGN KEY (`movimento_id`) REFERENCES `movimento` (`idmovimento`),
  CONSTRAINT `fk_movimento_financeiro_pcn2_id` FOREIGN KEY (`pcn2_id`) REFERENCES `pcn2` (`id`)
) ENGINE=InnoDB DEFAULT CHARSET=utf8mb3 COLLATE=utf8mb3_unicode_ci;

--
-- Dumping data for table `movimento_financeiro`
--


--
-- Table structure for table `movimento_mes`
--

CREATE TABLE `movimento_mes` (
  `idmovimento_mes` int(11) NOT NULL AUTO_INCREMENT,
  `item_id` int(11) NOT NULL,
  `estoque_id` int(11) NOT NULL,
  `movimento_id` int(11) NOT NULL,
  `idempresa` int(11) NOT NULL,
  `qtd` double NOT NULL,
  `valor` double NOT NULL,
  `ano` char(4) NOT NULL,
  `mes` char(2) NOT NULL,
  `created_at` datetime NOT NULL,
  `tipo` char(1) NOT NULL,
  PRIMARY KEY (`idmovimento_mes`),
  KEY `fk_new_table_37_1` (`item_id`),
  KEY `fk_new_table_37_2` (`estoque_id`),
  KEY `fk_new_table_37_3` (`movimento_id`),
  KEY `fk_movimento_mes_4` (`idempresa`),
  CONSTRAINT `fk_movimento_mes_4` FOREIGN KEY (`idempresa`) REFERENCES `system_unit` (`id`),
  CONSTRAINT `fk_new_table_37_1` FOREIGN KEY (`item_id`) REFERENCES `item` (`iditem`),
  CONSTRAINT `fk_new_table_37_2` FOREIGN KEY (`estoque_id`) REFERENCES `estoque` (`idestoque`),
  CONSTRAINT `fk_new_table_37_3` FOREIGN KEY (`movimento_id`) REFERENCES `movimento` (`idmovimento`)
) ENGINE=InnoDB DEFAULT CHARSET=utf8mb3 COLLATE=utf8mb3_unicode_ci;

--
-- Dumping data for table `movimento_mes`
--


--
-- Table structure for table `movimento_parcelas`
--

CREATE TABLE `movimento_parcelas` (
  `idmov_parcelas` int(11) NOT NULL AUTO_INCREMENT,
  `movimento_id` int(11) NOT NULL,
  `vencimento` date NOT NULL,
  `valor` double NOT NULL,
  `created_at` datetime NOT NULL,
  `parcela` int(11) DEFAULT NULL,
  PRIMARY KEY (`idmov_parcelas`),
  KEY `fk_movimento_parcelas_1` (`movimento_id`),
  CONSTRAINT `fk_movimento_parcelas_1` FOREIGN KEY (`movimento_id`) REFERENCES `movimento` (`idmovimento`)
) ENGINE=InnoDB DEFAULT CHARSET=utf8mb3 COLLATE=utf8mb3_unicode_ci;

--
-- Dumping data for table `movimento_parcelas`
--


--
-- Table structure for table `oc`
--

CREATE TABLE `oc` (
  `idoc` int(11) NOT NULL AUTO_INCREMENT,
  `idempresa` int(11) NOT NULL,
  `cliente_fornecedor_id` int(11) DEFAULT NULL,
  `frete` char(3) DEFAULT NULL,
  `obs` text DEFAULT NULL,
  `prazo` int(11) DEFAULT NULL,
  `total` double DEFAULT NULL,
  `updated_at` datetime DEFAULT NULL,
  `created_at` datetime DEFAULT NULL,
  `deleted_at` datetime DEFAULT NULL,
  `status_id` int(11) DEFAULT NULL,
  PRIMARY KEY (`idoc`),
  KEY `fk_oc_1` (`cliente_fornecedor_id`),
  KEY `fk_oc_2` (`idempresa`),
  KEY `fk_oc_3` (`status_id`),
  CONSTRAINT `fk_oc_1` FOREIGN KEY (`cliente_fornecedor_id`) REFERENCES `cliente_fornecedor` (`idcliente_fornecedor`),
  CONSTRAINT `fk_oc_2` FOREIGN KEY (`idempresa`) REFERENCES `system_unit` (`id`),
  CONSTRAINT `fk_oc_3` FOREIGN KEY (`status_id`) REFERENCES `status` (`idstatus`)
) ENGINE=InnoDB DEFAULT CHARSET=utf8mb3 COLLATE=utf8mb3_unicode_ci;

--
-- Dumping data for table `oc`
--


--
-- Table structure for table `painel_entrada`
--

CREATE TABLE `painel_entrada` (
  `id` int(11) NOT NULL AUTO_INCREMENT,
  `nota` int(11) DEFAULT NULL,
  `chave` text DEFAULT NULL,
  `nsu` int(11) DEFAULT NULL,
  `tipo` varchar(6) DEFAULT NULL,
  `status` char(1) DEFAULT NULL,
  `tipo_manifesto` varchar(100) DEFAULT NULL,
  `fornecedor` text DEFAULT NULL,
  `cnpj` varchar(20) DEFAULT NULL,
  `data_emissao` date DEFAULT NULL,
  `valor_nf` double DEFAULT NULL,
  `id_empresa` int(11) DEFAULT NULL,
  `caminho_xml` text DEFAULT NULL,
  `transacoes_id` int(11) DEFAULT NULL,
  PRIMARY KEY (`id`)
) ENGINE=InnoDB DEFAULT CHARSET=utf8mb3 COLLATE=utf8mb3_unicode_ci;

--
-- Dumping data for table `painel_entrada`
--


--
-- Table structure for table `painel_entrada_log`
--

CREATE TABLE `painel_entrada_log` (
  `id` int(11) NOT NULL AUTO_INCREMENT,
  `payload` text DEFAULT NULL,
  PRIMARY KEY (`id`)
) ENGINE=InnoDB DEFAULT CHARSET=utf8mb3 COLLATE=utf8mb3_unicode_ci;

--
-- Dumping data for table `painel_entrada_log`
--


--
-- Table structure for table `pcn1`
--

CREATE TABLE `pcn1` (
  `id` int(11) NOT NULL AUTO_INCREMENT,
  `tipo_financeiro_id` int(11) NOT NULL,
  `idempresa` int(11) NOT NULL,
  `codigo` varchar(2) NOT NULL,
  `descricao` varchar(50) NOT NULL,
  `ordenacao` int(11) NOT NULL,
  `codicao` char(1) NOT NULL,
  `fechamento_mes` char(1) DEFAULT NULL,
  PRIMARY KEY (`id`),
  KEY `fk_pcn1_2` (`idempresa`),
  KEY `fk_pcn1_1` (`tipo_financeiro_id`),
  CONSTRAINT `fk_pcn1_1` FOREIGN KEY (`tipo_financeiro_id`) REFERENCES `tipo_financeiro` (`idtipo_financeiro`),
  CONSTRAINT `fk_pcn1_2` FOREIGN KEY (`idempresa`) REFERENCES `system_unit` (`id`)
) ENGINE=InnoDB AUTO_INCREMENT=51 DEFAULT CHARSET=utf8mb3 COLLATE=utf8mb3_unicode_ci;

--
-- Dumping data for table `pcn1`
--

INSERT INTO `pcn1` (`id`, `tipo_financeiro_id`, `idempresa`, `codigo`, `descricao`, `ordenacao`, `codicao`, `fechamento_mes`) VALUES (4,2,1,'01','APLICAÇÃO FINANCEIRA',18,'R',NULL),(5,2,1,'02','DESCONTOS',11,'R',NULL),(6,2,1,'03','CREDITOS DIVERSOS',7,'R',NULL),(7,2,1,'04','CORTESIAS',20,'R',NULL),(8,2,1,'05','CONTRA VALE PG',19,'R',NULL),(9,2,1,'06','CONTAS',4,'R',NULL),(10,2,1,'07','CONSUMO INTERNO ',16,'R',NULL),(13,2,1,'10','CARTÕES',2,'R',NULL),(14,2,1,'11','BANCOS',17,'R',NULL),(15,2,1,'12','MOEDAS ESTRANGEIRAS',13,'R',NULL),(16,2,1,'13','EMPRÉSTIMOS BANCÁRIOS',12,'R',NULL),(17,2,1,'14','EMPRÉSTIMOS ',21,'R',NULL),(18,2,1,'15','VENDA DE INSUMOS',9,'R',NULL),(19,2,1,'16','VENDAS SALÃO',1,'R',NULL),(20,2,1,'17','VALES',5,'R',NULL),(21,2,1,'18','TICKETS',6,'R',NULL),(22,2,1,'19','PATRIMÔNIO',14,'R',NULL),(23,2,1,'20','MAPA DE VENDA',8,'R',NULL),(24,1,1,'21','ENCARGOS FINANCEIROS',15,'R','F'),(25,1,1,'22','REMUNERAÇÃO PESSOAL',6,'R','P'),(26,1,1,'23','EMPRÉSTIMOS',28,'R','F'),(27,1,1,'24','COMISSÃO GUIA E TAXISTA',29,'R','F'),(28,1,1,'25','CASA NOVA',30,'R','F'),(29,1,1,'26','TREINAMENTO/FARDAMENTO',11,'R','F'),(30,1,1,'27','MANUTENÇÃO DA CASA',17,'R','F'),(31,1,1,'28','IMPOSTOS',13,'R','F'),(32,1,1,'29','FUNCIONAMENTO DA CASA',12,'R','F'),(33,1,1,'30','EVENTUAIS',20,'R','F'),(34,1,1,'31','ESTACIONAMENTO',23,'R','F'),(35,1,1,'32','ENCARGOS PESSOAIS',7,'R','P'),(36,1,1,'33','COMISSÃO',9,'R','F'),(37,1,1,'34','BENEFICIO PESSOAL',8,'R','P'),(38,1,1,'35','BEBIDA QUENTE',2,'R','I'),(39,1,1,'36','BEBIDA FRIA',3,'R','I'),(40,1,1,'37','MÃO DE OBRA EXTRA',10,'R','P'),(41,1,1,'38','MARKETING',19,'R','F'),(42,1,1,'39','TAXAS CARTÕES DE CRÉDITO',14,'R','F'),(43,1,1,'40','RETIRADA SOCIOS ',26,'R','R'),(44,1,1,'41','REPOSIÇÃO/EQUIPAMENTOS',18,'R','F'),(45,1,1,'42','PRESTADORES DE SERVIÇOS',16,'R','F'),(46,1,1,'43','OUTROS INSUMOS',5,'R','I'),(47,1,1,'44','OUTRAS DESPESAS FUCIONAMENTO CASA',21,'R','F'),(48,1,1,'45','MONTAGEM/AMPLIAÇÃO',22,'R','F'),(49,1,1,'46','MERCADORIAS',4,'R','I'),(50,1,1,'47','ALIMENTOS',1,'R','I');

--
-- Table structure for table `pcn2`
--

CREATE TABLE `pcn2` (
  `id` int(11) NOT NULL AUTO_INCREMENT,
  `pcn1_id` int(11) NOT NULL,
  `contas_bancaria_id` int(11) DEFAULT NULL,
  `idempresa` int(11) NOT NULL,
  `codigo` varchar(6) DEFAULT NULL,
  `descricao` varchar(50) NOT NULL,
  `estoque` char(1) NOT NULL,
  `cartao` char(1) NOT NULL,
  `percentual` double DEFAULT NULL,
  `pcn2` int(11) DEFAULT NULL,
  PRIMARY KEY (`id`),
  KEY `fk_pcn2_2` (`contas_bancaria_id`),
  KEY `fk_pcn2_1` (`pcn1_id`),
  KEY `fk_pcn2_3` (`idempresa`),
  KEY `fk_pcn2_4` (`pcn2`),
  CONSTRAINT `fk_pcn2_1` FOREIGN KEY (`pcn1_id`) REFERENCES `pcn1` (`id`),
  CONSTRAINT `fk_pcn2_2` FOREIGN KEY (`contas_bancaria_id`) REFERENCES `contas_bancaria` (`id`),
  CONSTRAINT `fk_pcn2_3` FOREIGN KEY (`idempresa`) REFERENCES `system_unit` (`id`),
  CONSTRAINT `fk_pcn2_4` FOREIGN KEY (`pcn2`) REFERENCES `pcn2` (`id`)
) ENGINE=InnoDB AUTO_INCREMENT=302 DEFAULT CHARSET=utf8mb3 COLLATE=utf8mb3_unicode_ci;

--
-- Dumping data for table `pcn2`
--

INSERT INTO `pcn2` (`id`, `pcn1_id`, `contas_bancaria_id`, `idempresa`, `codigo`, `descricao`, `estoque`, `cartao`, `percentual`, `pcn2`) VALUES (4,50,NULL,1,'47.001','Frutos do Mar','S','N',NULL,NULL),(5,50,NULL,1,'47.002','Ceasa','S','N',NULL,NULL),(6,50,NULL,1,'47.003','Frios e Congelados','S','N',NULL,NULL),(7,50,NULL,1,'47.004','Carnes ','S','N',NULL,NULL),(8,50,NULL,1,'47.005','Pizzaria','S','N',NULL,NULL),(9,50,NULL,1,'47.006','Supermercado','S','N',NULL,NULL),(10,50,NULL,1,'47.007','Sushi','S','N',NULL,NULL),(11,39,NULL,1,'36.001','Sucos','S','N',NULL,NULL),(12,39,NULL,1,'36.002','Polpa de Fruta','S','N',NULL,NULL),(13,39,NULL,1,'36.003','Chopp','S','N',NULL,NULL),(14,39,NULL,1,'36.004','Agua Mineral','S','N',NULL,NULL),(15,39,NULL,1,'36.005','Agua de Coco','S','N',NULL,NULL),(16,39,NULL,1,'36.006','Refrigerantes','S','N',NULL,NULL),(17,39,NULL,1,'36.007','Cerveja','S','N',NULL,NULL),(18,38,NULL,1,'35.001','Whisky','S','N',NULL,NULL),(19,38,NULL,1,'35.002','Outras bebidas','S','N',NULL,NULL),(20,38,NULL,1,'35.003','Vinhos','S','N',NULL,NULL),(21,38,NULL,1,'35.004','Licores','S','N',NULL,NULL),(22,37,NULL,1,'34.001','Atestado Médico','N','N',NULL,NULL),(23,37,NULL,1,'34.002','Vale Transporte','N','N',NULL,NULL),(24,37,NULL,1,'34.003','Consumo Interno','N','N',NULL,NULL),(25,37,NULL,1,'34.004','Aluguel Funcionário','N','N',NULL,NULL),(26,37,NULL,1,'34.005','Convêncio Médico','N','N',NULL,NULL),(27,37,NULL,1,'34.006','Outros Beneficios','N','N',NULL,NULL),(28,37,NULL,1,'34.007','Auxilio Combustivel','N','N',NULL,NULL),(29,37,NULL,1,'34.008','Seguro de Vida Funcionário','N','N',NULL,NULL),(30,36,NULL,1,'33.001','Comissão Gerente','N','N',NULL,NULL),(31,36,NULL,1,'33.002','Comissão Garçom','N','N',NULL,NULL),(33,35,NULL,1,'32.001','FGTS','N','N',NULL,NULL),(34,35,NULL,1,'32.002','Multas Ministério do Trabalho','N','N',NULL,NULL),(35,35,NULL,1,'32.003','Custas Trabalhistas','N','N',NULL,NULL),(36,35,NULL,1,'32.004','Contribuição Sindical','N','N',NULL,NULL),(37,35,NULL,1,'32.005','INSS','N','N',NULL,NULL),(38,24,NULL,1,'21.001','Juros Antecipados','N','N',NULL,NULL),(39,24,NULL,1,'21.002','CPMF','N','N',NULL,NULL),(40,24,NULL,1,'21.003','Emprestimo Bancário','N','N',NULL,NULL),(41,24,NULL,1,'21.004','Tarifas Bancárias','N','N',NULL,NULL),(42,34,NULL,1,'31.001','Folha de Estacionameto','N','N',NULL,NULL),(43,34,NULL,1,'31.002','Despesas com Estacionamento','N','N',NULL,NULL),(44,34,NULL,1,'31.003','Aluguel Estacionamento','N','N',NULL,NULL),(45,33,NULL,1,'30.001','Contra-vale','N','N',NULL,NULL),(46,33,NULL,1,'30.002','Ticket Devolvido ','N','N',NULL,NULL),(47,32,NULL,1,'29.001','Compesa ','N','N',NULL,NULL),(48,32,NULL,1,'29.002','Material de Som','N','N',NULL,NULL),(49,32,NULL,1,'29.003','Aluguel Empresa ','N','N',NULL,NULL),(50,32,NULL,1,'29.004','Aluguel Galpão','N','N',NULL,NULL),(51,32,NULL,1,'29.005','Alcool Gel ','N','N',NULL,NULL),(52,32,NULL,1,'29.006','Material de Expediente','S','N',NULL,NULL),(53,32,NULL,1,'29.007','Despesa com Veículos','N','N',NULL,NULL),(54,32,NULL,1,'29.008','Lavanderia ','N','N',NULL,NULL),(55,32,NULL,1,'29.009','Passagem Estadias','N','N',NULL,NULL),(56,32,NULL,1,'29.010','Impresso Gráficos','N','N',NULL,NULL),(57,32,NULL,1,'29.011','Água Potável ','N','N',NULL,NULL),(58,32,NULL,1,'29.012','Gás','S','N',NULL,NULL),(59,32,NULL,1,'29.013','Material de Limpeza','S','N',NULL,NULL),(60,32,NULL,1,'29.014','Material Descartável ','S','N',NULL,NULL),(61,32,NULL,1,'29.015','Assinatura Jornais','N','N',NULL,NULL),(62,32,NULL,1,'29.016','Seguro imóvel ','N','N',NULL,NULL),(64,32,NULL,1,'29.018','Frete','N','N',NULL,NULL),(65,32,NULL,1,'29.019','Telefone','N','N',NULL,NULL),(66,32,NULL,1,'29.020','Farmácia','N','N',NULL,NULL),(68,32,NULL,1,'29.022','Funcionamento Escritório Central','N','N',NULL,NULL),(69,32,NULL,1,'29.023','Estacionamento','N','N',NULL,NULL),(70,32,NULL,1,'29.024','Aluguel Equipamentos ','N','N',NULL,NULL),(71,32,NULL,1,'29.025','Assinatura Internet','N','N',NULL,NULL),(72,32,NULL,1,'29.026','Celpe ','N','N',NULL,NULL),(73,32,NULL,1,'29.027','Manutenção Rateio','N','N',NULL,NULL),(74,31,NULL,1,'29.028','Corpo de Bombeiro','N','N',NULL,NULL),(75,31,NULL,1,'28.029','ICMS','N','N',NULL,NULL),(76,31,NULL,1,'28.029','Contribuição Sindical','N','N',NULL,NULL),(77,31,NULL,1,'28.029','INMETRO','N','N',NULL,NULL),(78,31,NULL,1,'28.029','ISS','N','N',NULL,NULL),(79,31,NULL,1,'28.029','IPEM ','N','N',NULL,NULL),(80,31,NULL,1,'28.029','Contribuição Sindical Patronal ','N','N',NULL,NULL),(81,31,NULL,1,'28.029','FUSAN','N','N',NULL,NULL),(82,31,NULL,1,'28.029','Impostos Parcelados','N','N',NULL,NULL),(83,31,NULL,1,'28.029','Encargos Sociais ','N','N',NULL,NULL),(84,31,NULL,1,'28.029','Imposto Parcelado JK','N','N',NULL,NULL),(85,31,NULL,1,'28.029','ECAD ','N','N',NULL,NULL),(86,31,NULL,1,'28.029','Taxa Sindicato ','N','N',NULL,NULL),(87,31,NULL,1,'28.029','Imposto Simples','N','N',NULL,NULL),(88,31,NULL,1,'28.029','IR','N','N',NULL,NULL),(89,31,NULL,1,'28.029','Outros Impostos','N','N',NULL,NULL),(90,31,NULL,1,'28.029','COFINS','N','N',NULL,NULL),(91,31,NULL,1,'28.029','Imposto de Renda PJ ','N','N',NULL,NULL),(92,31,NULL,1,'28.029','Contribuição Social ','N','N',NULL,NULL),(93,31,NULL,1,'28.029','PIS Faturamento','N','N',NULL,NULL),(94,31,NULL,1,'28.029','IPTU ','N','N',NULL,NULL),(95,31,NULL,1,'28.029','CIM ','N','N',NULL,NULL),(96,31,NULL,1,'28.029','Taxas ','N','N',NULL,NULL),(97,31,NULL,1,'28.029','Contribuição Sindical Empregado','N','N',NULL,NULL),(98,31,NULL,1,'28.029','Multa Fazenda','N','N',NULL,NULL),(99,31,NULL,1,'28.029','Imposto sobre Serviços','N','N',NULL,NULL),(100,30,NULL,1,'27.001','Serviço Manutenção ','N','N',NULL,NULL),(101,30,NULL,1,'27.002','Manutenção Equipamento Informática ','N','N',NULL,NULL),(102,30,NULL,1,'27.003','Coleta de Lixo ','N','N',NULL,NULL),(103,30,NULL,1,'27.004','Jardinagem','N','N',NULL,NULL),(104,30,NULL,1,'27.005','Dedetização','N','N',NULL,NULL),(105,30,NULL,1,'27.006','Manutenção Sistema de Ar Condicionado','N','N',NULL,NULL),(106,30,NULL,1,'27.007','Material de Manutenção','N','N',NULL,NULL),(107,40,NULL,1,'37.001','Extra Salão','N','N',NULL,NULL),(108,40,NULL,1,'37.002','Extra músico','N','N',NULL,NULL),(109,40,NULL,1,'37.003','Extra Evento','N','N',NULL,NULL),(110,40,NULL,1,'37.004','Extra Retaguarda','N','N',NULL,NULL),(111,41,NULL,1,'38.001','Central de Marketing ','N','N',NULL,NULL),(112,41,NULL,1,'38.002','Descontos','N','N',NULL,NULL),(113,41,NULL,1,'38.003','Produção','N','N',NULL,NULL),(114,41,NULL,1,'38.004','Brindes','N','N',NULL,NULL),(115,41,NULL,1,'38.005','Comissão Taxista','N','N',NULL,NULL),(116,41,NULL,1,'38.006','Cortesias ','N','N',NULL,NULL),(117,41,NULL,1,'38.007','Gráfica','N','N',NULL,NULL),(118,41,NULL,1,'38.008','Permuta ','N','N',NULL,NULL),(119,41,NULL,1,'38.009','Setor de Marketing ','N','N',NULL,NULL),(120,41,NULL,1,'38.010','Outros Serviços de Marketing','N','N',NULL,NULL),(121,41,NULL,1,'38.011','Midias Sociais','N','N',NULL,NULL),(122,41,NULL,1,'38.012','TV/Radio/Jornal ','N','N',NULL,NULL),(123,41,NULL,1,'38.013','Fundo de Promoção ','N','N',NULL,NULL),(124,49,NULL,1,'46.001','Chocolate','S','N',NULL,NULL),(125,49,NULL,1,'46.002','Cigarros ','S','N',NULL,NULL),(126,49,NULL,1,'46.003','Padaria','S','N',NULL,NULL),(127,49,NULL,1,'46.004','Chicletes','S','N',NULL,NULL),(128,49,NULL,1,'46.005','Sobremesas','S','N',NULL,NULL),(129,49,NULL,1,'46.006','Cafeteria','S','N',NULL,NULL),(130,48,NULL,1,'45.001','Projetos','N','N',NULL,NULL),(131,48,NULL,1,'45.002','Implantação de Sistemas','N','N',NULL,NULL),(132,48,NULL,1,'45.003','Montagem Tapicleta','N','N',NULL,NULL),(133,48,NULL,1,'45.004','Mão de Obra','N','N',NULL,NULL),(134,48,NULL,1,'45.005','Serviços','N','N',NULL,NULL),(135,48,NULL,1,'45.006','Equipamentos ','N','N',NULL,NULL),(136,48,NULL,1,'45.007','Veículos','N','N',NULL,NULL),(137,48,NULL,1,'45.008','Móveis','N','N',NULL,NULL),(138,48,NULL,1,'45.009','004 Reforma ','N','N',NULL,NULL),(139,48,NULL,1,'45.010','Construção','N','N',NULL,NULL),(140,47,NULL,1,'44.001','Prejuízo ','N','N',NULL,NULL),(141,47,NULL,1,'44.002','Falta de Caixa','N','N',NULL,NULL),(142,47,NULL,1,'44.003','Dinheiro Falso ','N','N',NULL,NULL),(143,47,NULL,1,'44.004','Mensalidade sistemas de informática','N','N',NULL,NULL),(145,47,NULL,1,'44.006','Cartão devolvido','N','N',NULL,NULL),(146,47,NULL,1,'44.007','Outras Eventualidades','N','N',NULL,NULL),(147,47,NULL,1,'44.008','Doação','N','N',NULL,NULL),(148,47,NULL,1,'44.009','Roubo','N','N',NULL,NULL),(149,47,NULL,1,'44.010','Combustivel','N','N',NULL,NULL),(150,47,NULL,1,'44.011','Despesa Escritório','N','N',NULL,NULL),(151,47,NULL,1,'44.012','Transporte/Condução/Uber','N','N',NULL,NULL),(152,47,NULL,1,'44.013','Correios e Telegrafo','N','N',NULL,NULL),(153,47,NULL,1,'44.014','Cartório','N','N',NULL,NULL),(154,47,NULL,1,'44.015','Assinatura TV cabo','N','N',NULL,NULL),(155,46,NULL,1,'43.001','Outros Insumos','N','N',NULL,NULL),(156,46,NULL,1,'43.002','Cafe da Manhã','N','N',NULL,NULL),(157,46,NULL,1,'43.003','Carvão','S','N',NULL,NULL),(158,46,NULL,1,'43.004','Gelo','S','N',NULL,NULL),(159,45,NULL,1,'42.001','Nutricionista','N','N',NULL,NULL),(160,45,NULL,1,'42.002','Outros Serviços','N','N',NULL,NULL),(161,45,NULL,1,'42.003','Setor Financeiro','N','N',NULL,NULL),(162,45,NULL,1,'42.004','Segurança','N','N',NULL,NULL),(163,45,NULL,1,'42.005','Honorários Advogado','N','N',NULL,NULL),(164,45,NULL,1,'42.006','Consultoria ','N','N',NULL,NULL),(165,45,NULL,1,'42.007','Departamento Pessoal ','N','N',NULL,NULL),(167,45,NULL,1,'42.009','Setor de Compra','N','N',NULL,NULL),(168,45,NULL,1,'42.010','Músico ','N','N',NULL,NULL),(169,45,NULL,1,'42.011','Segurança do Trabalho','N','N',NULL,NULL),(170,45,NULL,1,'42.012','Honorários Contador','N','N',NULL,NULL),(171,25,NULL,1,'22.001','Férias','N','N',NULL,NULL),(172,25,NULL,1,'22.002','Folha de Pagamento','N','N',NULL,NULL),(173,25,NULL,1,'22.003','13 Salario','N','N',NULL,NULL),(174,25,NULL,1,'22.004','Gratificação','N','N',NULL,NULL),(175,25,NULL,1,'22.005','Abonos','N','N',NULL,NULL),(176,25,NULL,1,'22.006','Recisão','N','N',NULL,NULL),(177,44,NULL,1,'41.001','Equipamentos de cozinha ','N','N',NULL,NULL),(178,44,NULL,1,'41.002','Toalhas ','N','N',NULL,NULL),(179,44,NULL,1,'41.003','Pratos/Copos/Talheres','N','N',NULL,NULL),(180,44,NULL,1,'41.004','Utensílio Cozinha','N','N',NULL,NULL),(181,44,NULL,1,'41.005','TV/VISA','N','N',NULL,NULL),(182,44,NULL,1,'41.006','Utensílio Salão','N','N',NULL,NULL),(183,44,NULL,1,'41.007','Equipamento de Escritorio','N','N',NULL,NULL),(184,44,NULL,1,'41.008','Equipamento Salão','N','N',NULL,NULL),(185,43,NULL,1,'40.001','Retirada Jair Júnior','N','N',NULL,NULL),(186,43,NULL,1,'40.002','Retirada Rosane','N','N',NULL,NULL),(187,43,NULL,1,'40.003','Retirada Jair Konrad','N','N',NULL,NULL),(188,43,NULL,1,'40.004','Retirada Isabel','N','N',NULL,NULL),(189,42,NULL,1,'39.001','Taxa BNB Pix','N','N',NULL,NULL),(190,42,NULL,1,'39.002','Taxa Getnet Crédito ','N','N',NULL,NULL),(191,42,NULL,1,'39.003','Taxa PIX','N','N',NULL,NULL),(192,42,NULL,1,'39.004','Taxa Ben Refeição ','N','N',NULL,NULL),(193,42,NULL,1,'39.005','Taxa Ticket Restaurante','N','N',NULL,NULL),(194,42,NULL,1,'39.006','Taxa elo Crédito','N','N',NULL,NULL),(195,42,NULL,1,'39.007','Taxa Getnet Débito','N','N',NULL,NULL),(196,42,NULL,1,'39.008','Taxa Master Crédito','N','N',NULL,NULL),(197,42,NULL,1,'39.009','Taxa Sodexo','N','N',NULL,NULL),(198,42,NULL,1,'39.010','Taxa alelo','N','N',NULL,NULL),(200,42,NULL,1,'39.012','Taxa Master Débito','N','N',NULL,NULL),(201,42,NULL,1,'39.013','Taxa Elo Débito','N','N',NULL,NULL),(202,42,NULL,1,'39.014','Taxa Adm. Amex','N','N',NULL,NULL),(203,42,NULL,1,'39.015','Taxa Visa Débito','N','N',NULL,NULL),(204,42,NULL,1,'39.016','Taxa ifood ','N','N',NULL,NULL),(205,42,NULL,1,'39.017','Taxa VR Refeição Smart','N','N',NULL,NULL),(206,42,NULL,1,'39.018','Taxa Adm. Hiper ','N','N',NULL,NULL),(207,42,NULL,1,'39.019','Taxa BNB Crédito ','N','N',NULL,NULL),(208,42,NULL,1,'39.020','Taxa BNB Débito','N','N',NULL,NULL),(209,42,NULL,1,'39.021','Taxa visa Crédito','N','N',NULL,NULL),(211,29,NULL,1,'26.001','Cursos ','N','N',NULL,NULL),(212,29,NULL,1,'26.002','Fardamentos/Calçados','N','N',NULL,NULL),(213,4,NULL,1,'01.001','Aplicação ','N','N',NULL,NULL),(214,14,NULL,1,'11.001','Bancos','N','N',NULL,NULL),(215,13,NULL,1,'10.001','Elo Crédito ','N','N',NULL,NULL),(216,13,NULL,1,'10.002','Master Crédito','N','N',NULL,NULL),(217,13,NULL,1,'10.003','BEN Refeição','N','N',NULL,NULL),(218,13,NULL,1,'10.004','Elo Débito','N','N',NULL,NULL),(220,13,NULL,1,'10.006','BNB Elo','N','N',NULL,NULL),(221,13,NULL,1,'10.007','BNB Débito','N','N',NULL,NULL),(222,13,NULL,1,'10.008','Ticket Getnet','N','N',NULL,NULL),(223,13,NULL,1,'10.009','VR Smart Getnet','N','N',NULL,NULL),(224,13,NULL,1,'10.010','Sodexo Getnet','N','N',NULL,NULL),(225,13,NULL,1,'10.011','Alelo Getnet','N','N',NULL,NULL),(226,13,NULL,1,'10.012','PIX','N','N',NULL,NULL),(227,13,NULL,1,'10.013','Getnet Crédito','N','N',NULL,NULL),(228,13,NULL,1,'10.014','Getnet Débito','N','N',NULL,NULL),(229,13,NULL,1,'10.015','BNB Crédito','N','N',NULL,NULL),(230,13,NULL,1,'10.016','Stone elo Crédito','N','N',NULL,NULL),(231,13,NULL,1,'10.017','Stone elo Débito','N','N',NULL,NULL),(232,13,NULL,1,'10.018','Stone Crédito','N','N',NULL,NULL),(233,13,NULL,1,'10.019','Stone Débito','N','N',NULL,NULL),(236,13,NULL,1,'10.022','BNB Pix ','N','N',NULL,NULL),(237,13,NULL,1,'10.023','Visa Crédito','N','N',NULL,NULL),(238,13,NULL,1,'10.024','Visa Débito ','N','N',NULL,NULL),(239,13,NULL,1,'10.025','Amex ','N','N',NULL,NULL),(240,13,NULL,1,'10.026','Alelo/Visa Vale ','N','N',NULL,NULL),(241,13,NULL,1,'10.027','Master Débito ','N','N',NULL,NULL),(242,13,NULL,1,'10.028','Hiper','N','N',NULL,NULL),(245,10,NULL,1,'07.001','Consumo Interno','N','N',NULL,NULL),(247,9,NULL,1,'06.002','Aporte','N','N',NULL,NULL),(248,9,NULL,1,'06.003','Conta','N','N',NULL,NULL),(249,9,NULL,1,'06.004','Conta Antena 1','N','N',NULL,NULL),(250,9,NULL,1,'06.005','Ifood ','N','N',NULL,NULL),(252,8,NULL,1,'05.001','Contra Vale PG','N','N',NULL,NULL),(253,7,NULL,1,'04.001','Cortesia','N','N',NULL,NULL),(254,6,NULL,1,'03.001','Venda Material Reciclavel ','N','N',NULL,NULL),(255,6,NULL,1,'03.002','Outros creditos','N','N',NULL,NULL),(256,6,NULL,1,'03.003','Carvão/Lenha','N','N',NULL,NULL),(257,6,NULL,1,'03.004','Bonificações ','N','N',NULL,NULL),(258,6,NULL,1,'03.005','Venda de Lata Refrigerantes','N','N',NULL,NULL),(259,6,NULL,1,'03.006','Estacionamento','N','N',NULL,NULL),(260,6,NULL,1,'03.007','Créditos Diversos ','N','N',NULL,NULL),(261,5,NULL,1,'02.001','Desconto ','N','N',NULL,NULL),(262,15,NULL,1,'12.001','Dolar ','N','N',NULL,NULL),(263,16,NULL,1,'13.001','Emprestimo Bancário','N','N',NULL,NULL),(264,17,NULL,1,'14.001','Emprestimo JK','N','N',NULL,NULL),(265,17,NULL,1,'14.002','Emprestimos entre as Casas','N','N',NULL,NULL),(268,17,NULL,1,'14.005','Emprestimo jair Konrad','N','N',NULL,NULL),(269,23,NULL,1,'20.001','Contra Vale troco ','N','N',NULL,NULL),(270,23,NULL,1,'20.002','Evento ','N','N',NULL,NULL),(271,23,NULL,1,'20.003','Sobra de Caixa','N','N',NULL,NULL),(272,23,NULL,1,'20.004','Falta de Caixa ','N','N',NULL,NULL),(273,22,NULL,1,'19.001','Patrimônio (Especie) ','N','N',NULL,NULL),(274,21,NULL,1,'18.001','Sodexo','N','N',NULL,NULL),(275,21,NULL,1,'18.002','Ticket Voucher ','N','N',NULL,NULL),(276,21,NULL,1,'18.003','Ticket Restaurante','N','N',NULL,NULL),(277,21,NULL,1,'18.004','Good Card ','N','N',NULL,NULL),(280,21,NULL,1,'18.007','VR Refeição Smart','N','N',NULL,NULL),(283,21,NULL,1,'18.010','TR Eletrônico ','N','N',NULL,NULL),(284,21,NULL,1,'18.011','Vale Refeição','N','N',NULL,NULL),(286,20,NULL,1,'17.001','Vale','N','N',NULL,NULL),(288,19,NULL,1,'16.001','Dinheiro','N','N',NULL,NULL),(289,18,NULL,1,'15.001','Bebidas Frias','N','N',NULL,NULL),(290,18,NULL,1,'15.002','Venda de Quentinha','N','N',NULL,NULL),(291,18,NULL,1,'15.003','Carnes','N','N',NULL,NULL),(292,18,NULL,1,'15.004','Sobremesa','N','N',NULL,NULL),(293,18,NULL,1,'15.005','Ceasa ','N','N',NULL,NULL),(294,18,NULL,1,'15.006','Bebidas Quentes','N','N',NULL,NULL),(295,18,NULL,1,'15.007','frios','N','N',NULL,NULL),(296,18,NULL,1,'15.008','Supermercado ','N','N',NULL,NULL),(297,18,NULL,1,'15.009','Pizzaria ','N','N',NULL,NULL),(298,18,NULL,1,'15.010','Material Descartavel ','N','N',NULL,NULL),(299,18,NULL,1,'15.011','Frutos do Mar','N','N',NULL,NULL),(300,18,NULL,1,'15.012','Material de Limpeza ','N','N',NULL,NULL),(301,27,NULL,1,'24.001','Comissão Guia','N','N',NULL,NULL);

--
-- Table structure for table `processamento`
--

CREATE TABLE `processamento` (
  `idprocessamento` int(11) NOT NULL AUTO_INCREMENT,
  `estoque_id` int(11) NOT NULL,
  `ficha_tecnica_id` int(11) NOT NULL,
  `iduser` int(11) NOT NULL,
  `idempresa` int(11) NOT NULL,
  `created_at` datetime DEFAULT NULL,
  `deleted_at` datetime DEFAULT NULL,
  `qtd` int(11) NOT NULL,
  PRIMARY KEY (`idprocessamento`),
  KEY `fk_processamento_2` (`estoque_id`),
  KEY `fk_processamento_4` (`idempresa`),
  KEY `fk_processamento_3` (`iduser`),
  CONSTRAINT `fk_processamento_2` FOREIGN KEY (`estoque_id`) REFERENCES `estoque` (`idestoque`),
  CONSTRAINT `fk_processamento_3` FOREIGN KEY (`iduser`) REFERENCES `system_users` (`id`),
  CONSTRAINT `fk_processamento_4` FOREIGN KEY (`idempresa`) REFERENCES `system_unit` (`id`)
) ENGINE=InnoDB DEFAULT CHARSET=utf8mb3 COLLATE=utf8mb3_unicode_ci;

--
-- Dumping data for table `processamento`
--


--
-- Table structure for table `rateio`
--

CREATE TABLE `rateio` (
  `idrateio` int(11) NOT NULL AUTO_INCREMENT,
  `pcn1_id` int(11) DEFAULT NULL,
  `pcn2_id` int(11) DEFAULT NULL,
  `movimento_financeiro_id` int(11) DEFAULT NULL,
  `idmovimento` int(11) DEFAULT NULL,
  `tipo_financeiro` int(11) NOT NULL,
  `created_at` datetime NOT NULL,
  `valor` double NOT NULL,
  PRIMARY KEY (`idrateio`),
  KEY `fk_rateio_2` (`movimento_financeiro_id`),
  KEY `fk_rateio_3` (`tipo_financeiro`),
  KEY `fk_rateio_5` (`pcn1_id`),
  KEY `fk_rateio_4` (`idmovimento`),
  KEY `fk_rateio_pcn2_id` (`pcn2_id`),
  CONSTRAINT `fk_rateio_2` FOREIGN KEY (`movimento_financeiro_id`) REFERENCES `movimento_financeiro` (`idmovimento_financeiro`),
  CONSTRAINT `fk_rateio_3` FOREIGN KEY (`tipo_financeiro`) REFERENCES `tipo_financeiro` (`idtipo_financeiro`),
  CONSTRAINT `fk_rateio_4` FOREIGN KEY (`idmovimento`) REFERENCES `movimento` (`idmovimento`),
  CONSTRAINT `fk_rateio_5` FOREIGN KEY (`pcn1_id`) REFERENCES `pcn1` (`id`),
  CONSTRAINT `fk_rateio_pcn2_id` FOREIGN KEY (`pcn2_id`) REFERENCES `pcn2` (`id`)
) ENGINE=InnoDB DEFAULT CHARSET=utf8mb3 COLLATE=utf8mb3_unicode_ci;

--
-- Dumping data for table `rateio`
--


--
-- Table structure for table `status`
--

CREATE TABLE `status` (
  `idstatus` int(11) NOT NULL AUTO_INCREMENT,
  `nome` varchar(20) NOT NULL,
  `editar` int(11) DEFAULT NULL,
  `excluir` int(11) DEFAULT NULL,
  `pagar` int(11) DEFAULT NULL,
  `cancelar` int(11) DEFAULT NULL,
  `abrir` int(11) DEFAULT NULL,
  `fechar` int(11) DEFAULT NULL,
  PRIMARY KEY (`idstatus`)
) ENGINE=InnoDB AUTO_INCREMENT=12 DEFAULT CHARSET=utf8mb3 COLLATE=utf8mb3_unicode_ci;

--
-- Dumping data for table `status`
--

INSERT INTO `status` (`idstatus`, `nome`, `editar`, `excluir`, `pagar`, `cancelar`, `abrir`, `fechar`) VALUES (1,'PAGO',0,0,0,1,NULL,NULL),(2,'ABERTO',1,1,1,0,NULL,NULL),(3,'FECHADO',0,0,0,0,NULL,NULL),(5,'CANCELADO',0,0,0,0,NULL,NULL),(7,'NÃO IMPORTADO',1,1,1,1,NULL,NULL),(8,'IMPORTADO',1,1,1,1,NULL,NULL),(9,'COMPRADO',1,1,1,1,NULL,NULL),(10,'RECEBIDO',0,0,0,1,NULL,NULL),(11,'DEVOLVIDO',0,0,0,1,NULL,NULL);

--
-- Table structure for table `system_document`
--

CREATE TABLE `system_document` (
  `id` int(11) NOT NULL,
  `category_id` int(11) NOT NULL,
  `system_user_id` int(11) DEFAULT NULL,
  `title` text NOT NULL,
  `description` text DEFAULT NULL,
  `submission_date` date DEFAULT NULL,
  `archive_date` date DEFAULT NULL,
  `filename` text DEFAULT NULL,
  PRIMARY KEY (`id`),
  KEY `fk_system_document_2` (`category_id`),
  KEY `fk_system_document_1` (`system_user_id`),
  CONSTRAINT `fk_system_document_1` FOREIGN KEY (`system_user_id`) REFERENCES `system_users` (`id`),
  CONSTRAINT `fk_system_document_2` FOREIGN KEY (`category_id`) REFERENCES `system_document_category` (`id`)
) ENGINE=InnoDB DEFAULT CHARSET=utf8mb3 COLLATE=utf8mb3_unicode_ci;

--
-- Dumping data for table `system_document`
--


--
-- Table structure for table `system_document_category`
--

CREATE TABLE `system_document_category` (
  `id` int(11) NOT NULL,
  `name` text NOT NULL,
  PRIMARY KEY (`id`)
) ENGINE=InnoDB DEFAULT CHARSET=utf8mb3 COLLATE=utf8mb3_unicode_ci;

--
-- Dumping data for table `system_document_category`
--


--
-- Table structure for table `system_document_group`
--

CREATE TABLE `system_document_group` (
  `id` int(11) NOT NULL,
  `document_id` int(11) NOT NULL,
  `system_group_id` int(11) NOT NULL,
  PRIMARY KEY (`id`),
  KEY `fk_system_document_group_2` (`document_id`),
  KEY `fk_system_document_group_1` (`system_group_id`),
  CONSTRAINT `fk_system_document_group_1` FOREIGN KEY (`system_group_id`) REFERENCES `system_group` (`id`),
  CONSTRAINT `fk_system_document_group_2` FOREIGN KEY (`document_id`) REFERENCES `system_document` (`id`)
) ENGINE=InnoDB DEFAULT CHARSET=utf8mb3 COLLATE=utf8mb3_unicode_ci;

--
-- Dumping data for table `system_document_group`
--


--
-- Table structure for table `system_document_user`
--

CREATE TABLE `system_document_user` (
  `id` int(11) NOT NULL,
  `document_id` int(11) NOT NULL,
  `system_user_id` int(11) NOT NULL,
  PRIMARY KEY (`id`),
  KEY `fk_system_document_user_2` (`document_id`),
  KEY `fk_system_document_user_1` (`system_user_id`),
  CONSTRAINT `fk_system_document_user_1` FOREIGN KEY (`system_user_id`) REFERENCES `system_users` (`id`),
  CONSTRAINT `fk_system_document_user_2` FOREIGN KEY (`document_id`) REFERENCES `system_document` (`id`)
) ENGINE=InnoDB DEFAULT CHARSET=utf8mb3 COLLATE=utf8mb3_unicode_ci;

--
-- Dumping data for table `system_document_user`
--


--
-- Table structure for table `system_group`
--

CREATE TABLE `system_group` (
  `id` int(11) NOT NULL,
  `name` text NOT NULL,
  `uuid` varchar(36) DEFAULT NULL,
  PRIMARY KEY (`id`)
) ENGINE=InnoDB DEFAULT CHARSET=utf8mb3 COLLATE=utf8mb3_unicode_ci;

--
-- Dumping data for table `system_group`
--

INSERT INTO `system_group` (`id`, `name`, `uuid`) VALUES (1,'Admin',NULL),(2,'Standard',NULL),(3,'Cadastros Básicos','11ee9035-53b8-4aa2-8846-ef0d9c485b41'),(4,'Central de Compras','c4da2aab-6e89-4ed7-9756-1d35a6d50ad4'),(5,'Configurações','15e88189-f800-49cd-897c-0689ad7125f6'),(6,'Gestão do Estoque','9dfdc4ce-355f-4ac6-87aa-943f2afd5f28'),(7,'Módulo Financeiro','bae9fb4b-a860-477d-8466-71f9754cfe76'),(8,'Relatórios','62c5f55b-b697-4e00-9882-5f3c15cc2e62'),(9,'Gerencial','deb98432-918c-4945-83ab-3efd3340616f');

--
-- Table structure for table `system_group_program`
--

CREATE TABLE `system_group_program` (
  `id` int(11) NOT NULL,
  `system_group_id` int(11) NOT NULL,
  `system_program_id` int(11) NOT NULL,
  `actions` text DEFAULT NULL,
  PRIMARY KEY (`id`),
  KEY `fk_system_group_program_1` (`system_program_id`),
  KEY `fk_system_group_program_2` (`system_group_id`),
  CONSTRAINT `fk_system_group_program_1` FOREIGN KEY (`system_program_id`) REFERENCES `system_program` (`id`),
  CONSTRAINT `fk_system_group_program_2` FOREIGN KEY (`system_group_id`) REFERENCES `system_group` (`id`)
) ENGINE=InnoDB DEFAULT CHARSET=utf8mb3 COLLATE=utf8mb3_unicode_ci;

--
-- Dumping data for table `system_group_program`
--

INSERT INTO `system_group_program` (`id`, `system_group_id`, `system_program_id`, `actions`) VALUES (12,2,10,NULL),(13,2,12,NULL),(14,2,13,NULL),(15,2,16,NULL),(16,2,17,NULL),(17,2,18,NULL),(18,2,19,NULL),(19,2,20,NULL),(21,2,22,NULL),(22,2,23,NULL),(23,2,24,NULL),(24,2,25,NULL),(29,2,30,NULL),(42,3,43,NULL),(43,3,44,NULL),(44,3,45,NULL),(45,3,46,NULL),(46,3,47,NULL),(47,3,48,NULL),(48,3,49,NULL),(49,3,50,NULL),(50,3,51,NULL),(51,3,52,NULL),(52,3,53,NULL),(53,3,54,NULL),(54,3,55,NULL),(55,3,56,NULL),(56,3,57,NULL),(57,3,58,NULL),(58,3,59,NULL),(59,3,60,NULL),(60,3,61,NULL),(61,3,62,NULL),(62,3,63,NULL),(63,3,64,NULL),(64,3,65,NULL),(65,3,66,NULL),(66,4,67,NULL),(67,4,68,NULL),(68,4,69,NULL),(69,4,70,NULL),(70,4,71,NULL),(71,4,72,NULL),(72,4,73,NULL),(73,4,74,NULL),(74,4,75,NULL),(75,5,76,NULL),(76,5,77,NULL),(77,5,78,NULL),(78,5,79,NULL),(79,5,80,NULL),(80,5,81,NULL),(81,5,82,NULL),(82,6,83,NULL),(83,6,84,NULL),(84,6,85,NULL),(85,6,86,NULL),(86,6,87,NULL),(87,6,88,NULL),(88,6,89,NULL),(89,6,90,NULL),(90,6,91,NULL),(91,6,92,NULL),(92,6,93,NULL),(93,6,94,NULL),(94,6,95,NULL),(95,6,96,NULL),(96,6,97,NULL),(97,6,98,NULL),(98,6,99,NULL),(99,6,100,NULL),(100,6,101,NULL),(101,6,102,NULL),(102,6,103,NULL),(103,6,104,NULL),(104,6,105,NULL),(105,6,106,NULL),(106,6,107,NULL),(107,6,108,NULL),(108,6,109,NULL),(109,6,110,NULL),(110,6,111,NULL),(111,6,112,NULL),(112,6,113,NULL),(113,6,114,NULL),(114,6,115,NULL),(115,6,116,NULL),(116,6,117,NULL),(117,6,118,NULL),(118,6,119,NULL),(119,6,120,NULL),(120,6,121,NULL),(121,6,122,NULL),(122,6,123,NULL),(123,6,124,NULL),(124,6,125,NULL),(125,6,126,NULL),(126,6,127,NULL),(127,6,128,NULL),(128,6,129,NULL),(129,7,130,NULL),(130,7,131,NULL),(131,7,132,NULL),(132,7,133,NULL),(133,7,134,NULL),(134,7,135,NULL),(135,7,136,NULL),(136,7,137,NULL),(137,7,138,NULL),(138,7,139,NULL),(139,7,140,NULL),(140,7,141,NULL),(141,7,142,NULL),(142,7,143,NULL),(143,7,144,NULL),(144,7,145,NULL),(145,7,146,NULL),(146,7,147,NULL),(147,7,148,NULL),(148,7,149,NULL),(149,8,150,NULL),(150,8,151,NULL),(151,8,152,NULL),(152,8,153,NULL),(153,8,154,NULL),(154,8,155,NULL),(155,8,156,NULL),(156,8,157,NULL),(157,8,158,NULL),(158,8,159,NULL),(159,8,160,NULL),(160,8,161,NULL),(161,8,162,NULL),(162,9,163,NULL),(163,7,164,NULL),(164,6,163,NULL),(165,9,135,NULL),(166,9,144,NULL),(167,1,1,'[]'),(168,1,2,'[]'),(169,1,3,'[]'),(170,1,4,'[]'),(171,1,5,'[]'),(172,1,6,'[]'),(173,1,8,'[]'),(174,1,9,'[]'),(175,1,11,'[]'),(176,1,14,'[]'),(177,1,15,'[]'),(178,1,21,'[]'),(179,1,26,'[]'),(180,1,27,'[]'),(181,1,28,'[]'),(182,1,29,'[]'),(183,1,31,'[]'),(184,1,32,'[]'),(185,1,33,'[]'),(186,1,34,'[]'),(187,1,35,'[]'),(188,1,36,'[]'),(189,1,37,'[]'),(190,1,38,'[]'),(191,1,39,'[]'),(192,1,40,'[]'),(193,1,41,'[]'),(194,1,42,'[]'),(195,1,165,'[]'),(196,1,166,'[]'),(197,1,167,'[]'),(198,1,168,'[]'),(199,1,169,'[]');

--
-- Table structure for table `system_message`
--

CREATE TABLE `system_message` (
  `id` int(11) NOT NULL,
  `system_user_id` int(11) NOT NULL,
  `system_user_to_id` int(11) NOT NULL,
  `subject` text NOT NULL,
  `message` text DEFAULT NULL,
  `dt_message` datetime DEFAULT NULL,
  `checked` char(1) DEFAULT NULL,
  PRIMARY KEY (`id`),
  KEY `fk_system_message_1` (`system_user_id`),
  KEY `fk_system_message_2` (`system_user_to_id`),
  CONSTRAINT `fk_system_message_1` FOREIGN KEY (`system_user_id`) REFERENCES `system_users` (`id`),
  CONSTRAINT `fk_system_message_2` FOREIGN KEY (`system_user_to_id`) REFERENCES `system_users` (`id`)
) ENGINE=InnoDB DEFAULT CHARSET=utf8mb3 COLLATE=utf8mb3_unicode_ci;

--
-- Dumping data for table `system_message`
--


--
-- Table structure for table `system_notification`
--

CREATE TABLE `system_notification` (
  `id` int(11) NOT NULL,
  `system_user_id` int(11) NOT NULL,
  `system_user_to_id` int(11) NOT NULL,
  `subject` text DEFAULT NULL,
  `message` text DEFAULT NULL,
  `dt_message` datetime DEFAULT NULL,
  `action_url` text DEFAULT NULL,
  `action_label` text DEFAULT NULL,
  `icon` text DEFAULT NULL,
  `checked` char(1) DEFAULT NULL,
  PRIMARY KEY (`id`),
  KEY `fk_system_notification_1` (`system_user_id`),
  KEY `fk_system_notification_2` (`system_user_to_id`),
  CONSTRAINT `fk_system_notification_1` FOREIGN KEY (`system_user_id`) REFERENCES `system_users` (`id`),
  CONSTRAINT `fk_system_notification_2` FOREIGN KEY (`system_user_to_id`) REFERENCES `system_users` (`id`)
) ENGINE=InnoDB DEFAULT CHARSET=utf8mb3 COLLATE=utf8mb3_unicode_ci;

--
-- Dumping data for table `system_notification`
--


--
-- Table structure for table `system_preference`
--

CREATE TABLE `system_preference` (
  `id` varchar(255) NOT NULL,
  `preference` text DEFAULT NULL,
  PRIMARY KEY (`id`)
) ENGINE=InnoDB DEFAULT CHARSET=utf8mb3 COLLATE=utf8mb3_unicode_ci;

--
-- Dumping data for table `system_preference`
--

INSERT INTO `system_preference` (`id`, `preference`) VALUES ('builder_user_themes','{\"1\":\"dark\"}');

--
-- Table structure for table `system_program`
--

CREATE TABLE `system_program` (
  `id` int(11) NOT NULL,
  `name` text NOT NULL,
  `controller` text NOT NULL,
  `actions` text DEFAULT NULL,
  PRIMARY KEY (`id`)
) ENGINE=InnoDB DEFAULT CHARSET=utf8mb3 COLLATE=utf8mb3_unicode_ci;

--
-- Dumping data for table `system_program`
--

INSERT INTO `system_program` (`id`, `name`, `controller`, `actions`) VALUES (1,'System Group Form','SystemGroupForm',NULL),(2,'System Group List','SystemGroupList',NULL),(3,'System Program Form','SystemProgramForm',NULL),(4,'System Program List','SystemProgramList',NULL),(5,'System User Form','SystemUserForm',NULL),(6,'System User List','SystemUserList',NULL),(7,'Common Page','CommonPage',NULL),(8,'System PHP Info','SystemPHPInfoView',NULL),(9,'System ChangeLog View','SystemChangeLogView',NULL),(10,'Welcome View','WelcomeView',NULL),(11,'System Sql Log','SystemSqlLogList',NULL),(12,'System Profile View','SystemProfileView',NULL),(13,'System Profile Form','SystemProfileForm',NULL),(14,'System SQL Panel','SystemSQLPanel',NULL),(15,'System Access Log','SystemAccessLogList',NULL),(16,'System Message Form','SystemMessageForm',NULL),(17,'System Message List','SystemMessageList',NULL),(18,'System Message Form View','SystemMessageFormView',NULL),(19,'System Notification List','SystemNotificationList',NULL),(20,'System Notification Form View','SystemNotificationFormView',NULL),(21,'System Document Category List','SystemDocumentCategoryFormList',NULL),(22,'System Document Form','SystemDocumentForm',NULL),(23,'System Document Upload Form','SystemDocumentUploadForm',NULL),(24,'System Document List','SystemDocumentList',NULL),(25,'System Shared Document List','SystemSharedDocumentList',NULL),(26,'System Unit Form','SystemUnitForm',NULL),(27,'System Unit List','SystemUnitList',NULL),(28,'System Access stats','SystemAccessLogStats',NULL),(29,'System Preference form','SystemPreferenceForm',NULL),(30,'System Support form','SystemSupportForm',NULL),(31,'System PHP Error','SystemPHPErrorLogView',NULL),(32,'System Database Browser','SystemDatabaseExplorer',NULL),(33,'System Table List','SystemTableList',NULL),(34,'System Data Browser','SystemDataBrowser',NULL),(35,'System Menu Editor','SystemMenuEditor',NULL),(36,'System Request Log','SystemRequestLogList',NULL),(37,'System Request Log View','SystemRequestLogView',NULL),(38,'System Administration Dashboard','SystemAdministrationDashboard',NULL),(39,'System Log Dashboard','SystemLogDashboard',NULL),(40,'System Session dump','SystemSessionDumpView',NULL),(41,'Files diff','SystemFilesDiff',NULL),(42,'System Information','SystemInformationView',NULL),(43,'Itens','ItemList',NULL),(44,'Pessoas','ClienteFornecedorList',NULL),(45,'Categorias','CategoriaList',NULL),(46,'Estoques','EstoqueList',NULL),(47,'Tipo documentos','TipoDocumentoList',NULL),(48,'PC Primeiro Nível','Pcn1List',NULL),(49,'PC Segundo Nível','Pcn2List',NULL),(50,'Cidades','CidadeHeaderList',NULL),(51,'Estados','EstadoHeaderList',NULL),(52,'Itens movimentos','ItensMovimentoList',NULL),(53,'Cadastro de cidade','CidadeForm',NULL),(54,'Cadastro de estado','EstadoForm',NULL),(55,'Transferência de Itens','MovimentoTransferenciaForm',NULL),(56,'Cadastro de transferencia bancaria','TransferenciaBancariaForm',NULL),(57,'Cadastro de Estoque','EstoqueForm',NULL),(58,'Cadastro de item','ItemForm',NULL),(59,'Cadastro de contas','ContasForm',NULL),(60,'Categoria','CategoriaForm',NULL),(61,'Cadastro de Cliente e Fornecedor','ClienteFornecedorForm',NULL),(62,'Balanço Mensal','MovimentoBalancoForm',NULL),(63,'Requisição de Itens','MovimentoRequisicaoForm',NULL),(64,'Entrada de Itens','MovimentoEntradaForm',NULL),(65,'SubCategoria','SubCategoriaForm',NULL),(66,'Cadastro de tipo documento','TipoDocumentoForm',NULL),(67,'Ordem de Compra','OcList',NULL),(68,'Histórico de compras','HistoricoComprasList',NULL),(69,'Saldo estoque','EstoqueItensHeaderList',NULL),(70,'Itens ordem de compra','ItensOcSimpleList',NULL),(71,'Ordem de compra','OcDocument',NULL),(72,'Importar OC','ImportarOcForm',NULL),(73,'Lançamento de itens da ordem de compra','ItensOcForm',NULL),(74,'Importar Movimento OC ','ImportarMovimentoOCForm',NULL),(75,'Ordem de Compras','OcForm',NULL),(76,'Empresa','EmpresaSimpleList',NULL),(77,'Associações de Itens','FornecedorCodigoHeaderList',NULL),(78,'Auditorias','AuditoriaList',NULL),(79,'Cadastro de associação','FornecedorCodigoForm',NULL),(80,'Cadastro de cfop','CfopForm',NULL),(81,'Cfops','CfopHeaderList',NULL),(82,'Cadastro de empresa','EmpresaForm',NULL),(83,'Painel NFe','PainelEntradaList',NULL),(84,'Dashboard Financeiro','DashboardFinanceiro',NULL),(85,'Movimentações','MovimentoList',NULL),(86,'Dashboard Estoque ','DashboardEstoque',NULL),(87,'Ajuste custo Médios','AjusteCustoMedioList',NULL),(88,'Ficha Técnica','FtList',NULL),(89,'Processamentos','ProcessamentoList',NULL),(90,'Beneficiamentos','BeneficiamentoList',NULL),(91,'Emissão balanço','MovimentoBalancoDocument',NULL),(92,'Itens Balanço','ItensMovimentoBalancoSimpleList',NULL),(93,'Cadastro de associação','FornecedorCodigoTempForm',NULL),(94,'Lançamento dos itens balanço','ItensMovimentoBalancoForm',NULL),(95,'Manifesto NFE','ManifestoNFE',NULL),(96,'Cadastro de beneficiamento','BeneficiamentoForm',NULL),(97,'Itens Saída','ItensMovimentoSaidaSimpleList',NULL),(98,'Parcelas da saida','MovimentoParcelasSaidaSimpleList',NULL),(99,'Parcelas do movimento saida','MovimentoParcelasSaidaForm',NULL),(100,'Importar NFE - XML','ImportarNFE',NULL),(101,'Emissão requisição','MovimentoRequisicaoDocument',NULL),(102,'Movimento','EstoqueDocument',NULL),(103,'Lançamento dos itens Requisicao','ItensMovimentoRequisicaoForm',NULL),(104,'Itens Requisição','ItensMovimentoRequisicaoSimpleList',NULL),(105,'Lançamento dos itens Transferência','ItensMovimentoTransferenciaForm',NULL),(106,'Itens Transferência','ItensMovimentoTransferenciaSimpleList',NULL),(107,'Emissão transferência','MovimentoTransferenciaDocument',NULL),(108,'Itens movimento','ItensMovimentoSimpleList',NULL),(109,'Ajuste saldo estoques','AjusteSaldoEstoqueForm',NULL),(110,'Ajuste custo Médios','AjusteCustoMedioForm',NULL),(111,'escolheParcelasform','MovimentoForm',NULL),(112,'selecionaParcelas','MovBancariaForm',NULL),(113,'DetalheCompraItens','MovimentoFormView',NULL),(114,'Cadastro de associação','FornecedorCodigoTempHeaderList',NULL),(115,'ContasReceberSaida','ContasReceberSaida',NULL),(116,'ContasPagarEntrada','ContasPagarEntrada',NULL),(117,'Lançamento dos itens','ItensMovimentoEntradaForm',NULL),(118,'Itens Entrada','ItensMovimentoEntradaSimpleList',NULL),(119,'Lançamento dos itens saída','ItensMovimentoSaidaForm',NULL),(120,'Parcelas do movimento entrada','MovimentoParcelasEntradaForm',NULL),(121,'Parcelas da entrada ','MovimentoParcelasEntradaSimpleList',NULL),(122,'Saída de itens','MovimentoSaidaForm',NULL),(123,'Processamento','ProcessamentoForm',NULL),(124,'Ficha Técnica','FtForm',NULL),(125,'Manifesto em lote','ManifestoLote',NULL),(126,'Emissão movimento','MovimentoEntradaDocument',NULL),(127,'Transferencia itens pela Listagem','TransferenciaItensPelaListagem',NULL),(128,'Parcelas','parcelasEstoque',NULL),(129,'Emissão saída','MovimentoSaidaDocument',NULL),(130,'Contas Financeiras ','ContasList',NULL),(131,'Contas a Pagar','MovimentoContasPagarList',NULL),(132,'Contas a Receber','MovimentoContasReceberList',NULL),(133,'Transferência','TransferenciaBancariaList',NULL),(134,'Rateio','RateioSimpleList',NULL),(135,'Vendas','VendasList',NULL),(136,'Mov. Bancária','MovBancariaList',NULL),(137,'Fechamento mensal','FechamentoMensalForm',NULL),(138,'Fechamento mensal','FechamentoMensalList',NULL),(139,'Contas a Pagar','MovimentoFinanceiroPagarForm',NULL),(140,'Quitar contas a pagar em lote','QuitarContaPagarLoteForm',NULL),(141,'Fechamento mensal','FechamentoMesalDocument',NULL),(142,'BaixaMovimentoFinanceiroReceber','BaixaMovimentoFinanceiroReceber',NULL),(143,'Contas a Receber','MovimentoFinanceiroReceberForm',NULL),(144,'Vendas Diárias','VendasForm',NULL),(145,'Cadastro de pcn1','Pcn1Form',NULL),(146,'BaixaMovimentoFinanceiroReceber2','BaixaMovimentoFinanceiroReceber2',NULL),(147,'Quitar contas a receber em lote','QuitarContaReceberLoteForm',NULL),(148,'Cadastro de pcn2','Pcn2Form',NULL),(149,'BaixaMovimentoFinanceiro','BaixaMovimentoFinanceiro',NULL),(150,'Compras por fornecedor','EHistoricoCompraFornecedorReport',NULL),(151,'Relatório físico de itens','EstoqueFisicoReport',NULL),(152,'Histórico de Requisições','RequisicaoReport',NULL),(153,'Despesas Analíticas','RelDespesasAnaliticaReport',NULL),(154,'Compras por categoria','EHistoricoCompraCategReport',NULL),(155,'Consumo e Estoque Inicial','EConsumoincialReport',NULL),(156,'Histórico de Transferência','TransferenciaReport',NULL),(157,'Despesas Sintéticas','RelDespesaSinteticaReport',NULL),(158,'Receitas Sintéticas','RelReceitaSinteticaReport',NULL),(159,'Despesas analíticas ','EDespesasanaliticasnewReport',NULL),(160,'Inventário de Itens','ItemConsultaReport',NULL),(161,'Resumo despesas','EDespesasresumoReport',NULL),(162,'Despesas semestral','EComparacaodespesasReport',NULL),(163,'Ajuste saldo estoques','AjusteSaldoEstoqueList',NULL),(164,'Fluxo de Caixa','FluxoCaixa',NULL),(165,'Form to add user to chat group','SystemAddUserGroupForm',NULL),(166,'Form to start a chat','SystemNewChatForm',NULL),(167,'Form to start a group chat','SystemNewChatGroupForm',NULL),(168,'System monitor online users list','SystemUserMonitorHeaderList',NULL),(169,'System Data Import','SystemDataImportForm',NULL);

--
-- Table structure for table `system_unit`
--

CREATE TABLE `system_unit` (
  `id` int(11) NOT NULL,
  `name` text NOT NULL,
  `connection_name` text DEFAULT NULL,
  PRIMARY KEY (`id`)
) ENGINE=InnoDB DEFAULT CHARSET=utf8mb3 COLLATE=utf8mb3_unicode_ci;

--
-- Dumping data for table `system_unit`
--

INSERT INTO `system_unit` (`id`, `name`, `connection_name`) VALUES (1,'Skillus Classic','matriz'),(2,'Filial','matriz');

--
-- Table structure for table `system_user_group`
--

CREATE TABLE `system_user_group` (
  `id` int(11) NOT NULL,
  `system_user_id` int(11) NOT NULL,
  `system_group_id` int(11) NOT NULL,
  PRIMARY KEY (`id`),
  KEY `fk_system_user_group_1` (`system_group_id`),
  KEY `fk_system_user_group_2` (`system_user_id`),
  CONSTRAINT `fk_system_user_group_1` FOREIGN KEY (`system_group_id`) REFERENCES `system_group` (`id`),
  CONSTRAINT `fk_system_user_group_2` FOREIGN KEY (`system_user_id`) REFERENCES `system_users` (`id`)
) ENGINE=InnoDB DEFAULT CHARSET=utf8mb3 COLLATE=utf8mb3_unicode_ci;

--
-- Dumping data for table `system_user_group`
--

INSERT INTO `system_user_group` (`id`, `system_user_id`, `system_group_id`) VALUES (2,2,2),(3,1,2),(4,1,3),(5,1,4),(6,1,5),(7,1,6),(8,1,7),(9,1,8),(10,1,9),(11,1,1);

--
-- Table structure for table `system_user_program`
--

CREATE TABLE `system_user_program` (
  `id` int(11) NOT NULL,
  `system_user_id` int(11) NOT NULL,
  `system_program_id` int(11) NOT NULL,
  PRIMARY KEY (`id`),
  KEY `fk_system_user_program_1` (`system_program_id`),
  KEY `fk_system_user_program_2` (`system_user_id`),
  CONSTRAINT `fk_system_user_program_1` FOREIGN KEY (`system_program_id`) REFERENCES `system_program` (`id`),
  CONSTRAINT `fk_system_user_program_2` FOREIGN KEY (`system_user_id`) REFERENCES `system_users` (`id`)
) ENGINE=InnoDB DEFAULT CHARSET=utf8mb3 COLLATE=utf8mb3_unicode_ci;

--
-- Dumping data for table `system_user_program`
--

INSERT INTO `system_user_program` (`id`, `system_user_id`, `system_program_id`) VALUES (1,2,7);

--
-- Table structure for table `system_user_unit`
--

CREATE TABLE `system_user_unit` (
  `id` int(11) NOT NULL,
  `system_user_id` int(11) NOT NULL,
  `system_unit_id` int(11) NOT NULL,
  PRIMARY KEY (`id`),
  KEY `fk_system_user_unit_1` (`system_user_id`),
  KEY `fk_system_user_unit_2` (`system_unit_id`),
  CONSTRAINT `fk_system_user_unit_1` FOREIGN KEY (`system_user_id`) REFERENCES `system_users` (`id`),
  CONSTRAINT `fk_system_user_unit_2` FOREIGN KEY (`system_unit_id`) REFERENCES `system_unit` (`id`)
) ENGINE=InnoDB DEFAULT CHARSET=utf8mb3 COLLATE=utf8mb3_unicode_ci;

--
-- Dumping data for table `system_user_unit`
--

INSERT INTO `system_user_unit` (`id`, `system_user_id`, `system_unit_id`) VALUES (1,1,1),(2,1,2);

--
-- Table structure for table `tipo_conta`
--

CREATE TABLE `tipo_conta` (
  `idtipo_conta` int(11) NOT NULL AUTO_INCREMENT,
  `descricao` varchar(30) NOT NULL,
  PRIMARY KEY (`idtipo_conta`)
) ENGINE=InnoDB AUTO_INCREMENT=6 DEFAULT CHARSET=utf8mb3 COLLATE=utf8mb3_unicode_ci;

--
-- Dumping data for table `tipo_conta`
--

INSERT INTO `tipo_conta` (`idtipo_conta`, `descricao`) VALUES (1,'Dinheiro'),(2,'Conta Corrente'),(3,'Poupança'),(4,'Investimento'),(5,'Outros');

--
-- Table structure for table `tipo_documento`
--

CREATE TABLE `tipo_documento` (
  `id` int(11) NOT NULL AUTO_INCREMENT,
  `tipo_movimento_id` int(11) NOT NULL,
  `idempresa` int(11) NOT NULL,
  `nome` varchar(50) NOT NULL,
  `created_at` datetime DEFAULT NULL,
  `gera_financeiro` char(1) NOT NULL,
  `contabil` char(1) NOT NULL,
  PRIMARY KEY (`id`),
  KEY `fk_tipo_documento_1` (`tipo_movimento_id`),
  KEY `fk_tipo_documento_2` (`idempresa`),
  CONSTRAINT `fk_tipo_documento_1` FOREIGN KEY (`tipo_movimento_id`) REFERENCES `tipo_movimento` (`idtipo_movimento`),
  CONSTRAINT `fk_tipo_documento_2` FOREIGN KEY (`idempresa`) REFERENCES `system_unit` (`id`)
) ENGINE=InnoDB AUTO_INCREMENT=10 DEFAULT CHARSET=utf8mb3 COLLATE=utf8mb3_unicode_ci;

--
-- Dumping data for table `tipo_documento`
--

INSERT INTO `tipo_documento` (`id`, `tipo_movimento_id`, `idempresa`, `nome`, `created_at`, `gera_financeiro`, `contabil`) VALUES (1,1,1,'Nota Fiscal','2023-06-03 00:00:00','S','S'),(2,1,1,'Cupom Fiscal','2023-06-03 00:00:00','S','S'),(3,2,1,'Venda','2023-06-03 00:00:00','S','N'),(4,3,1,'Transferência ','2023-06-03 00:00:00','N','N'),(5,1,1,'Bonificação','2023-06-03 00:00:00','N','N'),(6,2,1,'Doação','2023-06-03 00:00:00','N','N'),(7,4,1,'Requisição','2023-06-03 00:00:00','N','N'),(8,5,1,'Balanço','2023-06-03 00:00:00','N','N'),(9,6,1,'Ordem de Compra','2023-06-03 00:00:00','N','N');

--
-- Table structure for table `tipo_financeiro`
--

CREATE TABLE `tipo_financeiro` (
  `idtipo_financeiro` int(11) NOT NULL AUTO_INCREMENT,
  `nome` varchar(20) NOT NULL,
  PRIMARY KEY (`idtipo_financeiro`)
) ENGINE=InnoDB AUTO_INCREMENT=3 DEFAULT CHARSET=utf8mb3 COLLATE=utf8mb3_unicode_ci;

--
-- Dumping data for table `tipo_financeiro`
--

INSERT INTO `tipo_financeiro` (`idtipo_financeiro`, `nome`) VALUES (1,'Despesa'),(2,'Receita');

--
-- Table structure for table `tipo_movimento`
--

CREATE TABLE `tipo_movimento` (
  `idtipo_movimento` int(11) NOT NULL AUTO_INCREMENT,
  `nome` varchar(50) NOT NULL,
  PRIMARY KEY (`idtipo_movimento`)
) ENGINE=InnoDB AUTO_INCREMENT=7 DEFAULT CHARSET=utf8mb3 COLLATE=utf8mb3_unicode_ci;

--
-- Dumping data for table `tipo_movimento`
--

INSERT INTO `tipo_movimento` (`idtipo_movimento`, `nome`) VALUES (1,'Entrada'),(2,'Saída'),(3,'Transferência '),(4,'Requisição'),(5,'Balanço'),(6,'Ordem de Compra');

--
-- Table structure for table `transferencia_bancaria`
--

CREATE TABLE `transferencia_bancaria` (
  `idtransferencia_bancaria` int(11) NOT NULL AUTO_INCREMENT,
  `contas_origem_id` int(11) NOT NULL,
  `contas_destino_id` int(11) NOT NULL,
  `iduser` int(11) NOT NULL,
  `idempresa` int(11) NOT NULL,
  `descricao` varchar(50) NOT NULL,
  `data_cancelamento` datetime DEFAULT NULL,
  `status` char(1) NOT NULL DEFAULT 'A',
  `valor` double NOT NULL,
  `competencia` date NOT NULL,
  `created_at` datetime DEFAULT NULL,
  PRIMARY KEY (`idtransferencia_bancaria`),
  KEY `fk_transferencia_bancaria_1` (`contas_origem_id`),
  KEY `fk_transferencia_bancaria_2` (`contas_destino_id`),
  KEY `fk_transferencia_bancaria_3` (`iduser`),
  KEY `fk_transferencia_bancaria_4` (`idempresa`),
  CONSTRAINT `fk_transferencia_bancaria_1` FOREIGN KEY (`contas_origem_id`) REFERENCES `contas_bancaria` (`id`),
  CONSTRAINT `fk_transferencia_bancaria_2` FOREIGN KEY (`contas_destino_id`) REFERENCES `contas_bancaria` (`id`),
  CONSTRAINT `fk_transferencia_bancaria_3` FOREIGN KEY (`iduser`) REFERENCES `system_users` (`id`),
  CONSTRAINT `fk_transferencia_bancaria_4` FOREIGN KEY (`idempresa`) REFERENCES `system_unit` (`id`)
) ENGINE=InnoDB DEFAULT CHARSET=utf8mb3 COLLATE=utf8mb3_unicode_ci;

--
-- Dumping data for table `transferencia_bancaria`
--


--
-- Table structure for table `unidade`
--

CREATE TABLE `unidade` (
  `idunidade` int(11) NOT NULL AUTO_INCREMENT,
  `nome` varchar(20) NOT NULL,
  PRIMARY KEY (`idunidade`)
) ENGINE=InnoDB AUTO_INCREMENT=23 DEFAULT CHARSET=utf8mb3 COLLATE=utf8mb3_unicode_ci;

--
-- Dumping data for table `unidade`
--

INSERT INTO `unidade` (`idunidade`, `nome`) VALUES (1,'Unidade'),(2,'Garrafa'),(3,'Bobona'),(4,'Lata'),(5,'Litro'),(6,'Molho'),(7,'M³'),(8,'M²'),(9,'Saco'),(10,'Sacola'),(11,'Caixa'),(12,'Rolo'),(13,'Bandeja'),(14,'Quilo'),(15,'Pacote'),(16,'Fardo'),(17,'Dose'),(18,'Balde'),(19,'Bobona'),(20,'Bisnaga'),(21,'Metro'),(22,'Pote');

--
-- Table structure for table `vendas`
--

CREATE TABLE `vendas` (
  `idvendas` int(11) NOT NULL AUTO_INCREMENT,
  `iduser` int(11) NOT NULL,
  `idempresa` int(11) NOT NULL,
  `valor` double NOT NULL,
  `competencia` date NOT NULL,
  `qtd_pessoas` int(11) NOT NULL,
  `media` double DEFAULT NULL,
  `origem` char(1) NOT NULL,
  `updated_at` datetime DEFAULT NULL,
  `created_at` datetime DEFAULT NULL,
  PRIMARY KEY (`idvendas`),
  KEY `fk_vendas_1` (`iduser`),
  KEY `fk_vendas_2` (`idempresa`),
  CONSTRAINT `fk_vendas_1` FOREIGN KEY (`iduser`) REFERENCES `system_users` (`id`),
  CONSTRAINT `fk_vendas_2` FOREIGN KEY (`idempresa`) REFERENCES `system_unit` (`id`)
) ENGINE=InnoDB DEFAULT CHARSET=utf8mb3 COLLATE=utf8mb3_unicode_ci;

--
-- Dumping data for table `vendas`
--


--
-- Dumping events for database 'noss2142_classic'
--

--
-- Dumping routines for database 'noss2142_classic'
--


