--
-- Host: localhost    Database: noss2142_patuweb
-- ------------------------------------------------------


--
-- Table structure for table `ajuste_custo_medio`
--

CREATE TABLE `ajuste_custo_medio` (
  `idajuste_custo_medio` int(11) NOT NULL AUTO_INCREMENT,
  `item_id` int(11) NOT NULL,
  `iduser` int(11) NOT NULL,
  `idempresa` int(11) NOT NULL,
  `motivo` varchar(50) NOT NULL,
  `valor` double NOT NULL,
  `created_at` datetime DEFAULT NULL,
  PRIMARY KEY (`idajuste_custo_medio`),
  KEY `fk_ajuste_custo_medio_1` (`item_id`),
  KEY `fk_ajuste_custo_medio_3` (`idempresa`),
  KEY `fk_ajuste_custo_medio_2` (`iduser`),
  CONSTRAINT `fk_ajuste_custo_medio_1` FOREIGN KEY (`item_id`) REFERENCES `item` (`iditem`),
  CONSTRAINT `fk_ajuste_custo_medio_2` FOREIGN KEY (`iduser`) REFERENCES `system_users` (`id`),
  CONSTRAINT `fk_ajuste_custo_medio_3` FOREIGN KEY (`idempresa`) REFERENCES `system_unit` (`id`)
) ENGINE=InnoDB AUTO_INCREMENT=2 DEFAULT CHARSET=utf8mb3 COLLATE=utf8mb3_unicode_ci;

--
-- Dumping data for table `ajuste_custo_medio`
--

INSERT INTO `ajuste_custo_medio` (`idajuste_custo_medio`, `item_id`, `iduser`, `idempresa`, `motivo`, `valor`, `created_at`) VALUES (1,2,1,1,'teste',1,'2025-11-28 15:30:05');

--
-- Table structure for table `ajuste_saldo_estoque`
--

CREATE TABLE `ajuste_saldo_estoque` (
  `idajuste_saldo_estoque` int(11) NOT NULL AUTO_INCREMENT,
  `item_id` int(11) NOT NULL,
  `estoque_id` int(11) NOT NULL,
  `iduser` int(11) NOT NULL,
  `idempresa` int(11) NOT NULL,
  `motivo` varchar(50) NOT NULL,
  `qtd` double NOT NULL,
  `created_at` datetime DEFAULT NULL,
  PRIMARY KEY (`idajuste_saldo_estoque`),
  KEY `fk_ajuste_saldo_estoque_1` (`estoque_id`),
  KEY `fk_ajuste_saldo_estoque_2` (`item_id`),
  KEY `fk_ajuste_saldo_estoque_4` (`idempresa`),
  KEY `fk_ajuste_saldo_estoque_3` (`iduser`),
  CONSTRAINT `fk_ajuste_saldo_estoque_1` FOREIGN KEY (`estoque_id`) REFERENCES `estoque` (`idestoque`),
  CONSTRAINT `fk_ajuste_saldo_estoque_2` FOREIGN KEY (`item_id`) REFERENCES `item` (`iditem`),
  CONSTRAINT `fk_ajuste_saldo_estoque_3` FOREIGN KEY (`iduser`) REFERENCES `system_users` (`id`),
  CONSTRAINT `fk_ajuste_saldo_estoque_4` FOREIGN KEY (`idempresa`) REFERENCES `system_unit` (`id`)
) ENGINE=InnoDB AUTO_INCREMENT=2 DEFAULT CHARSET=utf8mb3 COLLATE=utf8mb3_unicode_ci;

--
-- Dumping data for table `ajuste_saldo_estoque`
--

INSERT INTO `ajuste_saldo_estoque` (`idajuste_saldo_estoque`, `item_id`, `estoque_id`, `iduser`, `idempresa`, `motivo`, `qtd`, `created_at`) VALUES (1,2,1,1,1,'teste',14,'2025-05-28 21:43:18');

--
-- Table structure for table `api_error`
--

CREATE TABLE `api_error` (
  `id` int(11) NOT NULL AUTO_INCREMENT,
  `classe` varchar(255) DEFAULT NULL,
  `metodo` varchar(255) DEFAULT NULL,
  `url` varchar(500) DEFAULT NULL,
  `dados` varchar(3000) DEFAULT NULL,
  `error_message` varchar(3000) DEFAULT NULL,
  `created_at` datetime DEFAULT NULL,
  PRIMARY KEY (`id`)
) ENGINE=InnoDB AUTO_INCREMENT=9 DEFAULT CHARSET=utf8mb3 COLLATE=utf8mb3_unicode_ci;

--
-- Dumping data for table `api_error`
--

INSERT INTO `api_error` (`id`, `classe`, `metodo`, `url`, `dados`, `error_message`, `created_at`) VALUES (2,NULL,NULL,'https://services.madbuilder.com.br/cep/api/v1/ 50070270',NULL,'\"Route  50070270\\/d566778216b7941b620daf6267c140ca345de5e993efaa03806ac5035464a5d981e047 not found!\"','2025-05-29 15:53:25'),(3,NULL,NULL,'https://services.madbuilder.com.br/cep/api/v1/ 50070270',NULL,'\"Route  50070270\\/d566778216b7941b620daf6267c140ca345de5e993efaa03806ac5035464a5d981e047 not found!\"','2025-05-29 15:53:33'),(4,NULL,NULL,'https://services.madbuilder.com.br/cep/api/v1/ 50070270',NULL,'\"Route  50070270\\/d566778216b7941b620daf6267c140ca345de5e993efaa03806ac5035464a5d981e047 not found!\"','2025-05-29 15:53:40'),(5,NULL,NULL,'https://services.madbuilder.com.br/cep/api/v1/ 50070270',NULL,'\"Route  50070270\\/d566778216b7941b620daf6267c140ca345de5e993efaa03806ac5035464a5d981e047 not found!\"','2025-05-29 15:53:56'),(6,NULL,NULL,'https://services.madbuilder.com.br/cep/api/v1/ 50070270',NULL,'\"Route  50070270\\/d566778216b7941b620daf6267c140ca345de5e993efaa03806ac5035464a5d981e047 not found!\"','2025-05-29 15:54:30'),(7,NULL,NULL,'https://services.madbuilder.com.br/cep/api/v1/ 545900',NULL,'\"Route  545900\\/d566778216b7941b620daf6267c140ca345de5e993efaa03806ac5035464a5d981e047 not found!\"','2025-06-10 20:05:16');

--
-- Table structure for table `auditoria`
--

CREATE TABLE `auditoria` (
  `idauditoria` int(11) NOT NULL AUTO_INCREMENT,
  `item_id` int(11) NOT NULL,
  `movimento_id` int(11) NOT NULL,
  `iduser` int(11) NOT NULL,
  `idempresa` int(11) NOT NULL,
  `created_at` datetime NOT NULL,
  `valor_auditado` double NOT NULL,
  `qtd_auditada` double NOT NULL,
  `percentual` double NOT NULL,
  `valor_item` double NOT NULL,
  PRIMARY KEY (`idauditoria`),
  KEY `fk_auditoria_1` (`item_id`),
  KEY `fk_auditoria_2` (`movimento_id`),
  KEY `fk_auditoria_4` (`idempresa`),
  KEY `fk_auditoria_3` (`iduser`),
  CONSTRAINT `fk_auditoria_1` FOREIGN KEY (`item_id`) REFERENCES `item` (`iditem`),
  CONSTRAINT `fk_auditoria_2` FOREIGN KEY (`movimento_id`) REFERENCES `movimento` (`idmovimento`),
  CONSTRAINT `fk_auditoria_3` FOREIGN KEY (`iduser`) REFERENCES `system_users` (`id`),
  CONSTRAINT `fk_auditoria_4` FOREIGN KEY (`idempresa`) REFERENCES `system_unit` (`id`)
) ENGINE=InnoDB AUTO_INCREMENT=57 DEFAULT CHARSET=utf8mb3 COLLATE=utf8mb3_unicode_ci;

--
-- Dumping data for table `auditoria`
--

INSERT INTO `auditoria` (`idauditoria`, `item_id`, `movimento_id`, `iduser`, `idempresa`, `created_at`, `valor_auditado`, `qtd_auditada`, `percentual`, `valor_item`) VALUES (2,2,169,1,1,'2025-07-04 15:22:06',15,1,120.58823529412,6.8),(3,2,169,1,1,'2025-07-04 15:23:24',15,1,120.58823529412,6.8),(4,2,169,1,1,'2025-07-04 15:25:39',15,1,120.58823529412,6.8),(5,2,169,1,1,'2025-07-04 15:27:35',15,1,120.58823529412,6.8),(6,2,169,1,1,'2025-07-04 15:30:58',15,1,120.58823529412,6.8),(9,2,169,1,1,'2025-07-04 15:32:09',15,1,120.58823529412,6.8),(10,3,169,1,1,'2025-07-04 15:32:09',60,1,47.420147420147,40.7),(11,2,169,1,1,'2025-07-04 15:33:55',15,1,120.58823529412,6.8),(12,3,169,1,1,'2025-07-04 15:33:55',60,1,47.420147420147,40.7),(13,2,169,1,1,'2025-07-04 15:42:09',15,1,120.58823529412,6.8),(14,3,169,1,1,'2025-07-04 15:42:09',60,1,47.420147420147,40.7),(15,2,169,1,1,'2025-07-04 15:44:45',15,1,120.58823529412,6.8),(16,3,169,1,1,'2025-07-04 15:44:45',60,1,47.420147420147,40.7),(17,2,169,1,1,'2025-07-04 15:46:04',15,1,120.58823529412,6.8),(18,3,169,1,1,'2025-07-04 15:46:04',60,1,47.420147420147,40.7),(19,2,169,1,1,'2025-07-04 15:48:40',15,1,120.58823529412,6.8),(20,3,169,1,1,'2025-07-04 15:48:40',60,1,47.420147420147,40.7),(21,2,169,1,1,'2025-07-04 15:51:39',15,1,120.58823529412,6.8),(22,3,169,1,1,'2025-07-04 15:51:39',60,1,47.420147420147,40.7),(24,2,196,1,1,'2025-07-08 20:15:16',1138,1,16635.294117647,6.8),(27,4,196,1,1,'2025-07-08 20:28:27',100,1,462.11354693648,17.79),(28,5,196,1,1,'2025-07-08 21:46:33',100,1,479.37427578216,17.26),(29,5,196,1,1,'2025-07-08 21:46:57',100,1,479.37427578216,17.26),(30,5,196,1,1,'2025-07-08 21:47:30',100,1,479.37427578216,17.26),(31,5,196,1,1,'2025-07-08 21:48:23',100,1,479.37427578216,17.26),(32,5,196,1,1,'2025-07-08 21:48:54',100,1,479.37427578216,17.26),(33,5,196,1,1,'2025-07-08 21:51:08',100,1,479.37427578216,17.26),(35,5,196,1,1,'2025-07-08 21:52:25',150,1,769.06141367323,17.26),(37,5,196,1,1,'2025-07-08 21:53:48',170,1,884.93626882966,17.26),(38,5,196,1,1,'2025-07-08 21:58:48',170,1,884.93626882966,17.26),(39,5,196,1,1,'2025-07-08 22:00:28',170,1,884.93626882966,17.26),(40,5,196,1,1,'2025-07-08 22:01:45',170,1,884.93626882966,17.26),(41,5,196,1,1,'2025-07-08 22:05:02',170,1,884.93626882966,17.26),(42,5,196,1,1,'2025-07-08 22:06:38',150,1,769.06141367323,17.26),(44,6,194,1,1,'2025-07-09 10:07:35',150,1,650.3751875938,19.99),(46,6,194,1,1,'2025-07-09 10:07:56',150,1,650.3751875938,19.99),(48,6,194,1,1,'2025-07-09 10:09:46',150,1,650.3751875938,19.99),(50,6,194,1,1,'2025-07-09 10:18:48',150,1,650.3751875938,19.99),(51,3,211,1,1,'2025-07-09 14:14:24',18.3,195,83,10),(53,3,252,1,1,'2025-11-20 15:50:51',11.1,1,16.842105263158,9.5),(54,2,273,1,1,'2026-01-07 19:57:19',10,10.111,900,1),(56,3,274,1,1,'2026-01-07 20:04:47',115.05,10,936.48648648649,11.1);

--
-- Table structure for table `beneficiamento`
--

CREATE TABLE `beneficiamento` (
  `id` int(11) NOT NULL AUTO_INCREMENT,
  `created_at` datetime NOT NULL,
  `updated_at` datetime NOT NULL,
  `deleted_at` datetime NOT NULL,
  `idempresa` int(11) NOT NULL,
  `iduser` int(11) NOT NULL,
  `peso_perca` double NOT NULL,
  `qtd` double NOT NULL,
  `total` double NOT NULL,
  `percentual_perca` int(11) NOT NULL,
  `iditem` int(11) NOT NULL,
  `status_id` int(11) DEFAULT NULL,
  PRIMARY KEY (`id`),
  KEY `fk_beneficiamento_1_1` (`idempresa`),
  KEY `fk_beneficiamento_2_2` (`iduser`),
  KEY `fk_beneficiamento_4_1` (`status_id`),
  CONSTRAINT `fk_beneficiamento_1_1` FOREIGN KEY (`idempresa`) REFERENCES `system_unit` (`id`),
  CONSTRAINT `fk_beneficiamento_2_2` FOREIGN KEY (`iduser`) REFERENCES `system_users` (`id`),
  CONSTRAINT `fk_beneficiamento_4_1` FOREIGN KEY (`status_id`) REFERENCES `status` (`idstatus`)
) ENGINE=InnoDB AUTO_INCREMENT=7 DEFAULT CHARSET=utf8mb3 COLLATE=utf8mb3_unicode_ci;

--
-- Dumping data for table `beneficiamento`
--

INSERT INTO `beneficiamento` (`id`, `created_at`, `updated_at`, `deleted_at`, `idempresa`, `iduser`, `peso_perca`, `qtd`, `total`, `percentual_perca`, `iditem`, `status_id`) VALUES (1,'2025-06-17 16:37:15','2025-06-17 19:17:07','0000-00-00 00:00:00',1,1,52.32,7.27,272.72,727,0,2),(6,'2025-06-17 19:08:26','2025-06-17 19:14:09','2025-06-17 19:14:09',1,1,1.01,105,1,100,2,5);

--
-- Table structure for table `categoria`
--

CREATE TABLE `categoria` (
  `idcategoria` int(11) NOT NULL AUTO_INCREMENT,
  `pcn2_id` int(11) DEFAULT NULL,
  `idempresa` int(11) NOT NULL,
  `nome` varchar(50) NOT NULL,
  `codigo` varchar(6) NOT NULL,
  `codigo_pai` varchar(20) DEFAULT NULL,
  PRIMARY KEY (`idcategoria`),
  KEY `fk_categoria_2` (`pcn2_id`),
  KEY `fk_categoria_1` (`idempresa`),
  CONSTRAINT `fk_categoria_1` FOREIGN KEY (`idempresa`) REFERENCES `system_unit` (`id`),
  CONSTRAINT `fk_categoria_2` FOREIGN KEY (`pcn2_id`) REFERENCES `pcn2` (`id`)
) ENGINE=InnoDB AUTO_INCREMENT=17 DEFAULT CHARSET=utf8mb3 COLLATE=utf8mb3_unicode_ci;

--
-- Dumping data for table `categoria`
--

INSERT INTO `categoria` (`idcategoria`, `pcn2_id`, `idempresa`, `nome`, `codigo`, `codigo_pai`) VALUES (2,NULL,1,'Supermercado','02',NULL),(3,5,1,'Cereais','02.001','02'),(4,NULL,1,'Bebidas','03',NULL),(5,5,1,'Supermercado','02.002','02'),(6,8,1,'Refrigerantes','03.001','03'),(7,NULL,1,'Carnes','04',NULL),(8,1,1,'Bovina','04.001','04'),(9,NULL,3,'CARNES','01',NULL),(10,NULL,3,'REFRIGERANTES','02',NULL),(11,NULL,3,'CEASA','03',NULL),(12,17,3,'CEASA','03.002','03'),(13,18,3,'REFRIGERANTES','02.003','02'),(14,16,3,'BOVINAS','01.001','01'),(15,16,3,'SUINAS','01.002','01'),(16,16,3,'AVES','01.003','01');

--
-- Table structure for table `cep_cache`
--

CREATE TABLE `cep_cache` (
  `id` int(11) NOT NULL AUTO_INCREMENT,
  `cep` varchar(10) DEFAULT NULL,
  `rua` varchar(255) DEFAULT NULL,
  `cidade` varchar(500) DEFAULT NULL,
  `bairro` varchar(500) DEFAULT NULL,
  `codigo_ibge` varchar(20) DEFAULT NULL,
  `uf` varchar(2) DEFAULT NULL,
  `cidade_id` int(11) DEFAULT NULL,
  `estado_id` int(11) DEFAULT NULL,
  `created_at` datetime DEFAULT NULL,
  PRIMARY KEY (`id`)
) ENGINE=InnoDB AUTO_INCREMENT=31 DEFAULT CHARSET=utf8mb3 COLLATE=utf8mb3_unicode_ci;

--
-- Dumping data for table `cep_cache`
--

INSERT INTO `cep_cache` (`id`, `cep`, `rua`, `cidade`, `bairro`, `codigo_ibge`, `uf`, `cidade_id`, `estado_id`, `created_at`) VALUES (4,'37036280','Rua Ari Martins Ribeiro','Varginha','Jardim Mont Serrat','3170701','MG',4,4,'2025-05-23 12:29:05'),(5,'37006340','Rua Noruega','Varginha','Jardim Andere','3170701','MG',4,4,'2025-05-23 13:06:29'),(6,'37030325','Avenida Boa Vista','Varginha','Vila São Geraldo','3170701','MG',4,4,'2025-05-23 13:44:22'),(7,'51250430','Rua Camocim','Recife','Jordão','2611606','PE',5,5,'2025-05-23 13:46:34'),(8,'24141420','Rua Doutor Luiz Felipe Moraes Lamego','Niterói','Santa Bárbara','3303302','RJ',6,6,'2025-05-23 13:48:03'),(12,'37066405','Rua José Ribeiro Bueno','Varginha','Distrito Industrial Cláudio Galvão Nogueira','3170701','MG',4,4,'2025-05-23 14:33:56'),(14,'37552490','Avenida Waldemar de Azevedo Junqueira','Pouso Alegre','Vila Martins','3152501','MG',8,4,'2025-05-23 14:48:11'),(15,'51260120','Rua Limoeiro','Recife','Jordão','2611606','PE',5,5,'2025-05-25 15:03:51'),(16,'54355010','Rodovia BR-101 - Sul','Jaboatão dos Guararapes','Muribeca','2607901','PE',9,5,'2025-05-30 12:08:44'),(17,'18147000',' ','Araçariguama',NULL,'3502754','SP',10,7,'2025-05-30 12:09:03'),(18,'51250025',' Avenida Maria Irene','Recife','Jordão','2611606','PE',5,5,'2025-05-31 16:15:13'),(19,'51021130','Rua Coronel Anízio Rodrigues Coelho','Recife','Boa Viagem','2611606','PE',5,5,'2025-06-04 14:04:10'),(21,'51160410','Rua Aleixo de Abreu','Recife','Imbiribeira','2611606','PE',5,5,'2025-06-10 20:01:48'),(22,'51021260','Rua Raymundo Gomes Gondim','Recife','Boa Viagem','2611606','PE',5,5,'2025-06-10 20:13:41'),(23,'50720001','Rua Benfica','Recife','Madalena','2611606','PE',5,5,'2025-06-16 14:51:29'),(24,'51010360','Rua Comendador Morais','Recife','Pina','2611606','PE',5,5,'2025-06-23 15:17:35'),(25,'51130120','Avenida Vinte de Janeiro','Recife','Boa Viagem','2611606','PE',5,5,'2025-07-08 13:58:55'),(26,'50040000','Avenida Cruz Cabugá','Recife','Santo Amaro','2611606','PE',5,5,'2025-07-09 11:05:10'),(27,'54160270','Rua Senador Barros de Carvalho','Jaboatão dos Guararapes','Socorro','2607901','PE',9,5,'2025-07-09 13:36:13'),(28,'50790640','Rodovia BR-101 Sul','Recife','Curado','2611606','PE',5,5,'2025-07-09 13:49:08'),(29,'54792000','Estrada de Aldeia','Camaragibe','Aldeia dos Camarás','2603454','PE',11,5,'2025-07-09 14:06:12'),(30,'55636000',' ','Chã Grande',NULL,'2604502','PE',12,5,'2025-07-30 09:37:42');

--
-- Table structure for table `cfop`
--

CREATE TABLE `cfop` (
  `id` int(11) NOT NULL AUTO_INCREMENT,
  `codigo` varchar(4) DEFAULT NULL,
  `descricao` varchar(255) DEFAULT NULL,
  `tipo` char(1) DEFAULT NULL,
  `system_unit_id` int(11) DEFAULT NULL,
  PRIMARY KEY (`id`)
) ENGINE=InnoDB AUTO_INCREMENT=3 DEFAULT CHARSET=utf8mb3 COLLATE=utf8mb3_unicode_ci;

--
-- Dumping data for table `cfop`
--

INSERT INTO `cfop` (`id`, `codigo`, `descricao`, `tipo`, `system_unit_id`) VALUES (1,'5403',NULL,NULL,NULL),(2,'5401',NULL,NULL,NULL);

--
-- Table structure for table `cidade`
--

CREATE TABLE `cidade` (
  `id` int(11) NOT NULL AUTO_INCREMENT,
  `estado_id` int(11) NOT NULL,
  `nome` varchar(255) NOT NULL,
  `cod_ibge` varchar(7) DEFAULT NULL,
  `uf` char(2) DEFAULT NULL,
  `codigo_ibge` int(11) NOT NULL,
  PRIMARY KEY (`id`),
  KEY `fk_cidade_1_1` (`estado_id`),
  CONSTRAINT `fk_cidade_1_1` FOREIGN KEY (`estado_id`) REFERENCES `estado` (`id`)
) ENGINE=InnoDB AUTO_INCREMENT=13 DEFAULT CHARSET=utf8mb3 COLLATE=utf8mb3_unicode_ci;

--
-- Dumping data for table `cidade`
--

INSERT INTO `cidade` (`id`, `estado_id`, `nome`, `cod_ibge`, `uf`, `codigo_ibge`) VALUES (4,4,'Varginha',NULL,'MG',3170701),(5,5,'Recife',NULL,'PE',2611606),(6,6,'Niterói',NULL,'RJ',3303302),(8,4,'Pouso Alegre',NULL,'MG',3152501),(9,5,'Jaboatão dos Guararapes',NULL,'PE',2607901),(10,7,'Araçariguama',NULL,'SP',3502754),(11,5,'Camaragibe',NULL,'PE',2603454),(12,5,'Chã Grande',NULL,'PE',2604502);

--
-- Table structure for table `cliente_fornecedor`
--

CREATE TABLE `cliente_fornecedor` (
  `idcliente_fornecedor` int(11) NOT NULL AUTO_INCREMENT,
  `idempresa` int(11) NOT NULL,
  `cnpj` varchar(14) DEFAULT NULL,
  `razaosocial` varchar(100) NOT NULL,
  `fantasia` varchar(80) NOT NULL,
  `cep` varchar(8) NOT NULL,
  `endereco` varchar(50) NOT NULL,
  `bairro` varchar(50) NOT NULL,
  `cidade` int(11) NOT NULL,
  `numero` varchar(10) NOT NULL,
  `uf` int(11) NOT NULL,
  `contato` varchar(20) NOT NULL,
  `celular` varchar(11) NOT NULL,
  `telefone` varchar(11) DEFAULT NULL,
  `email` varchar(100) NOT NULL,
  `tipo` char(1) NOT NULL,
  `visualisado` char(1) NOT NULL,
  `pessoa` char(1) NOT NULL,
  PRIMARY KEY (`idcliente_fornecedor`),
  KEY `fk_cliente_fornecedor_1` (`idempresa`),
  CONSTRAINT `fk_cliente_fornecedor_1` FOREIGN KEY (`idempresa`) REFERENCES `system_unit` (`id`)
) ENGINE=InnoDB AUTO_INCREMENT=29 DEFAULT CHARSET=utf8mb3 COLLATE=utf8mb3_unicode_ci;

--
-- Dumping data for table `cliente_fornecedor`
--

INSERT INTO `cliente_fornecedor` (`idcliente_fornecedor`, `idempresa`, `cnpj`, `razaosocial`, `fantasia`, `cep`, `endereco`, `bairro`, `cidade`, `numero`, `uf`, `contato`, `celular`, `telefone`, `email`, `tipo`, `visualisado`, `pessoa`) VALUES (1,1,'58.261.091/000','Andre','Restaurante Skillus Classic','51260120','Rua Limoeiro, 313','Jordão',1,'5',1,'André','9245632588','81992553866','carlosandre.albuquerque@gmail.com','J','E','F'),(13,1,'07196033003970','CRBS S/A - CDD Varginha','CRBS S/A - CDD Varginha','37066405','Rua Jose Ribeiro Bueno','Distrito Industrial Claud',9,'1071',5,'teste','3532222222','3532222222','felipe@controllinformatica.com.br','J','E','F'),(14,1,'90627130410','Restaurante Skillus Classic','Restaurante Skillus Classic','51260120','Rua Limoeiro','Jordão',5,'5',1,'André','9245632588','81992553866','carlosandre.albuquerque@gmail.com','F','E','C'),(15,1,'08305623000184','ATACAMAX IMPORTADORA DE ALIMENTOS LTDA','ATACAMAX IMPORTADORA DE ALIMENTOS LTDA','54355010','RODOVIA BR-101 - SUL, KM 79,60 GALPAO D/E','MURIBECA',9,'S/N',5,'','',NULL,'','J','E','F'),(16,1,'60409075054082','NESTLE BRASIL LTDA','NESTLE BRASIL LTDA','18147000','ROD PRESIDENTE CASTELO BRANCO','CINTRA GORDINHO',10,'3355',7,'','',NULL,'','J','E','F'),(17,3,'58.261.091/000','Churrascaria Dallas Ltda','Churrascaria Dallas Ltda','51250025',' Avenida Maria Irene','Jordão',5,'1010',5,'André','9245632588','81991159437','carlosandre.albuquerque@gmail.com','J','E','F'),(18,1,'02782466000111','LAGES FIGUEIROA LTDA','LAGES FIGUEIROA LTDA','51021130','Rua Coronel Anízio Rodrigues Coelho','Boa Viagem',5,'464',5,'','',NULL,'','J','E','F'),(19,1,'40835167000197','PORTOFRIO EIRELI-EPP','PORTOFRIO EIRELI-EPP','51160410','RUA ALEIXO DE ABREU 115','IMBIRIBEIRA',5,'0',5,'','',NULL,'','J','E','F'),(20,1,'41850387000152','O MELHOR PUDIM DA VIDA COMERCIO LTDA','O MELHOR PUDIM DA VIDA COMERCIO LTDA','51021260','RUA Doutor Raymundo Gomes Gondim','Boa Viagem',5,'016',5,'','',NULL,'','J','E','F'),(21,1,'06057223051590','SENDAS DISTRIBUIDORA S/A LJ284','SENDAS DISTRIBUIDORA S/A LJ284','50720001','RUA BENFICA','MADALENA',5,'715',5,'','',NULL,'','J','E','F'),(22,1,'61286613002418','Frigorifico Jahu Ltda - Filial Pina','Frigorifico Jahu Ltda - Filial Pina','51010360','R COMENDADOR MORAIS','PINA',5,'373',5,'','',NULL,'','J','E','F'),(23,1,'08029696000352','ESTIVAS NOVO PRADO LTDA','ESTIVAS NOVO PRADO LTDA','51130120','AVENIDA VINTE DE JANEIRO','SETUBAL',5,'958',5,'','',NULL,'','J','E','F'),(24,1,'59008895002016','MATEUS SUPERMERCADOS E VAREJO S.A. MIX RECIFE SANTO AMARO','MATEUS SUPERMERCADOS E VAREJO S.A. MIX RECIFE SANTO AMARO','50040000','AV CRUZ CABUGA','SANTO AMARO',5,'516',5,'','',NULL,'','J','E','F'),(25,1,'11744898000390','NORDESTE COMERCIO E IMPORTADORA DE ALIMENTOS LTDA','NORDESTE COMERCIO E IMPORTADORA DE ALIMENTOS LTDA','54160270','RUA SENADOR BARROS DE CARVALHO','SOCORRO',9,'31',5,'','',NULL,'','J','E','F'),(26,1,'50312948000150','MCA ALIMENTOS LTDA','MCA ALIMENTOS LTDA','50790640','Rodovia BR-101 Sul','Curado',5,'550',5,'','',NULL,'','J','E','F'),(27,1,'45697707000137','DGV COMERCIO DE ALIMENTOS LTDA','DGV COMERCIO DE ALIMENTOS LTDA','54792000','ESTRADA DE ALDEIA','ALDEIA DOS CAMARAS',11,'7808',5,'','',NULL,'','J','E','F'),(28,1,'14685591000192','Doce Fruta Industria E Comercio Ltda','Doce Fruta Industria E Comercio Ltda','55636000','Sitio Jabuticaba','Zona Rural',12,'100',5,'','',NULL,'','J','E','F');

--
-- Table structure for table `contas_bancaria`
--

CREATE TABLE `contas_bancaria` (
  `id` int(11) NOT NULL AUTO_INCREMENT,
  `idtipo_conta` int(11) NOT NULL DEFAULT 10,
  `idempresa` int(11) NOT NULL,
  `nome` varchar(30) NOT NULL,
  `status` char(1) NOT NULL DEFAULT 'A',
  `saldo` double NOT NULL,
  `data_inicial` date NOT NULL,
  PRIMARY KEY (`id`),
  KEY `fk_contas_2` (`idtipo_conta`),
  KEY `fk_contas_bancaria_2` (`idempresa`),
  CONSTRAINT `fk_contas_2` FOREIGN KEY (`idtipo_conta`) REFERENCES `tipo_conta` (`idtipo_conta`),
  CONSTRAINT `fk_contas_bancaria_2` FOREIGN KEY (`idempresa`) REFERENCES `system_unit` (`id`)
) ENGINE=InnoDB AUTO_INCREMENT=10 DEFAULT CHARSET=utf8mb3 COLLATE=utf8mb3_unicode_ci;

--
-- Dumping data for table `contas_bancaria`
--

INSERT INTO `contas_bancaria` (`id`, `idtipo_conta`, `idempresa`, `nome`, `status`, `saldo`, `data_inicial`) VALUES (6,2,1,'Santander','A',-4321.3565,'2024-10-16'),(7,1,1,'Cofre','A',-4301.14,'2025-05-19'),(8,2,3,'Bradesco','A',204.1075,'2025-05-31'),(9,1,3,'Cofre','A',0,'2025-05-31');

--
-- Table structure for table `estado`
--

CREATE TABLE `estado` (
  `id` int(11) NOT NULL AUTO_INCREMENT,
  `nome` varchar(255) NOT NULL,
  `sigla` char(2) NOT NULL,
  `uf` varchar(2) DEFAULT NULL,
  `codigo_ibge` varchar(10) DEFAULT NULL,
  PRIMARY KEY (`id`)
) ENGINE=InnoDB AUTO_INCREMENT=8 DEFAULT CHARSET=utf8mb3 COLLATE=utf8mb3_unicode_ci;

--
-- Dumping data for table `estado`
--

INSERT INTO `estado` (`id`, `nome`, `sigla`, `uf`, `codigo_ibge`) VALUES (4,'Minas Gerais','MG',NULL,'31'),(5,'Pernambuco','PE',NULL,'26'),(6,'Rio de Janeiro','RJ',NULL,'33'),(7,'São Paulo','SP',NULL,'35');

--
-- Table structure for table `estoque`
--

CREATE TABLE `estoque` (
  `idestoque` int(11) NOT NULL AUTO_INCREMENT,
  `idempresa` int(11) NOT NULL,
  `nome` varchar(30) NOT NULL,
  `tipo` char(1) NOT NULL,
  PRIMARY KEY (`idestoque`),
  KEY `fk_estoque_1` (`idempresa`),
  CONSTRAINT `fk_estoque_1` FOREIGN KEY (`idempresa`) REFERENCES `system_unit` (`id`)
) ENGINE=InnoDB AUTO_INCREMENT=5 DEFAULT CHARSET=utf8mb3 COLLATE=utf8mb3_unicode_ci;

--
-- Dumping data for table `estoque`
--

INSERT INTO `estoque` (`idestoque`, `idempresa`, `nome`, `tipo`) VALUES (1,1,'Central','E'),(2,1,'Cozinha','2'),(3,1,'Copa','1'),(4,3,'Central','1');

--
-- Table structure for table `estoque_itens`
--

CREATE TABLE `estoque_itens` (
  `idestoque_itens` int(11) NOT NULL AUTO_INCREMENT,
  `item_id` int(11) NOT NULL,
  `estoque_id` int(11) NOT NULL,
  `updated_at` datetime NOT NULL,
  `qtd` double NOT NULL,
  `idempresa` int(11) DEFAULT NULL,
  PRIMARY KEY (`idestoque_itens`),
  KEY `fk_estoque_itens_1` (`estoque_id`),
  KEY `fk_estoque_itens_2` (`item_id`),
  CONSTRAINT `fk_estoque_itens_1` FOREIGN KEY (`estoque_id`) REFERENCES `estoque` (`idestoque`),
  CONSTRAINT `fk_estoque_itens_2` FOREIGN KEY (`item_id`) REFERENCES `item` (`iditem`)
) ENGINE=InnoDB AUTO_INCREMENT=23 DEFAULT CHARSET=utf8mb3 COLLATE=utf8mb3_unicode_ci;

--
-- Dumping data for table `estoque_itens`
--

INSERT INTO `estoque_itens` (`idestoque_itens`, `item_id`, `estoque_id`, `updated_at`, `qtd`, `idempresa`) VALUES (13,2,1,'2026-01-07 20:05:37',41.311,1),(14,4,1,'2025-07-09 10:19:12',1,1),(15,6,1,'2025-07-24 12:44:26',11,1),(16,8,1,'2025-07-24 12:44:26',24.11,1),(17,7,1,'2025-07-09 10:51:02',1,1),(18,5,1,'2025-07-09 10:19:12',50,1),(19,3,1,'2026-01-10 09:22:29',226,1),(20,17,1,'2025-07-09 10:19:12',1,1),(21,3,3,'2025-08-05 03:18:02',1,1),(22,3,2,'2026-01-07 20:05:40',10,1);

--
-- Table structure for table `fechamento_categoria`
--

CREATE TABLE `fechamento_categoria` (
  `id` int(11) NOT NULL AUTO_INCREMENT,
  `descricao` text DEFAULT NULL,
  PRIMARY KEY (`id`)
) ENGINE=InnoDB AUTO_INCREMENT=8 DEFAULT CHARSET=utf8mb3 COLLATE=utf8mb3_unicode_ci;

--
-- Dumping data for table `fechamento_categoria`
--

INSERT INTO `fechamento_categoria` (`id`, `descricao`) VALUES (1,'Receita por competência'),(2,'Despesas pagas'),(3,'Retiradas sócios'),(4,'Contas a pagar'),(5,'Valor em estoque'),(6,'Receitas a receber'),(7,'Saldo das contas');

--
-- Table structure for table `fechamento_lancamento`
--

CREATE TABLE `fechamento_lancamento` (
  `id` int(11) NOT NULL AUTO_INCREMENT,
  `fechamento_mensal_id` int(11) NOT NULL,
  `fechamento_categoria_id` int(11) NOT NULL,
  `valor` double DEFAULT NULL,
  PRIMARY KEY (`id`),
  KEY `fk_fechamento_lancamento_1_1` (`fechamento_mensal_id`),
  KEY `fk_fechamento_lancamento_2_2` (`fechamento_categoria_id`),
  CONSTRAINT `fk_fechamento_lancamento_1_1` FOREIGN KEY (`fechamento_mensal_id`) REFERENCES `fechamento_mensal` (`id`),
  CONSTRAINT `fk_fechamento_lancamento_2_2` FOREIGN KEY (`fechamento_categoria_id`) REFERENCES `fechamento_categoria` (`id`)
) ENGINE=InnoDB AUTO_INCREMENT=89 DEFAULT CHARSET=utf8mb3 COLLATE=utf8mb3_unicode_ci;

--
-- Dumping data for table `fechamento_lancamento`
--

INSERT INTO `fechamento_lancamento` (`id`, `fechamento_mensal_id`, `fechamento_categoria_id`, `valor`) VALUES (5,2,1,0),(6,2,2,0),(7,2,3,0),(8,2,4,0),(9,2,5,0),(10,2,6,0),(11,2,7,0),(12,3,1,0),(13,3,2,0),(14,3,3,0),(15,3,4,0),(16,3,5,0),(17,3,6,0),(18,3,7,0),(19,4,1,153.3),(20,4,2,0),(21,4,3,0),(22,4,4,0),(23,4,5,0),(24,4,6,300),(25,4,7,0),(26,5,1,2000),(27,5,2,50),(28,5,3,200),(29,5,4,1210),(30,5,5,873),(31,5,6,300),(32,5,7,-8622.5),(82,13,1,1500),(83,13,2,111.11),(84,13,3,1145.25),(85,13,4,4.54),(86,13,5,454.54),(87,13,6,45.45),(88,13,7,4.54);

--
-- Table structure for table `fechamento_mensal`
--

CREATE TABLE `fechamento_mensal` (
  `id` int(11) NOT NULL AUTO_INCREMENT,
  `mes` int(11) DEFAULT NULL,
  `ano` int(11) DEFAULT NULL,
  `data_fechamento` date NOT NULL,
  `obs` text DEFAULT NULL,
  `idempresa` int(11) DEFAULT NULL,
  `created_at` datetime NOT NULL,
  `updated_at` datetime NOT NULL,
  `status_id` int(11) DEFAULT NULL,
  PRIMARY KEY (`id`),
  KEY `fk_fechamento_mensal_1_1` (`status_id`),
  KEY `fk_fechamento_mensal_idempresa` (`idempresa`),
  CONSTRAINT `fk_fechamento_mensal_1_1` FOREIGN KEY (`status_id`) REFERENCES `status` (`idstatus`),
  CONSTRAINT `fk_fechamento_mensal_idempresa` FOREIGN KEY (`idempresa`) REFERENCES `empresa` (`id`)
) ENGINE=InnoDB AUTO_INCREMENT=14 DEFAULT CHARSET=utf8mb3 COLLATE=utf8mb3_unicode_ci;

--
-- Dumping data for table `fechamento_mensal`
--

INSERT INTO `fechamento_mensal` (`id`, `mes`, `ano`, `data_fechamento`, `obs`, `idempresa`, `created_at`, `updated_at`, `status_id`) VALUES (2,1,2025,'2025-11-05',NULL,1,'2025-11-05 15:57:33','2025-12-04 13:26:52',2),(3,2,2025,'2025-11-05',NULL,1,'2025-11-05 15:59:47','2025-12-04 11:53:51',2),(4,12,2025,'2025-11-05',NULL,1,'2025-11-05 16:05:22','2025-12-12 14:00:21',2),(5,1,2026,'2025-11-20',NULL,1,'2025-11-20 15:34:49','2025-12-12 14:01:37',3),(13,2,2026,'2025-12-12',NULL,1,'2025-12-12 14:01:50','2025-12-12 14:02:56',3);

--
-- Table structure for table `fechamento_saldo_mes`
--

CREATE TABLE `fechamento_saldo_mes` (
  `id` int(11) NOT NULL AUTO_INCREMENT,
  `saldo` double DEFAULT NULL,
  `mes` int(11) DEFAULT NULL,
  `ano` int(11) DEFAULT NULL,
  `data_saldo` date DEFAULT NULL,
  `idempresa` int(11) DEFAULT NULL,
  PRIMARY KEY (`id`)
) ENGINE=InnoDB AUTO_INCREMENT=7 DEFAULT CHARSET=utf8mb3 COLLATE=utf8mb3_unicode_ci;

--
-- Dumping data for table `fechamento_saldo_mes`
--

INSERT INTO `fechamento_saldo_mes` (`id`, `saldo`, `mes`, `ano`, `data_saldo`, `idempresa`) VALUES (4,1413,1,2026,'2025-12-12',1),(5,693.64,2,2025,'2025-12-12',1),(6,693.64,2,2026,'2025-12-12',1);

--
-- Table structure for table `fornecedor_codigo`
--

CREATE TABLE `fornecedor_codigo` (
  `id` int(11) NOT NULL AUTO_INCREMENT,
  `pessoa_id` int(11) DEFAULT NULL,
  `produto_id` int(11) DEFAULT NULL,
  `codigo` varchar(100) DEFAULT NULL,
  `temp` char(1) DEFAULT NULL,
  `nome` varchar(100) DEFAULT NULL,
  `system_unit_id` int(11) NOT NULL,
  PRIMARY KEY (`id`),
  KEY `fk_fornecedor_codigo_pessoa_id` (`pessoa_id`),
  KEY `fk_fornecedor_codigo_produto_id` (`produto_id`),
  CONSTRAINT `fk_fornecedor_codigo_pessoa_id` FOREIGN KEY (`pessoa_id`) REFERENCES `cliente_fornecedor` (`idcliente_fornecedor`),
  CONSTRAINT `fk_fornecedor_codigo_produto_id` FOREIGN KEY (`produto_id`) REFERENCES `item` (`iditem`)
) ENGINE=InnoDB AUTO_INCREMENT=77 DEFAULT CHARSET=utf8mb3 COLLATE=utf8mb3_unicode_ci;

--
-- Dumping data for table `fornecedor_codigo`
--

INSERT INTO `fornecedor_codigo` (`id`, `pessoa_id`, `produto_id`, `codigo`, `temp`, `nome`, `system_unit_id`) VALUES (25,13,2,'0002546',NULL,NULL,1),(26,13,3,'0002132',NULL,NULL,1),(27,13,4,'0000988',NULL,NULL,1),(28,18,2,'10865',NULL,NULL,1),(29,15,2,'16762',NULL,NULL,1),(30,15,3,'1080',NULL,NULL,1),(31,15,4,'5388',NULL,NULL,1),(32,15,5,'15172',NULL,NULL,1),(33,15,6,'321',NULL,NULL,1),(34,15,8,'16385',NULL,NULL,1),(35,15,3,'146',NULL,NULL,1),(36,15,3,'7656',NULL,NULL,1),(37,15,4,'7657',NULL,NULL,1),(38,15,5,'14366',NULL,NULL,1),(39,15,6,'14367',NULL,NULL,1),(40,15,7,'14365',NULL,NULL,1),(41,15,8,'2088',NULL,NULL,1),(42,15,6,'10960',NULL,NULL,1),(57,22,2,'10419002027011 - 027',NULL,NULL,1),(58,23,5,'10218-0',NULL,NULL,1),(61,24,2,'456269',NULL,NULL,1),(65,26,2,'6538',NULL,NULL,1),(66,26,3,'3156',NULL,NULL,1),(71,26,8,'12856',NULL,NULL,1),(72,27,3,'130',NULL,NULL,1),(73,28,19,'08',NULL,'POLPA DE MARACUJA PCT 10X100G',1),(74,28,20,'06',NULL,'POLPA DE GRAVIOLA PCT 10X100G',1),(75,28,8,'04',NULL,NULL,1),(76,22,22,'0108406818406A - 860',NULL,'SALMON PREM EVISC 12-14 LB ISP',1);

--
-- Table structure for table `fornecedor_codigo_temp`
--

CREATE TABLE `fornecedor_codigo_temp` (
  `id` int(11) NOT NULL AUTO_INCREMENT,
  `nome` varchar(150) DEFAULT NULL,
  `codigo` varchar(50) DEFAULT NULL,
  `produto` int(11) DEFAULT NULL,
  `pessoa` int(11) DEFAULT NULL,
  `system_unit_id` int(11) NOT NULL,
  `associado` tinyint(1) DEFAULT NULL,
  `cod_barras` text DEFAULT NULL,
  `ncm` text DEFAULT NULL,
  `cfop` text DEFAULT NULL,
  `custo` double DEFAULT NULL,
  `tipo_produto` int(11) DEFAULT NULL,
  `unidade_medida_id` int(11) DEFAULT NULL,
  `cest` text DEFAULT NULL,
  `cod_anp` int(11) DEFAULT NULL,
  PRIMARY KEY (`id`),
  KEY `fk_fornecedor_codigo_temp_pessoa` (`pessoa`),
  CONSTRAINT `fk_fornecedor_codigo_temp_pessoa` FOREIGN KEY (`pessoa`) REFERENCES `cliente_fornecedor` (`idcliente_fornecedor`)
) ENGINE=InnoDB AUTO_INCREMENT=169 DEFAULT CHARSET=utf8mb3 COLLATE=utf8mb3_unicode_ci;

--
-- Dumping data for table `fornecedor_codigo_temp`
--


--
-- Table structure for table `ft`
--

CREATE TABLE `ft` (
  `idft` int(11) NOT NULL AUTO_INCREMENT,
  `item_id` int(11) NOT NULL,
  `idempresa` int(11) NOT NULL,
  `created_at` datetime NOT NULL,
  `updated_at` datetime NOT NULL,
  `ativo` char(1) NOT NULL DEFAULT 'S',
  `validade` int(11) NOT NULL,
  `rendimento` int(11) NOT NULL,
  `peso` double NOT NULL,
  `venda` double DEFAULT NULL,
  `cmv_venda` double DEFAULT NULL,
  `perc_lucro` int(11) DEFAULT NULL,
  `tempo_preparo` int(11) NOT NULL,
  `receita` text DEFAULT NULL,
  `valor` double NOT NULL,
  PRIMARY KEY (`idft`),
  KEY `fk_ft_1_1` (`idempresa`),
  KEY `fk_ft_2_2` (`item_id`),
  CONSTRAINT `fk_ft_1_1` FOREIGN KEY (`idempresa`) REFERENCES `system_unit` (`id`),
  CONSTRAINT `fk_ft_2_2` FOREIGN KEY (`item_id`) REFERENCES `item` (`iditem`)
) ENGINE=InnoDB DEFAULT CHARSET=utf8mb3 COLLATE=utf8mb3_unicode_ci;

--
-- Dumping data for table `ft`
--


--
-- Table structure for table `item`
--

CREATE TABLE `item` (
  `iditem` int(11) NOT NULL AUTO_INCREMENT,
  `unidade_id` int(11) NOT NULL,
  `categoria_id` int(11) NOT NULL,
  `idempresa` int(11) NOT NULL,
  `status` char(1) NOT NULL DEFAULT 'A',
  `nome` varchar(50) NOT NULL,
  `codigobarra` varchar(20) DEFAULT NULL,
  `precoatual` double DEFAULT NULL,
  `precomedio` double DEFAULT NULL,
  `preco1` double DEFAULT NULL,
  `preco2` double DEFAULT NULL,
  `preco3` double DEFAULT NULL,
  `ncm` varchar(20) DEFAULT NULL,
  `pr` int(11) DEFAULT NULL,
  `ficha_tecnica` char(1) NOT NULL DEFAULT 'N',
  `beneficiamento` char(1) NOT NULL DEFAULT 'N',
  PRIMARY KEY (`iditem`),
  KEY `fk_produto_1` (`unidade_id`),
  KEY `fk_produto_2` (`categoria_id`),
  KEY `fk_item_4` (`idempresa`),
  CONSTRAINT `fk_item_4` FOREIGN KEY (`idempresa`) REFERENCES `system_unit` (`id`),
  CONSTRAINT `fk_produto_1` FOREIGN KEY (`unidade_id`) REFERENCES `unidade` (`idunidade`),
  CONSTRAINT `fk_produto_2` FOREIGN KEY (`categoria_id`) REFERENCES `categoria` (`idcategoria`)
) ENGINE=InnoDB AUTO_INCREMENT=23 DEFAULT CHARSET=utf8mb3 COLLATE=utf8mb3_unicode_ci;

--
-- Dumping data for table `item`
--

INSERT INTO `item` (`iditem`, `unidade_id`, `categoria_id`, `idempresa`, `status`, `nome`, `codigobarra`, `precoatual`, `precomedio`, `preco1`, `preco2`, `preco3`, `ncm`, `pr`, `ficha_tecnica`, `beneficiamento`) VALUES (2,14,3,1,'A','arroz','5165165165162',10,4,10,1,1,'6766666666',10,'N','N'),(3,14,3,1,'A','Feijão preto','51250025',6,44.05,6,115.05,11.1,NULL,NULL,'N','N'),(4,4,6,1,'A','Coca Cola Lata','51260120',50,83.333333333333,50,100,100,NULL,NULL,'S','N'),(5,4,6,1,'A','Fanta laranja','51260120',17.26,105.75333333333,17.26,150,150,NULL,NULL,'N','N'),(6,14,8,1,'A','Picanha','51250025',77,82.33,77,150,19.99,NULL,NULL,'N','N'),(7,14,8,1,'A','Costela Bovina','51260120',10,16.66,10,19.99,19.99,NULL,NULL,'N','N'),(8,1,12,3,'A','Laranja','51250025',39.6,30.83,39.6,8.99,43.9,NULL,NULL,'N','N'),(9,1,3,1,'A','F. PESCADA CAMBUCU IMP S/P S/E 400/800 IQF FRESCAT','123456',NULL,NULL,NULL,NULL,NULL,'03048990',NULL,'N','N'),(10,1,3,1,'A','F. PESCADA CAMBUCU IMP S/P S/E 400/800 IQF FRESCAT','123456',NULL,NULL,NULL,NULL,NULL,'03048990',NULL,'N','N'),(14,1,3,1,'A','F. PESCADA CAMBUCU IMP S/P S/E 400/800 IQF FRESCAT',NULL,NULL,NULL,NULL,NULL,NULL,'03048990',NULL,'N','N'),(15,1,3,1,'A','F. PESCADA CAMBUCU IMP S/P S/E 400/800 IQF FRESCAT',NULL,NULL,NULL,NULL,NULL,NULL,'03048990',NULL,'N','N'),(16,1,3,1,'A','F. PESCADA CAMBUCU IMP S/P S/E 400/800 IQF FRESCAT',NULL,NULL,NULL,NULL,NULL,NULL,'03048990',NULL,'N','N'),(17,1,3,1,'A','F. PESCADA CAMBUCU IMP S/P S/E 400/800 IQF FRESCAT',NULL,1.5,1.5,1.5,1.5,1.5,'03048990',NULL,'N','N'),(19,1,3,1,'A','POLPA DE MARACUJA PCT 10X100G',NULL,NULL,NULL,NULL,NULL,NULL,'20089900',NULL,'N','N'),(20,1,3,1,'A','POLPA DE GRAVIOLA PCT 10X100G',NULL,NULL,NULL,NULL,NULL,NULL,'20089900',NULL,'N','N'),(21,1,3,1,'A','teste',NULL,NULL,NULL,NULL,NULL,NULL,NULL,NULL,'N','N'),(22,1,3,1,'A','SALMON PREM EVISC 12-14 LB ISP','7896601110735',NULL,NULL,NULL,NULL,NULL,'03021400',NULL,'N','N');

--
-- Table structure for table `item_beneficiamento`
--

CREATE TABLE `item_beneficiamento` (
  `id` int(11) NOT NULL AUTO_INCREMENT,
  `iditem` int(11) NOT NULL,
  `qtd` double NOT NULL,
  `peso` double NOT NULL,
  `valor` double NOT NULL,
  PRIMARY KEY (`id`),
  KEY `fk_item_beneficiamento_1_1` (`iditem`),
  CONSTRAINT `fk_item_beneficiamento_1_1` FOREIGN KEY (`iditem`) REFERENCES `item` (`iditem`)
) ENGINE=InnoDB DEFAULT CHARSET=utf8mb3 COLLATE=utf8mb3_unicode_ci;

--
-- Dumping data for table `item_beneficiamento`
--


--
-- Table structure for table `itens_ft`
--

CREATE TABLE `itens_ft` (
  `idft_itens` int(11) NOT NULL AUTO_INCREMENT,
  `item_id` int(11) NOT NULL,
  `ft_id` int(11) NOT NULL,
  `qtd` double NOT NULL,
  `valor` double NOT NULL,
  `fc` double NOT NULL,
  `deleted_at` datetime NOT NULL,
  `updated_at` datetime NOT NULL,
  `created_at` datetime NOT NULL,
  `total` double NOT NULL,
  PRIMARY KEY (`idft_itens`),
  KEY `fk_itens_ft_1_1` (`item_id`),
  KEY `fk_itens_ft_2_2` (`ft_id`),
  CONSTRAINT `fk_itens_ft_1_1` FOREIGN KEY (`item_id`) REFERENCES `item` (`iditem`),
  CONSTRAINT `fk_itens_ft_2_2` FOREIGN KEY (`ft_id`) REFERENCES `ft` (`idft`)
) ENGINE=InnoDB DEFAULT CHARSET=utf8mb3 COLLATE=utf8mb3_unicode_ci;

--
-- Dumping data for table `itens_ft`
--


--
-- Table structure for table `itens_movimento`
--

CREATE TABLE `itens_movimento` (
  `iditens_movimento` int(11) NOT NULL AUTO_INCREMENT,
  `movimento_id` int(11) NOT NULL,
  `item_id` int(11) NOT NULL,
  `estoque_id` int(11) NOT NULL,
  `qtd` double NOT NULL,
  `valor` double NOT NULL,
  `desconto` double DEFAULT NULL,
  `total` double NOT NULL,
  `consumo` double DEFAULT NULL,
  `acrescimo` double DEFAULT NULL,
  PRIMARY KEY (`iditens_movimento`),
  KEY `fk_itens_movimento_1` (`movimento_id`),
  KEY `fk_itens_movimento_2` (`item_id`),
  KEY `fk_itens_movimento_4` (`estoque_id`),
  CONSTRAINT `fk_itens_movimento_1` FOREIGN KEY (`movimento_id`) REFERENCES `movimento` (`idmovimento`),
  CONSTRAINT `fk_itens_movimento_2` FOREIGN KEY (`item_id`) REFERENCES `item` (`iditem`)
) ENGINE=InnoDB AUTO_INCREMENT=291 DEFAULT CHARSET=utf8mb3 COLLATE=utf8mb3_unicode_ci;

--
-- Dumping data for table `itens_movimento`
--

INSERT INTO `itens_movimento` (`iditens_movimento`, `movimento_id`, `item_id`, `estoque_id`, `qtd`, `valor`, `desconto`, `total`, `consumo`, `acrescimo`) VALUES (136,124,2,1,1,1,NULL,1,NULL,NULL),(137,125,2,1,0.122,0.12,NULL,0.01464,NULL,NULL),(138,140,8,0,1,41.09,0,41.09,NULL,NULL),(139,140,6,0,2,92.3,0,184.6,NULL,NULL),(140,140,5,0,1,25.9,0,25.9,NULL,NULL),(141,140,4,0,1,184.9,0,184.9,NULL,NULL),(142,140,3,0,1,132.99,0,132.99,NULL,NULL),(143,140,2,0,2,40.99,0,81.98,NULL,NULL),(144,143,2,1,5,6.8,NULL,34,NULL,NULL),(145,144,2,0,1,6.8,0,6.8,NULL,NULL),(146,146,4,1,120,3.57,NULL,428.4,NULL,NULL),(147,147,2,0,1,6.8,NULL,6.8,NULL,NULL),(148,147,3,0,1,7.52,NULL,7.52,NULL,NULL),(149,148,6,0,12,89.9,0,1078.8,NULL,NULL),(150,148,8,0,12,43.9,0,526.8,NULL,NULL),(151,148,7,0,10,19.99,0,199.9,NULL,NULL),(152,148,6,0,5,19.99,0,99.95,NULL,NULL),(153,148,5,0,5,19.99,0,99.95,NULL,NULL),(154,148,4,0,5,17.79,0,88.95,NULL,NULL),(155,148,3,0,10,17.79,0,177.9,NULL,NULL),(156,148,3,0,3,40.7,0,122.1,NULL,NULL),(157,151,9,0,10,38.9,0,389,NULL,NULL),(158,152,10,0,10,38.9,0,389,NULL,NULL),(159,153,15,0,10,38.9,0,389,NULL,NULL),(160,154,3,0,10,38.9,0,389,NULL,NULL),(161,155,2,0,10,38.9,0,389,NULL,NULL),(162,156,2,1,10,1,NULL,10,NULL,NULL),(163,158,2,1,1,0.1,1,-0.9,NULL,NULL),(168,166,3,1,1,40.7,NULL,40.7,NULL,NULL),(171,166,8,1,1,43.9,NULL,43.9,NULL,NULL),(175,174,2,1,10,6.8,NULL,68,NULL,NULL),(176,174,5,1,10.001,19.99,NULL,199.91999,NULL,NULL),(177,175,2,1,1,10,NULL,10,NULL,NULL),(180,177,2,1,1,6.8,NULL,6.8,NULL,NULL),(181,177,5,1,10,19.99,NULL,199.9,NULL,NULL),(182,176,2,1,1,6.8,NULL,6.8,NULL,NULL),(185,179,5,1,50,19.99,NULL,999.5,NULL,NULL),(186,181,2,1,1,6.8,NULL,6.8,NULL,NULL),(187,179,7,1,1,19.99,NULL,19.99,NULL,NULL),(188,169,2,1,1,15,0,15,NULL,NULL),(189,169,3,1,1,60,NULL,60,NULL,NULL),(199,191,2,0,10,38.9,0,389,NULL,NULL),(200,192,2,0,10,38.9,0,389,NULL,NULL),(201,194,5,0,20,17.26,6.09,340.02,NULL,0.91),(208,196,2,1,1,10,0,10,NULL,0),(209,196,3,1,1,10,0,10,NULL,0),(210,194,3,1,1,10,0.18,9.85,NULL,0.03),(211,194,4,1,1,50,0.88,49.25,NULL,0.13),(212,194,7,1,1,10,0.18,9.85,NULL,0.03),(213,194,6,1,1,150,2.65,147.75,NULL,0.4),(214,194,17,1,1,1.5,0.02,1.48,NULL,0),(216,197,2,1,1,1138,4.44,1142.44,NULL,8.88),(217,197,7,1,1,100,0.39,100.39,NULL,0.78),(218,197,8,1,1,43.9,0.17,44.07,NULL,0.34),(220,199,5,0,20,17.26,0,345.2,NULL,NULL),(221,200,2,0,400,3.3,0,1320,NULL,NULL),(222,201,2,0,400,3.3,0,1320,NULL,NULL),(223,202,2,0,400,3.3,0,1320,NULL,NULL),(224,203,2,0,400,3.3,0,1320,NULL,0),(225,204,4,0,15.11,8.99,0,135.84,NULL,NULL),(226,204,3,0,195,18.3,0,3568.5,NULL,NULL),(227,204,2,0,24.2,29,0,701.8,NULL,NULL),(228,205,8,0,15.11,8.99,0,135.84,NULL,NULL),(229,205,3,0,195,18.3,0,3568.5,NULL,NULL),(230,205,2,0,24.2,29,0,701.8,NULL,NULL),(231,206,8,0,15.11,8.99,0,135.84,NULL,NULL),(232,206,3,0,195,18.3,0,3568.5,NULL,NULL),(233,206,2,0,24.2,29,0,701.8,NULL,NULL),(234,207,8,0,15.11,8.99,0,135.84,NULL,NULL),(235,207,3,0,195,18.3,0,3568.5,NULL,NULL),(236,207,2,0,24.2,29,0,701.8,NULL,NULL),(237,208,3,0,30.01,46.8,0,1404.47,NULL,NULL),(238,209,8,0,15.11,8.99,0,135.84,NULL,NULL),(239,209,3,0,195,18.3,0,3568.5,NULL,NULL),(240,209,2,0,24.2,29,0,701.8,NULL,NULL),(241,210,3,1,30,9.5,0,289.91,NULL,4.91),(242,210,6,1,10,77,0,783.27,NULL,13.27),(243,210,8,1,10,39.6,0,402.82,NULL,6.82),(244,211,8,0,15.11,8.99,0,135.8389,NULL,0),(245,211,3,0,195,18.3,0,3568.5,NULL,0),(246,211,2,0,24.2,29,0,701.8,NULL,0),(247,214,8,0,15.11,8.99,0,135.8389,NULL,NULL),(248,214,3,0,195,18.3,0,3568.5,NULL,NULL),(249,214,2,0,24.2,29,0,701.8,NULL,NULL),(250,215,8,0,4,12.5,0,50,NULL,NULL),(251,215,20,0,3,11,0,33,NULL,NULL),(252,215,19,0,3,18,0,54,NULL,NULL),(256,218,3,1,1,9.5,0,9.5,NULL,0),(257,222,3,1,1,9.5,0,9.5,NULL,0),(258,222,2,1,1,3.3,0,3.3,NULL,0),(259,223,2,1,1,3.3,0,3.3,NULL,0),(260,224,3,0,1,9.5,NULL,9.5,NULL,NULL),(261,233,2,1,1,3.3,0,3.3,NULL,0),(262,238,2,1,1,3.3,0,3.3,NULL,0),(264,238,8,1,1,39.6,0,39.6,NULL,0),(265,247,16,1,1,0,0,0,NULL,0),(266,247,6,1,1,77,0,77,NULL,0),(267,247,5,1,1,17.26,0,17.26,NULL,0),(268,248,8,0,13.72,8.99,0,123.34,NULL,NULL),(269,248,3,0,195,18.3,0,3568.5,NULL,NULL),(270,248,2,0,24.2,29,0,701.8,NULL,NULL),(271,225,2,1,1,3.3,NULL,3.3,NULL,NULL),(273,250,2,1,1,3.3,0,3.3,NULL,0),(274,252,3,1,1,11.1,0,11.1,NULL,0),(275,262,16,2,1,0,0,0,NULL,0),(276,262,6,2,1,77,0,77,NULL,0),(277,262,5,2,1,17.26,0,17.26,NULL,0),(278,263,16,1,1,0,0,0,NULL,0),(279,263,6,1,1,77,0,77,NULL,0),(280,263,5,1,1,17.26,0,17.26,NULL,0),(281,264,16,1,1,0,0,0,NULL,0),(282,264,6,1,1,77,0,77,NULL,0),(283,264,5,1,1,17.26,0,17.26,NULL,0),(284,265,2,1,100,3.3,0,330,NULL,0),(285,266,2,1,100.01,1,0,100.01,NULL,0),(286,271,2,1,10,1,0,10,NULL,0),(287,273,2,1,10.111,10,0,101.11,NULL,0),(288,274,3,2,10,115.05,0,1150.5,NULL,0),(289,275,3,1,1,6,0,6,NULL,0),(290,280,22,0,60.49,41.9,0,2534.53,NULL,NULL);

--
-- Table structure for table `itens_oc`
--

CREATE TABLE `itens_oc` (
  `iditens_oc` int(11) NOT NULL AUTO_INCREMENT,
  `oc_id` int(11) NOT NULL,
  `item_id` int(11) NOT NULL,
  `qtd` double NOT NULL,
  `valor` double NOT NULL,
  `total` double NOT NULL,
  PRIMARY KEY (`iditens_oc`),
  KEY `fk_itens_oc_1_1` (`oc_id`),
  KEY `fk_itens_oc_2_2` (`item_id`),
  CONSTRAINT `fk_itens_oc_1_1` FOREIGN KEY (`oc_id`) REFERENCES `oc` (`idoc`),
  CONSTRAINT `fk_itens_oc_2_2` FOREIGN KEY (`item_id`) REFERENCES `item` (`iditem`)
) ENGINE=InnoDB AUTO_INCREMENT=14 DEFAULT CHARSET=utf8mb3 COLLATE=utf8mb3_unicode_ci;

--
-- Dumping data for table `itens_oc`
--

INSERT INTO `itens_oc` (`iditens_oc`, `oc_id`, `item_id`, `qtd`, `valor`, `total`) VALUES (8,2,16,1,0,0),(9,2,6,1,77,77),(10,2,5,1,17.26,17.26),(11,1,2,100,3.3,330),(12,4,2,100.01,1,100.01),(13,6,2,10,1,10);

--
-- Table structure for table `mov_bancaria`
--

CREATE TABLE `mov_bancaria` (
  `idmov_bancaria` int(11) NOT NULL AUTO_INCREMENT,
  `contas_id` int(11) NOT NULL,
  `iduser` int(11) NOT NULL,
  `idempresa` int(11) NOT NULL,
  `transferencia_bancaria_id` int(11) DEFAULT NULL,
  `movimento_financeiro_id` int(11) DEFAULT NULL,
  `descricao` varchar(50) NOT NULL,
  `data_baixa` date NOT NULL,
  `tipo_mov_bancaria` varchar(2) NOT NULL,
  `valor` double NOT NULL,
  `valor_liquido` double DEFAULT NULL,
  PRIMARY KEY (`idmov_bancaria`),
  KEY `fk_mov_bancaria_1` (`contas_id`),
  KEY `fk_mov_bancaria_4` (`transferencia_bancaria_id`),
  KEY `fk_mov_bancaria_iduser` (`iduser`),
  KEY `fk_mov_bancaria_idempresa` (`idempresa`),
  KEY `fk_mov_bancaria_movimento_financeiro_id` (`movimento_financeiro_id`),
  CONSTRAINT `fk_mov_bancaria_1` FOREIGN KEY (`contas_id`) REFERENCES `contas_bancaria` (`id`),
  CONSTRAINT `fk_mov_bancaria_4` FOREIGN KEY (`transferencia_bancaria_id`) REFERENCES `transferencia_bancaria` (`idtransferencia_bancaria`),
  CONSTRAINT `fk_mov_bancaria_idempresa` FOREIGN KEY (`idempresa`) REFERENCES `system_unit` (`id`),
  CONSTRAINT `fk_mov_bancaria_iduser` FOREIGN KEY (`iduser`) REFERENCES `system_users` (`id`),
  CONSTRAINT `fk_mov_bancaria_movimento_financeiro_id` FOREIGN KEY (`movimento_financeiro_id`) REFERENCES `movimento_financeiro` (`idmovimento_financeiro`)
) ENGINE=InnoDB AUTO_INCREMENT=125 DEFAULT CHARSET=utf8mb3 COLLATE=utf8mb3_unicode_ci;

--
-- Dumping data for table `mov_bancaria`
--

INSERT INTO `mov_bancaria` (`idmov_bancaria`, `contas_id`, `iduser`, `idempresa`, `transferencia_bancaria_id`, `movimento_financeiro_id`, `descricao`, `data_baixa`, `tipo_mov_bancaria`, `valor`, `valor_liquido`) VALUES (48,6,1,1,NULL,85,'Andre : 1','2025-06-07','D',-1,NULL),(55,6,1,1,NULL,95,'ATACAMAX IMPORTADORA DE ALIMENTOS LTDA : 824050','2025-06-10','D',-2394.35,NULL),(59,6,1,1,NULL,87,'CRBS S/A - CDD Varginha : 29012025','2025-06-10','D',-34,NULL),(61,6,1,1,NULL,114,'teste','2025-06-16','D',-105,NULL),(62,6,1,1,NULL,108,'pagto internet','2025-06-18','D',-150,NULL),(63,6,1,1,NULL,115,'Eventos','2025-06-19','D',-105,NULL),(64,6,1,1,NULL,116,'caixa','2025-06-19','D',-600,NULL),(75,6,1,1,NULL,135,'ESTIVAS NOVO PRADO LTDA : 2279146','2025-07-09','D',-558.2,NULL),(77,7,1,1,NULL,137,'MCA ALIMENTOS LTDA : 29505','2025-07-21','D',-4406.14,NULL),(85,7,1,1,6,NULL,'teste','2025-11-04','TD',-200,NULL),(86,6,1,1,6,NULL,'teste','2025-11-04','TR',200,NULL),(87,6,1,1,8,NULL,'teste','2025-11-04','TD',-50,NULL),(88,7,1,1,8,NULL,'teste','2025-11-04','TR',50,NULL),(96,6,1,1,NULL,139,'ATACAMAX IMPORTADORA DE ALIMENTOS LTDA : 280125','2025-11-04','D',-1476,NULL),(97,6,1,1,NULL,143,'teste','2025-11-05','D',-100,-100),(98,6,1,1,NULL,148,'teste','2025-11-05','R',100,100),(99,6,1,1,NULL,146,'Restaurante Skillus Classic : 4','2025-11-05','R',3.3,3.3),(100,6,1,1,NULL,149,'teste','2025-11-05','D',-0.16,49.84),(101,6,1,1,NULL,145,'teste','2025-11-05','R',50,50),(106,6,1,1,NULL,142,'teste','2025-11-05','D',-50,-50),(107,6,1,1,NULL,136,'Restaurante Skillus Classic : 3','2025-11-05','R',1143,1143),(108,6,1,1,NULL,152,'RETIRADA SOCIOS ','2025-11-20','D',-100,-100),(110,6,1,1,NULL,154,'Andre : 1101','2025-11-20','D',-11.1,-11.1),(119,6,1,1,NULL,160,'teste','2025-12-01','D',-50,-50),(120,6,1,1,NULL,161,'teste','2025-12-01','D',-500.1,-500.1),(121,6,1,1,NULL,162,'teste','2025-12-01','D',-200,-200),(122,6,1,1,9,NULL,'teste','2025-12-04','TD',-50,NULL),(123,7,1,1,9,NULL,'teste','2025-12-04','TR',50,NULL),(124,6,1,1,NULL,167,'teste','2025-12-04','R',350,350);

--
-- Table structure for table `movimento`
--

CREATE TABLE `movimento` (
  `idmovimento` int(11) NOT NULL AUTO_INCREMENT,
  `status_id` int(11) NOT NULL,
  `tipo_movimento_id` int(11) NOT NULL,
  `cliente_fornecedor_id` int(11) DEFAULT NULL,
  `estoque_origem_id` int(11) DEFAULT NULL,
  `estoque_destino_id` int(11) DEFAULT NULL,
  `tipo_documento_id` int(11) DEFAULT NULL,
  `iduser` int(11) NOT NULL,
  `idempresa` int(11) NOT NULL,
  `competencia` date DEFAULT NULL,
  `valor_total` double NOT NULL,
  `acrescimo` double DEFAULT NULL,
  `desconto` double DEFAULT NULL,
  `valor_original` double DEFAULT NULL,
  `numero` varchar(30) NOT NULL,
  `mes` int(11) DEFAULT NULL,
  `ano` int(11) DEFAULT NULL,
  `obs` text DEFAULT NULL,
  `data_cancelamento` datetime DEFAULT NULL,
  `created_at` datetime NOT NULL,
  `updated_at` datetime DEFAULT NULL,
  `chave` text DEFAULT NULL,
  `importado` char(1) DEFAULT NULL,
  `transferencia_id` int(11) DEFAULT NULL,
  PRIMARY KEY (`idmovimento`),
  KEY `fk_movimento_status_id` (`status_id`),
  KEY `fk_movimento_tipo_movimento_id` (`tipo_movimento_id`),
  KEY `fk_movimento_cliente_fornecedor_id` (`cliente_fornecedor_id`),
  KEY `fk_movimento_estoque_origem_id` (`estoque_origem_id`),
  KEY `fk_movimento_estoque_destino_id` (`estoque_destino_id`),
  KEY `fk_movimento_tipo_documento_id` (`tipo_documento_id`),
  KEY `fk_movimento_iduser` (`iduser`),
  KEY `fk_movimento_idempresa` (`idempresa`),
  CONSTRAINT `fk_movimento_cliente_fornecedor_id` FOREIGN KEY (`cliente_fornecedor_id`) REFERENCES `cliente_fornecedor` (`idcliente_fornecedor`),
  CONSTRAINT `fk_movimento_estoque_destino_id` FOREIGN KEY (`estoque_destino_id`) REFERENCES `estoque` (`idestoque`),
  CONSTRAINT `fk_movimento_estoque_origem_id` FOREIGN KEY (`estoque_origem_id`) REFERENCES `estoque` (`idestoque`),
  CONSTRAINT `fk_movimento_idempresa` FOREIGN KEY (`idempresa`) REFERENCES `system_unit` (`id`),
  CONSTRAINT `fk_movimento_iduser` FOREIGN KEY (`iduser`) REFERENCES `system_users` (`id`),
  CONSTRAINT `fk_movimento_status_id` FOREIGN KEY (`status_id`) REFERENCES `status` (`idstatus`),
  CONSTRAINT `fk_movimento_tipo_documento_id` FOREIGN KEY (`tipo_documento_id`) REFERENCES `tipo_documento` (`id`),
  CONSTRAINT `fk_movimento_tipo_movimento_id` FOREIGN KEY (`tipo_movimento_id`) REFERENCES `tipo_movimento` (`idtipo_movimento`)
) ENGINE=InnoDB AUTO_INCREMENT=281 DEFAULT CHARSET=utf8mb3 COLLATE=utf8mb3_unicode_ci;

--
-- Dumping data for table `movimento`
--

INSERT INTO `movimento` (`idmovimento`, `status_id`, `tipo_movimento_id`, `cliente_fornecedor_id`, `estoque_origem_id`, `estoque_destino_id`, `tipo_documento_id`, `iduser`, `idempresa`, `competencia`, `valor_total`, `acrescimo`, `desconto`, `valor_original`, `numero`, `mes`, `ano`, `obs`, `data_cancelamento`, `created_at`, `updated_at`, `chave`, `importado`, `transferencia_id`) VALUES (124,3,1,1,NULL,1,1,1,1,'2025-06-04',1,0,0,1,'1',6,2025,NULL,NULL,'2025-06-04 17:16:14','2025-06-04 17:23:15',NULL,NULL,NULL),(125,5,1,1,NULL,1,5,1,1,'2025-06-04',0.01,0,0,0.01,'12345',6,2025,NULL,'2025-06-04 19:19:52','2025-06-04 17:26:46','2025-06-04 19:19:52',NULL,NULL,NULL),(132,5,1,NULL,NULL,NULL,NULL,1,1,NULL,0,NULL,NULL,NULL,'',NULL,NULL,NULL,'2025-06-04 19:16:10','2025-06-04 19:12:44','2025-06-04 19:16:10',NULL,NULL,NULL),(139,2,1,NULL,NULL,NULL,NULL,1,1,NULL,0,NULL,NULL,NULL,'',NULL,NULL,NULL,NULL,'2025-06-05 14:15:46',NULL,NULL,NULL,NULL),(140,5,1,15,NULL,NULL,1,1,1,'2025-05-30',651.46,0,0,651.46,'821828',5,2025,NULL,'2025-06-07 11:19:48','2025-06-05 15:58:10','2025-06-07 11:19:48','26250508305623000184550010008218281818408109',NULL,NULL),(143,3,1,13,NULL,1,1,1,1,'2025-06-07',34,0,0,34,'29012025',6,2025,NULL,NULL,'2025-06-07 11:22:34','2025-06-07 11:23:17',NULL,NULL,NULL),(144,3,2,14,1,NULL,3,1,1,'2025-06-07',6.8,0,0,6.8,'1',6,2025,NULL,NULL,'2025-06-07 11:32:51','2025-06-07 11:33:29',NULL,NULL,NULL),(145,2,1,NULL,NULL,NULL,NULL,1,1,NULL,0,NULL,NULL,NULL,'',NULL,NULL,NULL,NULL,'2025-06-09 16:14:26',NULL,NULL,NULL,NULL),(146,5,1,1,NULL,1,1,1,1,'2025-06-10',428.4,0,0,428.4,'5555',6,2025,NULL,'2025-06-10 16:22:39','2025-06-10 16:18:44','2025-06-10 16:22:39',NULL,NULL,NULL),(147,3,4,NULL,1,NULL,7,1,1,'2025-06-10',14.32,NULL,NULL,NULL,'1',6,2025,NULL,NULL,'2025-06-10 16:23:53','2025-06-10 21:04:39',NULL,NULL,NULL),(148,3,1,15,NULL,1,1,1,1,'2025-06-10',2394.35,0,0,2394.35,'824050',6,2025,'pagamento em dinheiro',NULL,'2025-06-10 16:29:52','2025-06-10 16:31:32','26250608305623000184550010008240501188117490',NULL,NULL),(149,2,1,NULL,NULL,NULL,NULL,1,1,NULL,0,NULL,NULL,NULL,'',NULL,NULL,NULL,NULL,'2025-06-10 21:04:51',NULL,NULL,NULL,NULL),(150,2,1,NULL,NULL,NULL,NULL,1,1,NULL,0,NULL,NULL,NULL,'',NULL,NULL,NULL,NULL,'2025-06-18 18:28:02',NULL,NULL,NULL,NULL),(151,5,1,22,NULL,NULL,1,1,1,'2025-06-18',389,0,0,389,'104620',6,2025,NULL,'2025-06-23 15:19:34','2025-06-23 15:18:04','2025-06-23 15:19:34','26250661286613002418550010001046201714073537',NULL,NULL),(152,5,1,22,NULL,NULL,1,1,1,'2025-06-18',389,0,0,389,'104620',6,2025,NULL,'2025-06-23 15:20:22','2025-06-23 15:20:01','2025-06-23 15:20:22','26250661286613002418550010001046201714073537',NULL,NULL),(153,5,1,22,NULL,NULL,1,1,1,'2025-06-18',389,0,0,389,'104620',6,2025,NULL,'2025-06-23 15:28:52','2025-06-23 15:28:27','2025-06-23 15:28:52','26250661286613002418550010001046201714073537',NULL,NULL),(154,5,1,22,NULL,NULL,1,1,1,'2025-06-18',389,0,0,389,'104620',6,2025,NULL,'2025-06-23 15:33:14','2025-06-23 15:33:07','2025-06-23 15:33:14','26250661286613002418550010001046201714073537',NULL,NULL),(155,5,1,22,NULL,NULL,1,1,1,'2025-06-18',389,0,0,389,'104620',6,2025,NULL,'2025-07-04 16:09:47','2025-06-23 15:43:40','2025-07-04 16:09:47','26250661286613002418550010001046201714073537',NULL,NULL),(156,5,1,NULL,NULL,NULL,NULL,1,1,NULL,0,NULL,NULL,NULL,'',NULL,NULL,NULL,'2025-07-02 14:36:42','2025-06-30 19:47:41','2025-07-02 14:36:42',NULL,NULL,NULL),(158,5,1,NULL,NULL,NULL,NULL,1,1,NULL,0,NULL,NULL,NULL,'',NULL,NULL,NULL,'2025-07-02 14:37:03','2025-06-30 19:50:15','2025-07-02 14:37:03',NULL,NULL,NULL),(165,2,5,NULL,NULL,NULL,NULL,1,1,NULL,0,NULL,NULL,NULL,'',NULL,NULL,NULL,NULL,'2025-07-02 14:45:00',NULL,NULL,NULL,NULL),(166,2,5,NULL,1,NULL,8,1,1,NULL,84.6,NULL,NULL,NULL,'1',7,2025,NULL,NULL,'2025-07-02 14:48:03','2025-07-02 14:58:03',NULL,NULL,NULL),(167,2,1,NULL,NULL,NULL,NULL,1,1,NULL,0,NULL,NULL,NULL,'',NULL,NULL,NULL,NULL,'2025-07-02 14:58:58',NULL,NULL,NULL,NULL),(168,2,5,NULL,NULL,NULL,NULL,1,1,NULL,0,NULL,NULL,NULL,'',NULL,NULL,NULL,NULL,'2025-07-02 14:59:02',NULL,NULL,NULL,NULL),(169,2,1,1,NULL,1,1,1,1,'2025-07-04',75,0,0,75,'333',7,2025,NULL,NULL,'2025-07-02 14:59:11','2025-07-04 15:51:39',NULL,NULL,NULL),(170,2,5,NULL,NULL,NULL,NULL,1,1,NULL,0,NULL,NULL,NULL,'',NULL,NULL,NULL,NULL,'2025-07-02 15:00:14',NULL,NULL,NULL,NULL),(171,2,1,NULL,NULL,NULL,NULL,1,1,NULL,0,NULL,NULL,NULL,'',NULL,NULL,NULL,NULL,'2025-07-02 15:05:34',NULL,NULL,NULL,NULL),(174,2,2,NULL,NULL,NULL,NULL,1,1,NULL,0,NULL,NULL,NULL,'',NULL,NULL,NULL,NULL,'2025-07-02 15:11:48',NULL,NULL,NULL,NULL),(175,2,1,NULL,NULL,NULL,NULL,1,1,NULL,0,NULL,NULL,NULL,'',NULL,NULL,NULL,NULL,'2025-07-02 15:16:22',NULL,NULL,NULL,NULL),(176,2,2,NULL,NULL,NULL,NULL,1,1,NULL,0,NULL,NULL,NULL,'',NULL,NULL,NULL,NULL,'2025-07-02 15:21:08',NULL,NULL,NULL,NULL),(177,2,2,14,1,NULL,3,1,1,'2025-07-02',207.7,1,0,206.7,'2',7,2025,NULL,NULL,'2025-07-02 15:21:18','2025-07-02 15:24:51',NULL,NULL,NULL),(179,3,5,NULL,1,NULL,8,1,1,NULL,1019.49,NULL,NULL,NULL,'2',12,2025,NULL,NULL,'2025-07-02 16:55:59','2025-07-08 19:39:05',NULL,NULL,NULL),(181,2,5,NULL,NULL,NULL,NULL,1,1,NULL,0,NULL,NULL,NULL,'',NULL,NULL,NULL,NULL,'2025-07-02 17:37:38',NULL,NULL,NULL,NULL),(191,5,1,22,NULL,NULL,1,1,1,'2025-06-18',389,0,0,389,'104620',6,2025,NULL,'2025-07-04 16:21:31','2025-07-04 16:20:01','2025-07-04 16:21:31','26250661286613002418550010001046201714073537',NULL,NULL),(192,2,1,22,NULL,NULL,1,1,1,'2025-06-18',389,0,0,389,'104620',6,2025,NULL,NULL,'2025-07-04 16:22:17',NULL,'26250661286613002418550010001046201714073537',NULL,NULL),(193,2,1,NULL,NULL,NULL,NULL,1,1,NULL,0,NULL,NULL,NULL,'',NULL,NULL,NULL,NULL,'2025-07-08 13:58:12',NULL,NULL,NULL,NULL),(194,3,1,23,NULL,1,1,1,1,'2025-07-08',558.2,1.5,10,566.7,'2279146',7,2025,NULL,NULL,'2025-07-08 13:59:05','2025-07-09 10:19:12','26250708029696000352550010022791461003469670',NULL,NULL),(195,2,1,NULL,NULL,NULL,NULL,1,1,NULL,0,NULL,NULL,NULL,'',NULL,NULL,NULL,NULL,'2025-07-08 14:17:18',NULL,NULL,NULL,NULL),(196,2,1,1,NULL,1,1,1,1,'2025-07-08',20,0,0,20,'125',7,2025,'\'',NULL,'2025-07-08 20:14:34','2025-07-08 22:46:59',NULL,NULL,NULL),(197,3,2,14,1,NULL,3,1,1,'2025-07-09',1143,10,5,1138,'3',7,2025,NULL,NULL,'2025-07-08 21:29:41','2025-07-09 10:51:02',NULL,NULL,NULL),(199,2,1,23,NULL,NULL,1,1,1,'2025-07-08',345.2,0,0,345.2,'2279146',7,2025,NULL,NULL,'2025-07-09 11:33:08',NULL,'26250708029696000352550010022791461003469670',NULL,NULL),(200,5,1,24,NULL,NULL,1,1,1,'2025-07-04',1320,0,0,1320,'753',7,2025,NULL,'2025-07-09 11:34:30','2025-07-09 11:34:21','2025-07-09 11:34:30','26250759008895002016550020000007531100299790',NULL,NULL),(201,5,1,24,NULL,NULL,1,1,1,'2025-07-04',1320,0,0,1320,'753',7,2025,NULL,'2025-07-09 11:36:34','2025-07-09 11:36:26','2025-07-09 11:36:34','26250759008895002016550020000007531100299790',NULL,NULL),(202,5,1,24,NULL,NULL,1,1,1,'2025-07-04',1320,0,0,1320,'753',7,2025,NULL,'2025-07-09 11:38:24','2025-07-09 11:36:56','2025-07-09 11:38:24','26250759008895002016550020000007531100299790',NULL,NULL),(203,2,1,24,NULL,1,1,1,1,'2025-07-04',1320,0,0,1320,'753',7,2025,NULL,NULL,'2025-07-09 11:38:33','2025-07-23 12:32:14','26250759008895002016550020000007531100299790',NULL,NULL),(204,5,1,26,NULL,NULL,1,1,1,'2025-07-08',4406.14,0,0,4406.14,'29505',7,2025,NULL,'2025-07-09 13:56:17','2025-07-09 13:51:29','2025-07-09 13:56:17','26250750312948000150550010000295051002216138',NULL,NULL),(205,5,1,26,NULL,NULL,1,1,1,'2025-07-08',4406.14,0,0,4406.14,'29505',7,2025,NULL,'2025-07-09 14:03:57','2025-07-09 14:03:13','2025-07-09 14:03:57','26250750312948000150550010000295051002216138',NULL,NULL),(206,5,1,26,NULL,NULL,1,1,1,'2025-07-08',4406.14,0,0,4406.14,'29505',7,2025,NULL,'2025-07-09 14:04:28','2025-07-09 14:04:19','2025-07-09 14:04:28','26250750312948000150550010000295051002216138',NULL,NULL),(207,5,1,26,NULL,NULL,1,1,1,'2025-07-08',4406.14,0,0,4406.14,'29505',7,2025,NULL,'2025-07-09 14:06:35','2025-07-09 14:04:33','2025-07-09 14:06:35','26250750312948000150550010000295051002216138',NULL,NULL),(208,2,1,27,NULL,NULL,1,1,1,'2025-07-08',1404.47,0,0,1404.47,'8454',7,2025,NULL,NULL,'2025-07-09 14:06:25',NULL,'26250745697707000137550010000084541101519941',NULL,NULL),(209,5,1,26,NULL,NULL,1,1,1,'2025-07-08',4406.14,0,0,4406.14,'29505',7,2025,NULL,'2025-07-09 14:06:50','2025-07-09 14:06:41','2025-07-09 14:06:50','26250750312948000150550010000295051002216138',NULL,NULL),(210,3,1,15,NULL,1,1,1,1,'2025-07-09',1476,25,0,1451,'280125',7,2025,NULL,NULL,'2025-07-09 14:08:09','2025-07-24 12:44:26',NULL,NULL,NULL),(211,3,1,26,NULL,1,1,1,1,'2025-07-08',4406.14,0,0,4406.14,'29505',7,2025,NULL,NULL,'2025-07-09 14:13:23','2025-07-09 14:14:28','26250750312948000150550010000295051002216138',NULL,NULL),(212,2,1,NULL,NULL,NULL,NULL,1,1,NULL,0,NULL,NULL,NULL,'',NULL,NULL,NULL,NULL,'2025-07-09 15:17:16',NULL,NULL,NULL,NULL),(213,2,1,NULL,NULL,NULL,NULL,1,1,NULL,0,NULL,NULL,NULL,'',NULL,NULL,NULL,NULL,'2025-07-22 11:43:23',NULL,NULL,NULL,NULL),(214,2,3,NULL,1,2,4,1,1,NULL,4406.14,NULL,NULL,NULL,'1',NULL,NULL,NULL,NULL,'2025-07-22 17:01:03',NULL,NULL,NULL,211),(215,2,1,28,NULL,NULL,1,1,1,'2025-07-08',137,0,0,137,'3768',7,2025,NULL,NULL,'2025-07-31 10:36:19',NULL,'26250714685591000192550000000037681100037683',NULL,NULL),(216,2,1,NULL,NULL,NULL,NULL,1,1,NULL,0,NULL,NULL,NULL,'',NULL,NULL,NULL,NULL,'2025-08-04 19:32:23',NULL,NULL,NULL,NULL),(217,2,1,NULL,NULL,NULL,NULL,1,1,NULL,0,NULL,NULL,NULL,'',NULL,NULL,NULL,NULL,'2025-08-04 19:32:38',NULL,NULL,NULL,NULL),(218,2,4,NULL,1,NULL,7,1,1,'2025-08-04',9.5,NULL,NULL,NULL,'2',8,2025,NULL,NULL,'2025-08-04 19:49:36','2025-08-04 20:15:40',NULL,NULL,NULL),(220,2,4,NULL,NULL,NULL,NULL,1,1,NULL,0,NULL,NULL,NULL,'',NULL,NULL,NULL,NULL,'2025-08-04 20:06:49',NULL,NULL,NULL,NULL),(221,2,4,NULL,NULL,NULL,NULL,1,1,NULL,0,NULL,NULL,NULL,'',NULL,NULL,NULL,NULL,'2025-08-04 20:07:22',NULL,NULL,NULL,NULL),(222,3,4,NULL,1,NULL,7,1,1,'2025-08-04',12.8,NULL,NULL,NULL,'3',8,2025,NULL,NULL,'2025-08-04 20:32:28','2025-08-04 20:33:43',NULL,NULL,NULL),(223,2,4,NULL,1,NULL,7,1,1,'2025-08-04',3.3,NULL,NULL,NULL,'4',8,2025,NULL,NULL,'2025-08-04 20:34:29','2025-08-04 22:13:32',NULL,NULL,NULL),(224,3,3,NULL,1,3,4,1,1,'2025-08-05',9.5,NULL,NULL,NULL,'2',8,2025,NULL,NULL,'2025-08-05 03:17:54','2025-08-05 03:18:02',NULL,NULL,NULL),(225,2,5,NULL,1,NULL,8,1,1,NULL,3.3,NULL,NULL,NULL,'3',10,2025,NULL,NULL,'2025-08-09 10:17:08','2025-10-10 10:40:41',NULL,NULL,NULL),(226,2,4,NULL,NULL,NULL,NULL,1,1,NULL,0,NULL,NULL,NULL,'',NULL,NULL,NULL,NULL,'2025-08-09 10:17:14',NULL,NULL,NULL,NULL),(227,2,4,NULL,NULL,NULL,NULL,1,1,NULL,0,NULL,NULL,NULL,'',NULL,NULL,NULL,NULL,'2025-08-09 10:17:33',NULL,NULL,NULL,NULL),(228,2,4,NULL,NULL,NULL,NULL,1,1,NULL,0,NULL,NULL,NULL,'',NULL,NULL,NULL,NULL,'2025-08-09 10:17:42',NULL,NULL,NULL,NULL),(229,2,4,NULL,NULL,NULL,NULL,1,1,NULL,0,NULL,NULL,NULL,'',NULL,NULL,NULL,NULL,'2025-08-09 10:19:36',NULL,NULL,NULL,NULL),(230,2,4,NULL,NULL,NULL,NULL,1,1,NULL,0,NULL,NULL,NULL,'',NULL,NULL,NULL,NULL,'2025-08-09 10:20:12',NULL,NULL,NULL,NULL),(231,2,4,NULL,NULL,NULL,NULL,1,1,NULL,0,NULL,NULL,NULL,'',NULL,NULL,NULL,NULL,'2025-08-09 10:28:25',NULL,NULL,NULL,NULL),(232,2,3,NULL,NULL,NULL,NULL,1,1,NULL,0,NULL,NULL,NULL,'',NULL,NULL,NULL,NULL,'2025-08-09 10:28:27',NULL,NULL,NULL,NULL),(233,2,3,NULL,NULL,NULL,NULL,1,1,NULL,0,NULL,NULL,NULL,'',NULL,NULL,NULL,NULL,'2025-08-09 10:28:47',NULL,NULL,NULL,NULL),(234,2,3,NULL,NULL,NULL,NULL,1,1,NULL,0,NULL,NULL,NULL,'',NULL,NULL,NULL,NULL,'2025-08-09 10:29:56',NULL,NULL,NULL,NULL),(235,2,4,NULL,NULL,NULL,NULL,1,1,NULL,0,NULL,NULL,NULL,'',NULL,NULL,NULL,NULL,'2025-08-09 10:30:01',NULL,NULL,NULL,NULL),(236,2,3,NULL,NULL,NULL,NULL,1,1,NULL,0,NULL,NULL,NULL,'',NULL,NULL,NULL,NULL,'2025-08-09 10:30:08',NULL,NULL,NULL,NULL),(237,2,3,NULL,NULL,NULL,NULL,1,1,NULL,0,NULL,NULL,NULL,'',NULL,NULL,NULL,NULL,'2025-08-09 10:32:43',NULL,NULL,NULL,NULL),(238,2,3,NULL,1,1,4,1,1,'2025-08-09',42.9,NULL,NULL,NULL,'3',8,2025,NULL,NULL,'2025-08-09 10:33:07','2025-08-09 10:44:40',NULL,NULL,NULL),(239,2,3,NULL,NULL,NULL,NULL,1,1,NULL,0,NULL,NULL,NULL,'',NULL,NULL,NULL,NULL,'2025-08-09 10:48:51',NULL,NULL,NULL,NULL),(240,2,3,NULL,NULL,NULL,NULL,1,1,NULL,0,NULL,NULL,NULL,'',NULL,NULL,NULL,NULL,'2025-08-09 10:50:46',NULL,NULL,NULL,NULL),(241,2,1,NULL,NULL,NULL,NULL,1,1,NULL,0,NULL,NULL,NULL,'',NULL,NULL,NULL,NULL,'2025-08-09 10:52:56',NULL,NULL,NULL,NULL),(242,2,1,NULL,NULL,NULL,NULL,1,1,NULL,0,NULL,NULL,NULL,'',NULL,NULL,NULL,NULL,'2025-08-09 11:34:03',NULL,NULL,NULL,NULL),(243,2,1,NULL,NULL,NULL,NULL,1,1,NULL,0,NULL,NULL,NULL,'',NULL,NULL,NULL,NULL,'2025-08-09 12:47:13',NULL,NULL,NULL,NULL),(245,2,1,1,NULL,1,1,1,1,NULL,119.9,0,0,119.9,'1',NULL,NULL,'Movimento importado por ordem de compra nº: 2',NULL,'2025-08-09 13:08:25',NULL,NULL,NULL,NULL),(247,2,1,1,NULL,1,1,1,1,NULL,119.9,0,0,119.9,'3',NULL,NULL,'Movimento importado por ordem de compra nº: 2',NULL,'2025-08-09 13:09:45',NULL,NULL,NULL,NULL),(248,2,1,26,NULL,NULL,1,1,1,'2025-07-08',4393.64,0,0,4393.64,'29470',7,2025,NULL,NULL,'2025-08-13 10:11:27',NULL,'26250750312948000150550010000294701002215223',NULL,NULL),(250,3,2,14,1,NULL,3,1,1,'2025-11-04',3.3,0,0,3.3,'4',11,2025,NULL,NULL,'2025-11-04 16:57:27','2025-11-04 16:57:51',NULL,NULL,NULL),(251,2,1,NULL,NULL,NULL,NULL,1,1,NULL,0,NULL,NULL,NULL,'',NULL,NULL,NULL,NULL,'2025-11-05 16:29:04',NULL,NULL,NULL,NULL),(252,3,1,1,NULL,1,1,1,1,'2025-11-20',11.1,0,0,11.1,'1101',11,2025,NULL,NULL,'2025-11-20 15:49:46','2025-11-20 15:58:52',NULL,NULL,NULL),(253,2,1,NULL,NULL,NULL,NULL,1,1,NULL,0,NULL,NULL,NULL,'',NULL,NULL,NULL,NULL,'2025-11-20 15:56:31',NULL,NULL,NULL,NULL),(254,2,3,NULL,NULL,NULL,NULL,1,1,NULL,0,NULL,NULL,NULL,'',NULL,NULL,NULL,NULL,'2025-11-28 15:18:25',NULL,NULL,NULL,NULL),(255,2,3,NULL,NULL,NULL,NULL,1,1,NULL,0,NULL,NULL,NULL,'',NULL,NULL,NULL,NULL,'2025-11-28 15:19:38',NULL,NULL,NULL,NULL),(256,2,4,NULL,NULL,NULL,NULL,1,1,NULL,0,NULL,NULL,NULL,'',NULL,NULL,NULL,NULL,'2025-11-28 15:19:59',NULL,NULL,NULL,NULL),(257,2,5,NULL,NULL,NULL,NULL,1,1,NULL,0,NULL,NULL,NULL,'',NULL,NULL,NULL,NULL,'2025-11-28 15:20:04',NULL,NULL,NULL,NULL),(258,2,2,NULL,NULL,NULL,NULL,1,1,NULL,0,NULL,NULL,NULL,'',NULL,NULL,NULL,NULL,'2025-11-28 15:20:07',NULL,NULL,NULL,NULL),(259,2,3,NULL,NULL,NULL,NULL,1,1,NULL,0,NULL,NULL,NULL,'',NULL,NULL,NULL,NULL,'2025-11-28 15:24:24',NULL,NULL,NULL,NULL),(260,2,3,NULL,NULL,NULL,NULL,1,1,NULL,0,NULL,NULL,NULL,'',NULL,NULL,NULL,NULL,'2025-11-28 15:25:55',NULL,NULL,NULL,NULL),(261,2,3,NULL,1,1,4,1,1,'2025-11-28',0,NULL,NULL,NULL,'',11,2025,NULL,NULL,'2025-11-28 15:27:10','2025-11-28 15:27:12',NULL,NULL,NULL),(262,2,1,1,NULL,2,1,1,1,NULL,119.9,0,0,119.9,'1',NULL,NULL,'Movimento importado por ordem de compra nº: 2',NULL,'2025-11-28 15:30:27',NULL,NULL,NULL,NULL),(263,2,1,1,NULL,1,1,1,1,NULL,119.9,0,0,119.9,'1',NULL,NULL,'Movimento importado por ordem de compra nº: 2',NULL,'2025-11-28 15:30:54',NULL,NULL,NULL,NULL),(264,2,1,1,NULL,1,1,1,1,NULL,119.9,0,0,119.9,'1',NULL,NULL,'Movimento importado por ordem de compra nº: 2',NULL,'2025-11-28 15:37:59',NULL,NULL,NULL,NULL),(265,2,1,13,NULL,1,1,1,1,NULL,330,0,0,330,'1',NULL,NULL,'Movimento importado por ordem de compra nº: 1',NULL,'2025-11-28 16:15:03',NULL,NULL,NULL,NULL),(266,2,1,1,NULL,1,1,1,1,NULL,100.01,0,0,100.01,'1',NULL,NULL,'Movimento importado por ordem de compra nº: 4',NULL,'2025-11-28 16:17:03',NULL,NULL,NULL,NULL),(267,2,3,NULL,NULL,NULL,NULL,1,1,NULL,0,NULL,NULL,NULL,'',NULL,NULL,NULL,NULL,'2025-12-02 17:17:38',NULL,NULL,NULL,NULL),(268,2,3,NULL,NULL,NULL,NULL,1,1,NULL,0,NULL,NULL,NULL,'',NULL,NULL,NULL,NULL,'2025-12-03 07:59:11',NULL,NULL,NULL,NULL),(269,2,3,NULL,NULL,NULL,NULL,1,1,NULL,0,NULL,NULL,NULL,'',NULL,NULL,NULL,NULL,'2025-12-03 12:14:13',NULL,NULL,NULL,NULL),(270,2,3,NULL,NULL,NULL,NULL,1,1,NULL,0,NULL,NULL,NULL,'',NULL,NULL,NULL,NULL,'2025-12-04 10:32:44',NULL,NULL,NULL,NULL),(271,3,1,1,NULL,1,1,1,1,'2025-12-11',10,0,0,10,'6',12,2025,'Movimento importado por ordem de compra nº: 6',NULL,'2025-12-05 10:08:15','2025-12-11 17:31:43',NULL,NULL,NULL),(272,2,1,NULL,NULL,NULL,NULL,1,1,NULL,0,NULL,NULL,NULL,'',NULL,NULL,NULL,NULL,'2026-01-02 12:11:38',NULL,NULL,NULL,NULL),(273,3,1,1,NULL,1,1,1,1,'2026-01-07',101.11,0,0,101.11,'01212',1,2026,NULL,NULL,'2026-01-07 19:37:39','2026-01-07 20:05:37',NULL,NULL,NULL),(274,3,1,13,NULL,2,2,1,1,'2026-01-07',1150.5,0,0,1150.5,'1221',1,2026,NULL,NULL,'2026-01-07 20:04:24','2026-01-07 20:05:40',NULL,NULL,NULL),(275,3,1,15,NULL,1,1,1,1,'2026-01-10',6,0,0,6,'525',1,2026,NULL,NULL,'2026-01-10 09:16:16','2026-01-10 09:22:29',NULL,NULL,NULL),(276,2,3,NULL,NULL,NULL,NULL,1,1,NULL,0,NULL,NULL,NULL,'',NULL,NULL,NULL,NULL,'2026-01-10 09:24:29',NULL,NULL,NULL,NULL),(277,2,1,NULL,NULL,NULL,NULL,1,1,NULL,0,NULL,NULL,NULL,'',NULL,NULL,NULL,NULL,'2026-01-10 09:27:58',NULL,NULL,NULL,NULL),(278,2,5,NULL,NULL,NULL,NULL,1,1,NULL,0,NULL,NULL,NULL,'',NULL,NULL,NULL,NULL,'2026-01-10 09:31:05',NULL,NULL,NULL,NULL),(279,2,5,NULL,NULL,NULL,NULL,1,1,NULL,0,NULL,NULL,NULL,'',NULL,NULL,NULL,NULL,'2026-01-10 09:32:00',NULL,NULL,NULL,NULL),(280,2,1,22,NULL,NULL,1,1,1,'2025-09-10',2534.53,0,0,2534.53,'116995',9,2025,NULL,NULL,'2026-01-15 16:04:12',NULL,'26250961286613002418550010001169951426723782',NULL,NULL);

--
-- Table structure for table `movimento_financeiro`
--

CREATE TABLE `movimento_financeiro` (
  `idmovimento_financeiro` int(11) NOT NULL AUTO_INCREMENT,
  `tipo_financeiro_id` int(11) NOT NULL,
  `pcn2_id` int(11) DEFAULT NULL,
  `iduser` int(11) NOT NULL,
  `idempresa` int(11) NOT NULL,
  `status` int(11) NOT NULL,
  `contas_id` int(11) DEFAULT NULL,
  `cliente_fornecedor_id` int(11) DEFAULT NULL,
  `movimento_id` int(11) DEFAULT NULL,
  `descricao` varchar(50) NOT NULL,
  `origem` char(1) NOT NULL DEFAULT 'F',
  `vencimento` date NOT NULL,
  `created_at` datetime DEFAULT NULL,
  `updated_at` datetime DEFAULT NULL,
  `data_cancelamento` datetime DEFAULT NULL,
  `valor` double NOT NULL,
  `valor_pago_recebido` double DEFAULT NULL,
  `competencia` date NOT NULL,
  `data_pago_recebido` date DEFAULT NULL,
  `conciliado` char(1) NOT NULL DEFAULT 'N',
  `parcela` int(11) NOT NULL DEFAULT 1,
  `valor_recebido_liquido` double DEFAULT NULL,
  `valor_taxa` double DEFAULT NULL,
  `desconto` double DEFAULT NULL,
  `acrescimo` double DEFAULT NULL,
  `idmovimento_origem` int(11) DEFAULT NULL,
  `pcn1_id` int(11) DEFAULT NULL,
  `contabil` char(1) NOT NULL,
  PRIMARY KEY (`idmovimento_financeiro`),
  KEY `fk_movimento_financeiro_tipo_financeiro_id` (`tipo_financeiro_id`),
  KEY `fk_movimento_financeiro_pcn2_id` (`pcn2_id`),
  KEY `fk_movimento_financeiro_iduser` (`iduser`),
  KEY `fk_movimento_financeiro_idempresa` (`idempresa`),
  KEY `fk_movimento_financeiro_status` (`status`),
  KEY `fk_movimento_financeiro_contas_id` (`contas_id`),
  KEY `fk_movimento_financeiro_cliente_fornecedor_id` (`cliente_fornecedor_id`),
  KEY `fk_movimento_financeiro_movimento_id` (`movimento_id`),
  KEY `fk_movimento_financeiro_9_1` (`pcn1_id`),
  CONSTRAINT `fk_movimento_financeiro_9_1` FOREIGN KEY (`pcn1_id`) REFERENCES `pcn1` (`id`),
  CONSTRAINT `fk_movimento_financeiro_cliente_fornecedor_id` FOREIGN KEY (`cliente_fornecedor_id`) REFERENCES `cliente_fornecedor` (`idcliente_fornecedor`),
  CONSTRAINT `fk_movimento_financeiro_contas_id` FOREIGN KEY (`contas_id`) REFERENCES `contas_bancaria` (`id`),
  CONSTRAINT `fk_movimento_financeiro_idempresa` FOREIGN KEY (`idempresa`) REFERENCES `system_unit` (`id`),
  CONSTRAINT `fk_movimento_financeiro_iduser` FOREIGN KEY (`iduser`) REFERENCES `system_users` (`id`),
  CONSTRAINT `fk_movimento_financeiro_movimento_id` FOREIGN KEY (`movimento_id`) REFERENCES `movimento` (`idmovimento`),
  CONSTRAINT `fk_movimento_financeiro_pcn2_id` FOREIGN KEY (`pcn2_id`) REFERENCES `pcn2` (`id`),
  CONSTRAINT `fk_movimento_financeiro_status` FOREIGN KEY (`status`) REFERENCES `status` (`idstatus`),
  CONSTRAINT `fk_movimento_financeiro_tipo_financeiro_id` FOREIGN KEY (`tipo_financeiro_id`) REFERENCES `tipo_financeiro` (`idtipo_financeiro`)
) ENGINE=InnoDB AUTO_INCREMENT=178 DEFAULT CHARSET=utf8mb3 COLLATE=utf8mb3_unicode_ci;

--
-- Dumping data for table `movimento_financeiro`
--

INSERT INTO `movimento_financeiro` (`idmovimento_financeiro`, `tipo_financeiro_id`, `pcn2_id`, `iduser`, `idempresa`, `status`, `contas_id`, `cliente_fornecedor_id`, `movimento_id`, `descricao`, `origem`, `vencimento`, `created_at`, `updated_at`, `data_cancelamento`, `valor`, `valor_pago_recebido`, `competencia`, `data_pago_recebido`, `conciliado`, `parcela`, `valor_recebido_liquido`, `valor_taxa`, `desconto`, `acrescimo`, `idmovimento_origem`, `pcn1_id`, `contabil`) VALUES (85,1,NULL,1,1,1,6,1,124,'Andre : 1','E','2025-06-05','2025-06-04 17:23:15','2025-06-07 10:14:05',NULL,1,1,'2025-06-04','2026-01-01','N',1,NULL,NULL,0,0,NULL,NULL,''),(86,2,2,1,1,2,NULL,NULL,NULL,'Eventos','F','2025-06-13','2025-06-07 10:14:26','2025-11-05 13:28:23',NULL,105,NULL,'2025-06-07','2026-01-01','N',1,NULL,NULL,NULL,NULL,NULL,3,''),(87,1,NULL,1,1,1,6,13,143,'CRBS S/A - CDD Varginha : 29012025','E','2025-06-18','2025-06-07 11:23:17','2025-06-10 21:00:27',NULL,34,34,'2025-06-07','2026-01-01','N',1,NULL,NULL,0,0,NULL,NULL,''),(88,1,14,1,1,2,NULL,NULL,NULL,'Eventos','F','2025-06-19','2025-06-07 11:24:30',NULL,NULL,105,NULL,'2025-06-07','2026-01-01','N',1,NULL,NULL,NULL,NULL,NULL,16,''),(92,2,NULL,1,1,2,NULL,14,144,'Restaurante Skillus Classic : 1','E','2025-05-27','2025-06-07 11:33:29',NULL,NULL,6.8,NULL,'2025-06-07','2026-01-01','N',1,NULL,NULL,NULL,NULL,NULL,NULL,''),(95,1,NULL,1,1,1,6,15,148,'ATACAMAX IMPORTADORA DE ALIMENTOS LTDA : 824050','E','2025-07-08','2025-06-10 16:31:32','2025-06-10 16:31:59',NULL,2394.35,2394.35,'2025-06-10','2026-01-01','N',1,NULL,NULL,0,0,NULL,NULL,''),(96,1,14,1,1,2,NULL,NULL,NULL,'pagto internet','F','2025-06-11','2025-06-10 16:32:52',NULL,NULL,150,NULL,'2025-06-10','2026-01-01','N',1,NULL,NULL,NULL,NULL,NULL,16,''),(97,1,14,1,1,2,NULL,NULL,NULL,'pagto internet','F','2025-06-20','2025-06-10 16:33:57',NULL,NULL,150,NULL,'2025-06-10','2026-01-01','N',1,NULL,NULL,NULL,NULL,NULL,16,''),(98,1,14,1,1,2,NULL,NULL,NULL,'pagto internet','F','2025-07-20','2025-06-10 16:33:57',NULL,NULL,150,NULL,'2025-06-10','2026-01-01','N',2,NULL,NULL,NULL,NULL,NULL,16,''),(99,1,14,1,1,2,NULL,NULL,NULL,'pagto internet','F','2025-08-19','2025-06-10 16:33:57',NULL,NULL,150,NULL,'2025-06-10','2026-01-01','N',3,NULL,NULL,NULL,NULL,NULL,16,''),(100,1,14,1,1,2,NULL,NULL,NULL,'pagto internet','F','2025-09-18','2025-06-10 16:33:57',NULL,NULL,150,NULL,'2025-06-10','2026-01-01','N',4,NULL,NULL,NULL,NULL,NULL,16,''),(101,1,14,1,1,2,NULL,NULL,NULL,'pagto internet','F','2025-10-18','2025-06-10 16:33:57',NULL,NULL,150,NULL,'2025-06-10','2026-01-01','N',5,NULL,NULL,NULL,NULL,NULL,16,''),(102,1,14,1,1,2,NULL,NULL,NULL,'pagto internet','F','2025-11-17','2025-06-10 16:33:57',NULL,NULL,150,NULL,'2025-06-10','2026-01-01','N',6,NULL,NULL,NULL,NULL,NULL,16,''),(103,1,14,1,1,2,NULL,NULL,NULL,'pagto internet','F','2025-12-17','2025-06-10 16:33:57','2025-12-01 21:03:30',NULL,150,NULL,'2025-06-10','2026-01-01','N',7,150,NULL,NULL,NULL,NULL,16,''),(104,1,14,1,1,2,NULL,NULL,NULL,'pagto internet','F','2026-01-16','2025-06-10 16:33:57',NULL,NULL,150,NULL,'2025-06-10','2026-01-01','N',8,NULL,NULL,NULL,NULL,NULL,16,''),(105,1,14,1,1,2,NULL,NULL,NULL,'pagto internet','F','2026-02-15','2025-06-10 16:33:57',NULL,NULL,150,NULL,'2025-06-10','2026-01-01','N',9,NULL,NULL,NULL,NULL,NULL,16,''),(106,1,14,1,1,2,NULL,NULL,NULL,'pagto internet','F','2026-03-17','2025-06-10 16:33:57',NULL,NULL,150,NULL,'2025-06-10','2026-01-01','N',10,NULL,NULL,NULL,NULL,NULL,16,''),(107,1,14,1,1,2,NULL,NULL,NULL,'pagto internet','F','2026-04-16','2025-06-10 16:33:57',NULL,NULL,150,NULL,'2025-06-10','2026-01-01','N',11,NULL,NULL,NULL,NULL,NULL,16,''),(108,1,14,1,1,1,6,NULL,NULL,'pagto internet','F','2026-05-16','2025-06-10 16:33:57','2025-06-18 16:31:29',NULL,150,150,'2025-06-10','2026-01-01','N',12,NULL,NULL,0,0,NULL,16,''),(109,2,2,1,1,2,NULL,NULL,NULL,'visa credito 09/06','F','2025-06-25','2025-06-10 16:35:06','2025-11-05 15:53:58',NULL,100,NULL,'2025-06-10','2026-01-01','N',1,NULL,NULL,NULL,NULL,NULL,3,''),(111,1,6,1,1,2,NULL,NULL,NULL,'teste','F','2025-06-27','2025-06-16 13:13:10',NULL,NULL,105,NULL,'2025-06-16','2026-01-01','N',1,NULL,NULL,NULL,NULL,NULL,1,''),(112,1,6,1,1,2,NULL,NULL,NULL,'teste','F','2025-07-12','2025-06-16 13:13:10',NULL,NULL,105,NULL,'2025-06-16','2026-01-01','N',2,NULL,NULL,NULL,NULL,NULL,1,''),(113,1,6,1,1,2,NULL,NULL,NULL,'teste','F','2025-07-27','2025-06-16 13:13:10',NULL,NULL,105,NULL,'2025-06-16','2026-01-01','N',3,NULL,NULL,NULL,NULL,NULL,1,''),(114,1,6,1,1,1,6,NULL,NULL,'teste','F','2025-08-11','2025-06-16 13:13:10','2025-06-16 13:13:21',NULL,105,105,'2025-06-16','2026-01-01','N',4,NULL,NULL,0,0,NULL,1,''),(115,1,11,1,1,1,6,NULL,NULL,'Eventos','F','2025-06-19','2025-06-19 14:38:37','2025-06-19 14:39:05',NULL,105,105,'2025-06-19','2026-01-01','N',1,NULL,NULL,NULL,NULL,NULL,NULL,''),(116,1,1,1,1,1,6,NULL,NULL,'caixa','F','2025-06-19','2025-06-19 14:38:54','2025-06-19 14:39:05',NULL,600,600,'2025-06-19','2026-01-01','N',1,NULL,NULL,NULL,NULL,NULL,NULL,''),(118,1,6,1,1,2,NULL,NULL,NULL,'COM CANAL','F','2025-07-17','2025-07-08 14:02:28',NULL,NULL,100,NULL,'2025-07-08','2026-01-01','N',1,NULL,NULL,NULL,NULL,NULL,NULL,''),(119,1,6,1,1,2,NULL,NULL,NULL,'COM CANAL','F','2025-08-16','2025-07-08 14:02:28',NULL,NULL,100,NULL,'2025-07-08','2026-01-01','N',2,NULL,NULL,NULL,NULL,NULL,NULL,''),(120,1,6,1,1,2,NULL,NULL,NULL,'COM CANAL','F','2025-09-15','2025-07-08 14:02:28',NULL,NULL,100,NULL,'2025-07-08','2026-01-01','N',3,NULL,NULL,NULL,NULL,NULL,NULL,''),(121,1,6,1,1,2,NULL,NULL,NULL,'COM CANAL','F','2025-10-15','2025-07-08 14:02:28',NULL,NULL,100,NULL,'2025-07-08','2026-01-01','N',4,NULL,NULL,NULL,NULL,NULL,NULL,''),(122,1,6,1,1,2,NULL,NULL,NULL,'COM CANAL','F','2025-11-14','2025-07-08 14:02:28',NULL,NULL,100,NULL,'2025-07-08','2026-01-01','N',5,NULL,NULL,NULL,NULL,NULL,NULL,''),(123,1,6,1,1,2,NULL,NULL,NULL,'COM CANAL','F','2025-12-14','2025-07-08 14:02:28','2025-12-01 21:03:27',NULL,50,NULL,'2025-07-08','2026-01-01','N',6,50,NULL,0,0,NULL,NULL,''),(124,2,2,1,1,2,NULL,NULL,NULL,'COM CANAL','F','2025-07-09','2025-07-08 14:12:45','2025-11-05 15:54:03',NULL,100,NULL,'2025-07-08','2026-01-01','N',1,NULL,NULL,NULL,NULL,NULL,NULL,''),(126,1,6,1,1,2,NULL,NULL,NULL,'COM CANAL - (SPP)','F','2025-07-17','2025-07-08 14:14:57',NULL,NULL,50,NULL,'2025-07-08','2026-01-01','N',6,NULL,NULL,NULL,NULL,NULL,NULL,''),(135,1,NULL,1,1,1,6,23,194,'ESTIVAS NOVO PRADO LTDA : 2279146','E','2025-07-09','2025-07-09 10:19:12','2025-07-09 10:19:30',NULL,558.2,558.2,'2025-07-08','2026-01-01','N',1,NULL,NULL,0,0,NULL,NULL,''),(136,2,NULL,1,1,10,6,14,197,'Restaurante Skillus Classic : 3','E','2025-07-09','2025-07-09 10:51:02','2025-11-05 14:36:30',NULL,1143,1143,'2025-07-09','2026-01-01','N',1,1143,NULL,NULL,NULL,NULL,NULL,''),(137,1,NULL,1,1,1,7,26,211,'MCA ALIMENTOS LTDA : 29505','E','2025-07-29','2025-07-09 14:14:28','2025-07-21 18:56:57',NULL,4406.14,4406.14,'2025-07-08','2026-01-01','N',1,NULL,NULL,0,0,NULL,NULL,''),(139,1,NULL,1,1,1,6,15,210,'ATACAMAX IMPORTADORA DE ALIMENTOS LTDA : 280125','E','2025-07-16','2025-07-24 12:44:26','2025-11-04 17:29:42',NULL,1476,1476,'2025-07-09','2026-01-01','N',1,-1476,NULL,0,0,NULL,NULL,''),(140,1,14,1,1,2,NULL,1,NULL,'teste','F','2025-08-09','2025-08-09 10:08:17','2025-11-05 13:28:41',NULL,10,NULL,'2025-08-09','2026-01-01','N',1,10,NULL,0,0,NULL,NULL,''),(142,1,4,1,1,1,6,1,NULL,'teste','F','2025-08-09','2025-08-09 10:12:55','2025-11-05 13:33:07',NULL,50,50,'2025-08-09','2026-01-01','N',1,-50,NULL,0,0,NULL,NULL,''),(143,1,1,1,1,1,6,1,NULL,'teste','F','2025-11-04','2025-11-04 16:34:02','2025-11-05 13:28:55',NULL,100,100,'2025-11-04','2026-01-01','N',1,-100,NULL,0,0,NULL,NULL,''),(145,2,2,1,1,10,6,NULL,NULL,'teste','F','2025-11-04','2025-11-04 16:56:42','2025-11-05 13:32:28',NULL,50,50,'2025-11-04','2026-01-01','N',1,49.84,0.16,NULL,NULL,NULL,NULL,''),(146,2,NULL,1,1,10,6,14,250,'Restaurante Skillus Classic : 4','E','2025-11-04','2025-11-04 16:57:51','2025-11-05 13:30:53',NULL,3.3,3.3,'2025-11-04','2026-01-01','N',1,3.3,NULL,NULL,NULL,NULL,NULL,''),(148,2,1,1,1,10,6,NULL,NULL,'teste','F','2025-11-04','2025-11-04 17:20:56','2025-11-05 13:29:50',NULL,100,100,'2025-11-04','2026-01-01','N',1,100,NULL,NULL,NULL,NULL,NULL,''),(149,1,15,1,1,1,6,NULL,NULL,'teste - (TAXA) Valor Original:50','F','2025-11-04','2025-11-05 13:32:28',NULL,NULL,0.16,0.16,'2025-11-04','2026-01-01','N',1,NULL,NULL,NULL,NULL,145,NULL,''),(152,1,27,1,1,1,6,NULL,NULL,'RETIRADA SOCIOS ','F','2025-11-20','2025-11-20 15:47:29','2025-11-20 15:47:38',NULL,100,100,'2025-11-20','2026-01-01','N',1,-100,NULL,0,0,NULL,NULL,''),(154,1,NULL,1,1,1,6,1,252,'Andre : 1101','E','2025-11-20','2025-11-20 15:58:52','2025-11-20 15:59:26',NULL,11.1,11.1,'2025-11-20','2026-01-01','N',1,-11.1,NULL,0,0,NULL,NULL,''),(155,1,7,1,1,2,NULL,1,NULL,'teste','F','2025-11-13','2025-11-20 16:01:34',NULL,NULL,55.55,NULL,'2025-11-20','2026-01-01','N',1,NULL,NULL,NULL,NULL,NULL,NULL,''),(156,1,27,1,1,2,NULL,NULL,NULL,'teste','F','2025-11-28','2025-11-28 14:34:46',NULL,NULL,50,NULL,'2025-11-28','2026-01-01','N',1,NULL,NULL,NULL,NULL,NULL,NULL,''),(157,1,7,1,1,2,NULL,NULL,NULL,'teste','F','2025-12-01','2025-12-01 20:52:32','2025-12-01 21:03:24',NULL,50,NULL,'2025-12-01','2026-01-01','N',1,0,NULL,0,0,NULL,NULL,''),(159,1,7,1,1,5,NULL,NULL,NULL,'teste','F','2025-12-01','2025-12-01 21:08:31','2025-12-01 21:09:25','2025-12-01 21:09:25',50,NULL,'2025-12-01','2026-01-01','N',1,-50,NULL,0,0,NULL,NULL,''),(160,1,7,1,1,1,6,NULL,NULL,'teste','F','2026-01-01','2025-12-01 21:10:22','2025-12-01 21:12:36',NULL,50,50,'2026-01-01','2026-01-01','N',1,-50,NULL,0,0,NULL,NULL,''),(161,1,8,1,1,1,6,13,NULL,'teste','F','2026-01-01','2025-12-01 21:14:34','2025-12-01 21:14:44',NULL,500.1,500.1,'2026-01-01','2026-01-01','N',1,-500.1,NULL,0,0,NULL,NULL,''),(162,1,27,1,1,1,6,1,NULL,'teste','F','2025-12-01','2025-12-01 21:18:27','2025-12-01 21:18:51',NULL,200,200,'2025-12-01','2026-01-01','N',1,-200,NULL,0,0,NULL,NULL,''),(163,1,8,1,1,2,NULL,1,NULL,'teste','F','2026-01-01','2025-12-04 10:35:06',NULL,NULL,1000,NULL,'2026-01-01',NULL,'N',1,NULL,NULL,NULL,NULL,NULL,NULL,''),(164,1,14,1,1,2,NULL,1,NULL,'teste','F','2026-01-01','2025-12-04 10:45:25',NULL,NULL,50,NULL,'2025-12-04',NULL,'N',1,NULL,NULL,NULL,NULL,NULL,NULL,''),(165,1,14,1,1,2,NULL,13,NULL,'teste','F','2025-12-01','2025-12-04 10:45:51',NULL,NULL,100,NULL,'2025-12-04',NULL,'N',1,NULL,NULL,NULL,NULL,NULL,NULL,''),(166,1,14,1,1,2,NULL,NULL,NULL,'teste','F','2026-03-11','2025-12-04 10:46:21',NULL,NULL,50,NULL,'2026-02-12',NULL,'N',1,NULL,NULL,NULL,NULL,NULL,NULL,''),(167,2,1,1,1,10,6,NULL,NULL,'teste','F','2026-01-01','2025-12-04 10:47:03','2025-12-04 10:47:16',NULL,350,350,'2026-01-01','2026-01-01','N',1,350,NULL,NULL,NULL,NULL,NULL,''),(169,2,1,1,1,2,NULL,NULL,NULL,'teste','F','2025-12-04','2025-12-04 10:57:53',NULL,NULL,100,NULL,'2025-12-04',NULL,'N',1,NULL,NULL,NULL,NULL,NULL,NULL,''),(170,2,1,1,1,2,NULL,NULL,NULL,'teste','F','2026-01-03','2025-12-04 10:57:53',NULL,NULL,100,NULL,'2025-12-04',NULL,'N',2,NULL,NULL,NULL,NULL,NULL,NULL,''),(171,2,1,1,1,2,NULL,NULL,NULL,'teste','F','2026-02-02','2025-12-04 10:57:53',NULL,NULL,100,NULL,'2025-12-04',NULL,'N',3,NULL,NULL,NULL,NULL,NULL,NULL,''),(172,1,NULL,1,1,2,NULL,1,271,'Andre : 6','E','2025-12-12','2025-12-11 17:31:43',NULL,NULL,10,NULL,'2025-12-11',NULL,'N',1,NULL,NULL,NULL,NULL,NULL,NULL,''),(173,1,7,1,1,2,NULL,NULL,NULL,'EVENTUAIS','F','2026-01-08','2026-01-02 14:16:23','2026-01-07 19:41:55',NULL,600,NULL,'2026-01-02',NULL,'N',1,NULL,NULL,NULL,NULL,173,NULL,'S'),(174,1,NULL,1,1,2,NULL,1,273,'Andre : 01212','E','2026-01-07','2026-01-07 20:05:37',NULL,NULL,101.11,NULL,'2026-01-07',NULL,'N',1,NULL,NULL,NULL,NULL,NULL,NULL,'N'),(175,1,NULL,1,1,2,NULL,13,274,'CRBS S/A - CDD Varginha : 1221','E','2026-01-07','2026-01-07 20:05:40',NULL,NULL,1150.5,NULL,'2026-01-07',NULL,'N',1,NULL,NULL,NULL,NULL,NULL,NULL,'S'),(176,2,1,1,1,2,NULL,NULL,NULL,'teste','F','2026-01-07','2026-01-07 21:54:12',NULL,NULL,15000,NULL,'2026-01-07',NULL,'N',1,NULL,NULL,NULL,NULL,NULL,NULL,''),(177,1,NULL,1,1,2,NULL,15,275,'ATACAMAX IMPORTADORA DE ALIMENTOS LTDA : 525','E','2026-01-10','2026-01-10 09:22:29',NULL,NULL,6,NULL,'2026-01-10',NULL,'N',1,NULL,NULL,NULL,NULL,NULL,NULL,'N');

--
-- Table structure for table `movimento_mes`
--

CREATE TABLE `movimento_mes` (
  `idmovimento_mes` int(11) NOT NULL AUTO_INCREMENT,
  `item_id` int(11) NOT NULL,
  `estoque_id` int(11) NOT NULL,
  `movimento_id` int(11) NOT NULL,
  `idempresa` int(11) NOT NULL,
  `qtd` double NOT NULL,
  `valor` double NOT NULL,
  `ano` char(4) NOT NULL,
  `mes` char(2) NOT NULL,
  `created_at` datetime NOT NULL,
  `tipo` char(1) NOT NULL,
  PRIMARY KEY (`idmovimento_mes`),
  KEY `fk_movimento_mes_item_id` (`item_id`),
  KEY `fk_movimento_mes_estoque_id` (`estoque_id`),
  KEY `fk_movimento_mes_movimento_id` (`movimento_id`),
  KEY `fk_movimento_mes_idempresa` (`idempresa`),
  CONSTRAINT `fk_movimento_mes_estoque_id` FOREIGN KEY (`estoque_id`) REFERENCES `estoque` (`idestoque`),
  CONSTRAINT `fk_movimento_mes_idempresa` FOREIGN KEY (`idempresa`) REFERENCES `system_unit` (`id`),
  CONSTRAINT `fk_movimento_mes_item_id` FOREIGN KEY (`item_id`) REFERENCES `item` (`iditem`),
  CONSTRAINT `fk_movimento_mes_movimento_id` FOREIGN KEY (`movimento_id`) REFERENCES `movimento` (`idmovimento`)
) ENGINE=InnoDB AUTO_INCREMENT=31 DEFAULT CHARSET=utf8mb3 COLLATE=utf8mb3_unicode_ci;

--
-- Dumping data for table `movimento_mes`
--

INSERT INTO `movimento_mes` (`idmovimento_mes`, `item_id`, `estoque_id`, `movimento_id`, `idempresa`, `qtd`, `valor`, `ano`, `mes`, `created_at`, `tipo`) VALUES (22,5,1,179,1,50,19.99,'2026','2','2025-07-08 19:39:06','I'),(23,5,1,179,1,-25,19.99,'2025','12','2025-07-08 19:39:06','C'),(24,7,1,179,1,1,19.99,'2026','2','2025-07-08 19:39:06','I'),(25,7,1,179,1,9,19.99,'2025','12','2025-07-08 19:39:06','C'),(26,2,1,179,1,4,0,'2025','12','2025-07-08 19:39:06','C'),(27,4,1,179,1,5,0,'2025','12','2025-07-08 19:39:06','C'),(28,6,1,179,1,17,0,'2025','12','2025-07-08 19:39:06','C'),(29,8,1,179,1,12,0,'2025','12','2025-07-08 19:39:06','C'),(30,3,1,179,1,12,0,'2025','12','2025-07-08 19:39:06','C');

--
-- Table structure for table `movimento_parcelas`
--

CREATE TABLE `movimento_parcelas` (
  `idmov_parcelas` int(11) NOT NULL AUTO_INCREMENT,
  `movimento_id` int(11) NOT NULL,
  `vencimento` date NOT NULL,
  `valor` double NOT NULL,
  `created_at` datetime NOT NULL,
  `parcela` int(11) DEFAULT NULL,
  PRIMARY KEY (`idmov_parcelas`),
  KEY `fk_movimento_parcelas_movimento_id` (`movimento_id`),
  CONSTRAINT `fk_movimento_parcelas_movimento_id` FOREIGN KEY (`movimento_id`) REFERENCES `movimento` (`idmovimento`)
) ENGINE=InnoDB AUTO_INCREMENT=136 DEFAULT CHARSET=utf8mb3 COLLATE=utf8mb3_unicode_ci;

--
-- Dumping data for table `movimento_parcelas`
--

INSERT INTO `movimento_parcelas` (`idmov_parcelas`, `movimento_id`, `vencimento`, `valor`, `created_at`, `parcela`) VALUES (45,124,'2025-06-05',1,'2025-06-04 17:21:54',1),(47,143,'2025-06-18',34,'2025-06-07 11:23:01',1),(48,144,'2025-05-27',6.8,'2025-06-07 11:32:51',1),(50,148,'2025-07-08',2394.35,'2025-06-10 16:29:52',1),(56,175,'2025-07-02',10,'2025-07-02 15:16:48',NULL),(60,177,'2025-07-02',207.7,'2025-07-02 15:24:50',1),(62,169,'2025-07-04',75,'2025-07-04 15:32:05',1),(73,192,'2025-07-09',389,'2025-07-04 16:22:17',NULL),(102,196,'2025-07-08',20,'2025-07-08 22:44:07',1),(106,194,'2025-07-09',558.2,'2025-07-09 10:18:47',1),(109,197,'2025-07-09',1143,'2025-07-09 10:50:18',1),(111,199,'2025-07-15',345.2,'2025-07-09 11:33:08',NULL),(120,208,'2025-07-22',1404.47,'2025-07-09 14:06:25',NULL),(122,210,'2025-07-16',1476,'2025-07-09 14:09:45',1),(123,211,'2025-07-29',4406.14,'2025-07-09 14:13:23',1),(124,203,'2025-07-25',500,'2025-07-23 12:31:55',2),(125,203,'2025-07-23',500,'2025-07-23 12:32:02',1),(126,203,'2025-08-06',320,'2025-07-23 12:32:13',3),(127,215,'2025-07-23',137,'2025-07-31 10:36:19',NULL),(128,248,'2025-07-29',4393.64,'2025-08-13 10:11:27',NULL),(129,250,'2025-11-04',3.3,'2025-11-04 16:57:45',1),(130,252,'2025-11-20',11.1,'2025-11-20 15:50:50',1),(131,271,'2025-12-12',10,'2025-12-11 17:31:36',1),(132,273,'2026-01-07',101.11,'2026-01-07 19:57:16',1),(133,274,'2026-01-07',1150.5,'2026-01-07 20:04:45',1),(134,275,'2026-01-10',6,'2026-01-10 09:19:15',1),(135,280,'2025-10-01',2534.53,'2026-01-15 16:04:12',NULL);

--
-- Table structure for table `oc`
--

CREATE TABLE `oc` (
  `idoc` int(11) NOT NULL AUTO_INCREMENT,
  `idempresa` int(11) NOT NULL,
  `cliente_fornecedor_id` int(11) DEFAULT NULL,
  `frete` char(3) DEFAULT NULL,
  `prazo` int(11) DEFAULT NULL,
  `updated_at` datetime DEFAULT NULL,
  `created_at` datetime DEFAULT NULL,
  `deleted_at` datetime DEFAULT NULL,
  `obs` text DEFAULT NULL,
  `total` double DEFAULT NULL,
  `status_id` int(11) DEFAULT NULL,
  PRIMARY KEY (`idoc`),
  KEY `fk_oc_1_1` (`cliente_fornecedor_id`),
  KEY `fk_oc_2_2` (`idempresa`),
  KEY `fk_oc_3_1` (`status_id`),
  CONSTRAINT `fk_oc_1_1` FOREIGN KEY (`cliente_fornecedor_id`) REFERENCES `cliente_fornecedor` (`idcliente_fornecedor`),
  CONSTRAINT `fk_oc_2_2` FOREIGN KEY (`idempresa`) REFERENCES `system_unit` (`id`),
  CONSTRAINT `fk_oc_3_1` FOREIGN KEY (`status_id`) REFERENCES `status` (`idstatus`)
) ENGINE=InnoDB AUTO_INCREMENT=7 DEFAULT CHARSET=utf8mb3 COLLATE=utf8mb3_unicode_ci;

--
-- Dumping data for table `oc`
--

INSERT INTO `oc` (`idoc`, `idempresa`, `cliente_fornecedor_id`, `frete`, `prazo`, `updated_at`, `created_at`, `deleted_at`, `obs`, `total`, `status_id`) VALUES (1,1,13,'FOB',2,'2025-11-28 16:15:03','2025-06-07 10:01:15','2025-06-23 15:19:11',NULL,330,8),(2,1,1,'FOB',1,'2025-11-28 15:37:59','2025-08-09 10:52:10','0000-00-00 00:00:00','teste',119.9,8),(4,1,1,'FOB',1,'2025-11-28 16:17:03','2025-11-28 16:15:36',NULL,NULL,100.01,8),(5,1,NULL,NULL,NULL,NULL,'2025-12-01 20:40:11',NULL,NULL,NULL,NULL),(6,1,1,'FOB',1,'2025-12-05 10:08:15','2025-12-04 13:43:46',NULL,NULL,10,8);

--
-- Table structure for table `painel_entrada`
--

CREATE TABLE `painel_entrada` (
  `id` int(11) NOT NULL AUTO_INCREMENT,
  `nota` int(11) DEFAULT NULL,
  `chave` text DEFAULT NULL,
  `nsu` int(11) DEFAULT NULL,
  `tipo` varchar(6) DEFAULT NULL,
  `status` char(1) DEFAULT NULL,
  `tipo_manifesto` varchar(100) DEFAULT NULL,
  `fornecedor` text DEFAULT NULL,
  `cnpj` varchar(20) DEFAULT NULL,
  `data_emissao` date DEFAULT NULL,
  `valor_nf` double DEFAULT NULL,
  `id_empresa` int(11) DEFAULT NULL,
  `caminho_xml` text DEFAULT NULL,
  `transacoes_id` int(11) DEFAULT NULL,
  PRIMARY KEY (`id`)
) ENGINE=InnoDB AUTO_INCREMENT=958 DEFAULT CHARSET=utf8mb3 COLLATE=utf8mb3_unicode_ci;

--
-- Dumping data for table `painel_entrada`
--

INSERT INTO `painel_entrada` (`id`, `nota`, `chave`, `nsu`, `tipo`, `status`, `tipo_manifesto`, `fornecedor`, `cnpj`, `data_emissao`, `valor_nf`, `id_empresa`, `caminho_xml`, `transacoes_id`) VALUES (548,1714058,'26250503504437000150550010017140581659220627',4979,'resNFe','F',NULL,'FRINSCAL DISTR IMPORT DE ALIMENTOS LTDA PE','03504437000150','2025-05-26',576,1,NULL,NULL),(551,932831,'26250512819074001024550100009328311371958386',4982,'procNF','F',NULL,'MAURICEA ALIMENTOS DO NORDESTE LTDA','12819074001024','2025-05-27',350.75,1,'app/output/xmlentrada/1/0525/26250512819074001024550100009328311371958386.xml',NULL),(552,2775556,'26250512819074000214550100027755561139441115',4984,'procNF','F',NULL,'MAURICEA ALIMENTOS DO NORDESTE LTDA','12819074000214','2025-05-27',443.82,1,'app/output/xmlentrada/1/0525/26250512819074000214550100027755561139441115.xml',NULL),(553,1509669,'26250511744898000390550010015096691381842486',4986,'resNFe','F',NULL,'NORDESTE COMERCIO E IMPORTADORA DE ALIMENTOS LTDA','11744898000390','2025-05-28',3856.45,1,NULL,NULL),(556,3815428,'26250507196033003970550150038154281421162620',4989,'resNFe','F',NULL,'NORSA REFRIGERANTES S.A.','07196033003970','2025-05-29',1245.84,1,NULL,NULL),(557,1716303,'26250503504437000150550010017163031127531102',4990,'resNFe','F',NULL,'FRINSCAL DISTR IMPORT DE ALIMENTOS LTDA PE','03504437000150','2025-05-30',1152,1,NULL,NULL),(558,5609836,'26250524150377000195550010056098361950450424',4991,'resNFe','F',NULL,'KARNEKEIJO LOGISTICA INTEGRADA LTDA','24150377000195','2025-05-30',727.2,1,NULL,NULL),(568,101603,'26250561286613002418550010001016031234575719',5001,'procNF','F',NULL,'Frigorifico Jahu Ltda - Filial Pina','61286613002418','2025-05-29',3310.61,1,'app/output/xmlentrada/1/0525/26250561286613002418550010001016031234575719.xml',NULL),(569,25258,'26250650312948000150550010000252581002137314',5002,'resNFe','F',NULL,'MCA ALIMENTOS LTDA','50312948000150','2025-06-03',395.6,1,NULL,NULL),(570,1605731,'26250603721769000278550040016057311877570236',5005,'resNFe','F',NULL,'MASTERBOI LTDA','03721769000278','2025-06-04',4306.05,1,NULL,NULL),(573,486616,'26250607526557002315550320004866161694465670',5008,'procNF','F',NULL,'Ambev S.A. - CDD Olinda','07526557002315','2025-06-02',870.79,1,'app/output/xmlentrada/1/0625/26250607526557002315550320004866161694465670.xml',NULL),(574,25212,'26250650312948000150550010000252121002136270',5010,'procNF','F',NULL,'MCA ALIMENTOS LTDA','50312948000150','2025-06-03',395.6,1,'app/output/xmlentrada/1/0625/26250650312948000150550010000252121002136270.xml',NULL),(575,25213,'26250650312948000150550010000252131002136286',5011,'procNF','F',NULL,'MCA ALIMENTOS LTDA','50312948000150','2025-06-03',3675.75,1,'app/output/xmlentrada/1/0625/26250650312948000150550010000252131002136286.xml',NULL),(576,6733,'26250637098695000104550010000067331673311110',5012,'resNFe','F',NULL,'DEGUSTA DELICIAS GELADAS GESTORA DE ATIVOS LTDA','37098695000104','2025-06-04',319.9,1,NULL,NULL),(581,68,'26250659008895002016550020000000681100004198',5017,'procNF','F',NULL,'MATEUS SUPERMERCADOS E VAREJO S.A. MIX RECIFE SANTO AMARO','59008895002016','2025-06-04',502.5,1,'app/output/xmlentrada/1/0625/26250659008895002016550020000000681100004198.xml',NULL),(582,25393,'26250650312948000150550010000253931002139303',5018,'procNF','F',NULL,'MCA ALIMENTOS LTDA','50312948000150','2025-06-04',395.6,1,'app/output/xmlentrada/1/0625/26250650312948000150550010000253931002139303.xml',NULL),(583,2779506,'26250612819074000214550100027795061830917993',5019,'procNF','F',NULL,'MAURICEA ALIMENTOS DO NORDESTE LTDA','12819074000214','2025-06-03',432.4,1,'app/output/xmlentrada/1/0625/26250612819074000214550100027795061830917993.xml',NULL),(584,934587,'26250612819074001024550100009345871265349969',5021,'procNF','F',NULL,'MAURICEA ALIMENTOS DO NORDESTE LTDA','12819074001024','2025-06-03',343.25,1,'app/output/xmlentrada/1/0625/26250612819074001024550100009345871265349969.xml',NULL),(585,5613233,'26250624150377000195550010056132331649963880',5023,'procNF','F',NULL,'KarneKeijo Logistica Integrada LTDA','24150377000195','2025-06-03',941.37,1,'app/output/xmlentrada/1/0625/26250624150377000195550010056132331649963880.xml',NULL),(586,224629,'26250503042263000151550050002246291801422082',5024,'procNF','F',NULL,'PADEIRAO COMERCIO DE PRODUTOS PARA PANIFICACAO LTDA','03042263000151','2025-05-28',3625.1,1,'app/output/xmlentrada/1/0525/26250503042263000151550050002246291801422082.xml',NULL),(587,2263120,'26250608029696000352550010022631201001823190',5026,'procNF','F',NULL,'ESTIVAS NOVO PRADO LTDA','08029696000352','2025-06-03',343.2,1,'app/output/xmlentrada/1/0625/26250608029696000352550010022631201001823190.xml',NULL),(588,12773,'26250604931178000107550010000127731453229154',5027,'procNF','F',NULL,'MARCIO ANTONIO SOARES DE ALMEIDA EIRELI','04931178000107','2025-06-02',800,1,'app/output/xmlentrada/1/0625/26250604931178000107550010000127731453229154.xml',NULL),(589,24,'26250659008895002016550020000000241999721555',5028,'procNF','F',NULL,'MATEUS SUPERMERCADOS E VAREJO S.A. MIX RECIFE SANTO AMARO','59008895002016','2025-06-02',5832,1,'app/output/xmlentrada/1/0625/26250659008895002016550020000000241999721555.xml',NULL),(590,228132,'26250601514118000109550010002281321074094273',5029,'procNF','F',NULL,'DISAL DISTRIBUIDORA DE ALIMENTOS LTDA','01514118000109','2025-06-04',781.1,1,'app/output/xmlentrada/1/0625/26250601514118000109550010002281321074094273.xml',NULL),(591,102716,'26250661286613002418550010001027161706635509',5030,'procNF','F',NULL,'Frigorifico Jahu Ltda - Filial Pina','61286613002418','2025-06-04',3233.28,1,'app/output/xmlentrada/1/0625/26250661286613002418550010001027161706635509.xml',NULL),(592,6734,'26250637098695000104550010000067341673411111',5031,'procNF','F',NULL,'DEGUSTA DELICIAS GELADAS GESTORA DE ATIVOS LTDA','37098695000104','2025-06-04',954.54,1,'app/output/xmlentrada/1/0625/26250637098695000104550010000067341673411111.xml',NULL),(593,2871,'26250611232757000470550010000028711261998840',5032,'procNF','F',NULL,'TOMODACHI COMERCIO DE ALIMENTOS LTDA','11232757000470','2025-06-02',486.77,1,'app/output/xmlentrada/1/0625/26250611232757000470550010000028711261998840.xml',NULL),(594,1608898,'26250603721769000278550040016088981468533723',5033,'resNFe','F',NULL,'MASTERBOI LTDA','03721769000278','2025-06-07',1991.37,1,NULL,NULL),(596,275012,'26250612808484000189550010002750121116432216',5035,'resNFe','F',NULL,'CELESTE ALIMENTOS E PANIFICACAO LTDA','12808484000189','2025-06-09',350,1,NULL,NULL),(604,5618319,'26250624150377000195550010056183191685835119',5043,'procNF','F',NULL,'KarneKeijo Logistica Integrada LTDA','24150377000195','2025-06-09',1944.8,1,'app/output/xmlentrada/1/0625/26250624150377000195550010056183191685835119.xml',NULL),(606,3672,'26250614685591000192550000000036721100036729',5045,'procNF','F',NULL,'Doce Fruta Industria E Comercio Ltda','14685591000192','2025-06-09',137,1,'app/output/xmlentrada/1/0625/26250614685591000192550000000036721100036729.xml',NULL),(607,343150,'26250624263162000180550050003431501172671662',5046,'procNF','F',NULL,'SANTISTA FRIGORIFICO E DISTRIBUIDOR LTDA','24263162000180','2025-06-09',4370.4,1,'app/output/xmlentrada/1/0625/26250624263162000180550050003431501172671662.xml',NULL),(608,275975,'26250607050184000496550010002759751449363147',5048,'procNF','F',NULL,'INDUSTRIA DE BEBIDAS IGARASSU LTDA','07050184000496','2025-06-09',433.91,1,'app/output/xmlentrada/1/0625/26250607050184000496550010002759751449363147.xml',NULL),(609,1514922,'26250611744898000390550010015149221254610521',5049,'procNF','F',NULL,'NORDESTE COMERCIO E IMPORTADORA DE ALIMENTOS LTDA','11744898000390','2025-06-10',1864.55,1,'app/output/xmlentrada/1/0625/26250611744898000390550010015149221254610521.xml',NULL),(610,1514923,'26250611744898000390550010015149231138224715',5051,'procNF','F',NULL,'NORDESTE COMERCIO E IMPORTADORA DE ALIMENTOS LTDA','11744898000390','2025-06-10',2948.13,1,'app/output/xmlentrada/1/0625/26250611744898000390550010015149231138224715.xml',NULL),(611,103224,'26250661286613002418550010001032241562163370',5053,'procNF','F',NULL,'Frigorifico Jahu Ltda - Filial Pina','61286613002418','2025-06-10',2883.1,1,'app/output/xmlentrada/1/0625/26250661286613002418550010001032241562163370.xml',NULL),(612,2783267,'26250612819074000214550100027832671473362703',5054,'procNF','F',NULL,'MAURICEA ALIMENTOS DO NORDESTE LTDA','12819074000214','2025-06-10',435.82,1,'app/output/xmlentrada/1/0625/26250612819074000214550100027832671473362703.xml',NULL),(613,3828102,'26250607196033003970550150038281021750217547',5056,'procNF','F',NULL,'NORSA REFRIGERANTES S.A.','07196033003970','2025-06-10',1570.56,1,'app/output/xmlentrada/1/0625/26250607196033003970550150038281021750217547.xml',NULL),(614,228604,'26250601514118000109550010002286041083197961',5057,'resNFe','F',NULL,'DISAL DISTRIBUIDORA DE ALIMENTOS LTDA','01514118000109','2025-06-12',1300.8,1,NULL,NULL),(616,5622624,'26250624150377000195550010056226241285324438',5059,'resNFe','F',NULL,'KARNEKEIJO LOGISTICA INTEGRADA LTDA','24150377000195','2025-06-12',303.5,1,NULL,NULL),(617,3001,'26250611232757000470550010000030011193972379',5060,'procNF','F',NULL,'TOMODACHI COMERCIO DE ALIMENTOS LTDA','11232757000470','2025-06-12',467.4,1,'app/output/xmlentrada/1/0625/26250611232757000470550010000030011193972379.xml',NULL),(618,463010,'26250688301155002233550000004630101582221352',5061,'resNFe','F',NULL,'MOINHOS CRUZEIRO DO SUL S/A','88301155002233','2025-06-16',890,1,NULL,NULL),(620,1616842,'26250603721769000278550040016168421852526206',5063,'resNFe','F',NULL,'MASTERBOI LTDA','03721769000278','2025-06-17',3323.01,1,NULL,NULL),(623,3834165,'26250607196033003970550150038341651800826032',5066,'procNF','F',NULL,'NORSA REFRIGERANTES S.A.','07196033003970','2025-06-16',1686,1,'app/output/xmlentrada/1/0625/26250607196033003970550150038341651800826032.xml',NULL),(627,5627279,'26250624150377000195550010056272791311042146',5070,'procNF','F',NULL,'KarneKeijo Logistica Integrada LTDA','24150377000195','2025-06-17',1207.1,1,'app/output/xmlentrada/1/0625/26250624150377000195550010056272791311042146.xml',NULL),(628,104620,'26250661286613002418550010001046201714073537',5071,'procNF','F',NULL,'Frigorifico Jahu Ltda - Filial Pina','61286613002418','2025-06-18',389,1,'app/output/xmlentrada/1/0625/26250661286613002418550010001046201714073537.xml',NULL),(637,3051,'26250611232757000470550010000030511931125512',5081,'procNF','F',NULL,'TOMODACHI COMERCIO DE ALIMENTOS LTDA','11232757000470','2025-06-17',1040,1,'app/output/xmlentrada/1/0625/26250611232757000470550010000030511931125512.xml',NULL),(638,104710,'26250661286613002418550010001047101530011619',5082,'procNF','F',NULL,'Frigorifico Jahu Ltda - Filial Pina','61286613002418','2025-06-18',2575.1,1,'app/output/xmlentrada/1/0625/26250661286613002418550010001047101530011619.xml',NULL),(639,275733,'26250612808484000189550010002757331211824850',5083,'procNF','F',NULL,'CELESTE ALIMENTOS E PANIFICACAO LTDA','12808484000189','2025-06-18',699.8,1,'app/output/xmlentrada/1/0625/26250612808484000189550010002757331211824850.xml',NULL),(640,1722162,'26250603504437000150550010017221621114130154',5084,'procNF','F',NULL,'FRINSCAL DISTR IMPORT DE ALIMENTOS LTDA PE','03504437000150','2025-06-18',974.25,1,'app/output/xmlentrada/1/0625/26250603504437000150550010017221621114130154.xml',NULL),(641,2787862,'26250612819074000214550100027878621131449176',5086,'procNF','F',NULL,'MAURICEA ALIMENTOS DO NORDESTE LTDA','12819074000214','2025-06-19',686.7,1,'app/output/xmlentrada/1/0625/26250612819074000214550100027878621131449176.xml',NULL),(642,2272111,'26250608029696000352550010022721111002801289',5088,'procNF','F',NULL,'ESTIVAS NOVO PRADO LTDA','08029696000352','2025-06-21',2542.74,1,'app/output/xmlentrada/1/0625/26250608029696000352550010022721111002801289.xml',NULL),(643,27699,'26250650312948000150550010000276991002176011',5089,'procNF','F',NULL,'MCA ALIMENTOS LTDA','50312948000150','2025-06-21',1121.4,1,'app/output/xmlentrada/1/0625/26250650312948000150550010000276991002176011.xml',NULL),(644,10079,'26250645685281000100550010000100791031019628',5090,'procNF','F',NULL,'FC ATACADISTA DE PRODUTOS DE LIMPEZA LTDA','45685281000100','2025-06-20',230.38,1,'app/output/xmlentrada/1/0625/26250645685281000100550010000100791031019628.xml',NULL),(647,12826,'26250604931178000107550010000128261574900294',5093,'resNFe','F',NULL,'MARCIO ANTONIO SOARES DE ALMEIDA EIRELI','04931178000107','2025-06-25',800,1,NULL,NULL),(651,56353,'23250636336372000130550010000563531196979041',5097,'procNF','F',NULL,'ALFPACK INDUSTRIA E COMERCIO DE EMBALAGENS LTDA','36336372000130','2025-06-17',1180.56,1,'app/output/xmlentrada/1/0625/23250636336372000130550010000563531196979041.xml',NULL),(652,63519,'23250618266581000173550010000635191669991172',5104,'procNF','F',NULL,'MC COMERCIO DE EQUIPAMENTOS E EMBALAGENS','18266581000173','2025-06-17',507.44,1,'app/output/xmlentrada/1/0625/23250618266581000173550010000635191669991172.xml',NULL),(653,48895,'26250618162706000115550010000488951410261272',5111,'procNF','F',NULL,'QUIMY LIFE SOLUCOES EM HIGIENE E LIMPEZA LTDA-ME','18162706000115','2025-06-20',208.09,1,'app/output/xmlentrada/1/0625/26250618162706000115550010000488951410261272.xml',NULL),(654,290023,'26250607050184000496550010002900231405041755',5112,'procNF','F',NULL,'INDUSTRIA DE BEBIDAS IGARASSU LTDA','07050184000496','2025-06-23',446.95,1,'app/output/xmlentrada/1/0625/26250607050184000496550010002900231405041755.xml',NULL),(655,2273100,'26250608029696000352550010022731001002881640',5113,'procNF','F',NULL,'ESTIVAS NOVO PRADO LTDA','08029696000352','2025-06-25',343.2,1,'app/output/xmlentrada/1/0625/26250608029696000352550010022731001002881640.xml',NULL),(656,8295,'26250645697707000137550010000082951209519924',5114,'resNFe','F',NULL,'DGV COMERCIO DE ALIMENTOS LTDA','45697707000137','2025-06-26',1277.36,1,NULL,NULL),(657,5634960,'26250624150377000195550010056349601734133923',5115,'resNFe','F',NULL,'KARNEKEIJO LOGISTICA INTEGRADA LTDA','24150377000195','2025-06-26',1419.55,1,NULL,NULL),(658,3737,'26250614685591000192550000000037371100037373',5116,'resNFe','F',NULL,'DOCE FRUTA INDUSTRIA E COMERCIO LTDA','14685591000192','2025-06-27',137,1,NULL,NULL),(659,274590,'26250664904295001002550030002745901899754149',5117,'resNFe','F',NULL,'CAMIL ALIMENTOS S/A','64904295001002','2025-06-27',1778.58,1,NULL,NULL),(660,8287,'26250645697707000137550010000082871459519997',5118,'procNF','F',NULL,'DGV COMERCIO DE ALIMENTOS LTDA','45697707000137','2025-06-26',1651.22,1,'app/output/xmlentrada/1/0625/26250645697707000137550010000082871459519997.xml',NULL),(661,344168,'26250624263162000180550050003441681289633018',5119,'procNF','F',NULL,'SANTISTA FRIGORIFICO E DISTRIBUIDOR LTDA','24263162000180','2025-06-25',4404,1,'app/output/xmlentrada/1/0625/26250624263162000180550050003441681289633018.xml',NULL),(662,1623571,'26250603721769000278550040016235711864310330',5121,'procNF','F',NULL,'MASTERBOI LTDA','03721769000278','2025-06-26',4399.43,1,'app/output/xmlentrada/1/0625/26250603721769000278550040016235711864310330.xml',NULL),(663,677412,'26250641025313000181550050006774121147665200',5123,'procNF','F',NULL,'COMPANHIA PERNAMBUCANA DE GAS - COPERGAS','41025313000181','2025-06-18',9767.97,1,'app/output/xmlentrada/1/0625/26250641025313000181550050006774121147665200.xml',NULL),(666,3847348,'26250607196033003970550150038473481875066695',5126,'resNFe','F',NULL,'NORSA REFRIGERANTES S.A.','07196033003970','2025-06-30',1783.44,1,NULL,NULL),(673,1628747,'26250703721769000278550040016287471888274271',5133,'resNFe','F',NULL,'MASTERBOI LTDA','03721769000278','2025-07-02',1847.39,1,NULL,NULL),(675,5640596,'26250724150377000195550010056405961361874044',5135,'resNFe','F',NULL,'KARNEKEIJO LOGISTICA INTEGRADA LTDA','24150377000195','2025-07-03',399.6,1,NULL,NULL),(677,106603,'26250761286613002418550010001066031087358867',5137,'procNF','F',NULL,'Frigorifico Jahu Ltda - Filial Pina','61286613002418','2025-07-03',3047.13,1,'app/output/xmlentrada/1/0725/26250761286613002418550010001066031087358867.xml',NULL),(678,3207,'26250711232757000470550010000032071214693064',5138,'procNF','F',NULL,'TOMODACHI COMERCIO DE ALIMENTOS LTDA','11232757000470','2025-07-01',1661.95,1,'app/output/xmlentrada/1/0725/26250711232757000470550010000032071214693064.xml',NULL),(679,537082,'26250607526557002315550320005370821572539620',5139,'procNF','F',NULL,'Ambev S.A. - CDD Olinda','07526557002315','2025-06-30',544.84,1,'app/output/xmlentrada/1/0625/26250607526557002315550320005370821572539620.xml',NULL),(680,229612,'26250701514118000109550010002296121103055377',5141,'procNF','F',NULL,'DISAL DISTRIBUIDORA DE ALIMENTOS LTDA','01514118000109','2025-07-01',1298.3,1,'app/output/xmlentrada/1/0725/26250701514118000109550010002296121103055377.xml',NULL),(681,1627902,'26250703721769000278550040016279021193272208',5142,'procNF','F',NULL,'MASTERBOI LTDA','03721769000278','2025-07-01',2162.88,1,'app/output/xmlentrada/1/0725/26250703721769000278550040016279021193272208.xml',NULL),(682,1725361,'26250603504437000150550010017253611729022245',5144,'procNF','F',NULL,'FRINSCAL DISTR IMPORT DE ALIMENTOS LTDA PE','03504437000150','2025-06-30',1169.1,1,'app/output/xmlentrada/1/0625/26250603504437000150550010017253611729022245.xml',NULL),(683,941228,'26250712819074001024550100009412281488959275',5146,'procNF','F',NULL,'MAURICEA ALIMENTOS DO NORDESTE LTDA','12819074001024','2025-07-01',212.85,1,'app/output/xmlentrada/1/0725/26250712819074001024550100009412281488959275.xml',NULL),(684,2793471,'26250712819074000214550100027934711836370011',5148,'procNF','F',NULL,'MAURICEA ALIMENTOS DO NORDESTE LTDA','12819074000214','2025-07-01',359.64,1,'app/output/xmlentrada/1/0725/26250712819074000214550100027934711836370011.xml',NULL),(685,2793470,'26250712819074000214550100027934701774931069',5150,'procNF','F',NULL,'MAURICEA ALIMENTOS DO NORDESTE LTDA','12819074000214','2025-07-01',528,1,'app/output/xmlentrada/1/0725/26250712819074000214550100027934701774931069.xml',NULL),(688,753,'26250759008895002016550020000007531100299790',5154,'procNF','F',NULL,'MATEUS SUPERMERCADOS E VAREJO S.A. MIX RECIFE SANTO AMARO','59008895002016','2025-07-04',1320,1,'app/output/xmlentrada/1/0725/26250759008895002016550020000007531100299790.xml',NULL),(689,464953,'26250788301155002233550000004649531834213370',5155,'procNF','F',NULL,'Moinhos Cruzeiro do Sul S/A','88301155002233','2025-07-03',890,1,'app/output/xmlentrada/1/0725/26250788301155002233550000004649531834213370.xml',NULL),(690,1525331,'26250711744898000390550010015253311101143224',5156,'resNFe','F','S','NORDESTE COMERCIO E IMPORTADORA DE ALIMENTOS LTDA','11744898000390','2025-07-07',3771.38,1,'app/output/xmlentrada/1/0725/26250711744898000390550010015253311101143224.xml',NULL),(694,2279146,'26250708029696000352550010022791461003469670',5160,'resNFe','T','S','ESTIVAS NOVO PRADO LTDA','08029696000352','2025-07-08',345.2,1,'app/output/xmlentrada/1/0725/26250708029696000352550010022791461003469670.xml',NULL),(699,3854095,'26250707196033003970550150038540951077917040',5167,'procNF','F',NULL,'NORSA REFRIGERANTES S.A.','07196033003970','2025-07-07',524.16,1,'app/output/xmlentrada/1/0725/26250707196033003970550150038540951077917040.xml',NULL),(700,29505,'26250750312948000150550010000295051002216138',5168,'procNF','T',NULL,'MCA ALIMENTOS LTDA','50312948000150','2025-07-08',4406.14,1,'app/output/xmlentrada/1/0725/26250750312948000150550010000295051002216138.xml',NULL),(701,8454,'26250745697707000137550010000084541101519941',5169,'procNF','T',NULL,'DGV COMERCIO DE ALIMENTOS LTDA','45697707000137','2025-07-08',1404.47,1,'app/output/xmlentrada/1/0725/26250745697707000137550010000084541101519941.xml',NULL),(702,29470,'26250750312948000150550010000294701002215223',5170,'procNF','T',NULL,'MCA ALIMENTOS LTDA','50312948000150','2025-07-08',4393.64,1,'app/output/xmlentrada/1/0725/26250750312948000150550010000294701002215223.xml',NULL),(703,2235,'26250718648882000161550020000022351453806242',5173,'procNF','F',NULL,'Sao Bernardo Reciclagem e Distrib de Plasticos Ltda - EPP','18648882000161','2025-07-07',6647.24,1,'app/output/xmlentrada/1/0725/26250718648882000161550020000022351453806242.xml',NULL),(704,1727539,'26250703504437000150550010017275391521719165',5174,'procNF','F',NULL,'FRINSCAL DISTR IMPORT DE ALIMENTOS LTDA PE','03504437000150','2025-07-07',779.4,1,'app/output/xmlentrada/1/0725/26250703504437000150550010017275391521719165.xml',NULL),(705,3768,'26250714685591000192550000000037681100037683',5176,'procNF','T',NULL,'Doce Fruta Industria E Comercio Ltda','14685591000192','2025-07-08',137,1,'app/output/xmlentrada/1/0725/26250714685591000192550000000037681100037683.xml',NULL),(706,752,'26250759008895002016550020000007521100299823',5177,'procNF','F',NULL,'MATEUS SUPERMERCADOS E VAREJO S.A. MIX RECIFE SANTO AMARO','59008895002016','2025-07-04',660,1,'app/output/xmlentrada/1/0725/26250759008895002016550020000007521100299823.xml',NULL),(707,107789,'26250761286613002418550010001077891826848480',5179,'resNFe','F',NULL,'Frigorifico Jahu LTDA - Filial PINA','61286613002418','2025-07-10',379,1,NULL,NULL),(709,5649189,'26250724150377000195550010056491891206721510',5181,'resNFe','F',NULL,'KARNEKEIJO LOGISTICA INTEGRADA LTDA','24150377000195','2025-07-11',339.5,1,NULL,NULL),(710,4320,'26250745294438000168550010000043201000124560',5182,'resNFe','F',NULL,'Colorata Ind., Com. e Projetos de Embalagens Ltda','45294438000168','2025-07-11',13750,1,NULL,NULL),(712,1636912,'26250703721769000278550040016369121986111350',5184,'procNF','F',NULL,'MASTERBOI LTDA','03721769000278','2025-07-11',3004.18,1,'app/output/xmlentrada/1/0725/26250703721769000278550040016369121986111350.xml',NULL),(713,1527827,'26250711744898000390550010015278271779923729',5186,'procNF','F',NULL,'NORDESTE COMERCIO E IMPORTADORA DE ALIMENTOS LTDA','11744898000390','2025-07-12',3893.75,1,'app/output/xmlentrada/1/0725/26250711744898000390550010015278271779923729.xml',NULL),(717,3344,'26250711232757000470550010000033441309501552',5191,'resNFe','F',NULL,'TOMODACHI COMERCIO DE ALIMENTOS LTDA','11232757000470','2025-07-14',410.59,1,NULL,NULL),(718,304431,'26250707050184000496550010003044311722368580',5192,'resNFe','F',NULL,'INDUSTRIA DE BEBIDAS IGARASSU LTDA','07050184000496','2025-07-14',451.91,1,NULL,NULL),(727,30377,'26250750312948000150550010000303771002231880',5202,'procNF','F',NULL,'MCA ALIMENTOS LTDA','50312948000150','2025-07-15',1784.25,1,'app/output/xmlentrada/1/0725/26250750312948000150550010000303771002231880.xml',NULL),(728,3861223,'26250707196033003970550150038612231130731840',5203,'procNF','F',NULL,'NORSA REFRIGERANTES S.A.','07196033003970','2025-07-14',1574.28,1,'app/output/xmlentrada/1/0725/26250707196033003970550150038612231130731840.xml',NULL),(729,559974,'26250707526557002315550320005599741117174977',5204,'procNF','F',NULL,'Ambev S.A. - CDD Olinda','07526557002315','2025-07-14',697.24,1,'app/output/xmlentrada/1/0725/26250707526557002315550320005599741117174977.xml',NULL),(730,944633,'26250712819074001024550100009446331100525380',5206,'procNF','F',NULL,'MAURICEA ALIMENTOS DO NORDESTE LTDA','12819074001024','2025-07-15',385.5,1,'app/output/xmlentrada/1/0725/26250712819074001024550100009446331100525380.xml',NULL),(731,2800606,'26250712819074000214550100028006061371354922',5208,'procNF','F',NULL,'MAURICEA ALIMENTOS DO NORDESTE LTDA','12819074000214','2025-07-15',623.64,1,'app/output/xmlentrada/1/0725/26250712819074000214550100028006061371354922.xml',NULL),(732,1729828,'26250703504437000150550010017298281206136940',5210,'procNF','F',NULL,'FRINSCAL DISTR IMPORT DE ALIMENTOS LTDA PE','03504437000150','2025-07-14',779.4,1,'app/output/xmlentrada/1/0725/26250703504437000150550010017298281206136940.xml',NULL),(733,5650445,'26250724150377000195550010056504451573288300',5212,'procNF','F',NULL,'KarneKeijo Logistica Integrada LTDA','24150377000195','2025-07-14',1493.36,1,'app/output/xmlentrada/1/0725/26250724150377000195550010056504451573288300.xml',NULL),(734,8538,'26250745697707000137550010000085381502519995',5213,'procNF','F',NULL,'DGV COMERCIO DE ALIMENTOS LTDA','45697707000137','2025-07-14',1383.38,1,'app/output/xmlentrada/1/0725/26250745697707000137550010000085381502519995.xml',NULL),(735,2800026,'26250712819074000214550100028000261236680922',5214,'procNF','F',NULL,'MAURICEA ALIMENTOS DO NORDESTE LTDA','12819074000214','2025-07-13',179.82,1,'app/output/xmlentrada/1/0725/26250712819074000214550100028000261236680922.xml',NULL),(736,277646,'26250712808484000189550010002776461680737351',5216,'procNF','F',NULL,'CELESTE ALIMENTOS E PANIFICACAO LTDA','12808484000189','2025-07-15',3189.21,1,'app/output/xmlentrada/1/0725/26250712808484000189550010002776461680737351.xml',NULL),(739,7798,'26250737098695000104550010000077981779811119',5219,'procNF','F',NULL,'DEGUSTA DELICIAS GELADAS GESTORA DE ATIVOS LTDA','37098695000104','2025-07-16',513.54,1,'app/output/xmlentrada/1/0725/26250737098695000104550010000077981779811119.xml',NULL),(740,7799,'26250737098695000104550010000077991779911110',5220,'procNF','F',NULL,'DEGUSTA DELICIAS GELADAS GESTORA DE ATIVOS LTDA','37098695000104','2025-07-16',347.56,1,'app/output/xmlentrada/1/0725/26250737098695000104550010000077991779911110.xml',NULL),(741,304574,'26250707050184000496550010003045741722368582',5221,'procNF','F',NULL,'INDUSTRIA DE BEBIDAS IGARASSU LTDA','07050184000496','2025-07-15',451.91,1,'app/output/xmlentrada/1/0725/26250707050184000496550010003045741722368582.xml',NULL),(743,10549,'26250745685281000100550010000105491633261410',5223,'resNFe','F',NULL,'FC ATACADISTA DE PRODUTOS DE LIMPEZA LTDA','45685281000100','2025-07-17',264.35,1,NULL,NULL),(744,230555,'26250701514118000109550010002305551122981472',5224,'procNF','F',NULL,'DISAL DISTRIBUIDORA DE ALIMENTOS LTDA','01514118000109','2025-07-17',495,1,'app/output/xmlentrada/1/0725/26250701514118000109550010002305551122981472.xml',NULL),(745,474929,'26250707182763000140550000004749291232160455',5225,'resNFe','F',NULL,'COMERCIAL PROLAC LTDA','07182763000140','2025-07-18',360.7,1,NULL,NULL),(747,466197,'26250788301155002233550000004661971366880860',5228,'resNFe','F',NULL,'MOINHOS CRUZEIRO DO SUL S/A','88301155002233','2025-07-18',890,1,NULL,NULL),(749,692384,'26250741025313000181550050006923841906562631',5230,'resNFe','F',NULL,'COMPANHIA PERNAMBUCANA DE GAS - COPERGAS','41025313000181','2025-07-21',10292,1,NULL,NULL),(750,3809,'26250714685591000192550000000038091100038099',5231,'procNF','F',NULL,'Doce Fruta Industria E Comercio Ltda','14685591000192','2025-07-21',137,1,'app/output/xmlentrada/1/0725/26250714685591000192550000000038091100038099.xml',NULL),(751,474936,'26250707182763000140550000004749361130230130',5232,'procNF','F',NULL,'COMERCIAL PROLAC LTDA','07182763000140','2025-07-18',360.7,1,'app/output/xmlentrada/1/0725/26250707182763000140550000004749361130230130.xml',NULL),(758,109083,'26250761286613002418550010001090831816217558',5239,'procNF','F',NULL,'Frigorifico Jahu Ltda - Filial Pina','61286613002418','2025-07-21',3127.13,1,'app/output/xmlentrada/1/0725/26250761286613002418550010001090831816217558.xml',NULL),(759,1645330,'26250703721769000278550040016453301776282870',5240,'procNF','F',NULL,'MASTERBOI LTDA','03721769000278','2025-07-22',2985.88,1,'app/output/xmlentrada/1/0725/26250703721769000278550040016453301776282870.xml',NULL),(760,20120,'26250708215522000627550010000201201735571471',5242,'procNF','F',NULL,'NORONHA INDUSTRIA E COMERCIO DE PESCADOS LTDA','08215522000627','2025-07-21',3598,1,'app/output/xmlentrada/1/0725/26250708215522000627550010000201201735571471.xml',NULL),(761,5658399,'26250724150377000195550010056583991926605565',5243,'procNF','F',NULL,'KarneKeijo Logistica Integrada LTDA','24150377000195','2025-07-22',1153.9,1,'app/output/xmlentrada/1/0725/26250724150377000195550010056583991926605565.xml',NULL),(763,64929,'23250718266581000173550010000649291046254770',5245,'resNFe','F',NULL,'MC COMERCIO DE EQUIPAMENTOS E EMBALAGENS','18266581000173','2025-07-24',555.99,1,NULL,NULL),(766,3874224,'26250707196033003970550150038742241301644525',5248,'procNF','F',NULL,'NORSA REFRIGERANTES S.A.','07196033003970','2025-07-25',922.26,1,'app/output/xmlentrada/1/0725/26250707196033003970550150038742241301644525.xml',NULL),(767,230857,'26250701514118000109550010002308571128057140',5249,'procNF','F',NULL,'DISAL DISTRIBUIDORA DE ALIMENTOS LTDA','01514118000109','2025-07-22',631.7,1,'app/output/xmlentrada/1/0725/26250701514118000109550010002308571128057140.xml',NULL),(768,3462,'26250711232757000470550010000034621100201475',5250,'procNF','F',NULL,'TOMODACHI COMERCIO DE ALIMENTOS LTDA','11232757000470','2025-07-22',297.79,1,'app/output/xmlentrada/1/0725/26250711232757000470550010000034621100201475.xml',NULL),(769,1732726,'26250703504437000150550010017327261915824182',5251,'procNF','F',NULL,'FRINSCAL DISTR IMPORT DE ALIMENTOS LTDA PE','03504437000150','2025-07-22',767.4,1,'app/output/xmlentrada/1/0725/26250703504437000150550010017327261915824182.xml',NULL),(774,947820,'26250712819074001024550100009478201420099566',5257,'resNFe','F',NULL,'MAURICEA ALIMENTOS DO NORDESTE LTDA','12819074001024','2025-07-29',444.06,1,NULL,NULL),(775,11354,'26250709574645000102550020000113541113541113',5258,'resNFe','F',NULL,'001 FRISABOR FABRICA','09574645000102','2025-07-29',1498,1,NULL,NULL),(777,29398,'26250712819074001024550110000293981151807027',5260,'resNFe','F',NULL,'MAURICEA ALIMENTOS DO NORDESTE LTDA','12819074001024','2025-07-30',444.06,1,NULL,NULL),(779,1734451,'26250703504437000150550010017344511215177210',5262,'procNF','F',NULL,'FRINSCAL DISTR IMPORT DE ALIMENTOS LTDA PE','03504437000150','2025-07-28',749.4,1,'app/output/xmlentrada/1/0725/26250703504437000150550010017344511215177210.xml',NULL),(780,2288283,'26250708029696000352550010022882831004417728',5264,'procNF','F',NULL,'ESTIVAS NOVO PRADO LTDA','08029696000352','2025-07-29',345.2,1,'app/output/xmlentrada/1/0725/26250708029696000352550010022882831004417728.xml',NULL),(781,1651332,'26250703721769000278550040016513321754515864',5265,'procNF','F',NULL,'MASTERBOI LTDA','03721769000278','2025-07-29',2908.16,1,'app/output/xmlentrada/1/0725/26250703721769000278550040016513321754515864.xml',NULL),(782,2807304,'26250712819074000214550100028073041796825323',5267,'procNF','F',NULL,'MAURICEA ALIMENTOS DO NORDESTE LTDA','12819074000214','2025-07-29',528,1,'app/output/xmlentrada/1/0725/26250712819074000214550100028073041796825323.xml',NULL),(783,535560,'26250711840014000130550010005355601210105106',5269,'procNF','F',NULL,'MACROPAC PROTECAO E EMBALAGEM LTDA','11840014000130','2025-07-29',171.7,1,'app/output/xmlentrada/1/0725/26250711840014000130550010005355601210105106.xml',NULL),(784,948140,'26250712819074001024550100009481401366992465',5270,'procNF','F',NULL,'MAURICEA ALIMENTOS DO NORDESTE LTDA','12819074001024','2025-07-30',425.7,1,'app/output/xmlentrada/1/0725/26250712819074001024550100009481401366992465.xml',NULL),(803,49670,'26250718162706000115550010000496701164672613',5290,'procNF','F',NULL,'QUIMY LIFE SOLUCOES EM HIGIENE E LIMPEZA LTDA-ME','18162706000115','2025-07-30',172.76,1,'app/output/xmlentrada/1/0725/26250718162706000115550010000496701164672613.xml',NULL),(804,231325,'26250701514118000109550010002313251136583894',5291,'procNF','F',NULL,'DISAL DISTRIBUIDORA DE ALIMENTOS LTDA','01514118000109','2025-07-30',1331.9,1,'app/output/xmlentrada/1/0725/26250701514118000109550010002313251136583894.xml',NULL),(805,110627,'26250761286613002418550010001106271117871387',5292,'procNF','F',NULL,'Frigorifico Jahu Ltda - Filial Pina','61286613002418','2025-07-30',2720.03,1,'app/output/xmlentrada/1/0725/26250761286613002418550010001106271117871387.xml',NULL),(806,231337,'26250701514118000109550010002313371136969831',5293,'procNF','F',NULL,'DISAL DISTRIBUIDORA DE ALIMENTOS LTDA','01514118000109','2025-07-31',234.5,1,'app/output/xmlentrada/1/0725/26250701514118000109550010002313371136969831.xml',NULL),(807,20581,'26250708215522000627550010000205811378636770',5294,'procNF','F',NULL,'NORONHA INDUSTRIA E COMERCIO DE PESCADOS LTDA','08215522000627','2025-07-31',4216.24,1,'app/output/xmlentrada/1/0725/26250708215522000627550010000205811378636770.xml',NULL),(808,237474,'26250703042263000151550050002374741880132723',5295,'procNF','F',NULL,'PADEIRAO COMERCIO DE PRODUTOS PARA PANIFICACAO LTDA','03042263000151','2025-07-31',4196.64,1,'app/output/xmlentrada/1/0725/26250703042263000151550050002374741880132723.xml',NULL),(809,5669061,'26250824150377000195550010056690611245543869',5297,'procNF','F',NULL,'KarneKeijo Logistica Integrada LTDA','24150377000195','2025-08-01',976.07,1,'app/output/xmlentrada/1/0825/26250824150377000195550010056690611245543869.xml',NULL),(810,3880320,'26250807196033003970550150038803201920456999',5298,'procNF','F',NULL,'NORSA REFRIGERANTES S.A.','07196033003970','2025-08-01',1456.68,1,'app/output/xmlentrada/1/0825/26250807196033003970550150038803201920456999.xml',NULL),(811,590740,'26250807526557002315550320005907401659574431',5299,'procNF','F',NULL,'Ambev S.A. - CDD Olinda','07526557002315','2025-08-02',789.3,1,'app/output/xmlentrada/1/0825/26250807526557002315550320005907401659574431.xml',NULL),(812,3848,'26250814685591000192550000000038481100038481',5301,'procNF','F',NULL,'Doce Fruta Industria E Comercio Ltda','14685591000192','2025-08-04',131.5,1,'app/output/xmlentrada/1/0825/26250814685591000192550000000038481100038481.xml',NULL),(813,26168,'26250827468124000314550010000261681239205299',5302,'procNF','F',NULL,'W L DE SOUZA ATACADO LTDA','27468124000314','2025-08-04',205.72,1,'app/output/xmlentrada/1/0825/26250827468124000314550010000261681239205299.xml',NULL),(814,476644,'26250807182763000140550000004766441741911303',5304,'procNF','F',NULL,'COMERCIAL PROLAC LTDA','07182763000140','2025-08-04',639.9,1,'app/output/xmlentrada/1/0825/26250807182763000140550000004766441741911303.xml',NULL),(815,3609,'26250811232757000470550010000036091106982387',5305,'procNF','F',NULL,'TOMODACHI COMERCIO DE ALIMENTOS LTDA','11232757000470','2025-08-04',233.98,1,'app/output/xmlentrada/1/0825/26250811232757000470550010000036091106982387.xml',NULL),(816,2291462,'26250808029696000352550010022914621004828929',5306,'procNF','F',NULL,'ESTIVAS NOVO PRADO LTDA','08029696000352','2025-08-05',461.64,1,'app/output/xmlentrada/1/0825/26250808029696000352550010022914621004828929.xml',NULL),(817,5672136,'26250824150377000195550010056721361710908511',5307,'procNF','F',NULL,'KarneKeijo Logistica Integrada LTDA','24150377000195','2025-08-04',610.8,1,'app/output/xmlentrada/1/0825/26250824150377000195550010056721361710908511.xml',NULL),(820,1658012,'26250803721769000278550040016580121742458590',5310,'procNF','F',NULL,'MASTERBOI LTDA','03721769000278','2025-08-06',2896.75,1,'app/output/xmlentrada/1/0825/26250803721769000278550040016580121742458590.xml',NULL),(821,111772,'26250861286613002418550010001117721424200500',5312,'procNF','F',NULL,'Frigorifico Jahu Ltda - Filial Pina','61286613002418','2025-08-06',3161.34,1,'app/output/xmlentrada/1/0825/26250861286613002418550010001117721424200500.xml',NULL),(822,1736983,'26250803504437000150550010017369831150721950',5313,'procNF','F',NULL,'FRINSCAL DISTR IMPORT DE ALIMENTOS LTDA PE','03504437000150','2025-08-05',789.6,1,'app/output/xmlentrada/1/0825/26250803504437000150550010017369831150721950.xml',NULL),(826,231940,'26250801514118000109550010002319401154835657',5318,'resNFe','F',NULL,'DISAL DISTRIBUIDORA DE ALIMENTOS LTDA','01514118000109','2025-08-11',1230,1,NULL,NULL),(834,11006,'26250845685281000100550010000110061409719623',5326,'procNF','F',NULL,'FC ATACADISTA DE PRODUTOS DE LIMPEZA LTDA','45685281000100','2025-08-05',176.5,1,'app/output/xmlentrada/1/0825/26250845685281000100550010000110061409719623.xml',NULL),(835,20890,'26250808215522000627550010000208901456868199',5327,'procNF','F',NULL,'NORONHA INDUSTRIA E COMERCIO DE PESCADOS LTDA','08215522000627','2025-08-07',2364.6,1,'app/output/xmlentrada/1/0825/26250808215522000627550010000208901456868199.xml',NULL),(836,1660585,'26250803721769000278550040016605851934253067',5328,'procNF','F',NULL,'MASTERBOI LTDA','03721769000278','2025-08-08',2968.92,1,'app/output/xmlentrada/1/0825/26250803721769000278550040016605851934253067.xml',NULL),(837,602748,'26250807526557002315550320006027481113380187',5330,'procNF','F',NULL,'Ambev S.A. - CDD Olinda','07526557002315','2025-08-09',628.71,1,'app/output/xmlentrada/1/0825/26250807526557002315550320006027481113380187.xml',NULL),(838,3594,'26250811232757000470550010000035941289313604',5332,'procNF','F',NULL,'TOMODACHI COMERCIO DE ALIMENTOS LTDA','11232757000470','2025-08-04',311.6,1,'app/output/xmlentrada/1/0825/26250811232757000470550010000035941289313604.xml',NULL),(842,8697,'26250837098695000104550010000086971869711119',5336,'resNFe','F',NULL,'DEGUSTA DELICIAS GELADAS GESTORA DE ATIVOS LTDA','37098695000104','2025-08-13',712.5,1,NULL,NULL),(845,21006,'26250808215522000627550010000210061415300373',5339,'procNF','F',NULL,'NORONHA INDUSTRIA E COMERCIO DE PESCADOS LTDA','08215522000627','2025-08-11',4107.44,1,'app/output/xmlentrada/1/0825/26250808215522000627550010000210061415300373.xml',NULL),(846,1738732,'26250803504437000150550010017387321195522556',5340,'procNF','F',NULL,'FRINSCAL DISTR IMPORT DE ALIMENTOS LTDA PE','03504437000150','2025-08-11',789.6,1,'app/output/xmlentrada/1/0825/26250803504437000150550010017387321195522556.xml',NULL),(847,3887949,'26250807196033003970550150038879491459381470',5342,'procNF','F',NULL,'NORSA REFRIGERANTES S.A.','07196033003970','2025-08-11',1377.42,1,'app/output/xmlentrada/1/0825/26250807196033003970550150038879491459381470.xml',NULL),(848,1663206,'26250803721769000278550040016632061208838380',5343,'procNF','F',NULL,'MASTERBOI LTDA','03721769000278','2025-08-12',4298.36,1,'app/output/xmlentrada/1/0825/26250803721769000278550040016632061208838380.xml',NULL),(849,1663209,'26250803721769000278550040016632091031730122',5344,'procNF','F',NULL,'MASTERBOI LTDA','03721769000278','2025-08-12',372,1,'app/output/xmlentrada/1/0825/26250803721769000278550040016632091031730122.xml',NULL),(850,2813985,'26250812819074000214550100028139851251105845',5345,'procNF','F',NULL,'MAURICEA ALIMENTOS DO NORDESTE LTDA','12819074000214','2025-08-12',1097.64,1,'app/output/xmlentrada/1/0825/26250812819074000214550100028139851251105845.xml',NULL),(851,5679080,'26250824150377000195550010056790801290429394',5346,'procNF','F',NULL,'KarneKeijo Logistica Integrada LTDA','24150377000195','2025-08-11',334.5,1,'app/output/xmlentrada/1/0825/26250824150377000195550010056790801290429394.xml',NULL),(852,330111,'26250807050184000496550010003301111554606617',5347,'procNF','F',NULL,'INDUSTRIA DE BEBIDAS IGARASSU LTDA','07050184000496','2025-08-12',300.56,1,'app/output/xmlentrada/1/0825/26250807050184000496550010003301111554606617.xml',NULL),(853,112656,'26250861286613002418550010001126561246865272',5348,'procNF','F',NULL,'Frigorifico Jahu Ltda - Filial Pina','61286613002418','2025-08-13',1322.99,1,'app/output/xmlentrada/1/0825/26250861286613002418550010001126561246865272.xml',NULL),(854,330110,'26250807050184000496550010003301101412542972',5349,'procNF','F',NULL,'INDUSTRIA DE BEBIDAS IGARASSU LTDA','07050184000496','2025-08-12',317.96,1,'app/output/xmlentrada/1/0825/26250807050184000496550010003301101412542972.xml',NULL),(855,12960,'26250804931178000107550010000129601169875420',5350,'procNF','F',NULL,'MARCIO ANTONIO SOARES DE ALMEIDA EIRELI','04931178000107','2025-08-13',800,1,'app/output/xmlentrada/1/0825/26250804931178000107550010000129601169875420.xml',NULL),(856,3716,'26250811232757000470550010000037161234822153',5351,'procNF','F',NULL,'TOMODACHI COMERCIO DE ALIMENTOS LTDA','11232757000470','2025-08-13',311.6,1,'app/output/xmlentrada/1/0825/26250811232757000470550010000037161234822153.xml',NULL),(859,277674,'26250864904295001002550030002776741661784546',5354,'resNFe','F',NULL,'CAMIL ALIMENTOS S/A','64904295001002','2025-08-18',2765.55,1,NULL,NULL),(867,1541982,'26250811744898000390550010015419821195169154',5362,'procNF','F',NULL,'NORDESTE COMERCIO E IMPORTADORA DE ALIMENTOS LTDA','11744898000390','2025-08-16',1060.15,1,'app/output/xmlentrada/1/0825/26250811744898000390550010015419821195169154.xml',NULL),(868,1541981,'26250811744898000390550010015419811220194202',5364,'procNF','F',NULL,'NORDESTE COMERCIO E IMPORTADORA DE ALIMENTOS LTDA','11744898000390','2025-08-16',3269.18,1,'app/output/xmlentrada/1/0825/26250811744898000390550010015419811220194202.xml',NULL),(869,1740777,'26250803504437000150550010017407771163109814',5366,'procNF','F',NULL,'FRINSCAL DISTR IMPORT DE ALIMENTOS LTDA PE','03504437000150','2025-08-18',1920.28,1,'app/output/xmlentrada/1/0825/26250803504437000150550010017407771163109814.xml',NULL),(870,3895837,'26250807196033003970550150038958371094955187',5368,'procNF','F',NULL,'NORSA REFRIGERANTES S.A.','07196033003970','2025-08-18',1653.42,1,'app/output/xmlentrada/1/0825/26250807196033003970550150038958371094955187.xml',NULL),(871,113457,'26250861286613002418550010001134571170068262',5369,'procNF','F',NULL,'Frigorifico Jahu Ltda - Filial Pina','61286613002418','2025-08-19',2635.76,1,'app/output/xmlentrada/1/0825/26250861286613002418550010001134571170068262.xml',NULL),(872,5686158,'26250824150377000195550010056861581572067281',5370,'procNF','F',NULL,'KarneKeijo Logistica Integrada LTDA','24150377000195','2025-08-18',917.48,1,'app/output/xmlentrada/1/0825/26250824150377000195550010056861581572067281.xml',NULL),(873,2817126,'26250812819074000214550100028171261947670440',5371,'procNF','F',NULL,'MAURICEA ALIMENTOS DO NORDESTE LTDA','12819074000214','2025-08-19',528,1,'app/output/xmlentrada/1/0825/26250812819074000214550100028171261947670440.xml',NULL),(874,3913,'26250814685591000192550000000039131100039135',5375,'procNF','F',NULL,'Doce Fruta Industria E Comercio Ltda','14685591000192','2025-08-19',106.5,1,'app/output/xmlentrada/1/0825/26250814685591000192550000000039131100039135.xml',NULL),(875,476831,'26250804666316000178550010004768311149301114',5376,'procNF','F',NULL,'MARITIMOS PESCADOS LTDA','04666316000178','2025-08-20',207,1,'app/output/xmlentrada/1/0825/26250804666316000178550010004768311149301114.xml',NULL),(876,706940,'26250841025313000181550050007069401334050177',5377,'resNFe','F',NULL,'COMPANHIA PERNAMBUCANA DE GAS - COPERGAS','41025313000181','2025-08-22',10860.53,1,NULL,NULL),(877,58358,'23250736336372000130550010000583581467503870',5378,'procNF','F',NULL,'ALFPACK INDUSTRIA E COMERCIO DE EMBALAGENS LTDA','36336372000130','2025-07-24',3863.92,1,'app/output/xmlentrada/1/0725/23250736336372000130550010000583581467503870.xml',NULL),(878,232739,'26250801514118000109550010002327391170519473',5384,'resNFe','F',NULL,'DISAL DISTRIBUIDORA DE ALIMENTOS LTDA','01514118000109','2025-08-25',351.5,1,NULL,NULL),(885,21722,'26250808215522000627550010000217221289832032',5391,'procNF','F',NULL,'NORONHA INDUSTRIA E COMERCIO DE PESCADOS LTDA','08215522000627','2025-08-25',3280,1,'app/output/xmlentrada/1/0825/26250808215522000627550010000217221289832032.xml',NULL),(886,1674079,'26250803721769000278550040016740791625920716',5392,'procNF','F',NULL,'MASTERBOI LTDA','03721769000278','2025-08-26',4461.96,1,'app/output/xmlentrada/1/0825/26250803721769000278550040016740791625920716.xml',NULL),(887,69769,'26250829403593000208550010000697691505154190',5394,'procNF','F',NULL,'LA CARNE COMERCIO ALIMENTICIO LTDA','29403593000208','2025-08-26',286.44,1,'app/output/xmlentrada/1/0825/26250829403593000208550010000697691505154190.xml',NULL),(888,5692542,'26250824150377000195550010056925421444892821',5395,'procNF','F',NULL,'KarneKeijo Logistica Integrada LTDA','24150377000195','2025-08-25',470.4,1,'app/output/xmlentrada/1/0825/26250824150377000195550010056925421444892821.xml',NULL),(889,2820074,'26250812819074000214550100028200741263874722',5396,'procNF','F',NULL,'MAURICEA ALIMENTOS DO NORDESTE LTDA','12819074000214','2025-08-26',415.02,1,'app/output/xmlentrada/1/0825/26250812819074000214550100028200741263874722.xml',NULL),(890,114850,'26250861286613002418550010001148501523245652',5398,'procNF','F',NULL,'Frigorifico Jahu Ltda - Filial Pina','61286613002418','2025-08-27',1470.21,1,'app/output/xmlentrada/1/0825/26250861286613002418550010001148501523245652.xml',NULL),(891,955068,'26250812819074001024550100009550681334117444',5399,'resNFe','F',NULL,'MAURICEA ALIMENTOS DO NORDESTE LTDA','12819074001024','2025-08-27',560.86,1,NULL,NULL),(896,35566,'26250850312948000150550010000355661263319989',5404,'resNFe','F',NULL,'MCA ALIMENTOS LTDA - 50.312.948/0001-50','50312948000150','2025-08-29',345,1,NULL,NULL),(899,29669,'26250812819074001024550110000296691996358127',5408,'resNFe','F',NULL,'MAURICEA ALIMENTOS DO NORDESTE LTDA','12819074001024','2025-08-29',560.86,1,NULL,NULL),(903,3872,'26250811232757000470550010000038721215981831',5412,'procNF','F',NULL,'TOMODACHI COMERCIO DE ALIMENTOS LTDA','11232757000470','2025-08-28',297.94,1,'app/output/xmlentrada/1/0825/26250811232757000470550010000038721215981831.xml',NULL),(904,3906920,'26250807196033003970550150039069201516552365',5413,'procNF','F',NULL,'NORSA REFRIGERANTES S.A.','07196033003970','2025-08-28',478.98,1,'app/output/xmlentrada/1/0825/26250807196033003970550150039069201516552365.xml',NULL),(905,35609,'26250850312948000150550010000356091214172910',5414,'procNF','F',NULL,'MCA ALIMENTOS LTDA - 50.312.948/0001-50','50312948000150','2025-08-29',355.7,1,'app/output/xmlentrada/1/0825/26250850312948000150550010000356091214172910.xml',NULL),(911,1745362,'26250903504437000150550010017453621237882319',5420,'resNFe','F',NULL,'FRINSCAL DISTR IMPORT DE ALIMENTOS LTDA PE','03504437000150','2025-09-01',1152,1,NULL,NULL),(916,2330,'26250859008895002016550020000023301100907878',5425,'procNF','F',NULL,'MATEUS SUPERMERCADOS E VAREJO S.A. MIX RECIFE SANTO AMARO','59008895002016','2025-08-29',927.6,1,'app/output/xmlentrada/1/0825/26250859008895002016550020000023301100907878.xml',NULL),(917,479909,'26250807182763000140550000004799091105411886',5426,'procNF','F',NULL,'COMERCIAL PROLAC LTDA','07182763000140','2025-08-29',1084.3,1,'app/output/xmlentrada/1/0825/26250807182763000140550000004799091105411886.xml',NULL),(918,50302,'26250818162706000115550010000503021706194993',5427,'procNF','F',NULL,'QUIMY LIFE SOLUCOES EM HIGIENE E LIMPEZA LTDA-ME','18162706000115','2025-08-29',171.74,1,'app/output/xmlentrada/1/0825/26250818162706000115550010000503021706194993.xml',NULL),(919,1547143,'26250911744898000390550010015471431136245175',5428,'procNF','F',NULL,'NORDESTE COMERCIO E IMPORTADORA DE ALIMENTOS LTDA','11744898000390','2025-09-01',4041.44,1,'app/output/xmlentrada/1/0925/26250911744898000390550010015471431136245175.xml',NULL),(920,26933,'26250927468124000314550010000269331267624472',5430,'procNF','F',NULL,'W L DE SOUZA ATACADO LTDA','27468124000314','2025-09-01',205.2,1,'app/output/xmlentrada/1/0925/26250927468124000314550010000269331267624472.xml',NULL),(921,233083,'26250901514118000109550010002330831177480694',5433,'procNF','F',NULL,'DISAL DISTRIBUIDORA DE ALIMENTOS LTDA','01514118000109','2025-09-01',3354.6,1,'app/output/xmlentrada/1/0925/26250901514118000109550010002330831177480694.xml',NULL),(922,3966,'26250914685591000192550000000039661100039663',5434,'procNF','F',NULL,'Doce Fruta Industria E Comercio Ltda','14685591000192','2025-09-01',119,1,'app/output/xmlentrada/1/0925/26250914685591000192550000000039661100039663.xml',NULL),(923,5697956,'26250924150377000195550010056979561697892386',5435,'procNF','F',NULL,'KarneKeijo Logistica Integrada LTDA','24150377000195','2025-09-01',894.78,1,'app/output/xmlentrada/1/0925/26250924150377000195550010056979561697892386.xml',NULL),(924,3910676,'26250907196033003970550150039106761028163393',5436,'procNF','F',NULL,'NORSA REFRIGERANTES S.A.','07196033003970','2025-09-01',1818.6,1,'app/output/xmlentrada/1/0925/26250907196033003970550150039106761028163393.xml',NULL),(925,11728,'26250945685281000100550010000117281110429068',5437,'procNF','F',NULL,'FC ATACADISTA DE PRODUTOS DE LIMPEZA LTDA','45685281000100','2025-09-02',396.48,1,'app/output/xmlentrada/1/0925/26250945685281000100550010000117281110429068.xml',NULL),(926,115929,'26250961286613002418550010001159291843418515',5438,'procNF','F',NULL,'Frigorifico Jahu Ltda - Filial Pina','61286613002418','2025-09-03',2705.48,1,'app/output/xmlentrada/1/0925/26250961286613002418550010001159291843418515.xml',NULL),(927,115441,'26250861286613002418550010001154411387107820',5439,'procNF','F',NULL,'Frigorifico Jahu Ltda - Filial Pina','61286613002418','2025-08-29',419,1,'app/output/xmlentrada/1/0825/26250861286613002418550010001154411387107820.xml',NULL),(928,60211,'23250836336372000130550010000602111427827738',5440,'procNF','F',NULL,'ALFPACK INDUSTRIA E COMERCIO DE EMBALAGENS LTDA','36336372000130','2025-08-28',4903.79,1,'app/output/xmlentrada/1/0825/23250836336372000130550010000602111427827738.xml',NULL),(929,66230,'23250818266581000173550010000662301630147887',5447,'procNF','F',NULL,'MC COMERCIO DE EQUIPAMENTOS E EMBALAGENS','18266581000173','2025-08-28',1014.88,1,'app/output/xmlentrada/1/0825/23250818266581000173550010000662301630147887.xml',NULL),(932,22151,'26250908215522000627550010000221511230126490',5456,'procNF','F',NULL,'NORONHA INDUSTRIA E COMERCIO DE PESCADOS LTDA','08215522000627','2025-09-03',3280,1,'app/output/xmlentrada/1/0925/26250908215522000627550010000221511230126490.xml',NULL),(933,2825103,'26250912819074000214550100028251031777960200',5457,'procNF','F',NULL,'MAURICEA ALIMENTOS DO NORDESTE LTDA','12819074000214','2025-09-05',434.7,1,'app/output/xmlentrada/1/0925/26250912819074000214550100028251031777960200.xml',NULL),(934,5703912,'26250924150377000195550010057039121637274969',5459,'procNF','F',NULL,'KarneKeijo Logistica Integrada LTDA','24150377000195','2025-09-04',425.15,1,'app/output/xmlentrada/1/0925/26250924150377000195550010057039121637274969.xml',NULL),(946,9397,'26250937098695000104550010000093971939711114',5471,'procNF','F',NULL,'DEGUSTA DELICIAS GELADAS GESTORA DE ATIVOS LTDA','37098695000104','2025-09-05',342.36,1,'app/output/xmlentrada/1/0925/26250937098695000104550010000093971939711114.xml',NULL),(947,9398,'26250937098695000104550010000093981939811116',5472,'procNF','F',NULL,'DEGUSTA DELICIAS GELADAS GESTORA DE ATIVOS LTDA','37098695000104','2025-09-05',85.8,1,'app/output/xmlentrada/1/0925/26250937098695000104550010000093981939811116.xml',NULL),(948,13028,'26250904931178000107550010000130281771430831',5473,'procNF','F',NULL,'MARCIO ANTONIO SOARES DE ALMEIDA EIRELI','04931178000107','2025-09-05',800,1,'app/output/xmlentrada/1/0925/26250904931178000107550010000130281771430831.xml',NULL),(949,648966,'26250907526557002315550320006489661428807920',5474,'procNF','F',NULL,'Ambev S.A. - CDD Olinda','07526557002315','2025-09-06',636.14,1,'app/output/xmlentrada/1/0925/26250907526557002315550320006489661428807920.xml',NULL),(950,4009,'26250911232757000470550010000040091115462922',5476,'procNF','F',NULL,'TOMODACHI COMERCIO DE ALIMENTOS LTDA','11232757000470','2025-09-08',685.68,1,'app/output/xmlentrada/1/0925/26250911232757000470550010000040091115462922.xml',NULL),(951,1747834,'26250903504437000150550010017478341148157106',5477,'procNF','F',NULL,'FRINSCAL DISTR IMPORT DE ALIMENTOS LTDA PE','03504437000150','2025-09-08',779.4,1,'app/output/xmlentrada/1/0925/26250903504437000150550010017478341148157106.xml',NULL),(952,353475,'26250907050184000496550010003534751504059653',5479,'procNF','F',NULL,'INDUSTRIA DE BEBIDAS IGARASSU LTDA','07050184000496','2025-09-08',225.96,1,'app/output/xmlentrada/1/0925/26250907050184000496550010003534751504059653.xml',NULL),(953,3917939,'26250907196033003970550150039179391552432122',5480,'procNF','F',NULL,'NORSA REFRIGERANTES S.A.','07196033003970','2025-09-08',906.78,1,'app/output/xmlentrada/1/0925/26250907196033003970550150039179391552432122.xml',NULL),(954,1686203,'26250903721769000278550040016862031468217109',5481,'procNF','F',NULL,'MASTERBOI LTDA','03721769000278','2025-09-09',4396.18,1,'app/output/xmlentrada/1/0925/26250903721769000278550040016862031468217109.xml',NULL),(955,5706274,'26250924150377000195550010057062741492311786',5483,'procNF','F',NULL,'KarneKeijo Logistica Integrada LTDA','24150377000195','2025-09-08',1217.1,1,'app/output/xmlentrada/1/0925/26250924150377000195550010057062741492311786.xml',NULL),(956,116995,'26250961286613002418550010001169951426723782',5484,'procNF','T',NULL,'Frigorifico Jahu Ltda - Filial Pina','61286613002418','2025-09-10',2534.53,1,'app/output/xmlentrada/1/0925/26250961286613002418550010001169951426723782.xml',NULL),(957,3920583,'26250907196033003970550150039205831756344726',5487,'resNFe','F',NULL,'NORSA REFRIGERANTES S.A.','07196033003970','2025-09-10',315.3,1,NULL,NULL);

--
-- Table structure for table `painel_entrada_log`
--

CREATE TABLE `painel_entrada_log` (
  `id` int(11) NOT NULL AUTO_INCREMENT,
  `payload` text DEFAULT NULL,
  PRIMARY KEY (`id`)
) ENGINE=InnoDB AUTO_INCREMENT=97 DEFAULT CHARSET=utf8mb3 COLLATE=utf8mb3_unicode_ci;

--
-- Dumping data for table `painel_entrada_log`
--

INSERT INTO `painel_entrada_log` (`id`, `payload`) VALUES (1,'<resEvento xmlns:xsd=\"http://www.w3.org/2001/XMLSchema\" xmlns:xsi=\"http://www.w3.org/2001/XMLSchema-instance\" versao=\"1.01\" xmlns=\"http://www.portalfiscal.inf.br/nfe\"><cOrgao>91</cOrgao><CNPJ>87124582000104</CNPJ><chNFe>26250512819074001024550100009328311371958386</chNFe><dhEvento>2025-05-27T02:00:20-03:00</dhEvento><tpEvento>610610</tpEvento><nSeqEvento>1</nSeqEvento><xEvento>MDF-e autorizado</xEvento><dhRecbto>2025-05-27T02:00:21-03:00</dhRecbto><nProt>891255092159940</nProt></resEvento>'),(2,'<resEvento xmlns:xsd=\"http://www.w3.org/2001/XMLSchema\" xmlns:xsi=\"http://www.w3.org/2001/XMLSchema-instance\" versao=\"1.01\" xmlns=\"http://www.portalfiscal.inf.br/nfe\"><cOrgao>91</cOrgao><CNPJ>87124582000104</CNPJ><chNFe>26250512819074000214550100027755561139441115</chNFe><dhEvento>2025-05-27T02:00:20-03:00</dhEvento><tpEvento>610610</tpEvento><nSeqEvento>1</nSeqEvento><xEvento>MDF-e autorizado</xEvento><dhRecbto>2025-05-27T02:00:21-03:00</dhRecbto><nProt>891255092160027</nProt></resEvento>'),(3,'<procEventoNFe versao=\"1.00\" xmlns=\"http://www.portalfiscal.inf.br/nfe\">\n<evento xmlns=\"http://www.portalfiscal.inf.br/nfe\" versao=\"1.00\"><infEvento Id=\"ID1101112625065031294800015055001000025212100213627001\"><cOrgao>26</cOrgao><tpAmb>1</tpAmb><CNPJ>50312948000150</CNPJ><chNFe>26250650312948000150550010000252121002136270</chNFe><dhEvento>2025-06-03T16:17:02-03:00</dhEvento><tpEvento>110111</tpEvento><nSeqEvento>1</nSeqEvento><verEvento>1.00</verEvento><detEvento versao=\"1.00\"><descEvento>Cancelamento</descEvento><nProt>126250055585733</nProt><xJust>CLIENTE ALEGOU QUE NAO TRABALHA COM ESSA MARCA</xJust></detEvento></infEvento><Signature xmlns=\"http://www.w3.org/2000/09/xmldsig#\"><SignedInfo><CanonicalizationMethod Algorithm=\"http://www.w3.org/TR/2001/REC-xml-c14n-20010315\" /><SignatureMethod Algorithm=\"http://www.w3.org/2000/09/xmldsig#rsa-sha1\" /><Reference URI=\"#ID1101112625065031294800015055001000025212100213627001\"><Transforms><Transform Algorithm=\"http://www.w3.org/2000/09/xmldsig#enveloped-signature\" /><Transform Algorithm=\"http://www.w3.org/TR/2001/REC-xml-c14n-20010315\" /></Transforms><DigestMethod Algorithm=\"http://www.w3.org/2000/09/xmldsig#sha1\" /><DigestValue>hBSEijdqeGL/LQ1ryXzyQZ+tIlE=</DigestValue></Reference></SignedInfo><SignatureValue>LdqTWtm74GPoBrmOQlAFJShZvVMFePPyYFAtTFFbGEyy60fjcHnwSj02iR+Jo0bJiiXBz225160KjHAWFdXIzb62vhglGetptn5j8M6v61U1p5JP+4iZLYLertPIyHtztUB5bkpkIFOXHO5yPz/J6rHf1Chovr/zzMR3L+LCtaK3bEZYtn7b5MwMo4UXjPfDwXQnlCfg0JxWvFkOyIQ1VS6f+nZvZrOHsluQWkZ+LI70uyBs4azZUh1BnxZZaJfreKezm9PWOQJmDtZr73c34vVKFnyx6w4sYYkzl4Zx2gq5zfs6JU53Rq7BL51FXblgl3V05TZvwzTWbNwEM5m8oQ==</SignatureValue><KeyInfo><X509Data><X509Certificate>[BLOB]</X509Certificate></X509Data></KeyInfo></Signature></evento>\n  <retEvento versao=\"1.00\">\n    <infEvento>\n      <tpAmb>1</tpAmb>\n      <verAplic>NFEPE_P_3.15.1</verAplic>\n      <cOrgao>26</cOrgao>\n      <cStat>135</cStat>\n      <xMotivo>Evento registrado e vinculado a NF-e</xMotivo>\n      <chNFe>26250650312948000150550010000252121002136270</chNFe>\n      <tpEvento>110111</tpEvento>\n      <nSeqEvento>1</nSeqEvento>\n      <dhRegEvento>2025-06-03T16:17:03-03:00</dhRegEvento>\n      <nProt>126250055824466</nProt>\n    </infEvento>\n  </retEvento>\n</procEventoNFe>'),(4,'<procEventoNFe versao=\"1.00\" xmlns=\"http://www.portalfiscal.inf.br/nfe\">\n<evento xmlns=\"http://www.portalfiscal.inf.br/nfe\" versao=\"1.00\"><infEvento Id=\"ID1101112625065031294800015055001000025258100213731401\"><cOrgao>26</cOrgao><tpAmb>1</tpAmb><CNPJ>50312948000150</CNPJ><chNFe>26250650312948000150550010000252581002137314</chNFe><dhEvento>2025-06-03T16:20:07-03:00</dhEvento><tpEvento>110111</tpEvento><nSeqEvento>1</nSeqEvento><verEvento>1.00</verEvento><detEvento versao=\"1.00\"><descEvento>Cancelamento</descEvento><nProt>126250055764418</nProt><xJust>CLIENTE FECHADO ...</xJust></detEvento></infEvento><Signature xmlns=\"http://www.w3.org/2000/09/xmldsig#\"><SignedInfo><CanonicalizationMethod Algorithm=\"http://www.w3.org/TR/2001/REC-xml-c14n-20010315\" /><SignatureMethod Algorithm=\"http://www.w3.org/2000/09/xmldsig#rsa-sha1\" /><Reference URI=\"#ID1101112625065031294800015055001000025258100213731401\"><Transforms><Transform Algorithm=\"http://www.w3.org/2000/09/xmldsig#enveloped-signature\" /><Transform Algorithm=\"http://www.w3.org/TR/2001/REC-xml-c14n-20010315\" /></Transforms><DigestMethod Algorithm=\"http://www.w3.org/2000/09/xmldsig#sha1\" /><DigestValue>GKaTlNOZUCvvtVzBhhAeVyTM2nc=</DigestValue></Reference></SignedInfo><SignatureValue>p0c4g45Fh5NGmrQpB+dH76uV0IH+l/p+6rquuSdTcqPLRaa6Qq8FkA3DrrwVswqfyXL7vKztkwBCy46/FmNqnGPhJms2GG/9l+9laHpYUUHO6aYJFny9veCZN1p5HT9j/zZd6shjBm+fbh/KR3X14ITq8DVQVe/vj+TECrKgJrclKCUKLxe9uPN/rAgfXV/SNEfI0cYmR6U5cc5utNMxPdKFkAsDdgX6XQQjwVUI+nJ2fW88DPNJqkyjIbld3CDP6yxGhycjy/8xV4+nPjSh7Q/5LeW8ZgUhb5Fi1cBWITRYCGmpjHj6KOovsjQ4ud96IEPBaGbRuaChxv8AmNB75A==</SignatureValue><KeyInfo><X509Data><X509Certificate>[BLOB]</X509Certificate></X509Data></KeyInfo></Signature></evento>\n  <retEvento versao=\"1.00\">\n    <infEvento>\n      <tpAmb>1</tpAmb>\n      <verAplic>NFEPE_P_3.15.1</verAplic>\n      <cOrgao>26</cOrgao>\n      <cStat>135</cStat>\n      <xMotivo>Evento registrado e vinculado a NF-e</xMotivo>\n      <chNFe>26250650312948000150550010000252581002137314</chNFe>\n      <tpEvento>110111</tpEvento>\n      <nSeqEvento>1</nSeqEvento>\n      <dhRegEvento>2025-06-03T16:20:08-03:00</dhRegEvento>\n      <nProt>126250055826077</nProt>\n    </infEvento>\n  </retEvento>\n</procEventoNFe>'),(5,'<resEvento xmlns:xsd=\"http://www.w3.org/2001/XMLSchema\" xmlns:xsi=\"http://www.w3.org/2001/XMLSchema-instance\" versao=\"1.01\" xmlns=\"http://www.portalfiscal.inf.br/nfe\"><cOrgao>91</cOrgao><CNPJ>33683111000107</CNPJ><chNFe>26250607526557002315550320004866161694465670</chNFe><dhEvento>2025-06-02T22:36:02-03:00</dhEvento><tpEvento>610600</tpEvento><nSeqEvento>1</nSeqEvento><xEvento>Registro de Autorização de CT-e para a NF-e</xEvento><dhRecbto>2025-06-02T22:36:02-03:00</dhRecbto><nProt>891255355173026</nProt></resEvento>'),(6,'<resEvento xmlns:xsd=\"http://www.w3.org/2001/XMLSchema\" xmlns:xsi=\"http://www.w3.org/2001/XMLSchema-instance\" versao=\"1.01\" xmlns=\"http://www.portalfiscal.inf.br/nfe\"><cOrgao>91</cOrgao><CNPJ>87124582000104</CNPJ><chNFe>26250612819074000214550100027795061830917993</chNFe><dhEvento>2025-06-03T05:04:27-03:00</dhEvento><tpEvento>610610</tpEvento><nSeqEvento>1</nSeqEvento><xEvento>MDF-e autorizado</xEvento><dhRecbto>2025-06-03T05:04:27-03:00</dhRecbto><nProt>891255364315995</nProt></resEvento>'),(7,'<resEvento xmlns:xsd=\"http://www.w3.org/2001/XMLSchema\" xmlns:xsi=\"http://www.w3.org/2001/XMLSchema-instance\" versao=\"1.01\" xmlns=\"http://www.portalfiscal.inf.br/nfe\"><cOrgao>91</cOrgao><CNPJ>87124582000104</CNPJ><chNFe>26250612819074001024550100009345871265349969</chNFe><dhEvento>2025-06-03T05:04:27-03:00</dhEvento><tpEvento>610610</tpEvento><nSeqEvento>1</nSeqEvento><xEvento>MDF-e autorizado</xEvento><dhRecbto>2025-06-03T05:04:27-03:00</dhRecbto><nProt>891255364316032</nProt></resEvento>'),(8,'<resEvento xmlns:xsd=\"http://www.w3.org/2001/XMLSchema\" xmlns:xsi=\"http://www.w3.org/2001/XMLSchema-instance\" versao=\"1.01\" xmlns=\"http://www.portalfiscal.inf.br/nfe\"><cOrgao>91</cOrgao><CNPJ>87124582000104</CNPJ><chNFe>26250503042263000151550050002246291801422082</chNFe><dhEvento>2025-05-28T20:09:14-03:00</dhEvento><tpEvento>610610</tpEvento><nSeqEvento>1</nSeqEvento><xEvento>MDF-e autorizado</xEvento><dhRecbto>2025-05-28T20:09:15-03:00</dhRecbto><nProt>891255174852542</nProt></resEvento>'),(9,'<resEvento xmlns:xsd=\"http://www.w3.org/2001/XMLSchema\" xmlns:xsi=\"http://www.w3.org/2001/XMLSchema-instance\" versao=\"1.01\" xmlns=\"http://www.portalfiscal.inf.br/nfe\"><cOrgao>91</cOrgao><CNPJ>87124582000104</CNPJ><chNFe>26250624263162000180550050003431501172671662</chNFe><dhEvento>2025-06-09T21:20:00-03:00</dhEvento><tpEvento>610610</tpEvento><nSeqEvento>1</nSeqEvento><xEvento>MDF-e autorizado</xEvento><dhRecbto>2025-06-09T21:20:01-03:00</dhRecbto><nProt>891255644089163</nProt></resEvento>'),(10,'<resEvento xmlns:xsd=\"http://www.w3.org/2001/XMLSchema\" xmlns:xsi=\"http://www.w3.org/2001/XMLSchema-instance\" versao=\"1.01\" xmlns=\"http://www.portalfiscal.inf.br/nfe\"><cOrgao>91</cOrgao><CNPJ>87124582000104</CNPJ><chNFe>26250611744898000390550010015149221254610521</chNFe><dhEvento>2025-06-10T01:39:17-03:00</dhEvento><tpEvento>610610</tpEvento><nSeqEvento>1</nSeqEvento><xEvento>MDF-e autorizado</xEvento><dhRecbto>2025-06-10T01:39:17-03:00</dhRecbto><nProt>891255653430839</nProt></resEvento>'),(11,'<resEvento xmlns:xsd=\"http://www.w3.org/2001/XMLSchema\" xmlns:xsi=\"http://www.w3.org/2001/XMLSchema-instance\" versao=\"1.01\" xmlns=\"http://www.portalfiscal.inf.br/nfe\"><cOrgao>91</cOrgao><CNPJ>87124582000104</CNPJ><chNFe>26250611744898000390550010015149231138224715</chNFe><dhEvento>2025-06-10T01:39:17-03:00</dhEvento><tpEvento>610610</tpEvento><nSeqEvento>1</nSeqEvento><xEvento>MDF-e autorizado</xEvento><dhRecbto>2025-06-10T01:39:17-03:00</dhRecbto><nProt>891255653430833</nProt></resEvento>'),(12,'<resEvento xmlns:xsd=\"http://www.w3.org/2001/XMLSchema\" xmlns:xsi=\"http://www.w3.org/2001/XMLSchema-instance\" versao=\"1.01\" xmlns=\"http://www.portalfiscal.inf.br/nfe\"><cOrgao>91</cOrgao><CNPJ>87124582000104</CNPJ><chNFe>26250612819074000214550100027832671473362703</chNFe><dhEvento>2025-06-10T06:00:32-03:00</dhEvento><tpEvento>610610</tpEvento><nSeqEvento>1</nSeqEvento><xEvento>MDF-e autorizado</xEvento><dhRecbto>2025-06-10T06:00:32-03:00</dhRecbto><nProt>891255657774433</nProt></resEvento>'),(13,'<resEvento xmlns:xsd=\"http://www.w3.org/2001/XMLSchema\" xmlns:xsi=\"http://www.w3.org/2001/XMLSchema-instance\" versao=\"1.01\" xmlns=\"http://www.portalfiscal.inf.br/nfe\"><cOrgao>91</cOrgao><CNPJ>87124582000104</CNPJ><chNFe>26250603504437000150550010017221621114130154</chNFe><dhEvento>2025-06-18T22:06:44-03:00</dhEvento><tpEvento>610610</tpEvento><nSeqEvento>1</nSeqEvento><xEvento>MDF-e autorizado</xEvento><dhRecbto>2025-06-18T22:06:44-03:00</dhRecbto><nProt>891256027100670</nProt></resEvento>'),(14,'<resEvento xmlns:xsd=\"http://www.w3.org/2001/XMLSchema\" xmlns:xsi=\"http://www.w3.org/2001/XMLSchema-instance\" versao=\"1.01\" xmlns=\"http://www.portalfiscal.inf.br/nfe\"><cOrgao>91</cOrgao><CNPJ>87124582000104</CNPJ><chNFe>26250612819074000214550100027878621131449176</chNFe><dhEvento>2025-06-19T03:08:41-03:00</dhEvento><tpEvento>610610</tpEvento><nSeqEvento>1</nSeqEvento><xEvento>MDF-e autorizado</xEvento><dhRecbto>2025-06-19T03:08:42-03:00</dhRecbto><nProt>891256034240099</nProt></resEvento>'),(15,'<resEvento xmlns:xsd=\"http://www.w3.org/2001/XMLSchema\" xmlns:xsi=\"http://www.w3.org/2001/XMLSchema-instance\" versao=\"1.01\" xmlns=\"http://www.portalfiscal.inf.br/nfe\"><cOrgao>91</cOrgao><CNPJ>33683111000107</CNPJ><chNFe>23250636336372000130550010000563531196979041</chNFe><dhEvento>2025-06-17T18:31:36-03:00</dhEvento><tpEvento>610600</tpEvento><nSeqEvento>1</nSeqEvento><xEvento>Registro de Autorização de CT-e para a NF-e</xEvento><dhRecbto>2025-06-17T18:31:36-03:00</dhRecbto><nProt>891255973927286</nProt></resEvento>'),(16,'<resEvento xmlns:xsd=\"http://www.w3.org/2001/XMLSchema\" xmlns:xsi=\"http://www.w3.org/2001/XMLSchema-instance\" versao=\"1.01\" xmlns=\"http://www.portalfiscal.inf.br/nfe\"><cOrgao>91</cOrgao><CNPJ>33683111000107</CNPJ><chNFe>23250636336372000130550010000563531196979041</chNFe><dhEvento>2025-06-20T14:27:04-03:00</dhEvento><tpEvento>610600</tpEvento><nSeqEvento>2</nSeqEvento><xEvento>Registro de Autorização de CT-e para a NF-e</xEvento><dhRecbto>2025-06-20T14:27:04-03:00</dhRecbto><nProt>891256082848491</nProt></resEvento>'),(17,'<resEvento xmlns:xsd=\"http://www.w3.org/2001/XMLSchema\" xmlns:xsi=\"http://www.w3.org/2001/XMLSchema-instance\" versao=\"1.01\" xmlns=\"http://www.portalfiscal.inf.br/nfe\"><cOrgao>91</cOrgao><CNPJ>33683111000107</CNPJ><chNFe>23250636336372000130550010000563531196979041</chNFe><dhEvento>2025-06-18T20:18:31-03:00</dhEvento><tpEvento>610614</tpEvento><nSeqEvento>1</nSeqEvento><xEvento>MDF-e Autorizado com CT-e</xEvento><dhRecbto>2025-06-18T20:18:31-03:00</dhRecbto><nProt>891256023831151</nProt></resEvento>'),(18,'<resEvento xmlns:xsd=\"http://www.w3.org/2001/XMLSchema\" xmlns:xsi=\"http://www.w3.org/2001/XMLSchema-instance\" versao=\"1.01\" xmlns=\"http://www.portalfiscal.inf.br/nfe\"><cOrgao>91</cOrgao><CNPJ>33683111000107</CNPJ><chNFe>23250636336372000130550010000563531196979041</chNFe><dhEvento>2025-06-20T16:58:35-03:00</dhEvento><tpEvento>610614</tpEvento><nSeqEvento>2</nSeqEvento><xEvento>MDF-e Autorizado com CT-e</xEvento><dhRecbto>2025-06-20T16:58:35-03:00</dhRecbto><nProt>891256089421635</nProt></resEvento>'),(19,'<resEvento xmlns:xsd=\"http://www.w3.org/2001/XMLSchema\" xmlns:xsi=\"http://www.w3.org/2001/XMLSchema-instance\" versao=\"1.01\" xmlns=\"http://www.portalfiscal.inf.br/nfe\"><cOrgao>23</cOrgao><CNPJ>07954597000152</CNPJ><chNFe>23250636336372000130550010000563531196979041</chNFe><dhEvento>2025-06-18T23:55:20-03:00</dhEvento><tpEvento>610500</tpEvento><nSeqEvento>2</nSeqEvento><xEvento>Registro de Passagem Autorização</xEvento><dhRecbto>2025-06-19T00:08:22-03:00</dhRecbto><nProt>891256030278041</nProt></resEvento>'),(20,'<resEvento xmlns:xsd=\"http://www.w3.org/2001/XMLSchema\" xmlns:xsi=\"http://www.w3.org/2001/XMLSchema-instance\" versao=\"1.01\" xmlns=\"http://www.portalfiscal.inf.br/nfe\"><cOrgao>25</cOrgao><CNPJ>33683111000107</CNPJ><chNFe>23250636336372000130550010000563531196979041</chNFe><dhEvento>2025-06-21T03:20:28-03:00</dhEvento><tpEvento>610514</tpEvento><nSeqEvento>1</nSeqEvento><xEvento>Registro de Passagem de NFe propagado pelo MDFe/CTe</xEvento><dhRecbto>2025-06-21T03:20:28-03:00</dhRecbto><nProt>891256105954156</nProt></resEvento>'),(21,'<resEvento xmlns:xsd=\"http://www.w3.org/2001/XMLSchema\" xmlns:xsi=\"http://www.w3.org/2001/XMLSchema-instance\" versao=\"1.01\" xmlns=\"http://www.portalfiscal.inf.br/nfe\"><cOrgao>91</cOrgao><CNPJ>33683111000107</CNPJ><chNFe>23250618266581000173550010000635191669991172</chNFe><dhEvento>2025-06-17T18:29:50-03:00</dhEvento><tpEvento>610600</tpEvento><nSeqEvento>1</nSeqEvento><xEvento>Registro de Autorização de CT-e para a NF-e</xEvento><dhRecbto>2025-06-17T18:29:50-03:00</dhRecbto><nProt>891255973850896</nProt></resEvento>'),(22,'<resEvento xmlns:xsd=\"http://www.w3.org/2001/XMLSchema\" xmlns:xsi=\"http://www.w3.org/2001/XMLSchema-instance\" versao=\"1.01\" xmlns=\"http://www.portalfiscal.inf.br/nfe\"><cOrgao>91</cOrgao><CNPJ>33683111000107</CNPJ><chNFe>23250618266581000173550010000635191669991172</chNFe><dhEvento>2025-06-20T14:26:42-03:00</dhEvento><tpEvento>610600</tpEvento><nSeqEvento>2</nSeqEvento><xEvento>Registro de Autorização de CT-e para a NF-e</xEvento><dhRecbto>2025-06-20T14:26:42-03:00</dhRecbto><nProt>891256082831827</nProt></resEvento>'),(23,'<resEvento xmlns:xsd=\"http://www.w3.org/2001/XMLSchema\" xmlns:xsi=\"http://www.w3.org/2001/XMLSchema-instance\" versao=\"1.01\" xmlns=\"http://www.portalfiscal.inf.br/nfe\"><cOrgao>91</cOrgao><CNPJ>33683111000107</CNPJ><chNFe>23250618266581000173550010000635191669991172</chNFe><dhEvento>2025-06-18T20:18:33-03:00</dhEvento><tpEvento>610614</tpEvento><nSeqEvento>1</nSeqEvento><xEvento>MDF-e Autorizado com CT-e</xEvento><dhRecbto>2025-06-18T20:18:33-03:00</dhRecbto><nProt>891256023832098</nProt></resEvento>'),(24,'<resEvento xmlns:xsd=\"http://www.w3.org/2001/XMLSchema\" xmlns:xsi=\"http://www.w3.org/2001/XMLSchema-instance\" versao=\"1.01\" xmlns=\"http://www.portalfiscal.inf.br/nfe\"><cOrgao>91</cOrgao><CNPJ>33683111000107</CNPJ><chNFe>23250618266581000173550010000635191669991172</chNFe><dhEvento>2025-06-20T16:58:35-03:00</dhEvento><tpEvento>610614</tpEvento><nSeqEvento>2</nSeqEvento><xEvento>MDF-e Autorizado com CT-e</xEvento><dhRecbto>2025-06-20T16:58:35-03:00</dhRecbto><nProt>891256089421900</nProt></resEvento>'),(25,'<resEvento xmlns:xsd=\"http://www.w3.org/2001/XMLSchema\" xmlns:xsi=\"http://www.w3.org/2001/XMLSchema-instance\" versao=\"1.01\" xmlns=\"http://www.portalfiscal.inf.br/nfe\"><cOrgao>23</cOrgao><CNPJ>07954597000152</CNPJ><chNFe>23250618266581000173550010000635191669991172</chNFe><dhEvento>2025-06-18T23:55:20-03:00</dhEvento><tpEvento>610500</tpEvento><nSeqEvento>2</nSeqEvento><xEvento>Registro de Passagem Autorização</xEvento><dhRecbto>2025-06-19T00:08:44-03:00</dhRecbto><nProt>891256030287089</nProt></resEvento>'),(26,'<resEvento xmlns:xsd=\"http://www.w3.org/2001/XMLSchema\" xmlns:xsi=\"http://www.w3.org/2001/XMLSchema-instance\" versao=\"1.01\" xmlns=\"http://www.portalfiscal.inf.br/nfe\"><cOrgao>25</cOrgao><CNPJ>33683111000107</CNPJ><chNFe>23250618266581000173550010000635191669991172</chNFe><dhEvento>2025-06-21T03:20:28-03:00</dhEvento><tpEvento>610514</tpEvento><nSeqEvento>1</nSeqEvento><xEvento>Registro de Passagem de NFe propagado pelo MDFe/CTe</xEvento><dhRecbto>2025-06-21T03:20:28-03:00</dhRecbto><nProt>891256105954195</nProt></resEvento>'),(27,'<resEvento xmlns:xsd=\"http://www.w3.org/2001/XMLSchema\" xmlns:xsi=\"http://www.w3.org/2001/XMLSchema-instance\" versao=\"1.01\" xmlns=\"http://www.portalfiscal.inf.br/nfe\"><cOrgao>91</cOrgao><CNPJ>87124582000104</CNPJ><chNFe>26250624263162000180550050003441681289633018</chNFe><dhEvento>2025-06-25T22:36:27-03:00</dhEvento><tpEvento>610610</tpEvento><nSeqEvento>1</nSeqEvento><xEvento>MDF-e autorizado</xEvento><dhRecbto>2025-06-25T22:36:27-03:00</dhRecbto><nProt>891256277658359</nProt></resEvento>'),(28,'<resEvento xmlns:xsd=\"http://www.w3.org/2001/XMLSchema\" xmlns:xsi=\"http://www.w3.org/2001/XMLSchema-instance\" versao=\"1.01\" xmlns=\"http://www.portalfiscal.inf.br/nfe\"><cOrgao>91</cOrgao><CNPJ>87124582000104</CNPJ><chNFe>26250603721769000278550040016235711864310330</chNFe><dhEvento>2025-06-26T03:44:49-03:00</dhEvento><tpEvento>610610</tpEvento><nSeqEvento>1</nSeqEvento><xEvento>MDF-e autorizado</xEvento><dhRecbto>2025-06-26T03:44:49-03:00</dhRecbto><nProt>891256284735010</nProt></resEvento>'),(29,'<resEvento xmlns:xsd=\"http://www.w3.org/2001/XMLSchema\" xmlns:xsi=\"http://www.w3.org/2001/XMLSchema-instance\" versao=\"1.01\" xmlns=\"http://www.portalfiscal.inf.br/nfe\"><cOrgao>91</cOrgao><CNPJ>33683111000107</CNPJ><chNFe>26250607526557002315550320005370821572539620</chNFe><dhEvento>2025-06-30T21:58:45-03:00</dhEvento><tpEvento>610600</tpEvento><nSeqEvento>1</nSeqEvento><xEvento>Registro de Autorização de CT-e para a NF-e</xEvento><dhRecbto>2025-06-30T21:58:45-03:00</dhRecbto><nProt>891256458221447</nProt></resEvento>'),(30,'<resEvento xmlns:xsd=\"http://www.w3.org/2001/XMLSchema\" xmlns:xsi=\"http://www.w3.org/2001/XMLSchema-instance\" versao=\"1.01\" xmlns=\"http://www.portalfiscal.inf.br/nfe\"><cOrgao>91</cOrgao><CNPJ>87124582000104</CNPJ><chNFe>26250703721769000278550040016279021193272208</chNFe><dhEvento>2025-07-01T04:02:12-03:00</dhEvento><tpEvento>610610</tpEvento><nSeqEvento>1</nSeqEvento><xEvento>MDF-e autorizado</xEvento><dhRecbto>2025-07-01T04:02:12-03:00</dhRecbto><nProt>891256468270602</nProt></resEvento>'),(31,'<resEvento xmlns:xsd=\"http://www.w3.org/2001/XMLSchema\" xmlns:xsi=\"http://www.w3.org/2001/XMLSchema-instance\" versao=\"1.01\" xmlns=\"http://www.portalfiscal.inf.br/nfe\"><cOrgao>91</cOrgao><CNPJ>87124582000104</CNPJ><chNFe>26250603504437000150550010017253611729022245</chNFe><dhEvento>2025-06-30T21:10:53-03:00</dhEvento><tpEvento>610610</tpEvento><nSeqEvento>1</nSeqEvento><xEvento>MDF-e autorizado</xEvento><dhRecbto>2025-06-30T21:10:53-03:00</dhRecbto><nProt>891256456101073</nProt></resEvento>'),(32,'<resEvento xmlns:xsd=\"http://www.w3.org/2001/XMLSchema\" xmlns:xsi=\"http://www.w3.org/2001/XMLSchema-instance\" versao=\"1.01\" xmlns=\"http://www.portalfiscal.inf.br/nfe\"><cOrgao>91</cOrgao><CNPJ>87124582000104</CNPJ><chNFe>26250712819074001024550100009412281488959275</chNFe><dhEvento>2025-07-01T03:18:44-03:00</dhEvento><tpEvento>610610</tpEvento><nSeqEvento>1</nSeqEvento><xEvento>MDF-e autorizado</xEvento><dhRecbto>2025-07-01T03:18:44-03:00</dhRecbto><nProt>891256467311220</nProt></resEvento>'),(33,'<resEvento xmlns:xsd=\"http://www.w3.org/2001/XMLSchema\" xmlns:xsi=\"http://www.w3.org/2001/XMLSchema-instance\" versao=\"1.01\" xmlns=\"http://www.portalfiscal.inf.br/nfe\"><cOrgao>91</cOrgao><CNPJ>87124582000104</CNPJ><chNFe>26250712819074000214550100027934711836370011</chNFe><dhEvento>2025-07-01T03:18:46-03:00</dhEvento><tpEvento>610610</tpEvento><nSeqEvento>1</nSeqEvento><xEvento>MDF-e autorizado</xEvento><dhRecbto>2025-07-01T03:18:46-03:00</dhRecbto><nProt>891256467312385</nProt></resEvento>'),(34,'<resEvento xmlns:xsd=\"http://www.w3.org/2001/XMLSchema\" xmlns:xsi=\"http://www.w3.org/2001/XMLSchema-instance\" versao=\"1.01\" xmlns=\"http://www.portalfiscal.inf.br/nfe\"><cOrgao>91</cOrgao><CNPJ>87124582000104</CNPJ><chNFe>26250712819074000214550100027934701774931069</chNFe><dhEvento>2025-07-01T03:18:46-03:00</dhEvento><tpEvento>610610</tpEvento><nSeqEvento>1</nSeqEvento><xEvento>MDF-e autorizado</xEvento><dhRecbto>2025-07-01T03:18:46-03:00</dhRecbto><nProt>891256467312352</nProt></resEvento>'),(35,'<procEventoNFe versao=\"1.00\" xmlns=\"http://www.portalfiscal.inf.br/nfe\">\n<evento xmlns=\"http://www.portalfiscal.inf.br/nfe\" versao=\"1.00\"><infEvento Id=\"ID1101112625075031294800015055001000029470100221522301\"><cOrgao>26</cOrgao><tpAmb>1</tpAmb><CNPJ>50312948000150</CNPJ><chNFe>26250750312948000150550010000294701002215223</chNFe><dhEvento>2025-07-08T12:03:57-03:00</dhEvento><tpEvento>110111</tpEvento><nSeqEvento>1</nSeqEvento><verEvento>1.00</verEvento><detEvento versao=\"1.00\"><descEvento>Cancelamento</descEvento><nProt>126250068758565</nProt><xJust>PESO ERRADO DO APRESUNTADO</xJust></detEvento></infEvento><Signature xmlns=\"http://www.w3.org/2000/09/xmldsig#\"><SignedInfo><CanonicalizationMethod Algorithm=\"http://www.w3.org/TR/2001/REC-xml-c14n-20010315\" /><SignatureMethod Algorithm=\"http://www.w3.org/2000/09/xmldsig#rsa-sha1\" /><Reference URI=\"#ID1101112625075031294800015055001000029470100221522301\"><Transforms><Transform Algorithm=\"http://www.w3.org/2000/09/xmldsig#enveloped-signature\" /><Transform Algorithm=\"http://www.w3.org/TR/2001/REC-xml-c14n-20010315\" /></Transforms><DigestMethod Algorithm=\"http://www.w3.org/2000/09/xmldsig#sha1\" /><DigestValue>nx8nxSA/DmTbRAcqFhN9cABhEM4=</DigestValue></Reference></SignedInfo><SignatureValue>qGp48/2BkW2W/8qa6IRwI8fS/6AJ21lRnZeIJPsdrtHRYDdvPTodUxdeMhKTCEuQ5GXS9afq3ipzdiQjezQVV7DMTuFcF96sA6jaTXQyw9ASr2zG/25vGf0i8/vMxcE6IbATuag9Wob1weh1M7ZqSPJdjGbenlKL8diZ9PAvpwggqWU36eUQTCWOy7mD7MxYbWnka+/ZIMYb7Z4Dg8D+5Thbc67GiZJ8BQzeiRjGfli7u/68sSCaVZo+TEwmUIRcs1c8iXH82vALisEDj94SUGuXazDgoeSkM3jZYM3U6IEFhJbHzT5dJJeTh6Ohuil1Dgk0f2bsEM1aaGVhc9hb6w==</SignatureValue><KeyInfo><X509Data><X509Certificate>[BLOB]</X509Certificate></X509Data></KeyInfo></Signature></evento>\n  <retEvento versao=\"1.00\">\n    <infEvento>\n      <tpAmb>1</tpAmb>\n      <verAplic>NFEPE_P_3.15.3</verAplic>\n      <cOrgao>26</cOrgao>\n      <cStat>135</cStat>\n      <xMotivo>Evento registrado e vinculado a NF-e</xMotivo>\n      <chNFe>26250750312948000150550010000294701002215223</chNFe>\n      <tpEvento>110111</tpEvento>\n      <nSeqEvento>1</nSeqEvento>\n      <dhRegEvento>2025-07-08T12:03:59-03:00</dhRegEvento>\n      <nProt>126250068902762</nProt>\n    </infEvento>\n  </retEvento>\n</procEventoNFe>'),(36,'<resEvento xmlns:xsd=\"http://www.w3.org/2001/XMLSchema\" xmlns:xsi=\"http://www.w3.org/2001/XMLSchema-instance\" versao=\"1.01\" xmlns=\"http://www.portalfiscal.inf.br/nfe\"><cOrgao>91</cOrgao><CNPJ>87124582000104</CNPJ><chNFe>26250711744898000390550010015253311101143224</chNFe><dhEvento>2025-07-07T01:58:45-03:00</dhEvento><tpEvento>610610</tpEvento><nSeqEvento>1</nSeqEvento><xEvento>MDF-e autorizado</xEvento><dhRecbto>2025-07-07T01:58:45-03:00</dhRecbto><nProt>891256704366960</nProt></resEvento>'),(37,'<resEvento xmlns:xsd=\"http://www.w3.org/2001/XMLSchema\" xmlns:xsi=\"http://www.w3.org/2001/XMLSchema-instance\" versao=\"1.01\" xmlns=\"http://www.portalfiscal.inf.br/nfe\"><cOrgao>91</cOrgao><CNPJ>87124582000104</CNPJ><chNFe>26250703504437000150550010017275391521719165</chNFe><dhEvento>2025-07-07T20:45:52-03:00</dhEvento><tpEvento>610610</tpEvento><nSeqEvento>1</nSeqEvento><xEvento>MDF-e autorizado</xEvento><dhRecbto>2025-07-07T20:45:52-03:00</dhRecbto><nProt>891256744952782</nProt></resEvento>'),(38,'<resEvento xmlns:xsd=\"http://www.w3.org/2001/XMLSchema\" xmlns:xsi=\"http://www.w3.org/2001/XMLSchema-instance\" versao=\"1.01\" xmlns=\"http://www.portalfiscal.inf.br/nfe\"><cOrgao>91</cOrgao><CNPJ>33683111000107</CNPJ><chNFe>26250788301155002233550000004649531834213370</chNFe><dhEvento>2025-07-09T22:00:39-03:00</dhEvento><tpEvento>610600</tpEvento><nSeqEvento>1</nSeqEvento><xEvento>Registro de Autorização de CT-e para a NF-e</xEvento><dhRecbto>2025-07-09T22:00:39-03:00</dhRecbto><nProt>891256856648233</nProt></resEvento>'),(39,'<resEvento xmlns:xsd=\"http://www.w3.org/2001/XMLSchema\" xmlns:xsi=\"http://www.w3.org/2001/XMLSchema-instance\" versao=\"1.01\" xmlns=\"http://www.portalfiscal.inf.br/nfe\"><cOrgao>91</cOrgao><CNPJ>87124582000104</CNPJ><chNFe>26250703721769000278550040016369121986111350</chNFe><dhEvento>2025-07-11T02:56:20-03:00</dhEvento><tpEvento>610610</tpEvento><nSeqEvento>1</nSeqEvento><xEvento>MDF-e autorizado</xEvento><dhRecbto>2025-07-11T02:56:20-03:00</dhRecbto><nProt>891256915937602</nProt></resEvento>'),(40,'<resEvento xmlns:xsd=\"http://www.w3.org/2001/XMLSchema\" xmlns:xsi=\"http://www.w3.org/2001/XMLSchema-instance\" versao=\"1.01\" xmlns=\"http://www.portalfiscal.inf.br/nfe\"><cOrgao>91</cOrgao><CNPJ>87124582000104</CNPJ><chNFe>26250711744898000390550010015278271779923729</chNFe><dhEvento>2025-07-12T02:21:18-03:00</dhEvento><tpEvento>610610</tpEvento><nSeqEvento>1</nSeqEvento><xEvento>MDF-e autorizado</xEvento><dhRecbto>2025-07-12T02:21:18-03:00</dhRecbto><nProt>891256962695463</nProt></resEvento>'),(41,'<procEventoNFe versao=\"1.00\" xmlns=\"http://www.portalfiscal.inf.br/nfe\">\n<evento xmlns=\"http://www.portalfiscal.inf.br/nfe\" versao=\"1.00\"><infEvento Id=\"ID1101112625070705018400049655001000304431172236858001\"><cOrgao>26</cOrgao><tpAmb>1</tpAmb><CNPJ>07050184000496</CNPJ><chNFe>26250707050184000496550010003044311722368580</chNFe><dhEvento>2025-07-14T23:06:10-03:00</dhEvento><tpEvento>110111</tpEvento><nSeqEvento>1</nSeqEvento><verEvento>1.00</verEvento><detEvento versao=\"1.00\"><descEvento>Cancelamento</descEvento><nProt>126250071815946</nProt><xJust>Forma de Pagamento Incorreta</xJust></detEvento></infEvento><Signature xmlns=\"http://www.w3.org/2000/09/xmldsig#\"><SignedInfo><CanonicalizationMethod Algorithm=\"http://www.w3.org/TR/2001/REC-xml-c14n-20010315\" /><SignatureMethod Algorithm=\"http://www.w3.org/2000/09/xmldsig#rsa-sha1\" /><Reference URI=\"#ID1101112625070705018400049655001000304431172236858001\"><Transforms><Transform Algorithm=\"http://www.w3.org/2000/09/xmldsig#enveloped-signature\" /><Transform Algorithm=\"http://www.w3.org/TR/2001/REC-xml-c14n-20010315\" /></Transforms><DigestMethod Algorithm=\"http://www.w3.org/2000/09/xmldsig#sha1\" /><DigestValue>SHq8cVBXqCWES8pfdLVE91g2Ppo=</DigestValue></Reference></SignedInfo><SignatureValue>Lxr99jilCFkZj2vgIUdNX/N7NAVGoH8/yrMrQ9h3Ey7uKv5pbxcDLRGSahCntEuKoFf7TgpI0Nfs\nPtSMjqXi+K1edAINKmklCArqO+bU+E30h2ugzncvp6ZeaJ4AaKK7MKyi9ZV9+8Wtvxs1rEzy+NKR\nIVijbkf8KLYXG9PrLG8ONw5BqROFWIA6XEok5hGXETo6PJHTCDAflljXYD4IqqMIAIoEDuHng4jz\n0lACTbzX8biTtsSsAecfncBPxT2WStS+5NCOco0ChkGxUtNYJiwf5Ab21o3xULoDevKPTn6BqPUY\nRl5VSf8BjOKiDyPbC8l0w9+KY1EEFA7AB0z5gg==</SignatureValue><KeyInfo><X509Data><X509Certificate>MIIHWDCCBUCgAwIBAgIIZjMlAhR9IcwwDQYJKoZIhvcNAQELBQAwWTELMAkGA1UEBhMCQlIxEzAR\nBgNVBAoTCklDUC1CcmFzaWwxFTATBgNVBAsTDEFDIFNPTFVUSSB2NTEeMBwGA1UEAxMVQUMgU09M\nVVRJIE11bHRpcGxhIHY1MB4XDTI1MDIxNDIzMDMwMFoXDTI2MDIxNDIzMDMwMFowgfExCzAJBgNV\nBAYTAkJSMRMwEQYDVQQKEwpJQ1AtQnJhc2lsMQswCQYDVQQIEwJQRTERMA8GA1UEBxMISWdhcmFz\nc3UxHjAcBgNVBAsTFUFDIFNPTFVUSSBNdWx0aXBsYSB2NTEXMBUGA1UECxMOMTU1NTU4ODQwMDAx\nMTgxHDAaBgNVBAsTE0NlcnRpZmljYWRvIERpZ2l0YWwxGjAYBgNVBAsTEUNlcnRpZmljYWRvIFBK\nIEExMTowOAYDVQQDEzFJTkRVU1RSSUEgREUgQkVCSURBUyBJR0FSQVNTVSBMVERBOjA3MDUwMTg0\nMDAwMTQzMIIBIjANBgkqhkiG9w0BAQEFAAOCAQ8AMIIBCgKCAQEAum+gS0v9jzd+L1/iODjBGePp\nVsVkmiEqOirN0ix8HPTH9ZSBxfsvZL2Z7znhfxR9kD0fbe8ZTkICPSP+YnkSl8Xj70Hce3KOn7Qw\n6vyW7EH4QUtUDsopVnA2x6tM4MLAgCWEEpKLZvhkrJs7Abls0uy9RxgtFmj4dOfVMsfTE78O1Gcb\ndTHEFZTTU+ZjP/BPsO35zTxpezsd7mekeHurUVXOQq3PftETDTHZHxogDphV6vlhevRiV1YnOYw8\nix305uMSQzDhu9pFQ2RJfLGTnVE4qqFSN9IutbtXCmrYuZ47urfvMQ/N9FGJUmwhdCkJQh3QWgKW\n1vnQ9Pc222EuKwIDAQABo4ICiTCCAoUwCQYDVR0TBAIwADAfBgNVHSMEGDAWgBTFUu0lgAnfnILI\nn0fG3bRfMd25sTBUBggrBgEFBQcBAQRIMEYwRAYIKwYBBQUHMAKGOGh0dHA6Ly9jY2QuYWNzb2x1\ndGkuY29tLmJyL2xjci9hYy1zb2x1dGktbXVsdGlwbGEtdjUucDdiMIHEBgNVHREEgbwwgbmBH2ph\ncXVlbGluZS5zaWx2YUBoZWluZWtlbi5jb20uYnKgKAYFYEwBAwKgHxMdVklWSUFOIERFIEZSRUlU\nQVMgRSBST0RSSUdVRVOgGQYFYEwBAwOgEBMOMDcwNTAxODQwMDAxNDOgOAYFYEwBAwSgLxMtMTEw\nMzE5NzgyNTU4NDU2Njg3MDAwMDAwMDAwMDAwMDAwMDAwMDAwMDAwMDAwoBcGBWBMAQMHoA4TDDAw\nMDAwMDAwMDAwMDBdBgNVHSAEVjBUMFIGBmBMAQIBJjBIMEYGCCsGAQUFBwIBFjpodHRwOi8vY2Nk\nLmFjc29sdXRpLmNvbS5ici9kb2NzL2RwYy1hYy1zb2x1dGktbXVsdGlwbGEucGRmMB0GA1UdJQQW\nMBQGCCsGAQUFBwMCBggrBgEFBQcDBDCBjAYDVR0fBIGEMIGBMD6gPKA6hjhodHRwOi8vY2NkLmFj\nc29sdXRpLmNvbS5ici9sY3IvYWMtc29sdXRpLW11bHRpcGxhLXY1LmNybDA/oD2gO4Y5aHR0cDov\nL2NjZDIuYWNzb2x1dGkuY29tLmJyL2xjci9hYy1zb2x1dGktbXVsdGlwbGEtdjUuY3JsMB0GA1Ud\nDgQWBBQ3/JKEcMJ7N4hdzMqRU21p+rM0MDAOBgNVHQ8BAf8EBAMCBeAwDQYJKoZIhvcNAQELBQAD\nggIBAB/AkhH/TEgT4QGR8L07kC7xNrI0llQASlS73xCJ6+6LSPANrsKFBIsneTM+4SJKF7Ob9sp9\nKIayCdtPzPZyAhRT2OqQBA4UbUqnC7mA4VhtG/ddlo2YF5S/BZW8KsCOpMndLmo3SpTihrEkNiog\nkljoGnB3BhuMRVIvY3euVHO2vpprD1YbuZlpUGGQRE3WuEurHFBlrBRlVsczYhps5Bx0EtpZQOd3\n9va+a9UUEgrCraG3giI8ClUIFv3Qrj29thbMyS3beMv/Dg2Te+6NpYAv4ydFzWCjjVP5xCLaNFpL\nRXqmZuo31TO4xbBNneTz0Gtbg+WVS1QZ4jDIdiC77IgvD7gaEQOdWlGpzMJZBdkE+V8cwG10VXmL\nJOmEpcYhxtGZO+xURHWR58VwtXjmlx+JgionYj2TMU0fUNyKlrPsdTqQAwYC7jnpxpYvQzRMChEA\n1n2nRbaGf6gqokvt6PSODNlkR2+zQguFA9hTyz6568hUGPmFOzHQh2MHRd68z++aDlFtHQhMIBJu\nzcoqDzD2VyPlSwkvuRc+TcUrbWyXH3khex6YxZeSB+xZSG5dXlq24P2IVxMNRED8GFJdybe663G5\n0zaCabnl9YCHTOTNWjFWy+ozM0qPBiWpmlKttqrenHGiM2lqzYfRMC/rQCmnDHCdyIxm1HCIXege\n1TzC</X509Certificate></X509Data></KeyInfo></Signature></evento>\n  <retEvento versao=\"1.00\">\n    <infEvento>\n      <tpAmb>1</tpAmb>\n      <verAplic>NFEPE_P_3.16.0</verAplic>\n      <cOrgao>26</cOrgao>\n      <cStat>135</cStat>\n      <xMotivo>Evento registrado e vinculado a NF-e</xMotivo>\n      <chNFe>26250707050184000496550010003044311722368580</chNFe>\n      <tpEvento>110111</tpEvento>\n      <nSeqEvento>1</nSeqEvento>\n      <dhRegEvento>2025-07-14T23:06:12-03:00</dhRegEvento>\n      <nProt>126250071837695</nProt>\n    </infEvento>\n  </retEvento>\n</procEventoNFe>'),(42,'<resEvento xmlns:xsd=\"http://www.w3.org/2001/XMLSchema\" xmlns:xsi=\"http://www.w3.org/2001/XMLSchema-instance\" versao=\"1.01\" xmlns=\"http://www.portalfiscal.inf.br/nfe\"><cOrgao>91</cOrgao><CNPJ>33683111000107</CNPJ><chNFe>26250707526557002315550320005599741117174977</chNFe><dhEvento>2025-07-14T23:25:17-03:00</dhEvento><tpEvento>610600</tpEvento><nSeqEvento>1</nSeqEvento><xEvento>Registro de Autorização de CT-e para a NF-e</xEvento><dhRecbto>2025-07-14T23:25:17-03:00</dhRecbto><nProt>891257055831232</nProt></resEvento>'),(43,'<resEvento xmlns:xsd=\"http://www.w3.org/2001/XMLSchema\" xmlns:xsi=\"http://www.w3.org/2001/XMLSchema-instance\" versao=\"1.01\" xmlns=\"http://www.portalfiscal.inf.br/nfe\"><cOrgao>91</cOrgao><CNPJ>87124582000104</CNPJ><chNFe>26250712819074001024550100009446331100525380</chNFe><dhEvento>2025-07-15T05:43:24-03:00</dhEvento><tpEvento>610610</tpEvento><nSeqEvento>1</nSeqEvento><xEvento>MDF-e autorizado</xEvento><dhRecbto>2025-07-15T05:43:24-03:00</dhRecbto><nProt>891257065598506</nProt></resEvento>'),(44,'<resEvento xmlns:xsd=\"http://www.w3.org/2001/XMLSchema\" xmlns:xsi=\"http://www.w3.org/2001/XMLSchema-instance\" versao=\"1.01\" xmlns=\"http://www.portalfiscal.inf.br/nfe\"><cOrgao>91</cOrgao><CNPJ>87124582000104</CNPJ><chNFe>26250712819074000214550100028006061371354922</chNFe><dhEvento>2025-07-15T05:43:24-03:00</dhEvento><tpEvento>610610</tpEvento><nSeqEvento>1</nSeqEvento><xEvento>MDF-e autorizado</xEvento><dhRecbto>2025-07-15T05:43:24-03:00</dhRecbto><nProt>891257065598472</nProt></resEvento>'),(45,'<resEvento xmlns:xsd=\"http://www.w3.org/2001/XMLSchema\" xmlns:xsi=\"http://www.w3.org/2001/XMLSchema-instance\" versao=\"1.01\" xmlns=\"http://www.portalfiscal.inf.br/nfe\"><cOrgao>91</cOrgao><CNPJ>87124582000104</CNPJ><chNFe>26250703504437000150550010017298281206136940</chNFe><dhEvento>2025-07-14T21:53:04-03:00</dhEvento><tpEvento>610610</tpEvento><nSeqEvento>1</nSeqEvento><xEvento>MDF-e autorizado</xEvento><dhRecbto>2025-07-14T21:53:05-03:00</dhRecbto><nProt>891257052199600</nProt></resEvento>'),(46,'<resEvento xmlns:xsd=\"http://www.w3.org/2001/XMLSchema\" xmlns:xsi=\"http://www.w3.org/2001/XMLSchema-instance\" versao=\"1.01\" xmlns=\"http://www.portalfiscal.inf.br/nfe\"><cOrgao>91</cOrgao><CNPJ>87124582000104</CNPJ><chNFe>26250712819074000214550100028000261236680922</chNFe><dhEvento>2025-07-13T23:51:56-03:00</dhEvento><tpEvento>610610</tpEvento><nSeqEvento>1</nSeqEvento><xEvento>MDF-e autorizado</xEvento><dhRecbto>2025-07-13T23:51:56-03:00</dhRecbto><nProt>891257007400091</nProt></resEvento>'),(47,'<procEventoNFe versao=\"1.00\" xmlns=\"http://www.portalfiscal.inf.br/nfe\">\n<evento xmlns=\"http://www.portalfiscal.inf.br/nfe\" versao=\"1.00\"><infEvento Id=\"ID1101112625070718276300014055000000474929123216045501\"><cOrgao>26</cOrgao><tpAmb>1</tpAmb><CNPJ>07182763000140</CNPJ><chNFe>26250707182763000140550000004749291232160455</chNFe><dhEvento>2025-07-18T16:39:47-03:00</dhEvento><tpEvento>110111</tpEvento><nSeqEvento>1</nSeqEvento><verEvento>1.00</verEvento><detEvento versao=\"1.00\"><descEvento>Cancelamento</descEvento><nProt>126250073888090</nProt><xJust>PEDIDO RETIFICADO</xJust></detEvento></infEvento><Signature xmlns=\"http://www.w3.org/2000/09/xmldsig#\"><SignedInfo><CanonicalizationMethod Algorithm=\"http://www.w3.org/TR/2001/REC-xml-c14n-20010315\" /><SignatureMethod Algorithm=\"http://www.w3.org/2000/09/xmldsig#rsa-sha1\" /><Reference URI=\"#ID1101112625070718276300014055000000474929123216045501\"><Transforms><Transform Algorithm=\"http://www.w3.org/2000/09/xmldsig#enveloped-signature\" /><Transform Algorithm=\"http://www.w3.org/TR/2001/REC-xml-c14n-20010315\" /></Transforms><DigestMethod Algorithm=\"http://www.w3.org/2000/09/xmldsig#sha1\" /><DigestValue>W12DqOOQUnE4w4Feze4EoBoCIkY=</DigestValue></Reference></SignedInfo><SignatureValue>f7zjSEogL6Nfd6pc73/vvrx4RffMxqS79y+FHMaB4VNDT+gmj00onSsLosvrwA7vD6kZstqWYsuAQj+ZGsMtHbdmuo8utvfbcYsOyXY2rMDJC65oAOsWvAsJKYJzjS2ZZgfumuuB1gMkXwjfH8mSJ+7Clp2Ukm2ZjKVSThfX26tfaRtb+I/ys1uZho6zUEeQOYGZEhxCUuxBA74gDE42JdQ52webrB0EqsKK0ZIareMZaCIMXLFHwRyNsZa89x8pozN27kLni4nf6rXmSfbWESlkTQ1LBCKKrakL1dRsndVV4C2CRp9GMUN8yNKJV78oplVaX8ANwO0Uh65VA+4zYQ==</SignatureValue><KeyInfo><X509Data><X509Certificate>[BLOB]</X509Certificate></X509Data></KeyInfo></Signature></evento>\n  <retEvento versao=\"1.00\">\n    <infEvento>\n      <tpAmb>1</tpAmb>\n      <verAplic>NFEPE_P_3.17.0</verAplic>\n      <cOrgao>26</cOrgao>\n      <cStat>135</cStat>\n      <xMotivo>Evento registrado e vinculado a NF-e</xMotivo>\n      <chNFe>26250707182763000140550000004749291232160455</chNFe>\n      <tpEvento>110111</tpEvento>\n      <nSeqEvento>1</nSeqEvento>\n      <dhRegEvento>2025-07-18T16:40:04-03:00</dhRegEvento>\n      <nProt>126250073888676</nProt>\n    </infEvento>\n  </retEvento>\n</procEventoNFe>'),(48,'<resEvento xmlns:xsd=\"http://www.w3.org/2001/XMLSchema\" xmlns:xsi=\"http://www.w3.org/2001/XMLSchema-instance\" versao=\"1.01\" xmlns=\"http://www.portalfiscal.inf.br/nfe\"><cOrgao>91</cOrgao><CNPJ>87124582000104</CNPJ><chNFe>26250703721769000278550040016453301776282870</chNFe><dhEvento>2025-07-22T03:51:11-03:00</dhEvento><tpEvento>610610</tpEvento><nSeqEvento>1</nSeqEvento><xEvento>MDF-e autorizado</xEvento><dhRecbto>2025-07-22T03:51:11-03:00</dhRecbto><nProt>891257355909912</nProt></resEvento>'),(49,'<resEvento xmlns:xsd=\"http://www.w3.org/2001/XMLSchema\" xmlns:xsi=\"http://www.w3.org/2001/XMLSchema-instance\" versao=\"1.01\" xmlns=\"http://www.portalfiscal.inf.br/nfe\"><cOrgao>91</cOrgao><CNPJ>87124582000104</CNPJ><chNFe>26250703504437000150550010017327261915824182</chNFe><dhEvento>2025-07-22T22:18:14-03:00</dhEvento><tpEvento>610610</tpEvento><nSeqEvento>1</nSeqEvento><xEvento>MDF-e autorizado</xEvento><dhRecbto>2025-07-22T22:18:14-03:00</dhRecbto><nProt>891257396587385</nProt></resEvento>'),(50,'<resEvento xmlns:xsd=\"http://www.w3.org/2001/XMLSchema\" xmlns:xsi=\"http://www.w3.org/2001/XMLSchema-instance\" versao=\"1.01\" xmlns=\"http://www.portalfiscal.inf.br/nfe\"><cOrgao>91</cOrgao><CNPJ>87124582000104</CNPJ><chNFe>26250703504437000150550010017344511215177210</chNFe><dhEvento>2025-07-28T21:39:37-03:00</dhEvento><tpEvento>610610</tpEvento><nSeqEvento>1</nSeqEvento><xEvento>MDF-e autorizado</xEvento><dhRecbto>2025-07-28T21:39:37-03:00</dhRecbto><nProt>891257623080107</nProt></resEvento>'),(51,'<resEvento xmlns:xsd=\"http://www.w3.org/2001/XMLSchema\" xmlns:xsi=\"http://www.w3.org/2001/XMLSchema-instance\" versao=\"1.01\" xmlns=\"http://www.portalfiscal.inf.br/nfe\"><cOrgao>91</cOrgao><CNPJ>87124582000104</CNPJ><chNFe>26250703721769000278550040016513321754515864</chNFe><dhEvento>2025-07-29T04:56:58-03:00</dhEvento><tpEvento>610610</tpEvento><nSeqEvento>1</nSeqEvento><xEvento>MDF-e autorizado</xEvento><dhRecbto>2025-07-29T04:56:58-03:00</dhRecbto><nProt>891257634583805</nProt></resEvento>'),(52,'<resEvento xmlns:xsd=\"http://www.w3.org/2001/XMLSchema\" xmlns:xsi=\"http://www.w3.org/2001/XMLSchema-instance\" versao=\"1.01\" xmlns=\"http://www.portalfiscal.inf.br/nfe\"><cOrgao>91</cOrgao><CNPJ>87124582000104</CNPJ><chNFe>26250712819074000214550100028073041796825323</chNFe><dhEvento>2025-07-29T05:27:54-03:00</dhEvento><tpEvento>610610</tpEvento><nSeqEvento>1</nSeqEvento><xEvento>MDF-e autorizado</xEvento><dhRecbto>2025-07-29T05:27:55-03:00</dhRecbto><nProt>891257634962963</nProt></resEvento>'),(53,'<resEvento xmlns:xsd=\"http://www.w3.org/2001/XMLSchema\" xmlns:xsi=\"http://www.w3.org/2001/XMLSchema-instance\" versao=\"1.01\" xmlns=\"http://www.portalfiscal.inf.br/nfe\"><cOrgao>91</cOrgao><CNPJ>87124582000104</CNPJ><chNFe>26250712819074001024550100009481401366992465</chNFe><dhEvento>2025-07-30T05:03:19-03:00</dhEvento><tpEvento>610610</tpEvento><nSeqEvento>1</nSeqEvento><xEvento>MDF-e autorizado</xEvento><dhRecbto>2025-07-30T05:03:19-03:00</dhRecbto><nProt>891257682111316</nProt></resEvento>'),(54,'<resEvento xmlns:xsd=\"http://www.w3.org/2001/XMLSchema\" xmlns:xsi=\"http://www.w3.org/2001/XMLSchema-instance\" versao=\"1.01\" xmlns=\"http://www.portalfiscal.inf.br/nfe\"><cOrgao>91</cOrgao><CNPJ>87124582000104</CNPJ><chNFe>26250703042263000151550050002374741880132723</chNFe><dhEvento>2025-07-31T22:46:36-03:00</dhEvento><tpEvento>610610</tpEvento><nSeqEvento>1</nSeqEvento><xEvento>MDF-e autorizado</xEvento><dhRecbto>2025-07-31T22:46:36-03:00</dhRecbto><nProt>891257770711157</nProt></resEvento>'),(55,'<resEvento xmlns:xsd=\"http://www.w3.org/2001/XMLSchema\" xmlns:xsi=\"http://www.w3.org/2001/XMLSchema-instance\" versao=\"1.01\" xmlns=\"http://www.portalfiscal.inf.br/nfe\"><cOrgao>91</cOrgao><CNPJ>33683111000107</CNPJ><chNFe>26250807526557002315550320005907401659574431</chNFe><dhEvento>2025-08-02T17:58:50-03:00</dhEvento><tpEvento>610600</tpEvento><nSeqEvento>1</nSeqEvento><xEvento>Registro de Autorização de CT-e para a NF-e</xEvento><dhRecbto>2025-08-02T17:58:50-03:00</dhRecbto><nProt>891257840241097</nProt></resEvento>'),(56,'<resEvento xmlns:xsd=\"http://www.w3.org/2001/XMLSchema\" xmlns:xsi=\"http://www.w3.org/2001/XMLSchema-instance\" versao=\"1.01\" xmlns=\"http://www.portalfiscal.inf.br/nfe\"><cOrgao>91</cOrgao><CNPJ>87124582000104</CNPJ><chNFe>26250827468124000314550010000261681239205299</chNFe><dhEvento>2025-08-05T07:49:47-03:00</dhEvento><tpEvento>610610</tpEvento><nSeqEvento>1</nSeqEvento><xEvento>MDF-e autorizado</xEvento><dhRecbto>2025-08-05T07:49:47-03:00</dhRecbto><nProt>891257923027412</nProt></resEvento>'),(57,'<resEvento xmlns:xsd=\"http://www.w3.org/2001/XMLSchema\" xmlns:xsi=\"http://www.w3.org/2001/XMLSchema-instance\" versao=\"1.01\" xmlns=\"http://www.portalfiscal.inf.br/nfe\"><cOrgao>91</cOrgao><CNPJ>87124582000104</CNPJ><chNFe>26250803721769000278550040016580121742458590</chNFe><dhEvento>2025-08-06T02:47:16-03:00</dhEvento><tpEvento>610610</tpEvento><nSeqEvento>1</nSeqEvento><xEvento>MDF-e autorizado</xEvento><dhRecbto>2025-08-06T02:47:16-03:00</dhRecbto><nProt>891257967473543</nProt></resEvento>'),(58,'<resEvento xmlns:xsd=\"http://www.w3.org/2001/XMLSchema\" xmlns:xsi=\"http://www.w3.org/2001/XMLSchema-instance\" versao=\"1.01\" xmlns=\"http://www.portalfiscal.inf.br/nfe\"><cOrgao>91</cOrgao><CNPJ>87124582000104</CNPJ><chNFe>26250803504437000150550010017369831150721950</chNFe><dhEvento>2025-08-05T20:24:36-03:00</dhEvento><tpEvento>610610</tpEvento><nSeqEvento>1</nSeqEvento><xEvento>MDF-e autorizado</xEvento><dhRecbto>2025-08-05T20:24:36-03:00</dhRecbto><nProt>891257955881778</nProt></resEvento>'),(59,'<resEvento xmlns:xsd=\"http://www.w3.org/2001/XMLSchema\" xmlns:xsi=\"http://www.w3.org/2001/XMLSchema-instance\" versao=\"1.01\" xmlns=\"http://www.portalfiscal.inf.br/nfe\"><cOrgao>91</cOrgao><CNPJ>87124582000104</CNPJ><chNFe>26250803721769000278550040016605851934253067</chNFe><dhEvento>2025-08-08T04:05:10-03:00</dhEvento><tpEvento>610610</tpEvento><nSeqEvento>1</nSeqEvento><xEvento>MDF-e autorizado</xEvento><dhRecbto>2025-08-08T04:05:10-03:00</dhRecbto><nProt>891258070906931</nProt></resEvento>'),(60,'<resEvento xmlns:xsd=\"http://www.w3.org/2001/XMLSchema\" xmlns:xsi=\"http://www.w3.org/2001/XMLSchema-instance\" versao=\"1.01\" xmlns=\"http://www.portalfiscal.inf.br/nfe\"><cOrgao>91</cOrgao><CNPJ>33683111000107</CNPJ><chNFe>26250807526557002315550320006027481113380187</chNFe><dhEvento>2025-08-09T19:53:19-03:00</dhEvento><tpEvento>610600</tpEvento><nSeqEvento>1</nSeqEvento><xEvento>Registro de Autorização de CT-e para a NF-e</xEvento><dhRecbto>2025-08-09T19:53:19-03:00</dhRecbto><nProt>891258145382590</nProt></resEvento>'),(61,'<resEvento xmlns:xsd=\"http://www.w3.org/2001/XMLSchema\" xmlns:xsi=\"http://www.w3.org/2001/XMLSchema-instance\" versao=\"1.01\" xmlns=\"http://www.portalfiscal.inf.br/nfe\"><cOrgao>91</cOrgao><CNPJ>87124582000104</CNPJ><chNFe>26250803504437000150550010017387321195522556</chNFe><dhEvento>2025-08-11T20:55:12-03:00</dhEvento><tpEvento>610610</tpEvento><nSeqEvento>1</nSeqEvento><xEvento>MDF-e autorizado</xEvento><dhRecbto>2025-08-11T20:55:12-03:00</dhRecbto><nProt>891258210669873</nProt></resEvento>'),(62,'<resEvento xmlns:xsd=\"http://www.w3.org/2001/XMLSchema\" xmlns:xsi=\"http://www.w3.org/2001/XMLSchema-instance\" versao=\"1.01\" xmlns=\"http://www.portalfiscal.inf.br/nfe\"><cOrgao>91</cOrgao><CNPJ>87124582000104</CNPJ><chNFe>26250811744898000390550010015419821195169154</chNFe><dhEvento>2025-08-16T02:32:23-03:00</dhEvento><tpEvento>610610</tpEvento><nSeqEvento>1</nSeqEvento><xEvento>MDF-e autorizado</xEvento><dhRecbto>2025-08-16T02:32:23-03:00</dhRecbto><nProt>891258420671778</nProt></resEvento>'),(63,'<resEvento xmlns:xsd=\"http://www.w3.org/2001/XMLSchema\" xmlns:xsi=\"http://www.w3.org/2001/XMLSchema-instance\" versao=\"1.01\" xmlns=\"http://www.portalfiscal.inf.br/nfe\"><cOrgao>91</cOrgao><CNPJ>87124582000104</CNPJ><chNFe>26250811744898000390550010015419811220194202</chNFe><dhEvento>2025-08-16T02:32:23-03:00</dhEvento><tpEvento>610610</tpEvento><nSeqEvento>1</nSeqEvento><xEvento>MDF-e autorizado</xEvento><dhRecbto>2025-08-16T02:32:23-03:00</dhRecbto><nProt>891258420671772</nProt></resEvento>'),(64,'<resEvento xmlns:xsd=\"http://www.w3.org/2001/XMLSchema\" xmlns:xsi=\"http://www.w3.org/2001/XMLSchema-instance\" versao=\"1.01\" xmlns=\"http://www.portalfiscal.inf.br/nfe\"><cOrgao>91</cOrgao><CNPJ>87124582000104</CNPJ><chNFe>26250803504437000150550010017407771163109814</chNFe><dhEvento>2025-08-18T20:38:23-03:00</dhEvento><tpEvento>610610</tpEvento><nSeqEvento>1</nSeqEvento><xEvento>MDF-e autorizado</xEvento><dhRecbto>2025-08-18T20:38:23-03:00</dhRecbto><nProt>891258502596643</nProt></resEvento>'),(65,'<resEvento xmlns:xsd=\"http://www.w3.org/2001/XMLSchema\" xmlns:xsi=\"http://www.w3.org/2001/XMLSchema-instance\" versao=\"1.01\" xmlns=\"http://www.portalfiscal.inf.br/nfe\"><cOrgao>91</cOrgao><CNPJ>87124582000104</CNPJ><chNFe>26250812819074000214550100028171261947670440</chNFe><dhEvento>2025-08-19T06:17:57-03:00</dhEvento><tpEvento>610610</tpEvento><nSeqEvento>1</nSeqEvento><xEvento>MDF-e autorizado</xEvento><dhRecbto>2025-08-19T06:17:57-03:00</dhRecbto><nProt>891258520529490</nProt></resEvento>'),(66,'<resEvento xmlns:xsd=\"http://www.w3.org/2001/XMLSchema\" xmlns:xsi=\"http://www.w3.org/2001/XMLSchema-instance\" versao=\"1.01\" xmlns=\"http://www.portalfiscal.inf.br/nfe\"><cOrgao>91</cOrgao><CNPJ>87124582000104</CNPJ><chNFe>26250812819074000214550100028171261947670440</chNFe><dhEvento>2025-08-19T07:08:43-03:00</dhEvento><tpEvento>610610</tpEvento><nSeqEvento>2</nSeqEvento><xEvento>MDF-e autorizado</xEvento><dhRecbto>2025-08-19T07:08:43-03:00</dhRecbto><nProt>891258521561825</nProt></resEvento>'),(67,'<resEvento xmlns:xsd=\"http://www.w3.org/2001/XMLSchema\" xmlns:xsi=\"http://www.w3.org/2001/XMLSchema-instance\" versao=\"1.01\" xmlns=\"http://www.portalfiscal.inf.br/nfe\"><cOrgao>91</cOrgao><CNPJ>87124582000104</CNPJ><chNFe>26250812819074000214550100028171261947670440</chNFe><dhEvento>2025-08-19T07:04:30-03:00</dhEvento><tpEvento>610611</tpEvento><nSeqEvento>1</nSeqEvento><xEvento>MDF-e cancelado</xEvento><dhRecbto>2025-08-19T07:04:35-03:00</dhRecbto><nProt>891258521453052</nProt></resEvento>'),(68,'<resEvento xmlns:xsd=\"http://www.w3.org/2001/XMLSchema\" xmlns:xsi=\"http://www.w3.org/2001/XMLSchema-instance\" versao=\"1.01\" xmlns=\"http://www.portalfiscal.inf.br/nfe\"><cOrgao>91</cOrgao><CNPJ>33683111000107</CNPJ><chNFe>23250736336372000130550010000583581467503870</chNFe><dhEvento>2025-07-25T10:15:42-03:00</dhEvento><tpEvento>610600</tpEvento><nSeqEvento>1</nSeqEvento><xEvento>Registro de Autorização de CT-e para a NF-e</xEvento><dhRecbto>2025-07-25T10:15:42-03:00</dhRecbto><nProt>891257508772751</nProt></resEvento>'),(69,'<resEvento xmlns:xsd=\"http://www.w3.org/2001/XMLSchema\" xmlns:xsi=\"http://www.w3.org/2001/XMLSchema-instance\" versao=\"1.01\" xmlns=\"http://www.portalfiscal.inf.br/nfe\"><cOrgao>91</cOrgao><CNPJ>33683111000107</CNPJ><chNFe>23250736336372000130550010000583581467503870</chNFe><dhEvento>2025-07-30T10:09:22-03:00</dhEvento><tpEvento>610600</tpEvento><nSeqEvento>2</nSeqEvento><xEvento>Registro de Autorização de CT-e para a NF-e</xEvento><dhRecbto>2025-07-30T10:09:22-03:00</dhRecbto><nProt>891257691074297</nProt></resEvento>'),(70,'<resEvento xmlns:xsd=\"http://www.w3.org/2001/XMLSchema\" xmlns:xsi=\"http://www.w3.org/2001/XMLSchema-instance\" versao=\"1.01\" xmlns=\"http://www.portalfiscal.inf.br/nfe\"><cOrgao>91</cOrgao><CNPJ>33683111000107</CNPJ><chNFe>23250736336372000130550010000583581467503870</chNFe><dhEvento>2025-07-25T18:39:24-03:00</dhEvento><tpEvento>610614</tpEvento><nSeqEvento>1</nSeqEvento><xEvento>MDF-e Autorizado com CT-e</xEvento><dhRecbto>2025-07-25T18:39:24-03:00</dhRecbto><nProt>891257529358459</nProt></resEvento>'),(71,'<resEvento xmlns:xsd=\"http://www.w3.org/2001/XMLSchema\" xmlns:xsi=\"http://www.w3.org/2001/XMLSchema-instance\" versao=\"1.01\" xmlns=\"http://www.portalfiscal.inf.br/nfe\"><cOrgao>91</cOrgao><CNPJ>33683111000107</CNPJ><chNFe>23250736336372000130550010000583581467503870</chNFe><dhEvento>2025-07-28T21:18:31-03:00</dhEvento><tpEvento>610614</tpEvento><nSeqEvento>2</nSeqEvento><xEvento>MDF-e Autorizado com CT-e</xEvento><dhRecbto>2025-07-28T21:18:31-03:00</dhRecbto><nProt>891257622184193</nProt></resEvento>'),(72,'<resEvento xmlns:xsd=\"http://www.w3.org/2001/XMLSchema\" xmlns:xsi=\"http://www.w3.org/2001/XMLSchema-instance\" versao=\"1.01\" xmlns=\"http://www.portalfiscal.inf.br/nfe\"><cOrgao>23</cOrgao><CNPJ>07954597000152</CNPJ><chNFe>23250736336372000130550010000583581467503870</chNFe><dhEvento>2025-07-25T22:27:23-03:00</dhEvento><tpEvento>610500</tpEvento><nSeqEvento>2</nSeqEvento><xEvento>Registro de Passagem Autorização</xEvento><dhRecbto>2025-07-25T22:42:09-03:00</dhRecbto><nProt>891257536436368</nProt></resEvento>'),(73,'<resEvento xmlns:xsd=\"http://www.w3.org/2001/XMLSchema\" xmlns:xsi=\"http://www.w3.org/2001/XMLSchema-instance\" versao=\"1.01\" xmlns=\"http://www.portalfiscal.inf.br/nfe\"><cOrgao>91</cOrgao><CNPJ>87124582000104</CNPJ><chNFe>26250803721769000278550040016740791625920716</chNFe><dhEvento>2025-08-26T02:35:22-03:00</dhEvento><tpEvento>610610</tpEvento><nSeqEvento>1</nSeqEvento><xEvento>MDF-e autorizado</xEvento><dhRecbto>2025-08-26T02:35:23-03:00</dhRecbto><nProt>891258805711641</nProt></resEvento>'),(74,'<resEvento xmlns:xsd=\"http://www.w3.org/2001/XMLSchema\" xmlns:xsi=\"http://www.w3.org/2001/XMLSchema-instance\" versao=\"1.01\" xmlns=\"http://www.portalfiscal.inf.br/nfe\"><cOrgao>91</cOrgao><CNPJ>87124582000104</CNPJ><chNFe>26250812819074000214550100028200741263874722</chNFe><dhEvento>2025-08-26T05:52:33-03:00</dhEvento><tpEvento>610610</tpEvento><nSeqEvento>1</nSeqEvento><xEvento>MDF-e autorizado</xEvento><dhRecbto>2025-08-26T05:52:34-03:00</dhRecbto><nProt>891258809171403</nProt></resEvento>'),(75,'<procEventoNFe versao=\"1.00\" xmlns=\"http://www.portalfiscal.inf.br/nfe\">\n<evento xmlns=\"http://www.portalfiscal.inf.br/nfe\" versao=\"1.00\"><infEvento Id=\"ID1101112625085031294800015055001000035566126331998901\"><cOrgao>26</cOrgao><tpAmb>1</tpAmb><CNPJ>50312948000150</CNPJ><chNFe>26250850312948000150550010000355661263319989</chNFe><dhEvento>2025-08-29T06:36:29-03:00</dhEvento><tpEvento>110111</tpEvento><nSeqEvento>1</nSeqEvento><verEvento>1.00</verEvento><detEvento versao=\"1.00\"><descEvento>Cancelamento</descEvento><nProt>126250089841611</nProt><xJust>CANCELAMENTO REALIZADO PELO ERP TARGET.</xJust></detEvento></infEvento><Signature xmlns=\"http://www.w3.org/2000/09/xmldsig#\"><SignedInfo><CanonicalizationMethod Algorithm=\"http://www.w3.org/TR/2001/REC-xml-c14n-20010315\" /><SignatureMethod Algorithm=\"http://www.w3.org/2000/09/xmldsig#rsa-sha1\" /><Reference URI=\"#ID1101112625085031294800015055001000035566126331998901\"><Transforms><Transform Algorithm=\"http://www.w3.org/2000/09/xmldsig#enveloped-signature\" /><Transform Algorithm=\"http://www.w3.org/TR/2001/REC-xml-c14n-20010315\" /></Transforms><DigestMethod Algorithm=\"http://www.w3.org/2000/09/xmldsig#sha1\" /><DigestValue>Ev7oCxpskDU7fnOhl+Rysj2rpqw=</DigestValue></Reference></SignedInfo><SignatureValue>HgwK1XcbQh0jFSlkfBrRCmHIcV6WizTlLCBBbhOe2Bm1QWz444z/ey8TVp0mqxyUFLvpVtpx/NYc8/+DbWRB1YStC8bUmvq55vXwQgw7Na33VLTpXXzzxj3sRlEjvrgfjkxRs4MLiEAnbWaaOq6RCZescL6w3ZNNfpAOhlscWVQlfNxdd1xkiQIfFQ0zjEHgFw4KfV7P+jZgLnA0tztfkwGNueXWZgMQaKeqr/zKckzIHw9XVxthANR8OTcc7/3eDYeorFn/NTY9kmrqmYSbIPNdMEAv2LZXqvDoGPyjihJGFtRh6qghjw8/xxzbpUTmpdcbqCcePiwbOTWOSifK9g==</SignatureValue><KeyInfo><X509Data><X509Certificate>[BLOB]</X509Certificate></X509Data></KeyInfo></Signature></evento>\n  <retEvento versao=\"1.00\">\n    <infEvento>\n      <tpAmb>1</tpAmb>\n      <verAplic>NFEPE_P_4.0.0</verAplic>\n      <cOrgao>26</cOrgao>\n      <cStat>135</cStat>\n      <xMotivo>Evento registrado e vinculado a NF-e</xMotivo>\n      <chNFe>26250850312948000150550010000355661263319989</chNFe>\n      <tpEvento>110111</tpEvento>\n      <nSeqEvento>1</nSeqEvento>\n      <dhRegEvento>2025-08-29T06:36:30-03:00</dhRegEvento>\n      <nProt>126250089879615</nProt>\n    </infEvento>\n  </retEvento>\n</procEventoNFe>'),(76,'<resEvento xmlns:xsd=\"http://www.w3.org/2001/XMLSchema\" xmlns:xsi=\"http://www.w3.org/2001/XMLSchema-instance\" versao=\"1.01\" xmlns=\"http://www.portalfiscal.inf.br/nfe\"><cOrgao>91</cOrgao><CNPJ>87124582000104</CNPJ><chNFe>26250911744898000390550010015471431136245175</chNFe><dhEvento>2025-09-01T00:52:12-03:00</dhEvento><tpEvento>610610</tpEvento><nSeqEvento>1</nSeqEvento><xEvento>MDF-e autorizado</xEvento><dhRecbto>2025-09-01T00:52:12-03:00</dhRecbto><nProt>891259046194708</nProt></resEvento>'),(77,'<resEvento xmlns:xsd=\"http://www.w3.org/2001/XMLSchema\" xmlns:xsi=\"http://www.w3.org/2001/XMLSchema-instance\" versao=\"1.01\" xmlns=\"http://www.portalfiscal.inf.br/nfe\"><cOrgao>91</cOrgao><CNPJ>87124582000104</CNPJ><chNFe>26250927468124000314550010000269331267624472</chNFe><dhEvento>2025-09-01T10:21:04-03:00</dhEvento><tpEvento>610610</tpEvento><nSeqEvento>1</nSeqEvento><xEvento>MDF-e autorizado</xEvento><dhRecbto>2025-09-01T10:21:04-03:00</dhRecbto><nProt>891259058606470</nProt></resEvento>'),(78,'<resEvento xmlns:xsd=\"http://www.w3.org/2001/XMLSchema\" xmlns:xsi=\"http://www.w3.org/2001/XMLSchema-instance\" versao=\"1.01\" xmlns=\"http://www.portalfiscal.inf.br/nfe\"><cOrgao>91</cOrgao><CNPJ>87124582000104</CNPJ><chNFe>26250927468124000314550010000269331267624472</chNFe><dhEvento>2025-09-02T06:06:34-03:00</dhEvento><tpEvento>610611</tpEvento><nSeqEvento>1</nSeqEvento><xEvento>MDF-e cancelado</xEvento><dhRecbto>2025-09-02T06:06:34-03:00</dhRecbto><nProt>891259103000608</nProt></resEvento>'),(79,'<resEvento xmlns:xsd=\"http://www.w3.org/2001/XMLSchema\" xmlns:xsi=\"http://www.w3.org/2001/XMLSchema-instance\" versao=\"1.01\" xmlns=\"http://www.portalfiscal.inf.br/nfe\"><cOrgao>91</cOrgao><CNPJ>33683111000107</CNPJ><chNFe>23250836336372000130550010000602111427827738</chNFe><dhEvento>2025-08-28T17:59:53-03:00</dhEvento><tpEvento>610600</tpEvento><nSeqEvento>1</nSeqEvento><xEvento>Registro de Autorização de CT-e para a NF-e</xEvento><dhRecbto>2025-08-28T17:59:53-03:00</dhRecbto><nProt>891258936543216</nProt></resEvento>'),(80,'<resEvento xmlns:xsd=\"http://www.w3.org/2001/XMLSchema\" xmlns:xsi=\"http://www.w3.org/2001/XMLSchema-instance\" versao=\"1.01\" xmlns=\"http://www.portalfiscal.inf.br/nfe\"><cOrgao>91</cOrgao><CNPJ>33683111000107</CNPJ><chNFe>23250836336372000130550010000602111427827738</chNFe><dhEvento>2025-08-28T19:03:56-03:00</dhEvento><tpEvento>610614</tpEvento><nSeqEvento>1</nSeqEvento><xEvento>MDF-e Autorizado com CT-e</xEvento><dhRecbto>2025-08-28T19:03:56-03:00</dhRecbto><nProt>891258939310848</nProt></resEvento>'),(81,'<resEvento xmlns:xsd=\"http://www.w3.org/2001/XMLSchema\" xmlns:xsi=\"http://www.w3.org/2001/XMLSchema-instance\" versao=\"1.01\" xmlns=\"http://www.portalfiscal.inf.br/nfe\"><cOrgao>91</cOrgao><CNPJ>33683111000107</CNPJ><chNFe>23250836336372000130550010000602111427827738</chNFe><dhEvento>2025-08-30T11:24:21-03:00</dhEvento><tpEvento>610614</tpEvento><nSeqEvento>2</nSeqEvento><xEvento>MDF-e Autorizado com CT-e</xEvento><dhRecbto>2025-08-30T11:24:21-03:00</dhRecbto><nProt>891259011058032</nProt></resEvento>'),(82,'<resEvento xmlns:xsd=\"http://www.w3.org/2001/XMLSchema\" xmlns:xsi=\"http://www.w3.org/2001/XMLSchema-instance\" versao=\"1.01\" xmlns=\"http://www.portalfiscal.inf.br/nfe\"><cOrgao>91</cOrgao><CNPJ>33683111000107</CNPJ><chNFe>23250836336372000130550010000602111427827738</chNFe><dhEvento>2025-09-02T13:42:51-03:00</dhEvento><tpEvento>610600</tpEvento><nSeqEvento>2</nSeqEvento><xEvento>Registro de Autorização de CT-e para a NF-e</xEvento><dhRecbto>2025-09-02T13:42:51-03:00</dhRecbto><nProt>891259122189088</nProt></resEvento>'),(83,'<resEvento xmlns:xsd=\"http://www.w3.org/2001/XMLSchema\" xmlns:xsi=\"http://www.w3.org/2001/XMLSchema-instance\" versao=\"1.01\" xmlns=\"http://www.portalfiscal.inf.br/nfe\"><cOrgao>91</cOrgao><CNPJ>33683111000107</CNPJ><chNFe>23250836336372000130550010000602111427827738</chNFe><dhEvento>2025-09-03T07:53:07-03:00</dhEvento><tpEvento>610614</tpEvento><nSeqEvento>3</nSeqEvento><xEvento>MDF-e Autorizado com CT-e</xEvento><dhRecbto>2025-09-03T07:53:07-03:00</dhRecbto><nProt>891259157790885</nProt></resEvento>'),(84,'<resEvento xmlns:xsd=\"http://www.w3.org/2001/XMLSchema\" xmlns:xsi=\"http://www.w3.org/2001/XMLSchema-instance\" versao=\"1.01\" xmlns=\"http://www.portalfiscal.inf.br/nfe\"><cOrgao>23</cOrgao><CNPJ>07954597000152</CNPJ><chNFe>23250836336372000130550010000602111427827738</chNFe><dhEvento>2025-08-29T08:05:58-03:00</dhEvento><tpEvento>610500</tpEvento><nSeqEvento>2</nSeqEvento><xEvento>Registro de Passagem Autorização</xEvento><dhRecbto>2025-08-29T08:39:42-03:00</dhRecbto><nProt>891258960178392</nProt></resEvento>'),(85,'<resEvento xmlns:xsd=\"http://www.w3.org/2001/XMLSchema\" xmlns:xsi=\"http://www.w3.org/2001/XMLSchema-instance\" versao=\"1.01\" xmlns=\"http://www.portalfiscal.inf.br/nfe\"><cOrgao>91</cOrgao><CNPJ>33683111000107</CNPJ><chNFe>23250818266581000173550010000662301630147887</chNFe><dhEvento>2025-08-28T18:26:37-03:00</dhEvento><tpEvento>610600</tpEvento><nSeqEvento>1</nSeqEvento><xEvento>Registro de Autorização de CT-e para a NF-e</xEvento><dhRecbto>2025-08-28T18:26:37-03:00</dhRecbto><nProt>891258937667266</nProt></resEvento>'),(86,'<resEvento xmlns:xsd=\"http://www.w3.org/2001/XMLSchema\" xmlns:xsi=\"http://www.w3.org/2001/XMLSchema-instance\" versao=\"1.01\" xmlns=\"http://www.portalfiscal.inf.br/nfe\"><cOrgao>91</cOrgao><CNPJ>33683111000107</CNPJ><chNFe>23250818266581000173550010000662301630147887</chNFe><dhEvento>2025-08-28T19:03:56-03:00</dhEvento><tpEvento>610614</tpEvento><nSeqEvento>1</nSeqEvento><xEvento>MDF-e Autorizado com CT-e</xEvento><dhRecbto>2025-08-28T19:03:56-03:00</dhRecbto><nProt>891258939310784</nProt></resEvento>'),(87,'<resEvento xmlns:xsd=\"http://www.w3.org/2001/XMLSchema\" xmlns:xsi=\"http://www.w3.org/2001/XMLSchema-instance\" versao=\"1.01\" xmlns=\"http://www.portalfiscal.inf.br/nfe\"><cOrgao>91</cOrgao><CNPJ>33683111000107</CNPJ><chNFe>23250818266581000173550010000662301630147887</chNFe><dhEvento>2025-08-30T11:24:21-03:00</dhEvento><tpEvento>610614</tpEvento><nSeqEvento>2</nSeqEvento><xEvento>MDF-e Autorizado com CT-e</xEvento><dhRecbto>2025-08-30T11:24:21-03:00</dhRecbto><nProt>891259011058044</nProt></resEvento>'),(88,'<resEvento xmlns:xsd=\"http://www.w3.org/2001/XMLSchema\" xmlns:xsi=\"http://www.w3.org/2001/XMLSchema-instance\" versao=\"1.01\" xmlns=\"http://www.portalfiscal.inf.br/nfe\"><cOrgao>91</cOrgao><CNPJ>33683111000107</CNPJ><chNFe>23250818266581000173550010000662301630147887</chNFe><dhEvento>2025-09-02T13:43:17-03:00</dhEvento><tpEvento>610600</tpEvento><nSeqEvento>2</nSeqEvento><xEvento>Registro de Autorização de CT-e para a NF-e</xEvento><dhRecbto>2025-09-02T13:43:17-03:00</dhRecbto><nProt>891259122211630</nProt></resEvento>'),(89,'<resEvento xmlns:xsd=\"http://www.w3.org/2001/XMLSchema\" xmlns:xsi=\"http://www.w3.org/2001/XMLSchema-instance\" versao=\"1.01\" xmlns=\"http://www.portalfiscal.inf.br/nfe\"><cOrgao>91</cOrgao><CNPJ>33683111000107</CNPJ><chNFe>23250818266581000173550010000662301630147887</chNFe><dhEvento>2025-09-03T07:53:07-03:00</dhEvento><tpEvento>610614</tpEvento><nSeqEvento>3</nSeqEvento><xEvento>MDF-e Autorizado com CT-e</xEvento><dhRecbto>2025-09-03T07:53:07-03:00</dhRecbto><nProt>891259157790704</nProt></resEvento>'),(90,'<resEvento xmlns:xsd=\"http://www.w3.org/2001/XMLSchema\" xmlns:xsi=\"http://www.w3.org/2001/XMLSchema-instance\" versao=\"1.01\" xmlns=\"http://www.portalfiscal.inf.br/nfe\"><cOrgao>23</cOrgao><CNPJ>07954597000152</CNPJ><chNFe>23250818266581000173550010000662301630147887</chNFe><dhEvento>2025-08-29T08:05:58-03:00</dhEvento><tpEvento>610500</tpEvento><nSeqEvento>2</nSeqEvento><xEvento>Registro de Passagem Autorização</xEvento><dhRecbto>2025-08-29T08:39:41-03:00</dhRecbto><nProt>891258960177208</nProt></resEvento>'),(91,'<resEvento xmlns:xsd=\"http://www.w3.org/2001/XMLSchema\" xmlns:xsi=\"http://www.w3.org/2001/XMLSchema-instance\" versao=\"1.01\" xmlns=\"http://www.portalfiscal.inf.br/nfe\"><cOrgao>91</cOrgao><CNPJ>87124582000104</CNPJ><chNFe>26250912819074000214550100028251031777960200</chNFe><dhEvento>2025-09-05T03:11:30-03:00</dhEvento><tpEvento>610610</tpEvento><nSeqEvento>1</nSeqEvento><xEvento>MDF-e autorizado</xEvento><dhRecbto>2025-09-05T03:11:30-03:00</dhRecbto><nProt>891259256059060</nProt></resEvento>'),(92,'<resEvento xmlns:xsd=\"http://www.w3.org/2001/XMLSchema\" xmlns:xsi=\"http://www.w3.org/2001/XMLSchema-instance\" versao=\"1.01\" xmlns=\"http://www.portalfiscal.inf.br/nfe\"><cOrgao>91</cOrgao><CNPJ>33683111000107</CNPJ><chNFe>26250907526557002315550320006489661428807920</chNFe><dhEvento>2025-09-06T18:48:19-03:00</dhEvento><tpEvento>610600</tpEvento><nSeqEvento>1</nSeqEvento><xEvento>Registro de Autorização de CT-e para a NF-e</xEvento><dhRecbto>2025-09-06T18:48:19-03:00</dhRecbto><nProt>891259326653649</nProt></resEvento>'),(93,'<resEvento xmlns:xsd=\"http://www.w3.org/2001/XMLSchema\" xmlns:xsi=\"http://www.w3.org/2001/XMLSchema-instance\" versao=\"1.01\" xmlns=\"http://www.portalfiscal.inf.br/nfe\"><cOrgao>91</cOrgao><CNPJ>87124582000104</CNPJ><chNFe>26250903504437000150550010017478341148157106</chNFe><dhEvento>2025-09-08T21:34:10-03:00</dhEvento><tpEvento>610610</tpEvento><nSeqEvento>1</nSeqEvento><xEvento>MDF-e autorizado</xEvento><dhRecbto>2025-09-08T21:34:10-03:00</dhRecbto><nProt>891259398365382</nProt></resEvento>'),(94,'<resEvento xmlns:xsd=\"http://www.w3.org/2001/XMLSchema\" xmlns:xsi=\"http://www.w3.org/2001/XMLSchema-instance\" versao=\"1.01\" xmlns=\"http://www.portalfiscal.inf.br/nfe\"><cOrgao>91</cOrgao><CNPJ>87124582000104</CNPJ><chNFe>26250903721769000278550040016862031468217109</chNFe><dhEvento>2025-09-09T03:32:47-03:00</dhEvento><tpEvento>610610</tpEvento><nSeqEvento>1</nSeqEvento><xEvento>MDF-e autorizado</xEvento><dhRecbto>2025-09-09T03:32:47-03:00</dhRecbto><nProt>891259412167571</nProt></resEvento>'),(95,'<resEvento xmlns:xsd=\"http://www.w3.org/2001/XMLSchema\" xmlns:xsi=\"http://www.w3.org/2001/XMLSchema-instance\" versao=\"1.01\" xmlns=\"http://www.portalfiscal.inf.br/nfe\"><cOrgao>92</cOrgao><CNPJ>87124582000104</CNPJ><chNFe>23250818266581000173550010000662301630147887</chNFe><dhEvento>2025-09-02T08:50:32-03:00</dhEvento><tpEvento>510630</tpEvento><nSeqEvento>1</nSeqEvento><xEvento>Registro de Passagem Automatico Originado MDFe</xEvento><dhRecbto>2025-09-10T14:44:21-03:00</dhRecbto><nProt>223250090787817</nProt></resEvento>'),(96,'<resEvento xmlns:xsd=\"http://www.w3.org/2001/XMLSchema\" xmlns:xsi=\"http://www.w3.org/2001/XMLSchema-instance\" versao=\"1.01\" xmlns=\"http://www.portalfiscal.inf.br/nfe\"><cOrgao>92</cOrgao><CNPJ>87124582000104</CNPJ><chNFe>23250836336372000130550010000602111427827738</chNFe><dhEvento>2025-09-02T08:50:32-03:00</dhEvento><tpEvento>510630</tpEvento><nSeqEvento>1</nSeqEvento><xEvento>Registro de Passagem Automatico Originado MDFe</xEvento><dhRecbto>2025-09-10T14:44:21-03:00</dhRecbto><nProt>223250090787793</nProt></resEvento>');

--
-- Table structure for table `pcn1`
--

CREATE TABLE `pcn1` (
  `id` int(11) NOT NULL AUTO_INCREMENT,
  `tipo_financeiro_id` int(11) NOT NULL,
  `idempresa` int(11) NOT NULL,
  `codigo` varchar(2) NOT NULL,
  `descricao` varchar(50) NOT NULL,
  `ordenacao` int(11) NOT NULL,
  `codicao` char(1) NOT NULL,
  `fechamento_mes` char(1) DEFAULT NULL,
  PRIMARY KEY (`id`),
  KEY `fk_pcn1_tipo_financeiro_id` (`tipo_financeiro_id`),
  KEY `fk_pcn1_idempresa` (`idempresa`),
  CONSTRAINT `fk_pcn1_idempresa` FOREIGN KEY (`idempresa`) REFERENCES `system_unit` (`id`),
  CONSTRAINT `fk_pcn1_tipo_financeiro_id` FOREIGN KEY (`tipo_financeiro_id`) REFERENCES `tipo_financeiro` (`idtipo_financeiro`)
) ENGINE=InnoDB AUTO_INCREMENT=37 DEFAULT CHARSET=utf8mb3 COLLATE=utf8mb3_unicode_ci;

--
-- Dumping data for table `pcn1`
--

INSERT INTO `pcn1` (`id`, `tipo_financeiro_id`, `idempresa`, `codigo`, `descricao`, `ordenacao`, `codicao`, `fechamento_mes`) VALUES (1,2,1,'01','ALIMENTOS',1,'R','I'),(2,2,1,'02','COFRE',25,'R',NULL),(3,2,1,'01','CARTÕES',26,'R',NULL),(4,1,1,'03','BENEFICIO PESSOAL',4,'R','P'),(5,1,1,'04','EPI/FARDAMENTO',14,'R','P'),(6,1,1,'05','MANUTENÇÃO DA CASA',12,'R','F'),(7,1,1,'06','MÃO DE OBRA EXTRA',13,'R',NULL),(8,2,1,'07','OUTRAS RECEITAS',28,'R',NULL),(9,2,1,'08','TICKETS',27,'R',NULL),(10,1,1,'09','BEBIDA FRIA',2,'R','I'),(11,1,1,'10','BEBIDA QUENTE',3,'R',NULL),(12,1,1,'11','COMISSÃO',5,'R',NULL),(13,1,1,'12','ENCARGO PESSOAL',7,'R',NULL),(14,1,1,'13','ENCARGOS FINANCEIRO',8,'R',NULL),(15,1,1,'14','EVENTUAIS',9,'R',NULL),(16,1,1,'15','FUNCIONAMENTO DA CASA',10,'R','F'),(17,1,1,'16','IMPOSTOS/TAXAS',11,'R',NULL),(18,1,1,'17','MARKETING',50,'R',NULL),(19,1,1,'18','MONTAGEM/AMPLIAÇÃO',15,'R',NULL),(20,1,1,'19','OUTRAS DESPESAS',16,'R',NULL),(21,1,1,'20','OUTROS INSUMOS',17,'R',NULL),(22,1,1,'21','PRESTADORES DE SERVIÇOS',18,'R',NULL),(23,1,1,'22','REMUNERAÇÃO DE PESSOAL',19,'R',NULL),(24,1,1,'23','REPOSIÇÃO/EQUIPAMENTOS',20,'R',NULL),(25,1,1,'24','RETIRADA SOCIOS ',21,'R','R'),(26,1,1,'25','TAXAS DE CARTÕES ',22,'R','F'),(27,1,3,'26','ALIMENTOS',100,'R',NULL),(28,2,3,'27','CARTÕES DE CREDITO',101,'R',NULL),(29,1,3,'28','FUNCIONAMENTO DA CASA',102,'R',NULL),(30,1,3,'29','BEBIDA FRIA',103,'R',NULL),(31,1,3,'30','TAXAS CARTÕES',105,'R',NULL),(34,1,3,'31','teste',106,'R',NULL),(35,1,3,'32','teste',1,'R',NULL),(36,1,2,'33','teste',1,'R',NULL);

--
-- Table structure for table `pcn2`
--

CREATE TABLE `pcn2` (
  `id` int(11) NOT NULL AUTO_INCREMENT,
  `pcn1_id` int(11) NOT NULL,
  `contas_bancaria_id` int(11) DEFAULT NULL,
  `idempresa` int(11) NOT NULL,
  `codigo` varchar(6) DEFAULT NULL,
  `descricao` varchar(50) NOT NULL,
  `estoque` char(1) NOT NULL,
  `cartao` char(1) NOT NULL,
  `percentual` double DEFAULT NULL,
  `pcn2` int(11) DEFAULT NULL,
  PRIMARY KEY (`id`),
  KEY `fk_pcn2_pcn1_id` (`pcn1_id`),
  KEY `fk_pcn2_contas_bancaria_id` (`contas_bancaria_id`),
  KEY `fk_pcn2_idempresa` (`idempresa`),
  KEY `fk_pcn2_pcn2` (`pcn2`),
  CONSTRAINT `fk_pcn2_contas_bancaria_id` FOREIGN KEY (`contas_bancaria_id`) REFERENCES `contas_bancaria` (`id`),
  CONSTRAINT `fk_pcn2_idempresa` FOREIGN KEY (`idempresa`) REFERENCES `system_unit` (`id`),
  CONSTRAINT `fk_pcn2_pcn1_id` FOREIGN KEY (`pcn1_id`) REFERENCES `pcn1` (`id`),
  CONSTRAINT `fk_pcn2_pcn2` FOREIGN KEY (`pcn2`) REFERENCES `pcn2` (`id`)
) ENGINE=InnoDB AUTO_INCREMENT=28 DEFAULT CHARSET=utf8mb3 COLLATE=utf8mb3_unicode_ci;

--
-- Dumping data for table `pcn2`
--

INSERT INTO `pcn2` (`id`, `pcn1_id`, `contas_bancaria_id`, `idempresa`, `codigo`, `descricao`, `estoque`, `cartao`, `percentual`, `pcn2`) VALUES (1,1,NULL,1,'01.001','Carnes ','S','N',NULL,NULL),(2,3,6,1,'02.001','Cartão de Débito Visa','N','S',0.32,15),(3,3,6,1,'02.002','Cartão de Credito Visa','N','S',1.85,15),(4,1,NULL,1,'01.002','Ceasa','S','N',NULL,NULL),(5,1,NULL,1,'01.003','Supermercado','S','N',NULL,NULL),(6,1,NULL,1,'01.004','Frutos do Mar','S','N',NULL,NULL),(7,4,NULL,1,'03.001','Exame admissional','N','N',NULL,NULL),(8,10,NULL,1,'09.001','Cerveja','S','N',NULL,NULL),(9,11,NULL,1,'10.001','Whisky','S','N',NULL,NULL),(10,12,NULL,1,'11.001','Comissão Motoqueiro','N','N',NULL,NULL),(11,13,NULL,1,'12.001','FGTS','N','N',NULL,NULL),(12,5,NULL,1,'04.001','EPI','N','N',NULL,NULL),(13,5,NULL,1,'04.002','Fardamento','N','N',NULL,NULL),(14,16,NULL,1,'15.001','Internet','N','N',NULL,NULL),(15,26,6,1,'25.001','Taxa Cartão de Credito ','N','S',1,1),(16,27,NULL,3,'26.001','Carnes','S','N',NULL,NULL),(17,27,NULL,3,'26.002','Ceasa','S','N',NULL,NULL),(18,30,NULL,3,'29.001','Refrigerantes','S','N',NULL,NULL),(19,29,NULL,3,'28.001','Internet','N','N',NULL,NULL),(20,29,NULL,3,'28.002','Aluguel Empresa','N','N',NULL,NULL),(21,29,NULL,3,'28.003','Dedetização','N','N',NULL,NULL),(22,28,8,3,'27.001','Visa Crédito','N','S',1.2,25),(23,28,8,3,'27.002','Mastercard Débito','N','S',0.85,24),(24,31,NULL,3,'30.001','Taxa Master Débito','N','N',NULL,NULL),(25,31,NULL,3,'30.002','Taxa Visa Crédito','N','N',NULL,NULL),(26,1,NULL,1,'01.005','Vendas','N','N',NULL,NULL),(27,25,NULL,1,'24.001','RETIRADA SOCIOS ','N','N',NULL,NULL);

--
-- Table structure for table `processamento`
--

CREATE TABLE `processamento` (
  `idprocessamento` int(11) NOT NULL AUTO_INCREMENT,
  `estoque_id` int(11) NOT NULL,
  `ficha_tecnica_id` int(11) NOT NULL,
  `iduser` int(11) NOT NULL,
  `idempresa` int(11) NOT NULL,
  `created_at` datetime DEFAULT NULL,
  `deleted_at` datetime DEFAULT NULL,
  `qtd` int(11) NOT NULL,
  PRIMARY KEY (`idprocessamento`),
  KEY `fk_processamento_estoque_id` (`estoque_id`),
  KEY `fk_processamento_ficha_tecnica_id` (`ficha_tecnica_id`),
  KEY `fk_processamento_iduser` (`iduser`),
  KEY `fk_processamento_idempresa` (`idempresa`),
  CONSTRAINT `fk_processamento_estoque_id` FOREIGN KEY (`estoque_id`) REFERENCES `estoque` (`idestoque`),
  CONSTRAINT `fk_processamento_idempresa` FOREIGN KEY (`idempresa`) REFERENCES `system_unit` (`id`),
  CONSTRAINT `fk_processamento_iduser` FOREIGN KEY (`iduser`) REFERENCES `system_users` (`id`)
) ENGINE=InnoDB DEFAULT CHARSET=utf8mb3 COLLATE=utf8mb3_unicode_ci;

--
-- Dumping data for table `processamento`
--


--
-- Table structure for table `rateio`
--

CREATE TABLE `rateio` (
  `idrateio` int(11) NOT NULL AUTO_INCREMENT,
  `pcn2_id` int(11) DEFAULT NULL,
  `movimento_financeiro_id` int(11) DEFAULT NULL,
  `idmovimento` int(11) DEFAULT NULL,
  `tipo_financeiro` int(11) NOT NULL,
  `created_at` datetime NOT NULL,
  `valor` double NOT NULL,
  `pcn1_id` int(11) DEFAULT NULL,
  PRIMARY KEY (`idrateio`),
  KEY `fk_rateio_2` (`movimento_financeiro_id`),
  KEY `fk_rateio_3` (`pcn2_id`),
  KEY `fk_rateio_5` (`tipo_financeiro`),
  KEY `fk_rateio_4` (`idmovimento`),
  KEY `fk_rateio_5_1` (`pcn1_id`),
  CONSTRAINT `fk_rateio_2` FOREIGN KEY (`movimento_financeiro_id`) REFERENCES `movimento_financeiro` (`idmovimento_financeiro`),
  CONSTRAINT `fk_rateio_3` FOREIGN KEY (`pcn2_id`) REFERENCES `pcn2` (`id`),
  CONSTRAINT `fk_rateio_4` FOREIGN KEY (`idmovimento`) REFERENCES `movimento` (`idmovimento`),
  CONSTRAINT `fk_rateio_5` FOREIGN KEY (`tipo_financeiro`) REFERENCES `tipo_financeiro` (`idtipo_financeiro`),
  CONSTRAINT `fk_rateio_5_1` FOREIGN KEY (`pcn1_id`) REFERENCES `pcn1` (`id`)
) ENGINE=InnoDB AUTO_INCREMENT=185 DEFAULT CHARSET=utf8mb3 COLLATE=utf8mb3_unicode_ci;

--
-- Dumping data for table `rateio`
--

INSERT INTO `rateio` (`idrateio`, `pcn2_id`, `movimento_financeiro_id`, `idmovimento`, `tipo_financeiro`, `created_at`, `valor`, `pcn1_id`) VALUES (167,7,160,NULL,1,'2025-12-01 21:10:22',50,4),(168,8,161,NULL,1,'2025-12-01 21:14:34',500.1,10),(169,27,162,NULL,1,'2025-12-01 21:18:27',200,25),(170,8,163,NULL,1,'2025-12-04 10:35:06',1000,10),(171,14,164,NULL,1,'2025-12-04 10:45:25',50,16),(172,14,165,NULL,1,'2025-12-04 10:45:51',100,16),(173,14,166,NULL,1,'2025-12-04 10:46:21',50,16),(174,1,167,NULL,2,'2025-12-04 10:47:03',350,1),(176,1,169,NULL,2,'2025-12-04 10:57:53',100,1),(177,1,170,NULL,2,'2025-12-04 10:57:53',100,NULL),(178,1,171,NULL,2,'2025-12-04 10:57:53',100,NULL),(179,5,172,271,1,'2025-12-11 17:31:43',10,NULL),(180,7,173,NULL,1,'2026-01-02 14:16:23',600,4),(181,5,174,273,1,'2026-01-07 20:05:37',101.11,NULL),(182,5,175,274,1,'2026-01-07 20:05:40',1150.5,NULL),(183,1,176,NULL,2,'2026-01-07 21:54:12',15000,1),(184,5,177,275,1,'2026-01-10 09:22:29',6,NULL);

--
-- Table structure for table `status`
--

CREATE TABLE `status` (
  `idstatus` int(11) NOT NULL AUTO_INCREMENT,
  `nome` varchar(20) NOT NULL,
  `editar` int(11) DEFAULT NULL,
  `excluir` int(11) DEFAULT NULL,
  `pagar` int(11) DEFAULT NULL,
  `cancelar` int(11) DEFAULT NULL,
  `abrir` int(11) DEFAULT NULL,
  `fechar` int(11) DEFAULT NULL,
  PRIMARY KEY (`idstatus`)
) ENGINE=InnoDB AUTO_INCREMENT=11 DEFAULT CHARSET=utf8mb3 COLLATE=utf8mb3_unicode_ci;

--
-- Dumping data for table `status`
--

INSERT INTO `status` (`idstatus`, `nome`, `editar`, `excluir`, `pagar`, `cancelar`, `abrir`, `fechar`) VALUES (1,'pago',0,0,0,1,0,0),(2,'aberto',1,1,1,0,0,1),(3,'fechado',0,0,0,0,1,0),(5,'cancelado',0,0,0,0,NULL,NULL),(7,'não importado',1,1,1,1,NULL,NULL),(8,'importado',1,1,1,1,NULL,NULL),(9,'excluído',1,1,1,1,NULL,NULL),(10,'recebido',0,0,0,1,NULL,NULL);

--
-- Table structure for table `system_document`
--

CREATE TABLE `system_document` (
  `id` int(11) NOT NULL,
  `category_id` int(11) NOT NULL,
  `system_user_id` int(11) DEFAULT NULL,
  `title` text NOT NULL,
  `description` text DEFAULT NULL,
  `submission_date` date DEFAULT NULL,
  `archive_date` date DEFAULT NULL,
  `filename` text DEFAULT NULL,
  PRIMARY KEY (`id`),
  KEY `fk_system_document_category_id` (`category_id`),
  KEY `fk_system_document_system_user_id` (`system_user_id`),
  CONSTRAINT `fk_system_document_category_id` FOREIGN KEY (`category_id`) REFERENCES `system_document_category` (`id`),
  CONSTRAINT `fk_system_document_system_user_id` FOREIGN KEY (`system_user_id`) REFERENCES `system_users` (`id`)
) ENGINE=InnoDB DEFAULT CHARSET=utf8mb3 COLLATE=utf8mb3_unicode_ci;

--
-- Dumping data for table `system_document`
--


--
-- Table structure for table `system_document_category`
--

CREATE TABLE `system_document_category` (
  `id` int(11) NOT NULL,
  `name` text NOT NULL,
  PRIMARY KEY (`id`)
) ENGINE=InnoDB DEFAULT CHARSET=utf8mb3 COLLATE=utf8mb3_unicode_ci;

--
-- Dumping data for table `system_document_category`
--


--
-- Table structure for table `system_document_group`
--

CREATE TABLE `system_document_group` (
  `id` int(11) NOT NULL,
  `document_id` int(11) NOT NULL,
  `system_group_id` int(11) NOT NULL,
  PRIMARY KEY (`id`),
  KEY `fk_system_document_group_document_id` (`document_id`),
  KEY `fk_system_document_group_system_group_id` (`system_group_id`),
  CONSTRAINT `fk_system_document_group_document_id` FOREIGN KEY (`document_id`) REFERENCES `system_document` (`id`),
  CONSTRAINT `fk_system_document_group_system_group_id` FOREIGN KEY (`system_group_id`) REFERENCES `system_group` (`id`)
) ENGINE=InnoDB DEFAULT CHARSET=utf8mb3 COLLATE=utf8mb3_unicode_ci;

--
-- Dumping data for table `system_document_group`
--


--
-- Table structure for table `system_document_user`
--

CREATE TABLE `system_document_user` (
  `id` int(11) NOT NULL,
  `document_id` int(11) NOT NULL,
  `system_user_id` int(11) NOT NULL,
  PRIMARY KEY (`id`),
  KEY `fk_system_document_user_document_id` (`document_id`),
  KEY `fk_system_document_user_system_user_id` (`system_user_id`),
  CONSTRAINT `fk_system_document_user_document_id` FOREIGN KEY (`document_id`) REFERENCES `system_document` (`id`),
  CONSTRAINT `fk_system_document_user_system_user_id` FOREIGN KEY (`system_user_id`) REFERENCES `system_users` (`id`)
) ENGINE=InnoDB DEFAULT CHARSET=utf8mb3 COLLATE=utf8mb3_unicode_ci;

--
-- Dumping data for table `system_document_user`
--


--
-- Table structure for table `system_group`
--

CREATE TABLE `system_group` (
  `id` int(11) NOT NULL,
  `name` text NOT NULL,
  `uuid` varchar(36) DEFAULT NULL,
  PRIMARY KEY (`id`)
) ENGINE=InnoDB DEFAULT CHARSET=utf8mb3 COLLATE=utf8mb3_unicode_ci;

--
-- Dumping data for table `system_group`
--

INSERT INTO `system_group` (`id`, `name`, `uuid`) VALUES (1,'Admin',NULL),(2,'Standard',NULL),(3,'Gestão do Estoque','9dfdc4ce-355f-4ac6-87aa-943f2afd5f28'),(4,'Módulo Financeiro','bae9fb4b-a860-477d-8466-71f9754cfe76'),(5,'Cadastros Básicos','11ee9035-53b8-4aa2-8846-ef0d9c485b41'),(6,'Central de Compras','c4da2aab-6e89-4ed7-9756-1d35a6d50ad4'),(7,'Relatórios','62c5f55b-b697-4e00-9882-5f3c15cc2e62'),(8,'Auditoria ','bd547b3a-070d-44a4-9bbc-e36dce7e864a'),(9,'Configurações','15e88189-f800-49cd-897c-0689ad7125f6'),(10,'BChat Interno','87fda867-44a5-4520-8a55-5a07596d6d2e'),(11,'Fiscal','9cde5017-fb01-4f39-a606-d63de573bc18'),(14,'Manipulação de Insumo','ce2422a4-f399-4ce7-a7c8-ab2a5362b94c'),(15,'Gerencial','deb98432-918c-4945-83ab-3efd3340616f');

--
-- Table structure for table `system_group_program`
--

CREATE TABLE `system_group_program` (
  `id` int(11) NOT NULL,
  `system_group_id` int(11) NOT NULL,
  `system_program_id` int(11) NOT NULL,
  `actions` text DEFAULT NULL,
  PRIMARY KEY (`id`),
  KEY `fk_system_group_program_system_group_id` (`system_group_id`),
  KEY `fk_system_group_program_system_program_id` (`system_program_id`),
  CONSTRAINT `fk_system_group_program_system_group_id` FOREIGN KEY (`system_group_id`) REFERENCES `system_group` (`id`),
  CONSTRAINT `fk_system_group_program_system_program_id` FOREIGN KEY (`system_program_id`) REFERENCES `system_program` (`id`)
) ENGINE=InnoDB DEFAULT CHARSET=utf8mb3 COLLATE=utf8mb3_unicode_ci;

--
-- Dumping data for table `system_group_program`
--

INSERT INTO `system_group_program` (`id`, `system_group_id`, `system_program_id`, `actions`) VALUES (12,2,10,NULL),(13,2,12,NULL),(14,2,13,NULL),(15,2,16,NULL),(16,2,17,NULL),(17,2,18,NULL),(18,2,19,NULL),(19,2,20,NULL),(21,2,22,NULL),(22,2,23,NULL),(23,2,24,NULL),(24,2,25,NULL),(120,5,102,NULL),(121,5,64,NULL),(122,5,67,NULL),(123,5,73,NULL),(124,5,99,NULL),(125,5,63,NULL),(126,5,72,NULL),(127,5,75,NULL),(128,5,94,NULL),(129,5,76,NULL),(130,5,77,NULL),(131,5,100,NULL),(132,5,57,NULL),(133,5,82,NULL),(134,5,101,NULL),(135,5,52,NULL),(136,5,91,NULL),(137,5,88,NULL),(138,5,65,NULL),(139,5,89,NULL),(140,5,51,NULL),(141,5,53,NULL),(142,5,93,NULL),(143,5,79,NULL),(144,5,87,NULL),(145,5,74,NULL),(146,5,54,NULL),(147,5,68,NULL),(148,6,71,NULL),(149,7,69,NULL),(150,7,70,NULL),(151,7,107,NULL),(152,8,47,NULL),(155,4,48,'[]'),(156,4,49,'[]'),(157,4,50,'[]'),(158,4,58,'[]'),(159,4,66,'[]'),(160,4,78,'[]'),(161,4,80,'[]'),(162,4,81,'[]'),(163,4,83,'[]'),(164,4,84,'[]'),(165,4,90,'[]'),(166,4,92,'[]'),(167,4,96,'[]'),(168,4,97,'[]'),(169,4,98,'[]'),(170,4,103,'[]'),(171,4,105,'[]'),(172,4,106,'[]'),(173,4,107,'[]'),(174,1,1,'[]'),(175,1,2,'[]'),(176,1,3,'[]'),(177,1,4,'[]'),(178,1,5,'[]'),(179,1,6,'[]'),(180,1,8,'[]'),(181,1,9,'[]'),(182,1,11,'[]'),(183,1,14,'[]'),(184,1,15,'[]'),(185,1,21,'[]'),(186,1,26,'[]'),(187,1,43,'[]'),(188,1,44,'[]'),(189,1,45,'[]'),(190,1,46,'[]'),(191,1,47,'[]'),(192,1,48,'[]'),(193,1,49,'[]'),(194,1,50,'[]'),(195,1,51,'[]'),(196,1,52,'[]'),(197,1,53,'[]'),(198,1,54,'[]'),(199,1,55,'[]'),(200,1,56,'[]'),(201,1,57,'[]'),(202,1,58,'[]'),(203,1,59,'[]'),(204,1,60,'[]'),(205,1,61,'[]'),(206,1,62,'[]'),(207,1,63,'[]'),(208,1,64,'[]'),(209,1,65,'[]'),(210,1,66,'[]'),(211,1,67,'[]'),(212,1,68,'[]'),(213,1,69,'[]'),(214,1,70,'[]'),(215,1,71,'[]'),(216,1,72,'[]'),(217,1,73,'[]'),(218,1,74,'[]'),(219,1,75,'[]'),(220,1,76,'[]'),(221,1,77,'[]'),(222,1,78,'[]'),(223,1,79,'[]'),(224,1,80,'[]'),(225,1,81,'[]'),(226,1,82,'[]'),(227,1,83,'[]'),(228,1,84,'[]'),(229,1,85,'[]'),(230,1,86,'[]'),(231,1,87,'[]'),(232,1,88,'[]'),(233,1,89,'[]'),(234,1,90,'[]'),(235,1,91,'[]'),(236,1,92,'[]'),(237,1,93,'[]'),(238,1,94,'[]'),(239,1,95,'[]'),(240,1,96,'[]'),(241,1,97,'[]'),(242,1,98,'[]'),(243,1,99,'[]'),(244,1,100,'[]'),(245,1,101,'[]'),(246,1,102,'[]'),(247,1,103,'[]'),(248,1,104,'[]'),(249,1,105,'[]'),(250,1,106,'[]'),(251,1,107,'[]'),(252,1,108,'[]'),(253,4,108,'[]'),(254,1,110,'[]'),(256,10,111,NULL),(257,10,112,NULL),(258,10,113,NULL),(259,1,114,NULL),(260,1,115,NULL),(272,6,109,NULL),(273,7,108,NULL),(276,11,128,NULL),(280,1,27,'[]'),(290,9,55,'[]'),(291,9,56,'[]'),(292,9,126,'[]'),(293,9,127,'[]'),(294,9,132,'[]'),(295,9,133,'[]'),(296,9,137,NULL),(297,9,138,NULL),(298,7,139,NULL),(299,7,140,NULL),(300,7,141,NULL),(301,7,142,NULL),(302,7,143,NULL),(334,7,144,NULL),(335,7,145,NULL),(336,7,146,NULL),(337,6,122,NULL),(342,6,149,NULL),(343,6,150,NULL),(344,14,67,'[]'),(345,14,68,'[]'),(346,14,74,'[]'),(347,14,75,'[]'),(348,14,94,'[]'),(349,14,95,'[]'),(350,14,147,'[]'),(351,14,148,'[]'),(352,7,151,NULL),(353,7,152,NULL),(354,7,153,NULL),(355,7,154,NULL),(356,7,155,NULL),(357,7,156,NULL),(362,5,161,NULL),(363,5,162,NULL),(364,5,163,NULL),(365,5,164,NULL),(366,14,165,NULL),(367,8,166,NULL),(368,3,43,'[]'),(369,3,44,'[]'),(370,3,45,'[]'),(371,3,46,'[]'),(372,3,59,'[]'),(373,3,60,'[]'),(374,3,61,'[]'),(375,3,62,'[]'),(376,3,85,'[]'),(377,3,86,'[]'),(378,3,88,'[]'),(379,3,95,'[]'),(380,3,104,'[]'),(381,3,110,'[]'),(382,3,116,'[]'),(383,3,117,'[]'),(384,3,118,'[]'),(385,3,119,'[]'),(386,3,120,'[]'),(387,3,121,'[]'),(388,3,122,'[]'),(389,3,123,'[]'),(390,3,124,'[]'),(391,3,125,'[]'),(392,3,128,'[]'),(393,3,129,'[]'),(394,3,130,'[]'),(395,3,131,'[]'),(396,3,136,'[]'),(397,3,141,'[]'),(398,3,142,'[]'),(399,3,157,'[]'),(400,3,158,'[]'),(401,3,159,'[]'),(402,3,160,'[]'),(403,3,165,'[]'),(404,3,166,'[]'),(405,7,167,NULL),(406,3,94,NULL),(407,3,147,NULL),(408,3,148,NULL),(409,15,46,NULL),(410,9,47,NULL),(411,7,168,NULL),(412,7,169,NULL),(413,3,170,NULL),(414,3,171,NULL),(415,3,172,NULL),(416,3,173,NULL),(417,3,174,NULL),(418,3,175,NULL),(419,3,176,NULL),(420,3,177,NULL),(421,3,178,NULL),(422,3,179,NULL),(423,3,180,NULL),(424,3,181,NULL),(425,6,182,NULL),(426,6,183,NULL),(427,6,184,NULL),(428,6,185,NULL),(429,7,186,NULL),(430,4,187,NULL),(431,4,188,NULL),(432,3,189,NULL),(435,6,192,NULL),(436,4,193,NULL),(437,4,194,NULL),(438,15,106,NULL),(439,15,105,NULL);

--
-- Table structure for table `system_message`
--

CREATE TABLE `system_message` (
  `id` int(11) NOT NULL,
  `system_user_id` int(11) NOT NULL,
  `system_user_to_id` int(11) NOT NULL,
  `subject` text NOT NULL,
  `message` text DEFAULT NULL,
  `dt_message` datetime DEFAULT NULL,
  `checked` char(1) DEFAULT NULL,
  PRIMARY KEY (`id`),
  KEY `fk_system_message_system_user_id` (`system_user_id`),
  KEY `fk_system_message_system_user_to_id` (`system_user_to_id`),
  CONSTRAINT `fk_system_message_system_user_id` FOREIGN KEY (`system_user_id`) REFERENCES `system_users` (`id`),
  CONSTRAINT `fk_system_message_system_user_to_id` FOREIGN KEY (`system_user_to_id`) REFERENCES `system_users` (`id`)
) ENGINE=InnoDB DEFAULT CHARSET=utf8mb3 COLLATE=utf8mb3_unicode_ci;

--
-- Dumping data for table `system_message`
--


--
-- Table structure for table `system_notification`
--

CREATE TABLE `system_notification` (
  `id` int(11) NOT NULL,
  `system_user_id` int(11) NOT NULL,
  `system_user_to_id` int(11) NOT NULL,
  `subject` text DEFAULT NULL,
  `message` text DEFAULT NULL,
  `dt_message` datetime DEFAULT NULL,
  `action_url` text DEFAULT NULL,
  `action_label` text DEFAULT NULL,
  `icon` text DEFAULT NULL,
  `checked` char(1) DEFAULT NULL,
  PRIMARY KEY (`id`),
  KEY `fk_system_notification_system_user_id` (`system_user_id`),
  KEY `fk_system_notification_system_user_to_id` (`system_user_to_id`),
  CONSTRAINT `fk_system_notification_system_user_id` FOREIGN KEY (`system_user_id`) REFERENCES `system_users` (`id`),
  CONSTRAINT `fk_system_notification_system_user_to_id` FOREIGN KEY (`system_user_to_id`) REFERENCES `system_users` (`id`)
) ENGINE=InnoDB DEFAULT CHARSET=utf8mb3 COLLATE=utf8mb3_unicode_ci;

--
-- Dumping data for table `system_notification`
--

INSERT INTO `system_notification` (`id`, `system_user_id`, `system_user_to_id`, `subject`, `message`, `dt_message`, `action_url`, `action_label`, `icon`, `checked`) VALUES (1,1,1,'Auditoria de entrada de notas','O item  arroz foi dado entrada com o % 10 maior do que o último preço de compra!  ','2025-07-04 15:22:06','class=AuditoriaList&method=onShow','Texto do botão','fas fa-audio-description','Y'),(2,1,1,'Auditoria de entrada de notas','O item  arroz foi dado entrada com o 120.58823529412% maior do que o último preço de compra!  ','2025-07-04 15:23:24','class=AuditoriaList&method=onShow','Texto do botão','fas fa-audio-description','Y'),(3,1,1,'Auditoria de entrada de notas','O item  arroz foi dado entrada com o 120.58823529412% maior do que o último preço de compra!  ','2025-07-04 15:25:39','class=MovimentoList&method=onShow','Confirmar leitura','fas fa-audio-description','Y'),(4,1,1,'Auditoria de entrada de notas','O item  arroz foi dado entrada com o  120.59 % maior do que o último preço de compra!  ','2025-07-04 15:27:35','class=MovimentoList&method=onShow','Confirmar leitura','fas fa-audio-description','Y'),(5,1,1,'Auditoria de entrada de notas','Os seguintes itens foram dados entrada com valor maior que o permitido: arroz ({round(120.58823529412, 2)}%)','2025-07-04 15:30:58','class=MovimentoList&method=onShow','Confirmar leitura','fas fa-audio-description','Y'),(6,1,1,'Auditoria de entrada de notas','Os seguintes itens foram dados entrada com valor maior que o permitido: arroz (120.59%), Feijão preto (47.42%)','2025-07-04 15:31:59','class=MovimentoList&method=onShow','Confirmar leitura','fas fa-audio-description','Y'),(7,1,1,'Auditoria de entrada de notas','Os seguintes itens foram dados entrada com valor maior que o permitido: arroz (120.59%), Feijão preto (47.42%)','2025-07-04 15:32:09','class=MovimentoList&method=onShow','Confirmar leitura','fas fa-audio-description','Y'),(8,1,1,'Auditoria de entrada de notas','Os seguintes itens foram dados entrada com valor maior que o último preço de compra: {\'<b>\'</b>\'} (120.59%) <br>, {\'<b>\'</b>\'} (47.42%) <br>','2025-07-04 15:33:55','class=MovimentoList&method=onShow','Confirmar leitura','fas fa-audio-description','Y'),(9,1,1,'Auditoria de entrada de notas','Os seguintes itens do fornecedor Andre foram dados entrada com valor maior que o último preço de compra: arroz (120.59%), Feijão preto (47.42%)','2025-07-04 15:42:09','class=MovimentoList&method=onShow','Confirmar leitura','fas fa-audio-description','Y'),(10,1,1,'Auditoria de entrada - Fornecedor: Andre Nota:  333 ','Os seguintes itens foram dados entrada com valor maior que o último preço de compra: arroz (120.59%), Feijão preto (47.42%)','2025-07-04 15:44:45','class=MovimentoList&method=onShow','Confirmar leitura','fas fa-audio-description','Y'),(11,1,1,'Auditoria de entrada - Fornecedor: Andre Número:  333 ','Os seguintes itens foram dados entrada com valor maior que o último preço de compra: arroz (120.59%), Feijão preto (47.42%)','2025-07-04 15:46:04','class=MovimentoList&method=onShow','Confirmar leitura','fas fa-audio-description','Y'),(12,1,1,'Auditoria de entrada - Fornecedor: Andre Número:  333 ','Os seguintes itens foram dados entrada com valor maior que o último preço de compra: arroz (120.59%), Feijão preto (47.42%)','2025-07-04 15:48:40','class=MovimentoList&method=onShow','Confirmar leitura','fas fa-audio-description','Y'),(13,1,1,'Auditoria de entrada - Fornecedor: Andre Número:  333 ','Os seguintes itens foram dados entrada com valor maior que o último preço de compra: arroz (120.59%), Feijão preto (47.42%)','2025-07-04 15:51:39','class=MovimentoList&method=onShow','Confirmar leitura','fas fa-audio-description','Y'),(14,1,1,'Auditoria de entrada - Fornecedor: Andre Número:  125 ','Os seguintes itens foram dados entrada com valor maior que o último preço de compra: arroz (16635.29%)','2025-07-08 20:15:08','class=MovimentoList&method=onShow','Confirmar leitura','fas fa-audio-description','N'),(15,1,1,'Auditoria de entrada - Fornecedor: Andre Número:  125 ','Os seguintes itens foram dados entrada com valor maior que o último preço de compra: arroz (16635.29%)','2025-07-08 20:15:16','class=MovimentoList&method=onShow','Confirmar leitura','fas fa-audio-description','N'),(16,1,1,'Auditoria de entrada - Fornecedor: Andre Número:  125 ','Os seguintes itens foram dados entrada com valor maior que o último preço de compra: Coca Cola Lata (462.11%)','2025-07-08 20:27:35','class=MovimentoList&method=onShow','Confirmar leitura','fas fa-audio-description','N'),(17,1,1,'Auditoria de entrada - Fornecedor: Andre Número:  125 ','Os seguintes itens foram dados entrada com valor maior que o último preço de compra: Coca Cola Lata (462.11%)','2025-07-08 20:27:47','class=MovimentoList&method=onShow','Confirmar leitura','fas fa-audio-description','N'),(18,1,1,'Auditoria de entrada - Fornecedor: Andre Número:  125 ','Os seguintes itens foram dados entrada com valor maior que o último preço de compra: Coca Cola Lata (462.11%)','2025-07-08 20:28:27','class=MovimentoList&method=onShow','Confirmar leitura','fas fa-audio-description','N'),(19,1,1,'Auditoria de entrada - Fornecedor: Andre Número:  125 ','Os seguintes itens foram dados entrada com valor maior que o último preço de compra: Fanta laranja (479.37%)','2025-07-08 21:46:33','class=MovimentoList&method=onShow','Confirmar leitura','fas fa-audio-description','N'),(20,1,1,'Auditoria de entrada - Fornecedor: Andre Número:  125 ','Os seguintes itens foram dados entrada com valor maior que o último preço de compra: Fanta laranja (479.37%)','2025-07-08 21:46:57','class=MovimentoList&method=onShow','Confirmar leitura','fas fa-audio-description','N'),(21,1,1,'Auditoria de entrada - Fornecedor: Andre Número:  125 ','Os seguintes itens foram dados entrada com valor maior que o último preço de compra: Fanta laranja (479.37%)','2025-07-08 21:47:30','class=MovimentoList&method=onShow','Confirmar leitura','fas fa-audio-description','N'),(22,1,1,'Auditoria de entrada - Fornecedor: Andre Número:  125 ','Os seguintes itens foram dados entrada com valor maior que o último preço de compra: Fanta laranja (479.37%)','2025-07-08 21:48:23','class=MovimentoList&method=onShow','Confirmar leitura','fas fa-audio-description','N'),(23,1,1,'Auditoria de entrada - Fornecedor: Andre Número:  125 ','Os seguintes itens foram dados entrada com valor maior que o último preço de compra: Fanta laranja (479.37%)','2025-07-08 21:48:54','class=MovimentoList&method=onShow','Confirmar leitura','fas fa-audio-description','N'),(24,1,1,'Auditoria de entrada - Fornecedor: Andre Número:  125 ','Os seguintes itens foram dados entrada com valor maior que o último preço de compra: Fanta laranja (479.37%)','2025-07-08 21:51:08','class=MovimentoList&method=onShow','Confirmar leitura','fas fa-audio-description','N'),(25,1,1,'Auditoria de entrada - Fornecedor: Andre Número:  125 ','Os seguintes itens foram dados entrada com valor maior que o último preço de compra: Fanta laranja (769.06%)','2025-07-08 21:52:12','class=MovimentoList&method=onShow','Confirmar leitura','fas fa-audio-description','N'),(26,1,1,'Auditoria de entrada - Fornecedor: Andre Número:  125 ','Os seguintes itens foram dados entrada com valor maior que o último preço de compra: Fanta laranja (769.06%)','2025-07-08 21:52:25','class=MovimentoList&method=onShow','Confirmar leitura','fas fa-audio-description','N'),(27,1,1,'Auditoria de entrada - Fornecedor: Andre Número:  125 ','Os seguintes itens foram dados entrada com valor maior que o último preço de compra: Fanta laranja (884.94%)','2025-07-08 21:53:38','class=MovimentoList&method=onShow','Confirmar leitura','fas fa-audio-description','N'),(28,1,1,'Auditoria de entrada - Fornecedor: Andre Número:  125 ','Os seguintes itens foram dados entrada com valor maior que o último preço de compra: Fanta laranja (884.94%)','2025-07-08 21:53:48','class=MovimentoList&method=onShow','Confirmar leitura','fas fa-audio-description','N'),(29,1,1,'Auditoria de entrada - Fornecedor: Andre Número:  125 ','Os seguintes itens foram dados entrada com valor maior que o último preço de compra: Fanta laranja (884.94%)','2025-07-08 21:58:48','class=MovimentoList&method=onShow','Confirmar leitura','fas fa-audio-description','N'),(30,1,1,'Auditoria de entrada - Fornecedor: Andre Número:  125 ','Os seguintes itens foram dados entrada com valor maior que o último preço de compra: Fanta laranja (884.94%)','2025-07-08 22:00:28','class=MovimentoList&method=onShow','Confirmar leitura','fas fa-audio-description','N'),(31,1,1,'Auditoria de entrada - Fornecedor: Andre Número:  125 ','Os seguintes itens foram dados entrada com valor maior que o último preço de compra: Fanta laranja (884.94%)','2025-07-08 22:01:45','class=MovimentoList&method=onShow','Confirmar leitura','fas fa-audio-description','N'),(32,1,1,'Auditoria de entrada - Fornecedor: Andre Número:  125 ','Os seguintes itens foram dados entrada com valor maior que o último preço de compra: Fanta laranja (884.94%)','2025-07-08 22:05:02','class=MovimentoList&method=onShow','Confirmar leitura','fas fa-audio-description','N'),(33,1,1,'Auditoria de entrada - Fornecedor: Andre Número:  125 ','Os seguintes itens foram dados entrada com valor maior que o último preço de compra: Fanta laranja (769.06%)','2025-07-08 22:06:38','class=MovimentoList&method=onShow','Confirmar leitura','fas fa-audio-description','N'),(34,1,1,'Auditoria de entrada - Fornecedor: ESTIVAS NOVO PRADO LTDA Número:  2279146 ','Os seguintes itens foram dados entrada com valor maior que o último preço de compra: Picanha (650.38%)','2025-07-09 10:07:18','class=MovimentoList&method=onShow','Confirmar leitura','fas fa-audio-description','N'),(35,1,1,'Auditoria de entrada - Fornecedor: ESTIVAS NOVO PRADO LTDA Número:  2279146 ','Os seguintes itens foram dados entrada com valor maior que o último preço de compra: Picanha (650.38%)','2025-07-09 10:07:35','class=MovimentoList&method=onShow','Confirmar leitura','fas fa-audio-description','N'),(36,1,1,'Auditoria de entrada - Fornecedor: ESTIVAS NOVO PRADO LTDA Número:  2279146 ','Os seguintes itens foram dados entrada com valor maior que o último preço de compra: Picanha (650.38%)','2025-07-09 10:07:46','class=MovimentoList&method=onShow','Confirmar leitura','fas fa-audio-description','N'),(37,1,1,'Auditoria de entrada - Fornecedor: ESTIVAS NOVO PRADO LTDA Número:  2279146 ','Os seguintes itens foram dados entrada com valor maior que o último preço de compra: Picanha (650.38%)','2025-07-09 10:07:56','class=MovimentoList&method=onShow','Confirmar leitura','fas fa-audio-description','N'),(38,1,1,'Auditoria de entrada - Fornecedor: ESTIVAS NOVO PRADO LTDA Número:  2279146 ','Os seguintes itens foram dados entrada com valor maior que o último preço de compra: Picanha (650.38%)','2025-07-09 10:09:30','class=MovimentoList&method=onShow','Confirmar leitura','fas fa-audio-description','N'),(39,1,1,'Auditoria de entrada - Fornecedor: ESTIVAS NOVO PRADO LTDA Número:  2279146 ','Os seguintes itens foram dados entrada com valor maior que o último preço de compra: Picanha (650.38%)','2025-07-09 10:09:46','class=MovimentoList&method=onShow','Confirmar leitura','fas fa-audio-description','N'),(40,1,1,'Auditoria de entrada - Fornecedor: ESTIVAS NOVO PRADO LTDA Número:  2279146 ','Os seguintes itens foram dados entrada com valor maior que o último preço de compra: Picanha (650.38%)','2025-07-09 10:18:33','class=MovimentoList&method=onShow','Confirmar leitura','fas fa-audio-description','N'),(41,1,1,'Auditoria de entrada - Fornecedor: ESTIVAS NOVO PRADO LTDA Número:  2279146 ','Os seguintes itens foram dados entrada com valor maior que o último preço de compra: Picanha (650.38%)','2025-07-09 10:18:48','class=MovimentoList&method=onShow','Confirmar leitura','fas fa-audio-description','N'),(42,1,1,'Auditoria de entrada - Fornecedor: MCA ALIMENTOS LTDA Número:  29505 ','Os seguintes itens foram dados entrada com valor maior que o último preço de compra: Feijão preto (83%)','2025-07-09 14:14:24','class=MovimentoList&method=onShow','Confirmar leitura','fas fa-audio-description','N'),(43,1,1,'Auditoria de entrada - Fornecedor: Andre Número:  1101 ','Os seguintes itens foram dados entrada com valor maior que o último preço de compra: Feijão preto (16.84%)','2025-11-20 15:50:45','class=MovimentoList&method=onShow','Confirmar leitura','fas fa-audio-description','Y'),(44,1,1,'Auditoria de entrada - Fornecedor: Andre Número:  1101 ','Os seguintes itens foram dados entrada com valor maior que o último preço de compra: Feijão preto (16.84%)','2025-11-20 15:50:51','class=MovimentoList&method=onShow','Confirmar leitura','fas fa-audio-description','Y'),(45,1,1,'Auditoria de entrada - Fornecedor: Andre Número:  01212 ','Os seguintes itens foram dados entrada com valor maior que o último preço de compra: arroz (900%)','2026-01-07 19:57:19','class=MovimentoList&method=onShow','Confirmar leitura','fas fa-audio-description','N'),(46,1,1,'Auditoria de entrada - Fornecedor: CRBS S/A - CDD Varginha Número:  1221 ','Os seguintes itens foram dados entrada com valor maior que o último preço de compra: Feijão preto (936.49%)','2026-01-07 20:04:40','class=MovimentoList&method=onShow','Confirmar leitura','fas fa-audio-description','N'),(47,1,1,'Auditoria de entrada - Fornecedor: CRBS S/A - CDD Varginha Número:  1221 ','Os seguintes itens foram dados entrada com valor maior que o último preço de compra: Feijão preto (936.49%)','2026-01-07 20:04:47','class=MovimentoList&method=onShow','Confirmar leitura','fas fa-audio-description','Y');

--
-- Table structure for table `system_preference`
--

CREATE TABLE `system_preference` (
  `id` varchar(255) NOT NULL,
  `preference` text DEFAULT NULL,
  PRIMARY KEY (`id`)
) ENGINE=InnoDB DEFAULT CHARSET=utf8mb3 COLLATE=utf8mb3_unicode_ci;

--
-- Dumping data for table `system_preference`
--

INSERT INTO `system_preference` (`id`, `preference`) VALUES ('1_pw_queries','[{\"id\":\"6830d1e3e9d47\",\"name\":\"excluir nota\",\"sql\":\"delete from itens_movimento where movimento_id=34;\\ndelete from movimento_parcelas where movimento_id =34;\\ndelete from movimento where idmovimento = 34;\\ndelete from fornecedor_codigo;\\ndelete from fornecedor_codigo_temp;\\ndelete from cliente_fornecedor where idcliente_fornecedor =10;\\n\\n\",\"database\":\"pw\"}]'),('1_user_datagrid_properties','{\"MovimentoContasPagarList\":{\"hideColumns\":[],\"pageLimit\":10},\"MovimentoContasReceberList\":{\"hideColumns\":{\"228e9accda860ac5fef9f177e931569d\":\"228e9accda860ac5fef9f177e931569d\"},\"pageLimit\":10}}'),('2fa_by_email','F'),('2fa_by_google_auth','F'),('builder_user_themes','{\"1\":\"dark\"}'),('google_recaptcha','F'),('internal_chat','F'),('maintenance_enabled','F'),('single_tab_mode','T'),('strong_password','F');

--
-- Table structure for table `system_program`
--

CREATE TABLE `system_program` (
  `id` int(11) NOT NULL,
  `name` text NOT NULL,
  `controller` text NOT NULL,
  `actions` text DEFAULT NULL,
  PRIMARY KEY (`id`)
) ENGINE=InnoDB DEFAULT CHARSET=utf8mb3 COLLATE=utf8mb3_unicode_ci;

--
-- Dumping data for table `system_program`
--

INSERT INTO `system_program` (`id`, `name`, `controller`, `actions`) VALUES (1,'System Group Form','SystemGroupForm',NULL),(2,'System Group List','SystemGroupList',NULL),(3,'System Program Form','SystemProgramForm',NULL),(4,'System Program List','SystemProgramList',NULL),(5,'System User Form','SystemUserForm',NULL),(6,'System User List','SystemUserList',NULL),(7,'Common Page','CommonPage',NULL),(8,'System PHP Info','SystemPHPInfoView',NULL),(9,'System ChangeLog View','SystemChangeLogView',NULL),(10,'Welcome View','WelcomeView',NULL),(11,'System Sql Log','SystemSqlLogList',NULL),(12,'System Profile View','SystemProfileView',NULL),(13,'System Profile Form','SystemProfileForm',NULL),(14,'System SQL Panel','SystemSQLPanel',NULL),(15,'System Access Log','SystemAccessLogList',NULL),(16,'System Message Form','SystemMessageForm',NULL),(17,'System Message List','SystemMessageList',NULL),(18,'System Message Form View','SystemMessageFormView',NULL),(19,'System Notification List','SystemNotificationList',NULL),(20,'System Notification Form View','SystemNotificationFormView',NULL),(21,'System Document Category List','SystemDocumentCategoryFormList',NULL),(22,'System Document Form','SystemDocumentForm',NULL),(23,'System Document Upload Form','SystemDocumentUploadForm',NULL),(24,'System Document List','SystemDocumentList',NULL),(25,'System Shared Document List','SystemSharedDocumentList',NULL),(26,'System Unit Form','SystemUnitForm',NULL),(27,'System Unit List','SystemUnitList',NULL),(28,'System Access stats','SystemAccessLogStats',NULL),(29,'System Preference form','SystemPreferenceForm',NULL),(30,'System Support form','SystemSupportForm',NULL),(31,'System PHP Error','SystemPHPErrorLogView',NULL),(32,'System Database Browser','SystemDatabaseExplorer',NULL),(33,'System Table List','SystemTableList',NULL),(34,'System Data Browser','SystemDataBrowser',NULL),(35,'System Menu Editor','SystemMenuEditor',NULL),(36,'System Request Log','SystemRequestLogList',NULL),(37,'System Request Log View','SystemRequestLogView',NULL),(38,'System Administration Dashboard','SystemAdministrationDashboard',NULL),(39,'System Log Dashboard','SystemLogDashboard',NULL),(40,'System Session dump','SystemSessionDumpView',NULL),(41,'Files diff','SystemFilesDiff',NULL),(42,'System Information','SystemInformationView',NULL),(43,'Ajuste Custo Medio Form','AjusteCustoMedioForm',NULL),(44,'Ajuste Custo Medio List','AjusteCustoMedioList',NULL),(45,'Ajuste Saldo Estoque Form','AjusteSaldoEstoqueForm',NULL),(46,'Ajuste Saldo Estoque List','AjusteSaldoEstoqueList',NULL),(47,'Auditoria List','AuditoriaList',NULL),(48,'Baixa Movimento Financeiro','BaixaMovimentoFinanceiro',NULL),(49,'Baixa Movimento Financeiro Receber','BaixaMovimentoFinanceiroReceber',NULL),(50,'Baixa Movimento Financeiro Receber2','BaixaMovimentoFinanceiroReceber2',NULL),(51,'Categoria Form','CategoriaForm',NULL),(52,'Categoria List','CategoriaList',NULL),(53,'Cliente Fornecedor Form','ClienteFornecedorForm',NULL),(54,'Cliente Fornecedor List','ClienteFornecedorList',NULL),(55,'Configuracao Form','ConfiguracaoForm',NULL),(56,'Configuracao List','ConfiguracaoList',NULL),(57,'Contas Form','ContasForm',NULL),(58,'Contas List','ContasList',NULL),(59,'Contas Pagar Entrada','ContasPagarEntrada',NULL),(60,'Contas Receber Saida','ContasReceberSaida',NULL),(61,'Dashboard Estoque','DashboardEstoque',NULL),(62,'Dashboard Financeiro','DashboardFinanceiro',NULL),(63,'Estoque Form','EstoqueForm',NULL),(64,'Estoque List','EstoqueList',NULL),(65,'Fechamento Mes Form','FechamentoMesForm',NULL),(66,'Fechamento Mes List','FechamentoMesList',NULL),(67,'Ficha Tecnica Form','FichaTecnicaForm',NULL),(68,'Ficha Tecnica List','FichaTecnicaList',NULL),(69,'Filtro Analitico Despesas','FiltroAnaliticoDespesas',NULL),(70,'Filtro Resumo Plano Contas','FiltroResumoPlanoContas',NULL),(71,'Historico Compras List','HistoricoComprasList',NULL),(72,'Item Form','ItemForm',NULL),(73,'Item List','ItemList',NULL),(74,'Itens Fichatecnica Form','ItensFichatecnicaForm',NULL),(75,'Itens Fichatecnica List','ItensFichatecnicaList',NULL),(76,'Itens Movimento Form','ItensMovimentoForm',NULL),(77,'Itens Movimento List','ItensMovimentoList',NULL),(78,'Mov Bancaria List','MovBancariaList',NULL),(79,'Movimento Balanco Form','MovimentoBalancoForm',NULL),(80,'Movimento Contas Pagar List','MovimentoContasPagarList',NULL),(81,'Movimento Contas Receber List','MovimentoContasReceberList',NULL),(82,'Movimento Entrada Form','MovimentoEntradaForm',NULL),(83,'Movimento Financeiro Pagar Form','MovimentoFinanceiroPagarForm',NULL),(84,'Movimento Financeiro Receber Form','MovimentoFinanceiroReceberForm',NULL),(85,'Movimento Form View','MovimentoFormView',NULL),(86,'Movimento List','MovimentoList',NULL),(87,'Movimento Requisicao Form','MovimentoRequisicaoForm',NULL),(88,'Movimento Saida Form','MovimentoSaidaForm',NULL),(89,'Movimento Transferencia Form','MovimentoTransferenciaForm',NULL),(90,'Pcn1Form','Pcn1Form',NULL),(91,'Pcn1List','Pcn1List',NULL),(92,'Pcn2Form','Pcn2Form',NULL),(93,'Pcn2List','Pcn2List',NULL),(94,'Processamento Form','ProcessamentoForm',NULL),(95,'Processamento List','ProcessamentoList',NULL),(96,'Quitar Conta Pagar Lote Form','QuitarContaPagarLoteForm',NULL),(97,'Quitar Conta Receber Lote Form','QuitarContaReceberLoteForm',NULL),(98,'Rateio Simple List','RateioSimpleList',NULL),(99,'Sub Categoria Form','SubCategoriaForm',NULL),(100,'Tipo Documento Form','TipoDocumentoForm',NULL),(101,'Tipo Documento List','TipoDocumentoList',NULL),(102,'Transferencia Bancaria Form','TransferenciaBancariaForm',NULL),(103,'Transferencia Bancaria List','TransferenciaBancariaList',NULL),(104,'Transferencia Itens Pela Listagem','TransferenciaItensPelaListagem',NULL),(105,'Vendas Form','VendasForm',NULL),(106,'Vendas List','VendasList',NULL),(107,'Relatório Diário','RelatorioDiario',NULL),(108,'Rel_conta_bancaria','Rel_conta_bancaria',NULL),(109,'Movimento List Ordem Compras','MovimentoListOrdemCompras',NULL),(110,'Estoque Itens Simple List','EstoqueItensSimpleList',NULL),(111,'Form de adicionar usuário ao grupo de chat','SystemAddUserGroupForm',NULL),(112,'Form para iniciar um chat','SystemNewChatForm',NULL),(113,'Form para iniciar um chat em grupo','SystemNewChatGroupForm',NULL),(114,'Listagem para monitorar usuários online','SystemUserMonitorHeaderList',NULL),(115,'Formulário de imoportação de registros','SystemDataImportForm',NULL),(116,'escolheParcelasform','MovimentoForm',NULL),(117,'selecionaParcelas','MovBancariaForm',NULL),(118,'Emissão movimento','MovimentoEntradaDocument',NULL),(119,'Parcelas','parcelasEstoque',NULL),(120,'Emissão transferência','MovimentoTransferenciaDocument',NULL),(121,'Emissão saída','MovimentoSaidaDocument',NULL),(122,'Saldo estoque','EstoqueItensHeaderList',NULL),(123,'Emissão balanço','MovimentoBalancoDocument',NULL),(124,'Emissão ordem de compra','MovimentoOrdemCompraDocument',NULL),(125,'Emissão requisição','MovimentoRequisicaoDocument',NULL),(126,'Cadastro de empresa','EmpresaForm',NULL),(127,'Empresa','EmpresaSimpleList',NULL),(128,'Manifesto NFE','ManifestoNFE',NULL),(129,'Manifesto em lote','ManifestoLote',NULL),(130,'Painel NFe','PainelEntradaList',NULL),(131,'Cadastro de associação','FornecedorCodigoTempForm',NULL),(132,'Cadastro de associação','FornecedorCodigoForm',NULL),(133,'Associação ','FornecedorCodigoHeaderList',NULL),(136,'Cadastro de associação','FornecedorCodigoTempHeaderList',NULL),(137,'Cadastro de cfop','CfopForm',NULL),(138,'Cfops','CfopHeaderList',NULL),(139,'Relatório físico de itens','FisicoItensReport',NULL),(140,'Relatório físico de itens','EstoqueFisicoReport',NULL),(141,'Consumo e Estoque Inicial','EConsumoincialReport',NULL),(142,'Listagem de Requisições Analítica','RequisicaoAnaliticaReport',NULL),(143,'Listagem de Requisições Analítica ','RequisicaoReport',NULL),(144,'Histórico de Transferência Analítica ','TransferenciaReport',NULL),(145,'Histórico de compra ( fornecedor )','HistoricoCompraFornecedorReport',NULL),(146,'Histórico de compra ( categoria )','HistoricoCompraCategoriaReport',NULL),(147,'Ficha Técnica','FtForm',NULL),(148,'Fts','FtList',NULL),(149,'Ordem de Compras','OcForm',NULL),(150,'Ocs','OcList',NULL),(151,'Histórico de compra ( fornecedor )','EHistoricoCompraFornecedorReport',NULL),(152,'Histórico de compra ( Categoria ) ','EHistoricoCompraCategoriaReport ',NULL),(153,'Histórico de compra ( fornecedor )(Clonado)','EHistoricoCompraCategReport',NULL),(154,'Relatório de Despesas Sintéticas','RelDespesaSinteticaReport',NULL),(155,'Relatório de Receitas Sintéticas','RelReceitaSinteticaReport',NULL),(156,'Relatório de Despesas Analíticas','RelDespesasAnaliticaReport',NULL),(157,'Lançamento dos itens','ItensMovimentoEntradaForm',NULL),(158,'Itens Entrada','ItensMovimentoEntradaSimpleList',NULL),(159,'Parcelas do movimento entrada','MovimentoParcelasEntradaForm',NULL),(160,'Parcelas da entrada ','MovimentoParcelasEntradaSimpleList',NULL),(161,'Cadastro de cidade','CidadeForm',NULL),(162,'Cidades','CidadeHeaderList',NULL),(163,'Cadastro de estado','EstadoForm',NULL),(164,'Estados','EstadoHeaderList',NULL),(165,'Beneficiamentos','BeneficiamentoList',NULL),(166,'Cadastro de beneficiamento','BeneficiamentoForm',NULL),(167,'Despesas analíticas ','EDespesasanaliticasnewReport',NULL),(168,'Consulta - Inventário de Itens','ItemConsultaReport',NULL),(169,'Resumo despesas','EDespesasresumoReport',NULL),(170,'Itens Balanço','ItensMovimentoBalancoSimpleList',NULL),(171,'Lançamento dos itens balanço','ItensMovimentoBalancoForm',NULL),(172,'Itens Saída','ItensMovimentoSaidaSimpleList',NULL),(173,'Lançamento dos itens saída','ItensMovimentoSaidaForm',NULL),(174,'Parcelas da saida','MovimentoParcelasSaidaSimpleList',NULL),(175,'Parcelas do movimento saida','MovimentoParcelasSaidaForm',NULL),(176,'Importar NFE - XML','ImportarNFE',NULL),(177,'Movimento','EstoqueDocument',NULL),(178,'Lançamento dos itens Requisicao','ItensMovimentoRequisicaoForm',NULL),(179,'Itens Requisição','ItensMovimentoRequisicaoSimpleList',NULL),(180,'Lançamento dos itens Transferência','ItensMovimentoTransferenciaForm',NULL),(181,'Itens Transferência','ItensMovimentoTransferenciaSimpleList',NULL),(182,'Lançamento de itens da ordem de compra','ItensOcForm',NULL),(183,'Itens ordem de compra','ItensOcSimpleList',NULL),(184,'Ordem de compra','OcDocument',NULL),(185,'Importar OC','ImportarOcForm',NULL),(186,'Comparação despesas por mês','EComparacaodespesasReport',NULL),(187,'Fechamento mensal','FechamentoMensalForm',NULL),(188,'Fechamento mensal','FechamentoMensalList',NULL),(189,'Itens movimento','ItensMovimentoSimpleList',NULL),(192,'Importar Movimento OC ','ImportarMovimentoOCForm',NULL),(193,'Fechamento mensal','FechamentoMesalDocument',NULL),(194,'Fluxo de Caixa','FluxoCaixa',NULL);

--
-- Table structure for table `system_unit`
--

CREATE TABLE `system_unit` (
  `id` int(11) NOT NULL,
  `name` text NOT NULL,
  `connection_name` text DEFAULT NULL,
  PRIMARY KEY (`id`)
) ENGINE=InnoDB DEFAULT CHARSET=utf8mb3 COLLATE=utf8mb3_unicode_ci;

--
-- Dumping data for table `system_unit`
--

INSERT INTO `system_unit` (`id`, `name`, `connection_name`) VALUES (1,'Matriz','matriz'),(2,'Filial','matriz'),(3,'Teste',NULL);

--
-- Table structure for table `system_user_group`
--

CREATE TABLE `system_user_group` (
  `id` int(11) NOT NULL,
  `system_user_id` int(11) NOT NULL,
  `system_group_id` int(11) NOT NULL,
  PRIMARY KEY (`id`),
  KEY `fk_system_user_group_system_user_id` (`system_user_id`),
  KEY `fk_system_user_group_system_group_id` (`system_group_id`),
  CONSTRAINT `fk_system_user_group_system_group_id` FOREIGN KEY (`system_group_id`) REFERENCES `system_group` (`id`),
  CONSTRAINT `fk_system_user_group_system_user_id` FOREIGN KEY (`system_user_id`) REFERENCES `system_users` (`id`)
) ENGINE=InnoDB DEFAULT CHARSET=utf8mb3 COLLATE=utf8mb3_unicode_ci;

--
-- Dumping data for table `system_user_group`
--

INSERT INTO `system_user_group` (`id`, `system_user_id`, `system_group_id`) VALUES (2,2,2),(16,3,4),(17,3,5),(18,3,6),(19,3,7),(20,3,9),(21,3,11),(22,3,14),(36,3,3),(37,1,1),(38,1,2),(39,1,3),(40,1,4),(41,1,5),(42,1,6),(43,1,7),(44,1,8),(45,1,9),(46,1,10),(47,1,11),(48,1,14);

--
-- Table structure for table `system_user_program`
--

CREATE TABLE `system_user_program` (
  `id` int(11) NOT NULL,
  `system_user_id` int(11) NOT NULL,
  `system_program_id` int(11) NOT NULL,
  PRIMARY KEY (`id`),
  KEY `fk_system_user_program_system_user_id` (`system_user_id`),
  KEY `fk_system_user_program_system_program_id` (`system_program_id`),
  CONSTRAINT `fk_system_user_program_system_program_id` FOREIGN KEY (`system_program_id`) REFERENCES `system_program` (`id`),
  CONSTRAINT `fk_system_user_program_system_user_id` FOREIGN KEY (`system_user_id`) REFERENCES `system_users` (`id`)
) ENGINE=InnoDB DEFAULT CHARSET=utf8mb3 COLLATE=utf8mb3_unicode_ci;

--
-- Dumping data for table `system_user_program`
--

INSERT INTO `system_user_program` (`id`, `system_user_id`, `system_program_id`) VALUES (1,2,7),(2,1,29),(3,1,148);

--
-- Table structure for table `system_user_unit`
--

CREATE TABLE `system_user_unit` (
  `id` int(11) NOT NULL,
  `system_user_id` int(11) NOT NULL,
  `system_unit_id` int(11) NOT NULL,
  PRIMARY KEY (`id`),
  KEY `fk_system_user_unit_system_user_id` (`system_user_id`),
  KEY `fk_system_user_unit_system_unit_id` (`system_unit_id`),
  CONSTRAINT `fk_system_user_unit_system_unit_id` FOREIGN KEY (`system_unit_id`) REFERENCES `system_unit` (`id`),
  CONSTRAINT `fk_system_user_unit_system_user_id` FOREIGN KEY (`system_user_id`) REFERENCES `system_users` (`id`)
) ENGINE=InnoDB DEFAULT CHARSET=utf8mb3 COLLATE=utf8mb3_unicode_ci;

--
-- Dumping data for table `system_user_unit`
--

INSERT INTO `system_user_unit` (`id`, `system_user_id`, `system_unit_id`) VALUES (3,3,1),(4,3,3),(5,1,1),(6,1,2),(7,1,3);

--
-- Table structure for table `tipo_conta`
--

CREATE TABLE `tipo_conta` (
  `idtipo_conta` int(11) NOT NULL AUTO_INCREMENT,
  `descricao` varchar(30) NOT NULL,
  PRIMARY KEY (`idtipo_conta`)
) ENGINE=InnoDB AUTO_INCREMENT=6 DEFAULT CHARSET=utf8mb3 COLLATE=utf8mb3_unicode_ci;

--
-- Dumping data for table `tipo_conta`
--

INSERT INTO `tipo_conta` (`idtipo_conta`, `descricao`) VALUES (1,'Dinheiro'),(2,'Conta Corrente'),(3,'Poupança'),(4,'Investimento'),(5,'Outros');

--
-- Table structure for table `tipo_documento`
--

CREATE TABLE `tipo_documento` (
  `id` int(11) NOT NULL AUTO_INCREMENT,
  `tipo_movimento_id` int(11) NOT NULL,
  `idempresa` int(11) NOT NULL,
  `nome` varchar(50) NOT NULL,
  `created_at` datetime DEFAULT NULL,
  `gera_financeiro` char(1) NOT NULL,
  `contabil` char(1) NOT NULL,
  PRIMARY KEY (`id`),
  KEY `fk_tipo_documento_tipo_movimento_id` (`tipo_movimento_id`),
  KEY `fk_tipo_documento_idempresa` (`idempresa`),
  CONSTRAINT `fk_tipo_documento_idempresa` FOREIGN KEY (`idempresa`) REFERENCES `system_unit` (`id`),
  CONSTRAINT `fk_tipo_documento_tipo_movimento_id` FOREIGN KEY (`tipo_movimento_id`) REFERENCES `tipo_movimento` (`idtipo_movimento`)
) ENGINE=InnoDB AUTO_INCREMENT=18 DEFAULT CHARSET=utf8mb3 COLLATE=utf8mb3_unicode_ci;

--
-- Dumping data for table `tipo_documento`
--

INSERT INTO `tipo_documento` (`id`, `tipo_movimento_id`, `idempresa`, `nome`, `created_at`, `gera_financeiro`, `contabil`) VALUES (1,1,1,'Nota Fiscal','2023-06-03 00:00:00','S',''),(2,1,1,'Cupom Fiscal','2023-06-03 00:00:00','S','S'),(3,2,1,'Venda','2023-06-03 00:00:00','S',''),(4,3,1,'Transferência ','2023-06-03 00:00:00','N',''),(5,1,1,'Bonificação','2023-06-03 00:00:00','N',''),(6,2,1,'Doação','2023-06-03 00:00:00','N',''),(7,4,1,'Requisição','2023-06-03 00:00:00','N',''),(8,5,1,'Balanço','2023-06-03 00:00:00','N',''),(9,6,1,'Ordem de Compra','2023-06-03 00:00:00','N','N'),(10,1,3,'Nota Fiscal','2025-05-31 16:18:42','S',''),(11,1,3,'Cupom Fical','2025-05-31 16:18:54','S',''),(12,1,3,'Bonificação','2025-05-31 16:19:08','N',''),(13,2,3,'Saida','2025-05-31 16:20:59','S',''),(14,2,3,'Doação','2025-05-31 16:21:15','N',''),(15,3,3,'Transferência','2025-05-31 16:21:33','N',''),(16,4,3,'Requisição','2025-05-31 16:21:45','N',''),(17,5,3,'Balanço','2025-05-31 16:22:05','N','');

--
-- Table structure for table `tipo_financeiro`
--

CREATE TABLE `tipo_financeiro` (
  `idtipo_financeiro` int(11) NOT NULL AUTO_INCREMENT,
  `nome` varchar(20) NOT NULL,
  PRIMARY KEY (`idtipo_financeiro`)
) ENGINE=InnoDB AUTO_INCREMENT=3 DEFAULT CHARSET=utf8mb3 COLLATE=utf8mb3_unicode_ci;

--
-- Dumping data for table `tipo_financeiro`
--

INSERT INTO `tipo_financeiro` (`idtipo_financeiro`, `nome`) VALUES (1,'Despesa'),(2,'Receita');

--
-- Table structure for table `tipo_movimento`
--

CREATE TABLE `tipo_movimento` (
  `idtipo_movimento` int(11) NOT NULL AUTO_INCREMENT,
  `nome` varchar(50) NOT NULL,
  PRIMARY KEY (`idtipo_movimento`)
) ENGINE=InnoDB AUTO_INCREMENT=7 DEFAULT CHARSET=utf8mb3 COLLATE=utf8mb3_unicode_ci;

--
-- Dumping data for table `tipo_movimento`
--

INSERT INTO `tipo_movimento` (`idtipo_movimento`, `nome`) VALUES (1,'Entrada'),(2,'Saída'),(3,'Transferência '),(4,'Requisição'),(5,'Balanço'),(6,'Ordem de Compra');

--
-- Table structure for table `transferencia_bancaria`
--

CREATE TABLE `transferencia_bancaria` (
  `idtransferencia_bancaria` int(11) NOT NULL AUTO_INCREMENT,
  `contas_origem_id` int(11) NOT NULL,
  `contas_destino_id` int(11) NOT NULL,
  `iduser` int(11) NOT NULL,
  `idempresa` int(11) NOT NULL,
  `descricao` varchar(50) NOT NULL,
  `data_cancelamento` datetime DEFAULT NULL,
  `status` char(1) NOT NULL DEFAULT 'A',
  `valor` double NOT NULL,
  `competencia` date NOT NULL,
  `created_at` datetime DEFAULT NULL,
  PRIMARY KEY (`idtransferencia_bancaria`),
  KEY `fk_transferencia_bancaria_contas_origem_id` (`contas_origem_id`),
  KEY `fk_transferencia_bancaria_contas_destino_id` (`contas_destino_id`),
  KEY `fk_transferencia_bancaria_iduser` (`iduser`),
  KEY `fk_transferencia_bancaria_idempresa` (`idempresa`),
  CONSTRAINT `fk_transferencia_bancaria_contas_destino_id` FOREIGN KEY (`contas_destino_id`) REFERENCES `contas_bancaria` (`id`),
  CONSTRAINT `fk_transferencia_bancaria_contas_origem_id` FOREIGN KEY (`contas_origem_id`) REFERENCES `contas_bancaria` (`id`),
  CONSTRAINT `fk_transferencia_bancaria_idempresa` FOREIGN KEY (`idempresa`) REFERENCES `system_unit` (`id`),
  CONSTRAINT `fk_transferencia_bancaria_iduser` FOREIGN KEY (`iduser`) REFERENCES `system_users` (`id`)
) ENGINE=InnoDB AUTO_INCREMENT=10 DEFAULT CHARSET=utf8mb3 COLLATE=utf8mb3_unicode_ci;

--
-- Dumping data for table `transferencia_bancaria`
--

INSERT INTO `transferencia_bancaria` (`idtransferencia_bancaria`, `contas_origem_id`, `contas_destino_id`, `iduser`, `idempresa`, `descricao`, `data_cancelamento`, `status`, `valor`, `competencia`, `created_at`) VALUES (1,6,7,1,1,'Eventos',NULL,'A',105,'2025-05-19','2025-05-19 21:11:57'),(2,6,7,1,1,'teste',NULL,'A',100,'2025-05-21','2025-05-21 10:33:59'),(3,8,9,1,3,'Ajuste de saldo','2025-05-31 15:13:00','C',50,'2025-05-31','2025-05-31 15:51:59'),(4,6,7,1,1,'teste','2025-11-04 16:50:00','C',100,'2025-11-04','2025-11-04 16:36:48'),(5,6,7,1,1,'teste','2025-11-04 16:10:00','C',200,'2025-11-04','2025-11-04 16:38:17'),(6,7,6,1,1,'teste',NULL,'A',200,'2025-11-04','2025-11-04 16:39:55'),(8,6,7,1,1,'teste',NULL,'A',50,'2025-11-04','2025-11-04 16:44:31'),(9,6,7,1,1,'teste',NULL,'A',50,'2025-12-04','2025-12-04 10:32:27');

--
-- Table structure for table `unidade`
--

CREATE TABLE `unidade` (
  `idunidade` int(11) NOT NULL AUTO_INCREMENT,
  `nome` varchar(20) NOT NULL,
  PRIMARY KEY (`idunidade`)
) ENGINE=InnoDB AUTO_INCREMENT=23 DEFAULT CHARSET=utf8mb3 COLLATE=utf8mb3_unicode_ci;

--
-- Dumping data for table `unidade`
--

INSERT INTO `unidade` (`idunidade`, `nome`) VALUES (1,'Unidade'),(2,'Garrafa'),(3,'Bobona'),(4,'Lata'),(5,'Litro'),(6,'Molho'),(7,'M³'),(8,'M²'),(9,'Saco'),(10,'Sacola'),(11,'Caixa'),(12,'Rolo'),(13,'Bandeja'),(14,'Quilo'),(15,'Pacote'),(16,'Fardo'),(17,'Dose'),(18,'Balde'),(19,'Bobona'),(20,'Bisnaga'),(21,'Metro'),(22,'Pote');

--
-- Table structure for table `vendas`
--

CREATE TABLE `vendas` (
  `idvendas` int(11) NOT NULL AUTO_INCREMENT,
  `iduser` int(11) NOT NULL,
  `idempresa` int(11) NOT NULL,
  `valor` double NOT NULL,
  `competencia` date NOT NULL,
  `qtd_pessoas` int(11) NOT NULL,
  `media` double DEFAULT NULL,
  `origem` char(1) NOT NULL,
  `updated_at` datetime DEFAULT NULL,
  `created_at` datetime DEFAULT NULL,
  PRIMARY KEY (`idvendas`),
  KEY `fk_vendas_iduser` (`iduser`),
  KEY `fk_vendas_idempresa` (`idempresa`),
  CONSTRAINT `fk_vendas_idempresa` FOREIGN KEY (`idempresa`) REFERENCES `system_unit` (`id`),
  CONSTRAINT `fk_vendas_iduser` FOREIGN KEY (`iduser`) REFERENCES `system_users` (`id`)
) ENGINE=InnoDB AUTO_INCREMENT=3 DEFAULT CHARSET=utf8mb3 COLLATE=utf8mb3_unicode_ci;

--
-- Dumping data for table `vendas`
--

INSERT INTO `vendas` (`idvendas`, `iduser`, `idempresa`, `valor`, `competencia`, `qtd_pessoas`, `media`, `origem`, `updated_at`, `created_at`) VALUES (1,1,1,7851,'2025-05-14',89,NULL,'A','2025-05-15 00:16:38','2025-05-15 00:16:15'),(2,1,1,3000,'2025-05-26',180,NULL,'J',NULL,'2025-05-27 12:03:29');

--
-- Dumping events for database 'noss2142_patuweb'
--

--
-- Dumping routines for database 'noss2142_patuweb'
--


