-- Table structure for table `pcn1`
--

CREATE TABLE `pcn1` (
  `id` int(11) NOT NULL AUTO_INCREMENT,
  `tipo_financeiro_id` int(11) NOT NULL,
  `idempresa` int(11) NOT NULL,
  `codigo` varchar(2) NOT NULL,
  `descricao` varchar(50) NOT NULL,
  `ordenacao` int(11) NOT NULL,
  `codicao` char(1) NOT NULL,
  `fechamento_mes` char(1) DEFAULT NULL,
  PRIMARY KEY (`id`),
  KEY `fk_pcn1_tipo_financeiro_id` (`tipo_financeiro_id`),
  KEY `fk_pcn1_idempresa` (`idempresa`),
  CONSTRAINT `fk_pcn1_idempresa` FOREIGN KEY (`idempresa`) REFERENCES `system_unit` (`id`),
  CONSTRAINT `fk_pcn1_tipo_financeiro_id` FOREIGN KEY (`tipo_financeiro_id`) REFERENCES `tipo_financeiro` (`idtipo_financeiro`)
) ENGINE=InnoDB AUTO_INCREMENT=29 DEFAULT CHARSET=utf8mb3 COLLATE=utf8mb3_unicode_ci;

--
-- Dumping data for table `pcn1`
--

INSERT INTO `pcn1` (`id`, `tipo_financeiro_id`, `idempresa`, `codigo`, `descricao`, `ordenacao`, `codicao`, `fechamento_mes`) VALUES (1,1,1,'01','ALIMENTOS',1,'R','I'),(2,2,1,'02','COFRE',25,'R',NULL),(3,2,1,'01','CARTÕES',26,'R',NULL),(4,1,1,'03','BENEFICIO PESSOAL',4,'R','P'),(5,1,1,'04','EPI/FARDAMENTO',14,'R','P'),(6,1,1,'05','MANUTENÇÃO DA CASA',12,'R','F'),(7,1,1,'06','MÃO DE OBRA EXTRA',13,'R','P'),(8,2,1,'07','OUTRAS RECEITAS',28,'R',NULL),(9,2,1,'08','TICKETS',27,'R',NULL),(10,1,1,'09','BEBIDA FRIA',2,'R','I'),(11,1,1,'10','BEBIDA QUENTE',3,'R','I'),(12,1,1,'11','COMISSÃO',5,'R','P'),(13,1,1,'12','ENCARGO PESSOAL',7,'R','P'),(14,1,1,'13','ENCARGOS FINANCEIRO',8,'R','F'),(15,1,1,'14','EVENTUAIS',9,'R','F'),(16,1,1,'15','FUNCIONAMENTO DA CASA',10,'R',NULL),(17,1,1,'16','IMPOSTOS/TAXAS',11,'R','F'),(18,1,1,'17','MARKETING',50,'R','F'),(19,1,1,'18','MONTAGEM/AMPLIAÇÃO',15,'R','F'),(20,1,1,'19','OUTRAS DESPESAS',16,'R','F'),(21,1,1,'20','OUTROS INSUMOS',17,'R','I'),(22,1,1,'21','PRESTADORES DE SERVIÇOS',18,'R','F'),(23,1,1,'22','REMUNERAÇÃO DE PESSOAL',19,'R','P'),(24,1,1,'23','REPOSIÇÃO/EQUIPAMENTOS',20,'R','F'),(25,1,1,'24','RETIRADA SOCIOS ',21,'R','R'),(26,1,1,'25','TAXAS DE CARTÕES ',22,'R','F'),(27,1,1,'26','TAXAS IFOOD',29,'R','F'),(28,2,1,'27','IFOOD',30,'R',NULL);

--
-- Table structure for table `pcn2`
--

CREATE TABLE `pcn2` (
  `id` int(11) NOT NULL AUTO_INCREMENT,
  `pcn1_id` int(11) NOT NULL,
  `contas_bancaria_id` int(11) DEFAULT NULL,
  `idempresa` int(11) NOT NULL,
  `codigo` varchar(6) DEFAULT NULL,
  `descricao` varchar(50) NOT NULL,
  `estoque` char(1) NOT NULL,
  `cartao` char(1) NOT NULL,
  `percentual` double DEFAULT NULL,
  `pcn2` int(11) DEFAULT NULL,
  PRIMARY KEY (`id`),
  KEY `fk_pcn2_pcn1_id` (`pcn1_id`),
  KEY `fk_pcn2_contas_bancaria_id` (`contas_bancaria_id`),
  KEY `fk_pcn2_idempresa` (`idempresa`),
  KEY `fk_pcn2_pcn2` (`pcn2`),
  CONSTRAINT `fk_pcn2_contas_bancaria_id` FOREIGN KEY (`contas_bancaria_id`) REFERENCES `contas_bancaria` (`id`),
  CONSTRAINT `fk_pcn2_idempresa` FOREIGN KEY (`idempresa`) REFERENCES `system_unit` (`id`),
  CONSTRAINT `fk_pcn2_pcn1_id` FOREIGN KEY (`pcn1_id`) REFERENCES `pcn1` (`id`),
  CONSTRAINT `fk_pcn2_pcn2` FOREIGN KEY (`pcn2`) REFERENCES `pcn2` (`id`)
) ENGINE=InnoDB AUTO_INCREMENT=144 DEFAULT CHARSET=utf8mb3 COLLATE=utf8mb3_unicode_ci;

--
-- Dumping data for table `pcn2`
--

INSERT INTO `pcn2` (`id`, `pcn1_id`, `contas_bancaria_id`, `idempresa`, `codigo`, `descricao`, `estoque`, `cartao`, `percentual`, `pcn2`) VALUES (1,1,NULL,1,'01.001','Carnes ','S','N',NULL,NULL),(2,3,9,1,'02.001','Cartão Visa Débito','N','S',0.75,112),(3,3,9,1,'02.002','Cartão Visa Crédito','N','S',1.75,15),(4,1,NULL,1,'01.002','Ceasa','S','N',NULL,NULL),(5,1,NULL,1,'01.003','Supermercado','S','N',NULL,NULL),(6,1,NULL,1,'01.004','Frutos do Mar','S','N',NULL,NULL),(7,4,NULL,1,'03.001','Exame admissional','N','N',NULL,NULL),(8,10,NULL,1,'09.001','Cerveja','S','N',NULL,NULL),(9,11,NULL,1,'10.001','Whisky','S','N',NULL,NULL),(10,12,NULL,1,'11.001','Comissão Motoqueiro','N','N',NULL,NULL),(11,13,NULL,1,'12.001','FGTS','N','N',NULL,NULL),(12,5,NULL,1,'04.001','EPI','N','N',NULL,NULL),(13,5,NULL,1,'04.002','Fardamento','N','N',NULL,NULL),(14,16,NULL,1,'15.001','Internet','N','N',NULL,NULL),(15,26,NULL,1,'25.001','Taxa Visa Crédito','N','N',NULL,NULL),(16,1,NULL,1,'01.005','Frios e Congelados','S','N',NULL,NULL),(17,1,NULL,1,'01.006','Sobremesa','S','N',NULL,NULL),(18,1,NULL,1,'01.007','Alimentação Funcionário','S','N',NULL,NULL),(19,10,NULL,1,'09.002','Poupa da Fruta','S','N',NULL,NULL),(20,10,NULL,1,'09.003','Refrigerante','S','N',NULL,NULL),(21,10,NULL,1,'09.004','Agua Mineral','S','N',NULL,NULL),(22,10,NULL,1,'09.005','Sucos','S','N',NULL,NULL),(23,11,NULL,1,'10.002','Vinhos','S','N',NULL,NULL),(24,11,NULL,1,'10.003','Gin','S','N',NULL,NULL),(25,11,NULL,1,'10.004','Destilados','S','N',NULL,NULL),(26,11,NULL,1,'10.005','Vodka','S','N',NULL,NULL),(27,4,NULL,1,'03.002','Auxilio Combustivel','N','N',NULL,NULL),(28,4,NULL,1,'03.003','Vale Transaporte','N','N',NULL,NULL),(29,4,NULL,1,'03.004','Outros Beneficios','N','N',NULL,NULL),(30,13,NULL,1,'12.002','Custas Trabalhistas','N','N',NULL,NULL),(31,13,NULL,1,'12.003','INSS','N','N',NULL,NULL),(32,14,NULL,1,'13.001','CPMF','N','N',NULL,NULL),(33,14,NULL,1,'13.002','Tarifas Bancárias','N','N',NULL,NULL),(34,15,NULL,1,'14.001','Cartório','N','N',NULL,NULL),(35,15,NULL,1,'14.002','Prejuízo','N','N',NULL,NULL),(36,15,NULL,1,'14.003','Doações','N','N',NULL,NULL),(37,15,NULL,1,'14.004','Outras Eventualidades','N','N',NULL,NULL),(38,16,NULL,1,'15.002','Assinatura de Streaming','N','N',NULL,NULL),(39,16,NULL,1,'15.003','Material de Limpeza','N','N',NULL,NULL),(40,16,NULL,1,'15.004','Material Descartavél','N','N',NULL,NULL),(41,16,NULL,1,'15.005','Material Expediente','N','N',NULL,NULL),(42,16,NULL,1,'15.006','Telefonia','N','N',NULL,NULL),(43,16,NULL,1,'15.007','Impressos Gráficos','N','N',NULL,NULL),(44,16,NULL,1,'15.008','Despesas com Veículo','N','N',NULL,NULL),(45,16,NULL,1,'15.009','Gás','N','N',NULL,NULL),(46,16,NULL,1,'15.010','Compesa','N','N',NULL,NULL),(47,6,NULL,1,'15.011','Manuteção Ar Condicionado','N','N',NULL,NULL),(48,16,NULL,1,'15.012','Frete','N','N',NULL,NULL),(49,16,NULL,1,'15.013','Farmacia','N','N',NULL,NULL),(50,16,NULL,1,'15.014','Seguro do Imovél','N','N',NULL,NULL),(51,16,NULL,1,'15.015','Aluguel Equipamentos','N','N',NULL,NULL),(52,16,NULL,1,'15.016','Combutível','N','N',NULL,NULL),(53,16,NULL,1,'15.017','Energia Eletrica ','N','N',NULL,NULL),(54,17,NULL,1,'16.001','Outros Impostos','N','N',NULL,NULL),(55,17,NULL,1,'16.002','Taxa Sindicato','N','N',NULL,NULL),(56,17,NULL,1,'16.003','Contribuição Social','N','N',NULL,NULL),(57,17,NULL,1,'16.004','IPTU','N','N',NULL,NULL),(58,17,NULL,1,'16.005','IRPJ','N','N',NULL,NULL),(59,17,NULL,1,'16.006','Impostos Federais','N','N',NULL,NULL),(60,17,NULL,1,'16.007','CIM','N','N',NULL,NULL),(61,17,NULL,1,'16.008','ICMS','N','N',NULL,NULL),(62,17,NULL,1,'16.009','ISS','N','N',NULL,NULL),(63,6,NULL,1,'05.012','Manutenção Equipamentos de Informatica','N','N',NULL,NULL),(64,6,NULL,1,'05.012','Dedetização','N','N',NULL,NULL),(65,6,NULL,1,'05.012','Coleta de Lixo','N','N',NULL,NULL),(66,7,NULL,1,'06.001','Extra Sushiman','N','N',NULL,NULL),(67,7,NULL,1,'06.002','Extra Garçon','N','N',NULL,NULL),(68,7,NULL,1,'06.003','Extra Cozinha','N','N',NULL,NULL),(69,18,NULL,1,'17.001','Fotografia','N','N',NULL,NULL),(70,18,NULL,1,'17.002','Redes Sociais','N','N',NULL,NULL),(71,18,NULL,1,'17.003','Tráfego Pago','N','N',NULL,NULL),(72,18,NULL,1,'17.004','videomaker','N','N',NULL,NULL),(73,18,NULL,1,'17.005','Panfletagem','N','N',NULL,NULL),(74,18,NULL,1,'17.006','Cortesias','N','N',NULL,NULL),(75,19,NULL,1,'18.001','Mão de Obra','N','N',NULL,NULL),(76,19,NULL,1,'18.002','Moveis','N','N',NULL,NULL),(77,19,NULL,1,'18.003','Reforma','N','N',NULL,NULL),(78,19,NULL,1,'18.004','Construção ','N','N',NULL,NULL),(79,19,NULL,1,'18.005','Equipamentos Montagem','N','N',NULL,NULL),(80,20,NULL,1,'19.001','Roubo','N','N',NULL,NULL),(82,20,NULL,1,'19.002','Falta de Caixa','N','N',NULL,NULL),(83,21,NULL,1,'20.001','Gelo','S','N',NULL,NULL),(84,22,NULL,1,'21.001','Nutricionista','N','N',NULL,NULL),(85,22,NULL,1,'21.002','Consultoria','N','N',NULL,NULL),(86,22,NULL,1,'21.003','Contador','N','N',NULL,NULL),(87,22,NULL,1,'21.004','Informática','N','N',NULL,NULL),(88,23,NULL,1,'22.001','Folha de Pagamento','N','N',NULL,NULL),(89,23,NULL,1,'22.002','Gratificação','N','N',NULL,NULL),(90,23,NULL,1,'22.003','13 Salário','N','N',NULL,NULL),(91,23,NULL,1,'22.004','Rescisão','N','N',NULL,NULL),(92,23,NULL,1,'22.005','Férias','N','N',NULL,NULL),(93,24,NULL,1,'23.001','Copo/Prato/Talher','N','N',NULL,NULL),(94,24,NULL,1,'23.002','Equipamentos de Cozinha','N','N',NULL,NULL),(95,24,NULL,1,'23.003','Utensílio Cozinha','N','N',NULL,NULL),(96,24,NULL,1,'23.004','Utensílio Salão','N','N',NULL,NULL),(97,24,NULL,1,'23.005','Mesas e Cadeiras','N','N',NULL,NULL),(98,25,NULL,1,'24.001','Retirada  Dong Ling','N','N',NULL,NULL),(99,3,9,1,'01.003','Cartão Master Crédito','N','S',1.75,113),(100,3,9,1,'01.003','Cartão Master Débito ','N','S',0.75,114),(101,3,9,1,'01.003','Cartão Elo Crédito','N','S',2.35,115),(102,3,9,1,'01.003','Cartão Elo Débito','N','S',1.35,116),(103,2,NULL,1,'02.001','Dinheiro','N','N',NULL,NULL),(104,8,NULL,1,'07.001','Coleta de Óleo','N','N',NULL,NULL),(105,9,9,1,'08.001','Alelo Refeição','N','S',7.6,119),(106,9,NULL,1,'08.002','Sodexo','N','N',NULL,NULL),(107,9,NULL,1,'08.003','Pluxee','N','N',NULL,NULL),(108,9,9,1,'08.004','Ticket Restaurante','N','S',5.5,123),(109,3,NULL,1,'01.003','PIX','N','N',NULL,NULL),(110,27,NULL,1,'01.003','Voucher Ifood','N','N',NULL,NULL),(112,26,NULL,1,'25.002','Taxa Visa Débito','N','N',NULL,NULL),(113,26,NULL,1,'25.003','Taxa master Crédito','N','N',NULL,NULL),(114,26,NULL,1,'25.004','Taxa Master Débito','N','N',NULL,NULL),(115,26,NULL,1,'25.005','Taxa Elo Crédito','N','N',NULL,NULL),(116,26,NULL,1,'25.006','Taxa Elo Débito','N','N',NULL,NULL),(117,26,NULL,1,'25.007','Taxa Pix','N','N',NULL,NULL),(118,26,NULL,1,'25.008','Taxa Sodexo','N','N',NULL,NULL),(119,26,NULL,1,'25.009','Taxa Alelo','N','N',NULL,NULL),(120,26,NULL,1,'25.010','Taxa Voucher Ifood','N','N',NULL,NULL),(121,26,NULL,1,'25.011','Taxa Pagamento Online','N','N',NULL,NULL),(122,26,NULL,1,'25.012','Taxa Pluxee','N','N',NULL,NULL),(123,26,NULL,1,'25.013','Taxa Ticket Restaurante','N','N',NULL,NULL),(124,3,9,1,'01.003','Hiper','N','S',2.75,125),(125,26,NULL,1,'25.014','Taxa Hiper','N','N',NULL,NULL),(126,27,NULL,1,'26.001','Serviços logísticos','N','N',NULL,NULL),(127,27,NULL,1,'26.002','Comissão Ifood','N','N',NULL,NULL),(128,28,NULL,1,'27.001','Receita Ifood','N','N',NULL,NULL),(129,8,NULL,1,'07.002','Outras receitas','N','N',NULL,NULL),(131,22,NULL,1,'21.005','Segurança ','N','N',NULL,NULL),(132,25,NULL,1,'24.002','Retirada Feng','N','N',NULL,NULL),(133,25,NULL,1,'24.003','Retirada Kenpeng','N','N',NULL,NULL),(134,4,NULL,1,'03.005','Plano de Saude Socios','N','N',NULL,NULL),(135,6,NULL,1,'05.012','Manuteção camara frio/ geladeira','N','N',NULL,NULL),(136,4,NULL,1,'03.006','Celpe alojamento','N','N',NULL,NULL),(137,4,NULL,1,'03.007','Compesa alojamento','N','N',NULL,NULL),(138,4,NULL,1,'03.008','manutenção alojamento','N','N',NULL,NULL),(139,4,NULL,1,'03.009','IPTU alojamento','N','N',NULL,NULL),(141,22,NULL,1,'21.006','Segurança do trabalho','N','N',NULL,NULL),(142,6,NULL,1,'05.012','Mensalidade sistemas de informatica','N','N',NULL,NULL),(143,20,NULL,1,'19.003','compras de utensilios','N','N',NULL,NULL);

--
-- Table structure for table `processamento`
--

CREATE TABLE `processamento` (
  `idprocessamento` int(11) NOT NULL AUTO_INCREMENT,
  `estoque_id` int(11) NOT NULL,
  `ficha_tecnica_id` int(11) NOT NULL,
  `iduser` int(11) NOT NULL,
  `idempresa` int(11) NOT NULL,
  `created_at` datetime DEFAULT NULL,
  `deleted_at` datetime DEFAULT NULL,
  `qtd` int(11) NOT NULL,
  PRIMARY KEY (`idprocessamento`),
  KEY `fk_processamento_estoque_id` (`estoque_id`),
  KEY `fk_processamento_ficha_tecnica_id` (`ficha_tecnica_id`),
  KEY `fk_processamento_iduser` (`iduser`),
  KEY `fk_processamento_idempresa` (`idempresa`),
  CONSTRAINT `fk_processamento_estoque_id` FOREIGN KEY (`estoque_id`) REFERENCES `estoque` (`idestoque`),
  CONSTRAINT `fk_processamento_idempresa` FOREIGN KEY (`idempresa`) REFERENCES `system_unit` (`id`),
  CONSTRAINT `fk_processamento_iduser` FOREIGN KEY (`iduser`) REFERENCES `system_users` (`id`)
) ENGINE=InnoDB DEFAULT CHARSET=utf8mb3 COLLATE=utf8mb3_unicode_ci;

--
-- Dumping data for table `processamento`
--


--
-- Table structure for table `rateio`
--

CREATE TABLE `rateio` (
  `idrateio` int(11) NOT NULL AUTO_INCREMENT,
  `pcn2_id` int(11) DEFAULT NULL,
  `movimento_financeiro_id` int(11) DEFAULT NULL,
  `idmovimento` int(11) DEFAULT NULL,
  `tipo_financeiro` int(11) NOT NULL,
  `created_at` datetime NOT NULL,
  `valor` double NOT NULL,
  `pcn1_id` int(11) DEFAULT NULL,
  PRIMARY KEY (`idrateio`),
  KEY `fk_rateio_2` (`movimento_financeiro_id`),
  KEY `fk_rateio_3` (`pcn2_id`),
  KEY `fk_rateio_5` (`tipo_financeiro`),
  KEY `fk_rateio_4` (`idmovimento`),
  KEY `fk_rateio_5_1` (`pcn1_id`),
  CONSTRAINT `fk_rateio_2` FOREIGN KEY (`movimento_financeiro_id`) REFERENCES `movimento_financeiro` (`idmovimento_financeiro`),
  CONSTRAINT `fk_rateio_3` FOREIGN KEY (`pcn2_id`) REFERENCES `pcn2` (`id`),
  CONSTRAINT `fk_rateio_4` FOREIGN KEY (`idmovimento`) REFERENCES `movimento` (`idmovimento`),
  CONSTRAINT `fk_rateio_5` FOREIGN KEY (`tipo_financeiro`) REFERENCES `tipo_financeiro` (`idtipo_financeiro`),
  CONSTRAINT `fk_rateio_5_1` FOREIGN KEY (`pcn1_id`) REFERENCES `pcn1` (`id`)
) ENGINE=InnoDB AUTO_INCREMENT=6431 DEFAULT CHARSET=utf8mb3 COLLATE=utf8mb3_unicode_ci;

--
-- Dumping data for table `rateio`
--

INSERT INTO `rateio` (`idrateio`, `pcn2_id`, `movimento_financeiro_id`, `idmovimento`, `tipo_financeiro`, `created_at`, `valor`, `pcn1_id`) VALUES (30,3,49,NULL,2,'2025-06-04 09:17:47',3470.74,3),(31,2,50,NULL,2,'2025-06-04 09:19:22',2184.75,3),(32,99,51,NULL,2,'2025-06-04 09:20:08',3577.25,3),(33,100,52,NULL,2,'2025-06-04 09:20:53',1705,3),(34,101,53,NULL,2,'2025-06-04 09:21:30',604.5,3),(35,102,54,NULL,2,'2025-06-04 09:22:27',811,3),(36,109,55,NULL,2,'2025-06-04 09:23:00',2543.2,3),(37,106,56,NULL,2,'2025-06-04 09:25:16',163.79,9),(38,105,57,NULL,2,'2025-06-04 09:26:23',315.98,9),(39,108,58,NULL,2,'2025-06-04 09:28:23',65,9),(40,103,59,NULL,2,'2025-06-04 09:29:07',2687,2),(41,116,60,NULL,1,'2025-06-04 09:31:02',11.2729,26),(42,114,61,NULL,1,'2025-06-04 09:31:12',13.4695,26),(44,128,63,NULL,2,'2025-06-04 10:01:18',18358.04,28),(45,126,64,NULL,1,'2025-06-04 10:03:34',193.86,27),(46,127,65,NULL,1,'2025-06-04 10:06:16',3417.67,27),(47,4,66,37,1,'2025-06-04 10:23:17',225,1),(48,3,67,NULL,2,'2025-06-04 10:55:17',439.97,3),(49,2,68,NULL,2,'2025-06-04 10:55:54',684.95,3),(50,99,69,NULL,2,'2025-06-04 10:56:42',1162.48,3),(51,100,70,NULL,2,'2025-06-04 10:57:25',482.48,3),(52,101,71,NULL,2,'2025-06-04 10:58:04',50.49,3),(53,102,72,NULL,2,'2025-06-04 10:59:47',353.99,3),(54,109,73,NULL,2,'2025-06-04 11:00:22',1164.97,3),(55,103,74,NULL,2,'2025-06-04 11:00:53',435,2),(56,3,75,NULL,2,'2025-06-04 11:13:35',405.94,3),(57,2,76,NULL,2,'2025-06-04 11:14:18',597.96,3),(58,99,77,NULL,2,'2025-06-04 11:16:22',1636.97,3),(59,100,78,NULL,2,'2025-06-04 11:17:35',563.48,3),(60,101,79,NULL,2,'2025-06-04 11:18:06',137,3),(61,102,80,NULL,2,'2025-06-04 11:18:43',118,3),(62,109,81,NULL,2,'2025-06-04 11:19:45',1047.35,3),(63,117,82,NULL,1,'2025-06-04 11:24:28',7.95,26),(64,103,83,NULL,2,'2025-06-04 11:26:43',385.47,2),(65,116,84,NULL,1,'2025-06-04 11:32:25',1.6402,26),(66,114,85,NULL,1,'2025-06-04 11:32:25',4.451492,26),(68,116,87,NULL,1,'2025-06-04 11:32:26',4.920461,26),(69,114,88,NULL,1,'2025-06-04 11:32:26',3.811592,26),(71,10,90,NULL,1,'2025-06-04 11:35:27',1015,12),(72,88,91,NULL,1,'2025-06-04 11:36:35',750,7),(73,117,92,NULL,1,'2025-06-04 11:48:09',0.99,26),(74,37,93,NULL,1,'2025-06-04 12:21:46',15091.26,15),(75,129,94,NULL,2,'2025-06-04 12:24:21',13852.84,8),(76,37,95,NULL,1,'2025-06-04 12:30:07',10217.03,15),(77,3,96,NULL,2,'2025-06-05 09:19:57',1022.97,3),(78,2,97,NULL,2,'2025-06-05 09:20:34',514.93,3),(79,99,98,NULL,2,'2025-06-05 09:21:34',1268.45,3),(80,100,99,NULL,2,'2025-06-05 09:24:37',628.96,3),(81,101,100,NULL,2,'2025-06-05 09:30:57',177.99,3),(82,102,101,NULL,2,'2025-06-05 09:31:46',90,3),(83,109,102,NULL,2,'2025-06-05 09:32:53',929.45,3),(84,106,103,NULL,2,'2025-06-05 09:33:37',255,9),(85,105,104,NULL,2,'2025-06-05 09:34:25',302,9),(86,103,105,NULL,2,'2025-06-05 09:35:17',256,2),(87,10,106,NULL,1,'2025-06-05 09:42:55',63,12),(88,10,107,NULL,1,'2025-06-05 09:43:47',73,12),(89,116,108,NULL,1,'2025-06-05 09:46:15',1.251,26),(90,114,109,NULL,1,'2025-06-05 09:46:15',4.968784,26),(92,117,111,NULL,1,'2025-06-05 09:49:47',1.95,26),(93,117,112,NULL,1,'2025-06-05 09:51:37',2.97,26),(94,37,113,NULL,1,'2025-06-05 10:01:08',2950,15),(95,129,114,NULL,2,'2025-06-05 10:09:27',2894.09,8),(96,37,115,NULL,1,'2025-06-05 10:13:30',3773.88,15),(98,1,117,50,1,'2025-06-05 10:32:42',395.6,1),(99,6,118,52,1,'2025-06-05 10:37:37',175.35,1),(100,16,118,52,1,'2025-06-05 10:37:37',167.9,1),(101,1,119,51,1,'2025-06-05 10:37:58',432.4,1),(102,5,120,55,1,'2025-06-05 10:59:59',36,1),(103,16,120,55,1,'2025-06-05 10:59:59',905.35,1),(104,5,121,56,1,'2025-06-05 11:03:09',3625,1),(105,1,122,57,1,'2025-06-05 11:13:39',343.2,1),(106,40,123,58,1,'2025-06-05 11:14:03',800,16),(108,5,125,61,1,'2025-06-05 15:48:48',182,1),(109,5,126,62,1,'2025-06-05 15:58:57',781.1,1),(110,6,127,63,1,'2025-06-05 15:59:21',3233.28,1),(111,1,128,64,1,'2025-06-05 16:22:16',3675.75,1),(112,8,129,65,1,'2025-06-05 16:27:39',303.12,10),(113,20,129,65,1,'2025-06-05 16:27:39',375.48,10),(114,5,130,67,1,'2025-06-05 21:32:22',486.70000000000005,1),(115,103,131,NULL,2,'2025-06-06 14:19:09',420.57,2),(116,3,132,NULL,2,'2025-06-06 14:19:54',1188.47,3),(117,2,133,NULL,2,'2025-06-06 14:20:37',780.43,3),(118,99,134,NULL,2,'2025-06-06 14:21:15',512.98,3),(119,100,135,NULL,2,'2025-06-06 14:21:50',618.36,3),(120,101,136,NULL,2,'2025-06-06 14:22:41',219.5,3),(121,102,137,NULL,2,'2025-06-06 14:23:33',87,3),(122,109,138,NULL,2,'2025-06-06 14:26:55',1415.12,3),(123,106,139,NULL,2,'2025-06-06 14:27:32',84,9),(124,83,140,NULL,1,'2025-06-06 14:31:47',80,21),(125,10,141,NULL,1,'2025-06-06 14:33:44',81,12),(126,10,142,NULL,1,'2025-06-06 14:34:14',59,12),(127,117,143,NULL,1,'2025-06-06 14:35:47',3.9,26),(128,37,144,NULL,1,'2025-06-06 14:39:45',26455.2,15),(129,129,145,NULL,2,'2025-06-06 14:47:03',2851.63,8),(130,116,146,NULL,1,'2025-06-06 14:49:21',1.2093,26),(131,114,147,NULL,1,'2025-06-06 14:49:39',4.885044,26),(133,37,149,NULL,1,'2025-06-06 21:29:40',23840,15),(134,3,150,NULL,2,'2025-06-07 20:22:48',1404.8,3),(135,2,151,NULL,2,'2025-06-07 20:23:15',1387.88,3),(136,99,152,NULL,2,'2025-06-07 20:24:01',2007.26,3),(137,100,153,NULL,2,'2025-06-07 20:24:48',1541.92,3),(138,101,154,NULL,2,'2025-06-07 20:25:23',277.59,3),(139,102,155,NULL,2,'2025-06-07 20:25:51',111.99,3),(140,109,156,NULL,2,'2025-06-07 20:26:24',1292.72,3),(141,106,157,NULL,2,'2025-06-07 20:26:59',29.6,9),(142,105,158,NULL,2,'2025-06-07 20:29:34',195.98,9),(143,124,159,NULL,2,'2025-06-07 20:30:20',84,3),(144,117,160,NULL,1,'2025-06-07 20:31:41',2.55,26),(145,10,161,NULL,1,'2025-06-07 20:32:44',102,12),(146,10,162,NULL,1,'2025-06-07 20:33:39',77,12),(147,10,163,NULL,1,'2025-06-07 20:35:23',75,12),(148,103,164,NULL,2,'2025-06-07 20:36:51',399,2),(149,116,165,NULL,1,'2025-06-07 20:38:55',1.556661,26),(151,114,167,NULL,1,'2025-06-07 20:39:32',12.181168,26),(152,3,168,NULL,2,'2025-06-09 12:24:53',2338.5,3),(153,2,169,NULL,2,'2025-06-09 12:25:15',1730,3),(154,99,170,NULL,2,'2025-06-09 12:26:00',1996.99,3),(155,100,171,NULL,2,'2025-06-09 12:26:37',857.5,3),(156,101,172,NULL,2,'2025-06-09 12:27:16',178,3),(157,102,173,NULL,2,'2025-06-09 12:28:06',32,3),(158,109,174,NULL,2,'2025-06-09 12:28:46',1968.5,3),(159,106,175,NULL,2,'2025-06-09 12:30:17',587.5,9),(160,105,176,NULL,2,'2025-06-09 12:30:47',314,9),(161,108,177,NULL,2,'2025-06-09 12:31:20',305.88,9),(162,103,178,NULL,2,'2025-06-09 12:32:10',566.6,2),(163,117,179,NULL,1,'2025-06-09 12:34:48',3.45,26),(164,10,180,NULL,1,'2025-06-09 12:36:25',93,12),(165,10,181,NULL,1,'2025-06-09 12:37:13',143,12),(166,10,182,NULL,1,'2025-06-09 12:37:48',126,12),(167,3,183,NULL,2,'2025-06-09 12:46:30',2654.3,3),(168,2,184,NULL,2,'2025-06-09 12:47:11',1682.75,3),(169,99,185,NULL,2,'2025-06-09 12:47:52',3917.25,3),(170,100,186,NULL,2,'2025-06-09 12:48:33',2138,3),(171,101,187,NULL,2,'2025-06-09 12:49:02',585,3),(172,102,188,NULL,2,'2025-06-09 12:49:31',486,3),(173,109,189,NULL,2,'2025-06-09 12:50:30',2294,3),(174,106,190,NULL,2,'2025-06-09 12:52:34',345.5,9),(175,105,191,NULL,2,'2025-06-09 12:54:58',77,9),(176,108,192,NULL,2,'2025-06-09 12:55:51',65,9),(177,116,193,NULL,1,'2025-06-09 12:56:46',6.7554,26),(178,114,194,NULL,1,'2025-06-09 12:56:46',16.8902,26),(180,103,196,NULL,2,'2025-06-09 13:01:29',659,2),(181,116,197,NULL,1,'2025-06-09 13:02:24',0.4448,26),(182,114,198,NULL,1,'2025-06-09 13:02:24',6.77425,26),(184,117,200,NULL,1,'2025-06-09 13:04:02',3.75,26),(185,10,201,NULL,1,'2025-06-09 13:04:44',162,12),(186,10,202,NULL,1,'2025-06-09 13:05:15',172,12),(187,10,203,NULL,1,'2025-06-09 13:05:41',195,12),(188,37,204,NULL,1,'2025-06-09 13:30:22',5851.51,15),(189,117,205,NULL,1,'2025-06-09 13:30:56',0.99,26),(190,129,206,NULL,2,'2025-06-09 13:35:09',10128.61,8),(191,10,207,NULL,1,'2025-06-09 22:10:34',37,12),(192,10,208,NULL,1,'2025-06-09 22:11:10',56,12),(193,10,209,NULL,1,'2025-06-09 22:11:50',79,12),(194,3,210,NULL,2,'2025-06-10 08:32:14',1076.95,3),(195,2,211,NULL,2,'2025-06-10 08:32:40',687.38,3),(196,99,212,NULL,2,'2025-06-10 08:33:18',1032.45,3),(197,100,213,NULL,2,'2025-06-10 08:33:46',616.99,3),(198,101,214,NULL,2,'2025-06-10 08:34:18',192.5,3),(199,102,215,NULL,2,'2025-06-10 08:35:03',287.97,3),(200,109,216,NULL,2,'2025-06-10 08:35:45',722.45,3),(201,106,217,NULL,2,'2025-06-10 08:36:16',43.5,9),(202,108,218,NULL,2,'2025-06-10 08:36:56',49.49,9),(203,103,219,NULL,2,'2025-06-10 08:38:01',382.5,2),(204,116,220,NULL,1,'2025-06-10 08:38:42',4.002783,26),(205,114,221,NULL,1,'2025-06-10 08:38:42',4.874221,26),(207,17,223,68,1,'2025-06-10 08:53:56',954.54,1),(208,63,224,NULL,1,'2025-06-10 09:20:34',350,6),(209,4,225,70,1,'2025-06-10 10:10:51',1137.723,1),(210,1,226,73,1,'2025-06-10 10:21:13',4306.04985,1),(211,40,227,74,1,'2025-06-10 10:25:22',900,16),(212,1,228,75,1,'2025-06-10 10:40:12',1991.36894,1),(213,6,229,76,1,'2025-06-10 10:51:25',679.6,1),(214,16,229,76,1,'2025-06-10 10:51:25',1265.22,1),(215,41,230,NULL,1,'2025-06-10 10:52:41',1.6,16),(216,14,231,NULL,1,'2025-06-10 11:22:07',84.9,16),(217,45,232,NULL,1,'2025-06-10 11:25:43',11861.77,16),(218,42,233,NULL,1,'2025-06-10 11:26:39',29.99,16),(219,37,234,NULL,1,'2025-06-10 11:30:57',2544.03,15),(220,117,235,NULL,1,'2025-06-10 11:31:57',1.98,26),(221,129,236,NULL,2,'2025-06-10 11:33:39',6491.93,8),(222,4,237,78,1,'2025-06-11 10:56:05',459,1),(223,3,238,NULL,2,'2025-06-11 11:08:22',786.73,3),(224,2,239,NULL,2,'2025-06-11 11:08:55',439.85,3),(225,99,240,NULL,2,'2025-06-11 11:09:16',730.85,3),(226,100,241,NULL,2,'2025-06-11 11:09:51',573.69,3),(227,101,242,NULL,2,'2025-06-11 11:10:20',114,3),(228,102,243,NULL,2,'2025-06-11 11:10:49',33.99,3),(229,109,244,NULL,2,'2025-06-11 11:11:10',1687.83,3),(230,106,245,NULL,2,'2025-06-11 11:12:30',343.48,9),(231,105,246,NULL,2,'2025-06-11 11:12:58',42.25,9),(232,108,247,NULL,2,'2025-06-11 11:13:34',126,9),(233,103,248,NULL,2,'2025-06-11 11:17:39',473.56,2),(234,116,249,NULL,1,'2025-06-11 11:18:19',0.472461,26),(235,114,250,NULL,1,'2025-06-11 11:18:19',4.532151,26),(237,128,252,NULL,2,'2025-06-11 11:35:04',19084.81,28),(238,127,253,NULL,1,'2025-06-11 11:42:29',3602.87,27),(239,126,254,NULL,1,'2025-06-11 11:43:15',175.88,27),(240,37,255,NULL,1,'2025-06-11 11:48:32',7350.55,15),(241,129,256,NULL,2,'2025-06-11 11:49:05',15348.47,8),(242,117,257,NULL,1,'2025-06-11 11:50:55',1.98,26),(243,85,258,NULL,1,'2025-06-11 11:52:57',500,22),(244,4,259,79,1,'2025-06-11 12:05:04',858.34,1),(245,1,260,85,1,'2025-06-13 10:46:15',4370.4,1),(246,1,261,83,1,'2025-06-13 10:46:49',435.82,1),(247,6,262,82,1,'2025-06-13 10:47:29',2883.1,1),(248,1,263,81,1,'2025-06-13 10:47:38',2948.13,1),(249,1,264,80,1,'2025-06-13 10:47:42',1864.55,1),(250,10,265,NULL,1,'2025-06-13 11:56:47',67,12),(251,10,266,NULL,1,'2025-06-13 11:57:18',76,12),(252,10,267,NULL,1,'2025-06-13 12:00:46',222,12),(253,10,268,NULL,1,'2025-06-13 12:01:43',140,12),(254,3,269,NULL,2,'2025-06-13 12:19:42',2339.88,3),(255,2,270,NULL,2,'2025-06-13 12:20:06',1324.92,3),(256,99,271,NULL,2,'2025-06-13 12:21:45',4666.93,3),(257,100,272,NULL,2,'2025-06-13 12:22:11',1580.97,3),(258,101,273,NULL,2,'2025-06-13 12:22:40',626.98,3),(259,102,274,NULL,2,'2025-06-13 12:23:23',309,3),(260,109,275,NULL,2,'2025-06-13 12:24:54',2907.91,3),(261,106,276,NULL,2,'2025-06-13 12:25:35',155,9),(262,105,277,NULL,2,'2025-06-13 12:43:12',955.38,9),(263,108,278,NULL,2,'2025-06-13 12:44:13',152.98,9),(264,117,279,NULL,1,'2025-06-13 12:45:01',2.25,26),(265,117,280,NULL,1,'2025-06-13 12:45:27',4.8,26),(266,103,281,NULL,2,'2025-06-13 13:00:57',343,2),(267,103,282,NULL,2,'2025-06-13 13:01:23',1588.99,2),(268,129,283,NULL,2,'2025-06-13 13:06:54',2443.11,8),(269,37,284,NULL,1,'2025-06-13 13:32:27',614.7,15),(271,114,286,NULL,1,'2025-06-13 13:36:57',12.489663,26),(272,116,287,NULL,1,'2025-06-13 13:36:57',4.2951,26),(273,129,288,NULL,2,'2025-06-13 13:38:40',1824.07,8),(274,37,289,NULL,1,'2025-06-13 13:40:38',3276.76,15),(275,4,290,86,1,'2025-06-13 13:44:50',40,1),(276,5,291,87,1,'2025-06-13 13:51:33',467.4,1),(279,19,293,89,1,'2025-06-16 00:18:15',137,10),(280,3,294,NULL,2,'2025-06-17 10:55:26',1575.95,3),(281,2,295,NULL,2,'2025-06-17 10:56:48',835.89,3),(282,99,296,NULL,2,'2025-06-17 10:57:56',2547.65,3),(283,99,297,NULL,2,'2025-06-17 10:58:35',970.75,3),(284,101,298,NULL,2,'2025-06-17 10:59:24',238.99,3),(285,102,299,NULL,2,'2025-06-17 11:00:08',209.98,3),(286,109,300,NULL,2,'2025-06-17 11:00:59',1366.32,3),(287,106,301,NULL,2,'2025-06-17 11:02:25',216,9),(288,103,302,NULL,2,'2025-06-17 11:03:39',682.43,2),(289,10,303,NULL,1,'2025-06-17 11:04:51',133,12),(290,10,304,NULL,1,'2025-06-17 11:05:28',94,12),(291,10,305,NULL,1,'2025-06-17 11:06:33',104,12),(292,117,306,NULL,1,'2025-06-17 11:09:10',3.3,26),(293,3,307,NULL,2,'2025-06-17 11:10:41',2192,3),(294,2,308,NULL,2,'2025-06-17 11:11:57',977.5,3),(295,99,309,NULL,2,'2025-06-17 11:13:20',2521,3),(296,100,310,NULL,2,'2025-06-17 11:13:51',927,3),(297,101,311,NULL,2,'2025-06-17 11:14:21',186,3),(298,102,312,NULL,2,'2025-06-17 11:14:52',290,3),(299,109,313,NULL,2,'2025-06-17 11:15:30',2221.5,3),(300,106,314,NULL,2,'2025-06-17 11:16:05',185.5,9),(301,105,315,NULL,2,'2025-06-17 11:16:34',78,9),(302,108,316,NULL,2,'2025-06-17 11:17:11',300,9),(303,10,317,NULL,1,'2025-06-17 11:18:01',129,12),(304,10,318,NULL,1,'2025-06-17 11:20:39',134,12),(305,10,319,NULL,1,'2025-06-17 11:21:24',143,12),(306,117,320,NULL,1,'2025-06-17 11:21:55',3,26),(307,103,321,NULL,2,'2025-06-17 11:27:53',1179.98,2),(308,103,322,NULL,2,'2025-06-17 11:29:36',2526.66,2),(309,3,323,NULL,2,'2025-06-17 11:30:26',3526,3),(310,2,324,NULL,2,'2025-06-17 11:30:57',1885,3),(311,99,325,NULL,2,'2025-06-17 11:31:39',4363.97,3),(312,100,326,NULL,2,'2025-06-17 11:32:11',1476.5,3),(313,101,327,NULL,2,'2025-06-17 11:32:48',563,3),(314,102,328,NULL,2,'2025-06-17 11:33:15',732,3),(315,109,329,NULL,2,'2025-06-17 11:33:43',1437.34,3),(316,106,330,NULL,2,'2025-06-17 11:34:15',386,9),(317,105,331,NULL,2,'2025-06-17 11:35:05',361,9),(318,108,332,NULL,2,'2025-06-17 11:35:43',42,9),(319,10,333,NULL,1,'2025-06-17 11:36:48',196,12),(320,10,334,NULL,1,'2025-06-17 11:38:06',237,12),(321,10,335,NULL,1,'2025-06-17 11:38:38',142,12),(322,117,336,NULL,1,'2025-06-17 11:40:23',2.1,26),(323,83,337,90,1,'2025-06-17 11:50:31',120,21),(324,103,338,NULL,2,'2025-06-17 11:52:23',707.79,2),(325,3,339,NULL,2,'2025-06-17 11:53:04',339.48,3),(326,2,340,NULL,2,'2025-06-17 11:53:50',393,3),(327,99,341,NULL,2,'2025-06-17 11:54:40',1213.96,3),(328,100,342,NULL,2,'2025-06-17 11:55:08',353.5,3),(329,102,343,NULL,2,'2025-06-17 11:55:57',43,3),(330,109,344,NULL,2,'2025-06-17 11:56:26',792.5,3),(331,106,345,NULL,2,'2025-06-17 11:57:28',53.5,9),(332,10,346,NULL,1,'2025-06-17 11:58:33',39,12),(333,10,347,NULL,1,'2025-06-17 11:59:03',38,12),(334,117,348,NULL,1,'2025-06-17 11:59:52',1.5,26),(335,20,349,92,1,'2025-06-17 13:20:19',1355.03,10),(336,21,349,92,1,'2025-06-17 13:20:19',88.2,10),(337,20,350,88,1,'2025-06-17 13:21:11',1216.48,10),(338,21,350,88,1,'2025-06-17 13:21:11',152.4,10),(339,4,351,93,1,'2025-06-17 13:28:59',468,1),(340,40,352,94,1,'2025-06-17 13:35:59',800,16),(341,4,353,95,1,'2025-06-17 13:36:02',842.0799999999999,1),(342,20,353,95,1,'2025-06-17 13:36:02',74.88,10),(343,5,354,97,1,'2025-06-17 13:43:59',350,1),(344,5,355,96,1,'2025-06-17 13:44:02',1300.8,1),(345,116,356,NULL,1,'2025-06-17 13:58:44',0.5977,26),(346,114,357,NULL,1,'2025-06-17 13:58:44',2.79265,26),(348,114,359,NULL,1,'2025-06-17 13:58:44',11.66435,26),(349,116,360,NULL,1,'2025-06-17 13:58:45',10.1748,26),(351,116,362,NULL,1,'2025-06-17 13:58:45',4.031,26),(352,114,363,NULL,1,'2025-06-17 13:58:45',7.3233,26),(354,116,365,NULL,1,'2025-06-17 13:58:45',2.918722,26),(355,113,366,NULL,1,'2025-06-17 13:58:45',15.434925,26),(357,53,368,NULL,1,'2025-06-17 14:15:39',150,16),(359,129,370,NULL,2,'2025-06-17 14:25:25',9026.49,8),(360,88,371,NULL,1,'2025-06-17 15:04:17',13190,23),(361,88,372,NULL,1,'2025-06-17 15:05:24',1250,23),(362,37,373,NULL,1,'2025-06-17 15:08:50',816.93,15),(363,117,374,NULL,1,'2025-06-17 15:09:57',1.98,26),(364,129,375,NULL,2,'2025-06-17 15:11:51',7123.33,8),(365,131,376,NULL,1,'2025-06-17 15:24:34',1600,22),(366,98,377,NULL,1,'2025-06-17 15:26:19',10000,25),(367,3,378,NULL,2,'2025-06-18 11:04:57',1335.26,3),(368,21,379,99,1,'2025-06-18 11:54:37',28,10),(369,5,380,49,1,'2025-06-18 12:12:15',502.5,1),(370,5,382,60,1,'2025-06-18 12:14:29',5832,1),(371,1,384,102,1,'2025-06-18 12:52:37',99.9,1),(372,16,384,102,1,'2025-06-18 12:52:37',203.58,1),(373,1,385,101,1,'2025-06-18 12:52:42',3323.0111,1),(374,6,386,103,1,'2025-06-18 12:55:24',389,1),(375,5,387,104,1,'2025-06-18 12:59:14',890,1),(376,2,388,NULL,2,'2025-06-18 13:10:20',755.98,3),(377,99,389,NULL,2,'2025-06-18 13:11:13',1617.42,3),(378,100,390,NULL,2,'2025-06-18 13:11:51',635.8,3),(379,101,391,NULL,2,'2025-06-18 13:12:27',43,3),(380,102,392,NULL,2,'2025-06-18 13:13:07',121.31,3),(381,109,393,NULL,2,'2025-06-18 13:13:39',780.47,3),(382,106,394,NULL,2,'2025-06-18 13:14:58',88,9),(383,108,395,NULL,2,'2025-06-18 13:16:54',74,9),(384,103,396,NULL,2,'2025-06-18 13:17:23',505,2),(385,114,397,NULL,1,'2025-06-18 13:18:14',5.02282,26),(386,116,398,NULL,1,'2025-06-18 13:18:14',1.686209,26),(388,10,400,NULL,1,'2025-06-18 13:20:00',103,12),(389,10,401,NULL,1,'2025-06-18 13:20:41',71,12),(390,87,402,NULL,1,'2025-06-18 13:24:05',1500,22),(391,117,403,NULL,1,'2025-06-18 13:24:38',2.97,26),(392,128,404,NULL,2,'2025-06-18 13:47:02',16710.03,28),(393,10,405,NULL,1,'2025-06-18 13:48:42',137.92,12),(394,127,406,NULL,1,'2025-06-18 13:49:57',3074.58,27),(395,129,407,NULL,2,'2025-06-18 13:52:40',7094.16,8),(396,132,408,NULL,1,'2025-06-19 14:02:11',2124.44,NULL),(397,37,409,NULL,1,'2025-06-19 14:10:27',4153.59,NULL),(398,133,410,NULL,1,'2025-06-19 14:11:36',4483.18,NULL),(399,63,411,NULL,1,'2025-06-19 14:13:52',535.31,NULL),(400,41,412,NULL,1,'2025-06-19 14:15:14',1733,NULL),(401,44,413,NULL,1,'2025-06-19 14:38:10',100,NULL),(402,44,414,NULL,1,'2025-06-19 14:45:04',139.32,NULL),(403,5,415,112,1,'2025-06-21 13:37:06',699.8,NULL),(404,1,416,111,1,'2025-06-21 13:37:51',1121.4,NULL),(406,5,418,109,1,'2025-06-21 13:40:46',1040,NULL),(407,16,419,108,1,'2025-06-21 13:41:44',974.25,NULL),(408,6,420,107,1,'2025-06-21 13:42:13',2575.1,NULL),(409,1,421,106,1,'2025-06-21 13:42:34',686.7,NULL),(410,1,422,105,1,'2025-06-21 13:42:52',2542.74,NULL),(414,5,425,113,1,'2025-06-21 13:50:07',48.18,NULL),(415,20,425,113,1,'2025-06-21 13:50:07',129.04,NULL),(416,4,426,114,1,'2025-06-21 13:50:11',5.95665,NULL),(417,40,427,115,1,'2025-06-21 13:52:08',609.99,NULL),(418,20,428,116,1,'2025-06-21 13:55:57',129.78,NULL),(419,41,429,NULL,1,'2025-06-21 14:04:12',79.5,NULL),(420,53,430,NULL,1,'2025-06-21 14:05:58',60,NULL),(421,37,431,NULL,1,'2025-06-21 14:13:11',3310.61,NULL),(422,42,432,NULL,1,'2025-06-21 14:15:19',53.3,NULL),(423,43,433,NULL,1,'2025-06-21 14:17:14',890,NULL),(425,21,435,NULL,1,'2025-06-21 14:18:58',53.32,NULL),(426,21,436,NULL,1,'2025-06-21 14:18:58',53.32,NULL),(428,37,438,NULL,1,'2025-06-21 14:23:28',154.41,NULL),(429,129,439,NULL,2,'2025-06-21 14:25:16',5887.73,NULL),(430,103,440,NULL,2,'2025-06-21 16:05:45',1134.12,NULL),(431,3,441,NULL,2,'2025-06-21 16:06:33',1359.91,NULL),(432,2,442,NULL,2,'2025-06-21 16:06:56',570.98,NULL),(433,99,443,NULL,2,'2025-06-21 16:07:28',1324.41,NULL),(434,100,444,NULL,2,'2025-06-21 16:08:04',869.47,NULL),(435,101,445,NULL,2,'2025-06-21 16:08:48',92,NULL),(436,102,446,NULL,2,'2025-06-21 16:09:25',159,NULL),(437,109,447,NULL,2,'2025-06-21 16:10:32',808,NULL),(438,105,448,NULL,2,'2025-06-21 16:11:40',120.99,NULL),(439,117,449,NULL,1,'2025-06-21 16:12:19',1.2,NULL),(440,10,450,NULL,1,'2025-06-21 16:13:24',115,NULL),(441,10,451,NULL,1,'2025-06-21 16:13:53',69,NULL),(442,10,452,NULL,1,'2025-06-21 16:15:09',151,NULL),(443,10,453,NULL,1,'2025-06-21 16:15:41',133,NULL),(444,103,454,NULL,2,'2025-06-21 20:53:36',324.99,NULL),(445,3,455,NULL,2,'2025-06-21 20:54:10',960.29,NULL),(446,2,456,NULL,2,'2025-06-21 20:54:49',1321.89,NULL),(447,99,457,NULL,2,'2025-06-21 20:55:19',1655.78,NULL),(448,100,458,NULL,2,'2025-06-21 20:56:05',989.88,NULL),(449,101,459,NULL,2,'2025-06-21 20:56:39',372.5,NULL),(450,102,460,NULL,2,'2025-06-21 20:57:00',377.48,NULL),(451,109,461,NULL,2,'2025-06-21 20:58:00',1163.94,NULL),(452,10,462,NULL,1,'2025-06-21 21:03:54',66,NULL),(453,10,463,NULL,1,'2025-06-21 21:04:19',86,NULL),(454,10,464,NULL,1,'2025-06-21 21:04:48',78,NULL),(455,103,465,NULL,2,'2025-06-21 21:06:52',840,NULL),(456,3,466,NULL,2,'2025-06-21 21:07:20',967.97,NULL),(457,2,467,NULL,2,'2025-06-21 21:07:48',720.39,NULL),(458,99,468,NULL,2,'2025-06-21 21:08:36',1701.46,NULL),(459,100,469,NULL,2,'2025-06-21 21:09:09',1156.45,NULL),(460,101,470,NULL,2,'2025-06-21 21:09:45',130,NULL),(461,102,471,NULL,2,'2025-06-21 21:10:15',200.49,NULL),(462,106,472,NULL,2,'2025-06-21 21:11:02',99,NULL),(463,108,473,NULL,2,'2025-06-21 21:11:40',48.99,NULL),(464,109,474,NULL,2,'2025-06-21 21:13:52',732.98,NULL),(466,114,476,NULL,1,'2025-06-21 21:15:55',7.820052,NULL),(467,116,477,NULL,1,'2025-06-21 21:15:55',5.246972,NULL),(469,114,479,NULL,1,'2025-06-21 21:15:55',9.135955,NULL),(470,116,480,NULL,1,'2025-06-21 21:15:55',2.786811,NULL),(471,116,481,NULL,1,'2025-06-21 21:17:25',2.2101,NULL),(472,114,482,NULL,1,'2025-06-21 21:17:25',6.868813,NULL),(474,117,484,NULL,1,'2025-06-21 22:38:04',2.1,NULL),(475,117,485,NULL,1,'2025-06-21 22:38:34',1.35,NULL),(480,112,490,NULL,1,'2025-06-22 13:41:47',17.259525,NULL),(481,112,491,NULL,1,'2025-06-22 13:41:47',5.411105,NULL),(482,112,492,NULL,1,'2025-06-22 13:41:47',4.723884,NULL),(483,112,493,NULL,1,'2025-06-22 13:43:07',4.067947,NULL),(484,112,494,NULL,1,'2025-06-22 13:43:20',6.165397,NULL),(485,112,495,NULL,1,'2025-06-22 13:43:30',10.964252,NULL),(486,112,496,NULL,1,'2025-06-22 13:46:16',13.667,NULL),(487,112,497,NULL,1,'2025-06-22 13:46:16',13.293725,NULL),(488,103,498,NULL,2,'2025-06-22 13:50:06',699.5,NULL),(489,3,499,NULL,2,'2025-06-22 13:50:32',684,NULL),(490,112,500,NULL,1,'2025-06-22 13:50:41',5.430302,NULL),(491,2,501,NULL,2,'2025-06-22 13:50:55',505,NULL),(492,112,502,NULL,1,'2025-06-22 13:51:15',10.466868,NULL),(493,112,503,NULL,1,'2025-06-22 13:51:15',3.474815,NULL),(494,99,504,NULL,2,'2025-06-22 13:51:34',2585,NULL),(495,112,505,NULL,1,'2025-06-22 13:51:48',3.1047,NULL),(496,112,506,NULL,1,'2025-06-22 13:51:48',14.8915,NULL),(497,112,507,NULL,1,'2025-06-22 13:51:48',7.72225,NULL),(498,112,508,NULL,1,'2025-06-22 13:51:48',6.603531,NULL),(499,100,509,NULL,2,'2025-06-22 13:51:58',916,NULL),(500,101,510,NULL,2,'2025-06-22 13:52:23',141,NULL),(501,102,511,NULL,2,'2025-06-22 13:52:54',172,NULL),(502,112,512,NULL,1,'2025-06-22 13:53:02',5.972242,NULL),(503,109,513,NULL,2,'2025-06-22 13:53:18',2024.5,NULL),(504,112,514,NULL,1,'2025-06-22 13:53:27',5.691081,NULL),(505,112,515,NULL,1,'2025-06-22 13:53:27',4.510742,NULL),(506,112,516,NULL,1,'2025-06-22 13:53:27',10.442931,NULL),(507,106,517,NULL,2,'2025-06-22 13:56:48',81,NULL),(508,105,518,NULL,2,'2025-06-22 13:57:26',227,NULL),(509,108,519,NULL,2,'2025-06-22 13:58:19',116,NULL),(510,117,520,NULL,1,'2025-06-22 13:58:53',3.3,NULL),(511,10,521,NULL,1,'2025-06-22 13:59:24',76,NULL),(512,10,522,NULL,1,'2025-06-22 13:59:54',73,NULL),(513,10,523,NULL,1,'2025-06-22 14:01:12',63,NULL),(514,59,524,NULL,1,'2025-06-22 14:05:15',2695.18,NULL),(515,59,525,NULL,1,'2025-06-22 14:06:02',2872.66,NULL),(516,59,526,NULL,1,'2025-06-22 14:13:13',39553.55,NULL),(517,54,527,NULL,1,'2025-06-22 14:14:21',226.29,NULL),(518,37,528,NULL,1,'2025-06-22 14:29:51',428,NULL),(519,8,529,84,1,'2025-06-22 19:48:38',421.33,NULL),(520,10,530,NULL,1,'2025-06-23 13:57:29',133,NULL),(521,10,531,NULL,1,'2025-06-23 13:57:52',137,NULL),(522,10,532,NULL,1,'2025-06-23 13:58:26',139,NULL),(523,117,533,NULL,1,'2025-06-23 13:59:01',2.1,NULL),(524,103,534,NULL,2,'2025-06-23 14:02:28',1117,NULL),(525,3,535,NULL,2,'2025-06-23 14:03:00',1607.5,NULL),(526,2,536,NULL,2,'2025-06-23 14:03:22',2289.16,NULL),(527,99,537,NULL,2,'2025-06-23 14:03:49',3103.48,NULL),(528,100,538,NULL,2,'2025-06-23 14:04:24',1431.5,NULL),(529,101,539,NULL,2,'2025-06-23 14:05:11',52,NULL),(530,102,540,NULL,2,'2025-06-23 14:05:39',582.33,NULL),(531,109,541,NULL,2,'2025-06-23 14:06:10',1662,NULL),(532,106,542,NULL,2,'2025-06-23 14:07:23',182.5,NULL),(533,108,543,NULL,2,'2025-06-23 14:08:05',128,NULL),(534,116,544,NULL,1,'2025-06-23 14:09:03',8.094387,NULL),(535,114,545,NULL,1,'2025-06-23 14:09:03',11.30885,NULL),(536,112,546,NULL,1,'2025-06-23 14:09:03',18.084364,NULL),(537,67,547,NULL,1,'2025-06-23 14:10:01',600,NULL),(538,67,548,NULL,1,'2025-06-23 14:10:37',700,NULL),(539,20,549,119,1,'2025-06-23 14:27:37',128.52999999999997,NULL),(540,4,550,120,1,'2025-06-24 10:37:36',709.88,NULL),(541,10,551,NULL,1,'2025-06-24 10:39:37',97,NULL),(542,10,552,NULL,1,'2025-06-24 10:40:13',131,NULL),(543,10,553,NULL,1,'2025-06-24 10:40:38',120,NULL),(544,117,554,NULL,1,'2025-06-24 10:41:23',2.85,NULL),(545,103,555,NULL,2,'2025-06-24 10:44:02',568.97,NULL),(546,3,556,NULL,2,'2025-06-24 10:44:30',1091.47,NULL),(547,2,557,NULL,2,'2025-06-24 10:44:55',912.98,NULL),(548,99,558,NULL,2,'2025-06-24 10:45:20',1534.59,NULL),(549,100,559,NULL,2,'2025-06-24 10:45:42',931.99,NULL),(550,101,560,NULL,2,'2025-06-24 10:46:13',277,NULL),(551,102,561,NULL,2,'2025-06-24 10:46:41',423.97,NULL),(552,109,562,NULL,2,'2025-06-24 10:47:07',1807.47,NULL),(553,106,563,NULL,2,'2025-06-24 10:47:51',257,NULL),(554,105,564,NULL,2,'2025-06-24 10:48:58',73,NULL),(555,108,565,NULL,2,'2025-06-24 10:49:25',111.33,NULL),(556,40,567,121,1,'2025-06-26 11:16:52',1080,NULL),(557,40,569,122,1,'2025-06-26 11:18:23',507.44,NULL),(558,39,570,123,1,'2025-06-26 18:19:50',208.07,NULL),(559,1,571,126,1,'2025-06-26 18:24:27',343.2,NULL),(560,8,572,125,1,'2025-06-26 18:29:38',363.29999999999995,NULL),(561,5,573,127,1,'2025-06-28 18:28:59',182,NULL),(562,83,574,128,1,'2025-06-28 18:29:02',120,NULL),(563,40,575,129,1,'2025-06-28 18:31:18',800,NULL),(564,4,576,130,1,'2025-06-28 18:33:39',312,NULL),(565,6,577,131,1,'2025-06-28 19:17:42',6360,NULL),(566,6,578,132,1,'2025-06-28 19:20:26',1344,NULL),(567,4,580,134,1,'2025-06-28 20:03:29',91.95,NULL),(568,5,580,134,1,'2025-06-28 20:03:29',1543.18,NULL),(569,39,580,134,1,'2025-06-28 20:03:29',342.31,NULL),(570,40,580,134,1,'2025-06-28 20:03:29',872.83,NULL),(571,41,580,134,1,'2025-06-28 20:03:29',311.85,NULL),(572,10,581,NULL,1,'2025-06-28 21:01:59',195,NULL),(573,10,582,NULL,1,'2025-06-28 21:02:29',188,NULL),(574,10,583,NULL,1,'2025-06-28 21:02:59',224,NULL),(575,117,584,NULL,1,'2025-06-28 21:04:41',2.4,NULL),(576,10,585,NULL,1,'2025-06-28 21:05:41',82,NULL),(577,10,586,NULL,1,'2025-06-28 21:06:11',83,NULL),(578,117,587,NULL,1,'2025-06-28 21:06:49',2.55,NULL),(579,10,588,NULL,1,'2025-06-28 21:10:51',89,NULL),(580,10,589,NULL,1,'2025-06-28 21:11:23',90,NULL),(581,117,590,NULL,1,'2025-06-28 21:12:11',2.4,NULL),(582,10,591,NULL,1,'2025-06-28 21:12:56',96,NULL),(583,10,592,NULL,1,'2025-06-28 21:13:23',61,NULL),(584,10,593,NULL,1,'2025-06-28 21:13:54',93,NULL),(585,117,594,NULL,1,'2025-06-28 21:14:23',2.25,NULL),(586,3,595,NULL,2,'2025-06-28 21:17:23',2531.56,NULL),(587,2,596,NULL,2,'2025-06-28 21:17:47',1991.49,NULL),(588,99,597,NULL,2,'2025-06-28 21:18:41',4566,NULL),(589,100,598,NULL,2,'2025-06-28 21:19:09',2635.8,NULL),(590,101,599,NULL,2,'2025-06-28 21:19:47',448.5,NULL),(591,102,600,NULL,2,'2025-06-28 21:20:17',367.5,NULL),(592,109,601,NULL,2,'2025-06-28 21:20:43',1711.5,NULL),(593,106,602,NULL,2,'2025-06-28 21:22:03',186,NULL),(594,105,603,NULL,2,'2025-06-28 21:23:28',123,NULL),(595,108,604,NULL,2,'2025-06-28 21:24:15',188,NULL),(596,124,605,NULL,2,'2025-06-28 21:24:45',76,NULL),(597,103,606,NULL,2,'2025-06-28 21:25:33',710,NULL),(598,103,607,NULL,2,'2025-06-28 21:25:58',1133,NULL),(599,3,608,NULL,2,'2025-06-28 21:26:27',938.17,NULL),(600,2,609,NULL,2,'2025-06-28 21:26:51',935.72,NULL),(601,99,610,NULL,2,'2025-06-28 21:27:31',1194.71,NULL),(602,100,611,NULL,2,'2025-06-28 21:28:01',450.96,NULL),(603,101,612,NULL,2,'2025-06-28 21:28:37',45.5,NULL),(604,102,613,NULL,2,'2025-06-28 21:29:05',209.48,NULL),(605,109,614,NULL,2,'2025-06-28 21:29:26',1299.74,NULL),(606,106,615,NULL,2,'2025-06-28 21:30:06',356.97,NULL),(607,103,616,NULL,2,'2025-06-28 21:30:35',645,NULL),(608,3,617,NULL,2,'2025-06-28 21:31:10',1427.95,NULL),(609,2,618,NULL,2,'2025-06-28 21:31:41',508,NULL),(610,99,619,NULL,2,'2025-06-28 21:32:09',1044.46,NULL),(611,100,620,NULL,2,'2025-06-28 21:32:37',398.48,NULL),(612,101,621,NULL,2,'2025-06-28 21:33:16',228.97,NULL),(613,102,622,NULL,2,'2025-06-28 21:33:56',167.98,NULL),(614,109,623,NULL,2,'2025-06-28 21:34:23',1367.44,NULL),(615,105,624,NULL,2,'2025-06-28 21:35:18',186.88,NULL),(616,108,625,NULL,2,'2025-06-28 21:36:51',165,NULL),(617,103,626,NULL,2,'2025-06-28 21:43:35',174,NULL),(618,3,627,NULL,2,'2025-06-28 22:02:34',2133.93,NULL),(619,2,628,NULL,2,'2025-06-28 22:03:01',1334.96,NULL),(620,99,629,NULL,2,'2025-06-28 22:03:31',1535.1,NULL),(621,100,630,NULL,2,'2025-06-28 22:04:10',1158.99,NULL),(622,102,631,NULL,2,'2025-06-28 22:04:34',113.97,NULL),(623,109,632,NULL,2,'2025-06-28 22:04:57',1028.28,NULL),(624,106,633,NULL,2,'2025-06-28 22:05:46',159,NULL),(625,105,634,NULL,2,'2025-06-28 22:06:22',298,NULL),(626,108,635,NULL,2,'2025-06-28 22:07:07',53.49,NULL),(627,10,636,NULL,1,'2025-06-29 18:12:41',100,NULL),(628,10,637,NULL,1,'2025-06-29 18:13:18',136,NULL),(629,10,638,NULL,1,'2025-06-29 18:14:24',151,NULL),(630,117,639,NULL,1,'2025-06-29 18:15:58',2.25,NULL),(631,103,640,NULL,2,'2025-06-29 18:19:33',195.7,NULL),(632,3,641,NULL,2,'2025-06-29 18:20:09',1294,NULL),(633,2,642,NULL,2,'2025-06-29 18:20:40',1053,NULL),(634,99,643,NULL,2,'2025-06-29 18:21:21',1840.7,NULL),(635,100,644,NULL,2,'2025-06-29 18:21:52',613.9,NULL),(636,101,645,NULL,2,'2025-06-29 18:22:20',256,NULL),(637,102,646,NULL,2,'2025-06-29 18:23:00',440.5,NULL),(638,109,647,NULL,2,'2025-06-29 18:23:28',981.2,NULL),(639,106,648,NULL,2,'2025-06-29 18:24:22',297,NULL),(640,105,649,NULL,2,'2025-06-29 18:25:01',77,NULL),(641,108,650,NULL,2,'2025-06-29 18:25:53',373.98,NULL),(642,20,651,139,1,'2025-06-29 18:36:12',207.84,NULL),(643,20,652,138,1,'2025-06-29 18:36:16',206.04,NULL),(644,1,653,137,1,'2025-06-29 18:38:33',4399.43,NULL),(645,1,654,136,1,'2025-06-29 18:38:48',4404,NULL),(646,6,655,135,1,'2025-06-29 18:39:50',1651.22,NULL),(647,39,656,124,1,'2025-06-29 18:40:19',230.25,NULL),(648,116,657,NULL,1,'2025-06-29 18:47:48',1.584183,NULL),(649,114,658,NULL,1,'2025-06-29 18:47:48',9.156021,NULL),(650,112,659,NULL,1,'2025-06-29 18:47:48',10.546184,NULL),(651,116,660,NULL,1,'2025-06-29 18:47:48',2.334922,NULL),(652,114,661,NULL,1,'2025-06-29 18:47:48',3.147992,NULL),(653,112,662,NULL,1,'2025-06-29 18:47:49',4.0132,NULL),(654,116,663,NULL,1,'2025-06-29 18:47:49',2.911772,NULL),(655,114,664,NULL,1,'2025-06-29 18:47:49',3.562584,NULL),(656,112,665,NULL,1,'2025-06-29 18:47:49',7.392188,NULL),(657,116,666,NULL,1,'2025-06-29 18:47:49',5.10825,NULL),(658,114,667,NULL,1,'2025-06-29 18:48:45',20.82282,NULL),(659,112,668,NULL,1,'2025-06-29 18:48:45',15.732771,NULL),(660,116,669,NULL,1,'2025-06-29 18:48:45',5.893183,NULL),(661,114,670,NULL,1,'2025-06-29 18:48:45',7.362721,NULL),(662,112,671,NULL,1,'2025-06-29 18:48:45',7.212542,NULL),(663,116,672,NULL,1,'2025-06-29 18:48:45',2.3908,NULL),(664,114,673,NULL,1,'2025-06-29 18:48:45',7.2364,NULL),(665,112,674,NULL,1,'2025-06-29 18:48:45',3.9895,NULL),(666,129,675,NULL,2,'2025-06-29 19:55:49',8856.29,NULL),(667,129,676,NULL,2,'2025-06-29 20:11:50',3514.76,NULL),(668,129,677,NULL,2,'2025-06-29 20:16:55',6756.8,NULL),(669,129,678,NULL,2,'2025-06-29 20:19:45',2451.85,NULL),(670,129,679,NULL,2,'2025-06-29 20:21:27',2035.11,NULL),(671,87,680,NULL,1,'2025-06-29 20:28:24',70.5,NULL),(672,87,681,NULL,1,'2025-06-29 20:28:24',70.5,NULL),(673,87,682,NULL,1,'2025-06-29 20:28:24',70.5,NULL),(674,7,683,NULL,1,'2025-06-29 20:30:08',40,NULL),(675,42,684,NULL,1,'2025-06-29 20:32:52',62.79,NULL),(676,37,685,NULL,1,'2025-06-29 20:36:16',816.92,NULL),(677,132,686,NULL,1,'2025-06-29 20:37:34',420.49,NULL),(678,128,687,NULL,2,'2025-06-29 23:21:42',6528.08,NULL),(679,127,688,NULL,1,'2025-06-29 23:24:11',1308.73,NULL),(680,126,689,NULL,1,'2025-06-29 23:24:58',81.94,NULL),(681,10,690,NULL,1,'2025-06-29 23:42:08',116,NULL),(682,10,691,NULL,1,'2025-06-29 23:42:40',165,NULL),(683,10,692,NULL,1,'2025-06-29 23:43:09',225,NULL),(684,117,693,NULL,1,'2025-06-29 23:44:05',4.05,NULL),(685,21,694,140,1,'2025-06-29 23:45:38',21,NULL),(686,66,695,NULL,1,'2025-06-29 23:46:40',500,NULL),(687,88,696,NULL,1,'2025-06-29 23:47:20',750,NULL),(688,103,697,NULL,2,'2025-06-29 23:48:43',1832.84,NULL),(689,3,698,NULL,2,'2025-06-29 23:49:29',2541.2,NULL),(690,2,699,NULL,2,'2025-06-29 23:49:56',730.47,NULL),(691,99,700,NULL,2,'2025-06-29 23:50:35',4920.14,NULL),(692,100,701,NULL,2,'2025-06-29 23:51:18',2043.66,NULL),(693,101,702,NULL,2,'2025-06-29 23:51:55',594,NULL),(694,102,703,NULL,2,'2025-06-29 23:52:24',1020,NULL),(695,109,704,NULL,2,'2025-06-29 23:53:11',2389,NULL),(696,106,705,NULL,2,'2025-06-29 23:56:19',342,NULL),(697,114,706,NULL,1,'2025-06-29 23:57:07',16.144914,NULL),(698,116,707,NULL,1,'2025-06-29 23:57:07',14.178,NULL),(699,112,708,NULL,1,'2025-06-29 23:57:07',5.770713,NULL),(700,114,709,NULL,1,'2025-06-29 23:58:46',4.84981,NULL),(701,112,710,NULL,1,'2025-06-29 23:58:46',8.3187,NULL),(702,40,711,141,1,'2025-06-30 00:01:40',800,NULL),(703,5,712,142,1,'2025-06-30 00:06:07',42.95,NULL),(704,16,712,142,1,'2025-06-30 00:06:07',1376.4959,NULL),(705,6,713,143,1,'2025-06-30 00:07:45',1277.355,NULL),(706,19,714,144,1,'2025-06-30 00:13:42',137,NULL),(707,45,715,NULL,1,'2025-06-30 00:19:28',9767.97,NULL),(708,128,716,NULL,2,'2025-06-30 00:27:25',10163.06,NULL),(709,127,717,NULL,1,'2025-06-30 00:29:19',1893.32,NULL),(710,10,718,NULL,1,'2025-06-30 23:37:06',159,NULL),(711,10,719,NULL,1,'2025-06-30 23:37:42',75,NULL),(712,117,720,NULL,1,'2025-06-30 23:39:07',2.25,NULL),(713,103,721,NULL,2,'2025-06-30 23:39:43',648.47,NULL),(714,3,722,NULL,2,'2025-06-30 23:40:24',1411.67,NULL),(715,2,723,NULL,2,'2025-06-30 23:40:49',335.75,NULL),(716,99,724,NULL,2,'2025-06-30 23:41:20',596.99,NULL),(717,100,725,NULL,2,'2025-06-30 23:41:47',1269.94,NULL),(718,101,726,NULL,2,'2025-06-30 23:42:16',116.97,NULL),(719,102,727,NULL,2,'2025-06-30 23:43:05',108.98,NULL),(720,109,728,NULL,2,'2025-06-30 23:43:30',1122.48,NULL),(721,106,729,NULL,2,'2025-06-30 23:44:11',35.99,NULL),(722,105,730,NULL,2,'2025-06-30 23:45:16',71,NULL),(723,131,731,NULL,1,'2025-06-30 23:47:42',1600,NULL),(724,132,732,NULL,1,'2025-06-30 23:50:21',12184.78,NULL),(725,69,733,NULL,1,'2025-06-30 23:56:08',2400,NULL),(726,129,734,NULL,2,'2025-06-30 23:59:35',11961.37,NULL),(727,42,735,NULL,1,'2025-07-01 00:03:04',150,NULL),(728,5,737,145,1,'2025-07-01 00:37:24',1778.4,NULL),(729,16,738,110,1,'2025-07-01 18:43:47',1207.008,NULL),(730,10,739,NULL,1,'2025-07-03 18:26:12',167,NULL),(731,10,740,NULL,1,'2025-07-03 18:26:52',34,NULL),(732,117,741,NULL,1,'2025-07-03 18:39:08',2.4,NULL),(733,10,742,NULL,1,'2025-07-03 18:39:55',216,NULL),(734,10,743,NULL,1,'2025-07-03 18:40:23',17,NULL),(735,117,744,NULL,1,'2025-07-03 18:40:57',2.85,NULL),(736,6,745,153,1,'2025-07-04 11:37:03',3047.13,NULL),(737,5,746,154,1,'2025-07-04 11:39:17',1662,NULL),(738,8,747,155,1,'2025-07-04 11:49:17',202.08,NULL),(739,20,747,155,1,'2025-07-04 11:49:17',237.12,NULL),(740,5,748,156,1,'2025-07-04 11:50:32',1298.3,NULL),(741,1,749,157,1,'2025-07-04 11:51:27',2162.88,NULL),(742,16,750,158,1,'2025-07-04 11:52:08',1169.1,NULL),(743,6,751,159,1,'2025-07-04 11:52:34',212.85,NULL),(744,1,752,160,1,'2025-07-04 11:53:05',359.64,NULL),(745,1,753,161,1,'2025-07-04 11:53:26',528,NULL),(746,83,754,162,1,'2025-07-04 12:29:19',40,NULL),(747,4,755,163,1,'2025-07-04 12:35:27',133.5106,NULL),(748,5,755,163,1,'2025-07-04 12:35:27',104.8,NULL),(749,4,756,164,1,'2025-07-04 12:35:30',300,NULL),(750,20,757,165,1,'2025-07-04 12:53:37',201.1,NULL),(751,4,758,166,1,'2025-07-04 13:08:41',1206.499,NULL),(752,5,759,167,1,'2025-07-04 13:08:44',826.8,NULL),(753,10,760,NULL,1,'2025-07-04 13:48:06',145,NULL),(754,10,761,NULL,1,'2025-07-04 13:49:03',18,NULL),(755,117,762,NULL,1,'2025-07-04 13:49:30',2.1,NULL),(756,135,763,NULL,1,'2025-07-04 14:17:56',410,NULL),(757,92,764,NULL,1,'2025-07-04 14:18:57',2246.84,NULL),(758,117,765,NULL,1,'2025-07-04 14:19:30',1.98,NULL),(759,53,766,NULL,1,'2025-07-04 14:20:11',5234.48,NULL),(760,103,767,NULL,2,'2025-07-04 14:35:35',656.98,NULL),(761,3,768,NULL,2,'2025-07-04 14:37:47',1359.28,NULL),(762,2,769,NULL,2,'2025-07-04 14:38:15',808.66,NULL),(763,99,770,NULL,2,'2025-07-04 14:39:03',1130.6,NULL),(764,100,771,NULL,2,'2025-07-04 14:39:30',1181.43,NULL),(765,101,772,NULL,2,'2025-07-04 14:39:56',33.98,NULL),(766,102,773,NULL,2,'2025-07-04 14:40:20',239,NULL),(767,109,774,NULL,2,'2025-07-04 14:40:45',804.95,NULL),(768,106,775,NULL,2,'2025-07-04 14:41:38',260.31,NULL),(769,105,776,NULL,2,'2025-07-04 14:42:51',106.5,NULL),(770,108,777,NULL,2,'2025-07-04 14:43:31',241.5,NULL),(771,103,778,NULL,2,'2025-07-04 20:42:48',746.41,NULL),(772,3,779,NULL,2,'2025-07-04 20:43:33',885.56,NULL),(773,2,780,NULL,2,'2025-07-04 20:44:46',1404.45,NULL),(774,99,781,NULL,2,'2025-07-04 20:45:22',1031.72,NULL),(775,100,782,NULL,2,'2025-07-04 20:45:44',1334.5,NULL),(776,102,783,NULL,2,'2025-07-04 20:46:29',201,NULL),(777,109,784,NULL,2,'2025-07-04 20:46:56',1437.51,NULL),(778,106,785,NULL,2,'2025-07-04 20:48:40',101.43,NULL),(779,105,786,NULL,2,'2025-07-04 20:49:17',133.98,NULL),(780,108,787,NULL,2,'2025-07-04 20:50:22',43.99,NULL),(781,103,788,NULL,2,'2025-07-04 20:50:54',609.4,NULL),(782,3,789,NULL,2,'2025-07-04 20:51:21',987.79,NULL),(783,2,790,NULL,2,'2025-07-04 20:52:00',463.48,NULL),(784,99,791,NULL,2,'2025-07-04 20:52:29',997.76,NULL),(785,100,792,NULL,2,'2025-07-04 20:53:10',919.96,NULL),(786,101,793,NULL,2,'2025-07-04 20:57:59',251.96,NULL),(787,102,794,NULL,2,'2025-07-04 20:58:20',430.97,NULL),(788,109,795,NULL,2,'2025-07-04 20:58:44',1380.29,NULL),(789,106,796,NULL,2,'2025-07-04 20:59:18',93.5,NULL),(790,105,797,NULL,2,'2025-07-04 21:00:41',93.5,NULL),(791,108,798,NULL,2,'2025-07-04 21:02:01',258.98,NULL),(792,10,799,NULL,1,'2025-07-05 12:43:53',143,NULL),(793,10,800,NULL,1,'2025-07-05 12:44:34',123,NULL),(794,117,801,NULL,1,'2025-07-05 12:45:04',3.3,NULL),(795,103,802,NULL,2,'2025-07-05 12:45:59',764,NULL),(796,3,803,NULL,2,'2025-07-05 12:54:12',1727.44,NULL),(797,2,804,NULL,2,'2025-07-05 12:54:41',835.18,NULL),(798,99,805,NULL,2,'2025-07-05 12:55:17',2510.99,NULL),(799,100,806,NULL,2,'2025-07-05 12:55:39',1369.49,NULL),(800,101,807,NULL,2,'2025-07-05 12:56:11',279.99,NULL),(801,102,808,NULL,2,'2025-07-05 13:06:49',617.11,NULL),(802,109,809,NULL,2,'2025-07-05 13:27:56',1691.29,NULL),(803,106,810,NULL,2,'2025-07-05 13:34:54',261.97,NULL),(804,105,811,NULL,2,'2025-07-05 13:35:27',205.49,NULL),(805,5,813,169,1,'2025-07-05 14:01:20',1320,NULL),(806,5,814,170,1,'2025-07-05 14:02:19',890,NULL),(807,5,815,171,1,'2025-07-05 14:04:24',47.7,NULL),(808,20,816,173,1,'2025-07-05 14:18:32',1447.98,NULL),(809,21,816,173,1,'2025-07-05 14:18:32',88.2,NULL),(810,1,817,172,1,'2025-07-05 14:18:36',399.6,NULL),(811,1,818,174,1,'2025-07-05 14:19:43',1847.38785,NULL),(812,20,819,175,1,'2025-07-05 14:31:01',360,NULL),(813,84,820,NULL,1,'2025-07-05 18:44:50',1100,NULL),(814,86,821,NULL,1,'2025-07-05 18:45:51',1250,NULL),(819,85,826,NULL,1,'2025-07-05 18:48:42',100,NULL),(823,85,830,NULL,1,'2025-07-05 18:48:42',100,NULL),(824,85,831,NULL,1,'2025-07-05 18:48:42',100,NULL),(825,88,832,NULL,1,'2025-07-05 18:51:28',21259.29,NULL),(826,133,833,NULL,1,'2025-07-05 18:52:07',5000,NULL),(827,132,834,NULL,1,'2025-07-05 18:52:31',10000,NULL),(828,98,835,NULL,1,'2025-07-05 18:53:29',10000,NULL),(829,85,836,NULL,1,'2025-07-05 18:54:24',1000,NULL),(830,116,837,NULL,1,'2025-07-05 19:17:49',1.514822,NULL),(831,114,838,NULL,1,'2025-07-05 19:17:49',10.032526,NULL),(832,112,839,NULL,1,'2025-07-05 19:17:49',2.652425,NULL),(833,119,840,NULL,1,'2025-07-05 19:30:11',22.308188,NULL),(834,123,841,NULL,1,'2025-07-05 19:30:11',3.9,NULL),(835,114,842,NULL,1,'2025-07-05 19:35:55',10.54255,NULL),(836,116,843,NULL,1,'2025-07-05 19:35:55',2.7939,NULL),(837,112,844,NULL,1,'2025-07-05 19:35:55',11.095155,NULL),(838,115,845,NULL,1,'2025-07-05 19:35:55',13.23855,NULL),(839,113,846,NULL,1,'2025-07-05 19:35:55',56.878275,NULL),(840,15,847,NULL,1,'2025-07-05 19:35:55',55.184766,NULL),(841,116,848,NULL,1,'2025-07-05 19:41:20',5.990483,NULL),(842,114,849,NULL,1,'2025-07-05 19:41:20',7.267684,NULL),(843,112,850,NULL,1,'2025-07-05 19:41:20',3.661492,NULL),(844,115,851,NULL,1,'2025-07-05 19:41:20',1.105731,NULL),(845,113,852,NULL,1,'2025-07-05 19:41:20',18.483432,NULL),(846,15,853,NULL,1,'2025-07-05 19:41:20',6.995523,NULL),(847,112,854,NULL,1,'2025-07-05 19:44:47',6.388414,NULL),(848,116,855,NULL,1,'2025-07-05 19:44:47',3.3221,NULL),(849,114,856,NULL,1,'2025-07-05 19:44:47',9.333297,NULL),(850,15,857,NULL,1,'2025-07-05 19:44:47',6.454446,NULL),(851,113,858,NULL,1,'2025-07-05 19:44:47',26.027823,NULL),(852,115,859,NULL,1,'2025-07-05 19:44:47',3.0003,NULL),(853,119,860,NULL,1,'2025-07-05 19:52:26',21.3212,NULL),(854,128,861,NULL,2,'2025-07-05 20:04:09',13693.1,NULL),(855,126,862,NULL,1,'2025-07-05 20:05:57',80.95,NULL),(856,127,863,NULL,1,'2025-07-05 20:07:21',2534.61,NULL),(857,129,864,NULL,2,'2025-07-05 20:13:19',6986,NULL),(858,88,865,NULL,1,'2025-07-05 21:27:34',750,NULL),(859,10,866,NULL,1,'2025-07-06 10:19:33',146,NULL),(860,10,867,NULL,1,'2025-07-06 10:19:57',135,NULL),(861,117,868,NULL,1,'2025-07-06 10:20:33',3,NULL),(862,103,869,NULL,2,'2025-07-06 10:21:30',365,NULL),(863,3,870,NULL,2,'2025-07-06 10:22:00',966,NULL),(864,2,871,NULL,2,'2025-07-06 10:22:28',1606.5,NULL),(865,99,872,NULL,2,'2025-07-06 10:23:06',3254.68,NULL),(866,100,873,NULL,2,'2025-07-06 10:23:32',1015.75,NULL),(867,101,874,NULL,2,'2025-07-06 10:24:14',93,NULL),(868,102,875,NULL,2,'2025-07-06 10:24:41',252,NULL),(869,109,876,NULL,2,'2025-07-06 10:25:04',1923.25,NULL),(870,106,877,NULL,2,'2025-07-06 10:26:42',111,NULL),(871,105,878,NULL,2,'2025-07-06 10:27:21',410.82,NULL),(872,108,879,NULL,2,'2025-07-06 10:28:37',76,NULL),(873,66,880,NULL,1,'2025-07-06 22:13:08',500,NULL),(874,4,881,176,1,'2025-07-07 13:25:47',955.1379999999999,NULL),(875,8,881,176,1,'2025-07-07 13:25:47',141.36,NULL),(876,10,882,NULL,1,'2025-07-07 13:49:06',171,NULL),(877,10,883,NULL,1,'2025-07-07 13:49:38',176,NULL),(878,117,884,NULL,1,'2025-07-07 13:50:11',3.75,NULL),(879,3,885,NULL,2,'2025-07-07 13:52:27',3545.32,NULL),(880,2,886,NULL,2,'2025-07-07 13:52:49',2959.66,NULL),(881,99,887,NULL,2,'2025-07-07 13:53:33',3848.09,NULL),(882,100,888,NULL,2,'2025-07-07 13:54:09',1450.25,NULL),(883,101,889,NULL,2,'2025-07-07 13:54:50',669.99,NULL),(884,102,890,NULL,2,'2025-07-07 13:55:13',767.5,NULL),(885,109,891,NULL,2,'2025-07-07 13:55:32',2346.67,NULL),(886,106,892,NULL,2,'2025-07-07 13:56:02',393,NULL),(887,105,893,NULL,2,'2025-07-07 13:56:32',93.99,NULL),(888,108,894,NULL,2,'2025-07-07 13:57:06',154.89,NULL),(889,103,895,NULL,2,'2025-07-07 13:57:54',799,NULL),(890,131,896,NULL,1,'2025-07-07 14:08:09',176,NULL),(891,131,897,NULL,1,'2025-07-07 14:08:09',176,NULL),(892,131,898,NULL,1,'2025-07-07 14:08:09',176,NULL),(893,131,899,NULL,1,'2025-07-07 14:08:09',176,NULL),(894,131,900,NULL,1,'2025-07-07 14:08:09',176,NULL),(895,46,901,NULL,1,'2025-07-07 14:09:05',866.52,NULL),(896,137,902,NULL,1,'2025-07-07 14:10:20',123.54,NULL),(897,117,903,NULL,1,'2025-07-07 14:10:44',0.99,NULL),(898,125,904,NULL,1,'2025-07-07 14:24:27',2.0076,NULL),(899,115,905,NULL,1,'2025-07-07 14:25:44',4.80705,NULL),(900,115,906,NULL,1,'2025-07-07 14:25:44',6.079221,NULL),(901,113,907,NULL,1,'2025-07-07 14:26:56',31.915434,NULL),(902,113,908,NULL,1,'2025-07-07 14:26:56',8.156382,NULL),(903,113,909,NULL,1,'2025-07-07 14:26:56',20.168355,NULL),(904,15,910,NULL,1,'2025-07-07 14:29:00',22.33632,NULL),(905,15,911,NULL,1,'2025-07-07 14:29:00',18.896673,NULL),(906,15,912,NULL,1,'2025-07-07 14:29:00',16.265223,NULL),(907,114,913,NULL,1,'2025-07-07 14:33:13',11.456975,NULL),(908,114,914,NULL,1,'2025-07-07 14:33:13',8.024425,NULL),(909,114,915,NULL,1,'2025-07-07 14:33:13',10.818971,NULL),(910,116,916,NULL,1,'2025-07-07 14:38:20',10.66825,NULL),(911,116,917,NULL,1,'2025-07-07 14:38:20',8.577829,NULL),(912,112,918,NULL,1,'2025-07-07 14:38:20',6.597922,NULL),(913,112,919,NULL,1,'2025-07-07 14:38:20',12.69135,NULL),(914,115,920,NULL,1,'2025-07-07 14:38:20',3.897981,NULL),(915,112,921,NULL,1,'2025-07-07 14:38:20',23.381314,NULL),(916,10,922,NULL,1,'2025-07-08 13:52:54',98,NULL),(917,10,923,NULL,1,'2025-07-08 13:53:39',64,NULL),(918,117,924,NULL,1,'2025-07-08 13:54:45',2.25,NULL),(919,3,925,NULL,2,'2025-07-08 13:56:38',861.91,NULL),(920,2,926,NULL,2,'2025-07-08 13:57:14',656.42,NULL),(921,99,927,NULL,2,'2025-07-08 13:57:41',1146.19,NULL),(922,100,928,NULL,2,'2025-07-08 13:58:26',791.53,NULL),(923,101,929,NULL,2,'2025-07-08 13:59:05',32.42,NULL),(924,102,930,NULL,2,'2025-07-08 13:59:33',138.42,NULL),(925,109,931,NULL,2,'2025-07-08 14:00:00',804.63,NULL),(926,105,932,NULL,2,'2025-07-08 14:00:34',213.98,NULL),(927,132,933,NULL,1,'2025-07-08 14:04:20',2115.48,NULL),(928,53,934,NULL,1,'2025-07-08 14:07:04',1773.93,NULL),(929,117,935,NULL,1,'2025-07-08 14:08:35',3.96,NULL),(930,114,936,NULL,1,'2025-07-08 14:13:13',6.253087,NULL),(931,116,937,NULL,1,'2025-07-08 14:13:13',1.924038,NULL),(932,15,938,NULL,1,'2025-07-08 14:13:13',37.18215,NULL),(933,113,939,NULL,1,'2025-07-08 14:13:13',31.752141,NULL),(934,115,940,NULL,1,'2025-07-08 14:13:13',3.8982,NULL),(935,5,941,179,1,'2025-07-08 19:47:51',16.59,NULL),(936,20,941,179,1,'2025-07-08 19:47:51',69.9,NULL),(937,20,942,181,1,'2025-07-08 19:55:58',428.87,NULL),(938,1,943,182,1,'2025-07-08 19:57:04',3568.5,NULL),(939,16,943,182,1,'2025-07-08 19:57:04',837.64,NULL),(940,1,944,183,1,'2025-07-08 19:57:36',345.2,NULL),(941,6,945,184,1,'2025-07-08 19:58:20',1404.47,NULL),(942,4,946,185,1,'2025-07-08 20:13:43',150,NULL),(943,18,947,NULL,1,'2025-07-08 20:46:02',53.32,NULL),(946,10,950,NULL,1,'2025-07-09 12:10:43',88,NULL),(947,10,951,NULL,1,'2025-07-09 12:11:09',62,NULL),(948,117,952,NULL,1,'2025-07-09 12:11:41',2.1,NULL),(949,103,953,NULL,2,'2025-07-09 12:15:48',326.98,NULL),(950,3,954,NULL,2,'2025-07-09 12:16:28',1087.94,NULL),(951,3,955,NULL,2,'2025-07-09 12:16:53',753.41,NULL),(952,99,956,NULL,2,'2025-07-09 12:17:23',1574.88,NULL),(953,100,957,NULL,2,'2025-07-09 12:28:03',858.98,NULL),(954,101,958,NULL,2,'2025-07-09 12:28:31',88,NULL),(955,102,959,NULL,2,'2025-07-09 13:33:22',169.99,NULL),(956,109,960,NULL,2,'2025-07-09 13:35:32',1298.97,NULL),(957,105,961,NULL,2,'2025-07-09 13:37:00',121.99,NULL),(958,106,962,NULL,2,'2025-07-09 13:37:46',79,NULL),(959,10,963,NULL,1,'2025-07-10 11:59:22',72,NULL),(960,10,964,NULL,1,'2025-07-10 11:59:57',81,NULL),(961,117,965,NULL,1,'2025-07-10 12:00:27',1.5,NULL),(962,103,966,NULL,2,'2025-07-10 18:40:10',1049.5,NULL),(963,3,967,NULL,2,'2025-07-10 18:43:03',913.73,NULL),(964,2,968,NULL,2,'2025-07-10 18:43:34',394.29,NULL),(965,99,969,NULL,2,'2025-07-10 18:44:03',2399.93,NULL),(966,100,970,NULL,2,'2025-07-10 18:44:31',1071.2,NULL),(967,101,971,NULL,2,'2025-07-10 18:44:53',198.99,NULL),(968,102,972,NULL,2,'2025-07-10 18:45:25',153.99,NULL),(969,109,973,NULL,2,'2025-07-10 18:46:05',609.65,NULL),(970,105,974,NULL,2,'2025-07-10 18:46:39',34,NULL),(971,108,975,NULL,2,'2025-07-10 18:47:21',42.99,NULL),(972,28,976,NULL,1,'2025-07-10 19:20:46',240.21,NULL),(973,135,977,NULL,1,'2025-07-10 19:28:36',250,NULL),(974,115,978,NULL,1,'2025-07-10 19:35:40',4.52375,NULL),(975,112,979,NULL,1,'2025-07-10 19:35:40',2.957175,NULL),(976,114,980,NULL,1,'2025-07-10 19:35:40',8.034,NULL),(977,116,981,NULL,1,'2025-07-10 19:35:40',2.078865,NULL),(978,113,982,NULL,1,'2025-07-10 19:35:40',18.067875,NULL),(979,15,983,NULL,1,'2025-07-10 19:35:40',18.846625,NULL),(980,116,984,NULL,1,'2025-07-10 19:40:06',2.294865,NULL),(981,114,985,NULL,1,'2025-07-10 19:40:06',6.44235,NULL),(982,115,986,NULL,1,'2025-07-10 19:40:06',13.7475,NULL),(983,113,987,NULL,1,'2025-07-10 19:40:06',68.551875,NULL),(984,15,988,NULL,1,'2025-07-10 19:40:06',46.45025,NULL),(985,15,989,NULL,1,'2025-07-10 19:40:06',13.184675,NULL),(986,112,990,NULL,1,'2025-07-10 19:51:40',4.92315,NULL),(987,123,991,NULL,1,'2025-07-10 19:54:03',2.72195,NULL),(988,123,992,NULL,1,'2025-07-10 19:54:03',16.8234,NULL),(989,119,993,NULL,1,'2025-07-10 19:54:03',14.89448,NULL),(990,128,994,NULL,2,'2025-07-10 19:57:14',20221.05,NULL),(991,127,995,NULL,1,'2025-07-10 19:58:24',3394.29,NULL),(992,42,996,NULL,1,'2025-07-10 20:05:05',84.9,NULL),(996,42,1000,NULL,1,'2025-07-10 20:05:42',29.9,NULL),(1001,88,1005,NULL,1,'2025-07-10 20:07:01',215,NULL),(1002,88,1006,NULL,1,'2025-07-10 20:07:58',213,NULL),(1003,1,1007,190,1,'2025-07-10 21:15:52',3771.375,NULL),(1005,10,1009,NULL,1,'2025-07-10 22:23:18',115,NULL),(1006,10,1010,NULL,1,'2025-07-10 22:23:49',113,NULL),(1007,117,1011,NULL,1,'2025-07-10 22:24:15',3,NULL),(1008,103,1012,NULL,2,'2025-07-10 22:25:42',461,NULL),(1009,3,1013,NULL,2,'2025-07-10 22:26:11',1487.46,NULL),(1010,2,1014,NULL,2,'2025-07-10 22:26:34',953.48,NULL),(1011,99,1015,NULL,2,'2025-07-10 22:27:04',1836.25,NULL),(1012,100,1016,NULL,2,'2025-07-10 22:27:28',541.98,NULL),(1013,101,1017,NULL,2,'2025-07-10 22:28:14',273.49,NULL),(1014,102,1018,NULL,2,'2025-07-10 22:28:34',153,NULL),(1015,109,1019,NULL,2,'2025-07-10 22:28:53',1856.59,NULL),(1016,10,1020,NULL,1,'2025-07-12 11:22:09',151,NULL),(1017,10,1021,NULL,1,'2025-07-12 11:22:43',163,NULL),(1018,117,1022,NULL,1,'2025-07-12 11:23:26',3,NULL),(1019,103,1023,NULL,2,'2025-07-12 11:28:19',686,NULL),(1020,3,1024,NULL,2,'2025-07-12 11:30:07',1467.37,NULL),(1021,2,1025,NULL,2,'2025-07-12 11:30:33',1020.43,NULL),(1022,99,1026,NULL,2,'2025-07-12 11:31:02',2215.67,NULL),(1023,100,1027,NULL,2,'2025-07-12 11:31:23',1386.81,NULL),(1024,101,1028,NULL,2,'2025-07-12 11:31:51',370.98,NULL),(1025,102,1029,NULL,2,'2025-07-12 11:32:15',427.96,NULL),(1026,109,1030,NULL,2,'2025-07-12 11:32:46',1317.87,NULL),(1027,105,1031,NULL,2,'2025-07-12 11:36:37',246,NULL),(1028,108,1032,NULL,2,'2025-07-12 11:37:09',260.99,NULL),(1029,106,1033,NULL,2,'2025-07-12 11:37:45',98,NULL),(1030,40,1035,186,1,'2025-07-12 11:53:26',4752.84,NULL),(1031,1,1036,191,1,'2025-07-12 12:04:23',2907.2500000031,NULL),(1032,1,1037,192,1,'2025-07-12 12:04:52',3893.75,NULL),(1033,6,1038,193,1,'2025-07-12 12:07:59',379,NULL),(1034,40,1039,195,1,'2025-07-12 12:20:18',6200,NULL),(1035,4,1040,196,1,'2025-07-12 12:31:30',9.3483,NULL),(1036,15,1041,NULL,1,'2025-07-13 11:02:26',13.767775,NULL),(1037,113,1042,NULL,1,'2025-07-13 11:02:26',12.789875,NULL),(1038,115,1043,NULL,1,'2025-07-13 11:02:26',2.679,NULL),(1039,10,1044,NULL,1,'2025-07-14 10:24:47',164,NULL),(1040,10,1045,NULL,1,'2025-07-14 10:25:18',188,NULL),(1041,117,1046,NULL,1,'2025-07-14 10:25:52',2.85,NULL),(1042,10,1047,NULL,1,'2025-07-14 10:27:00',177,NULL),(1043,10,1048,NULL,1,'2025-07-14 10:27:37',158,NULL),(1044,117,1049,NULL,1,'2025-07-14 10:52:38',3.15,NULL),(1045,19,1050,189,1,'2025-07-14 18:34:08',137,NULL),(1046,83,1051,188,1,'2025-07-15 23:37:18',120,NULL),(1047,1,1052,203,1,'2025-07-15 23:45:33',395.63,NULL),(1048,16,1052,203,1,'2025-07-15 23:45:33',1097.73,NULL),(1049,6,1053,200,1,'2025-07-15 23:50:57',385.5,NULL),(1050,20,1054,199,1,'2025-07-16 00:00:33',697.24,NULL),(1051,20,1055,198,1,'2025-07-16 00:01:13',1385.3198479999999,NULL),(1052,21,1055,198,1,'2025-07-16 00:01:13',188.95999999999998,NULL),(1053,1,1056,197,1,'2025-07-16 00:02:09',1784.25,NULL),(1054,6,1057,204,1,'2025-07-16 00:03:35',1383.375,NULL),(1055,16,1058,202,1,'2025-07-16 00:04:06',779.4,NULL),(1056,1,1059,201,1,'2025-07-16 00:04:24',623.64,NULL),(1057,5,1060,206,1,'2025-07-16 00:07:42',311.67,NULL),(1058,25,1060,206,1,'2025-07-16 00:07:42',98.97,NULL),(1059,83,1061,208,1,'2025-07-16 00:11:41',120,NULL),(1060,4,1062,207,1,'2025-07-16 00:11:44',420,NULL),(1061,4,1063,209,1,'2025-07-16 00:26:01',800.504,NULL),(1062,10,1064,NULL,1,'2025-07-16 10:17:41',144,NULL),(1063,117,1065,NULL,1,'2025-07-16 10:18:12',1.65,NULL),(1064,10,1066,NULL,1,'2025-07-16 10:22:49',173,NULL),(1065,117,1067,NULL,1,'2025-07-16 10:27:19',1.65,NULL),(1066,103,1068,NULL,2,'2025-07-16 10:30:18',808,NULL),(1067,3,1069,NULL,2,'2025-07-16 10:30:53',2638,NULL),(1068,2,1070,NULL,2,'2025-07-16 10:34:47',1577.39,NULL),(1069,99,1071,NULL,2,'2025-07-16 10:35:24',2509.5,NULL),(1070,100,1072,NULL,2,'2025-07-16 10:36:20',1539.5,NULL),(1071,101,1073,NULL,2,'2025-07-16 10:47:57',318,NULL),(1072,102,1074,NULL,2,'2025-07-16 10:48:17',299,NULL),(1073,109,1075,NULL,2,'2025-07-16 10:48:39',1541.5,NULL),(1074,105,1076,NULL,2,'2025-07-16 10:49:15',85,NULL),(1075,108,1077,NULL,2,'2025-07-16 10:50:24',194,NULL),(1076,103,1078,NULL,2,'2025-07-16 11:02:26',440,NULL),(1077,3,1079,NULL,2,'2025-07-16 11:02:55',2765.34,NULL),(1078,2,1080,NULL,2,'2025-07-16 11:03:26',2414.49,NULL),(1079,101,1081,NULL,2,'2025-07-16 11:03:55',587.99,NULL),(1080,102,1082,NULL,2,'2025-07-16 11:04:21',272,NULL),(1081,109,1083,NULL,2,'2025-07-16 11:05:12',1789,NULL),(1082,105,1084,NULL,2,'2025-07-16 11:05:45',143,NULL),(1083,108,1085,NULL,2,'2025-07-16 11:06:32',97,NULL),(1084,106,1086,NULL,2,'2025-07-16 11:09:08',360,NULL),(1085,103,1087,NULL,2,'2025-07-16 11:10:31',499,NULL),(1086,3,1088,NULL,2,'2025-07-16 11:12:36',894.49,NULL),(1087,2,1089,NULL,2,'2025-07-16 11:13:24',439.95,NULL),(1088,99,1090,NULL,2,'2025-07-16 11:14:07',894.49,NULL),(1089,100,1091,NULL,2,'2025-07-16 11:14:38',395.98,NULL),(1090,102,1092,NULL,2,'2025-07-16 11:15:08',69,NULL),(1091,109,1093,NULL,2,'2025-07-16 11:15:29',1011.47,NULL),(1092,105,1094,NULL,2,'2025-07-16 11:20:42',94,NULL),(1093,108,1095,NULL,2,'2025-07-16 11:22:36',88.98,NULL),(1094,103,1096,NULL,2,'2025-07-16 11:23:18',206.5,NULL),(1095,3,1097,NULL,2,'2025-07-16 11:23:48',997.21,NULL),(1096,2,1098,NULL,2,'2025-07-16 11:25:22',734.83,NULL),(1097,99,1099,NULL,2,'2025-07-16 11:26:06',1236.1,NULL),(1098,100,1100,NULL,2,'2025-07-16 11:26:39',673.95,NULL),(1099,101,1101,NULL,2,'2025-07-16 11:30:06',344.89,NULL),(1100,102,1102,NULL,2,'2025-07-16 11:30:28',124,NULL),(1101,109,1103,NULL,2,'2025-07-16 11:30:45',824.28,NULL),(1102,105,1104,NULL,2,'2025-07-16 11:32:17',328,NULL),(1103,108,1105,NULL,2,'2025-07-16 11:33:05',120,NULL),(1104,106,1106,NULL,2,'2025-07-16 11:34:28',235.98,NULL),(1105,6,1107,210,1,'2025-07-16 11:36:42',3189.2113,NULL),(1106,116,1108,NULL,1,'2025-07-16 15:40:25',1.674,NULL),(1107,114,1109,NULL,1,'2025-07-16 15:40:25',5.054625,NULL),(1108,112,1110,NULL,1,'2025-07-16 15:40:25',5.511225,NULL),(1109,15,1111,NULL,1,'2025-07-16 15:40:25',61.705,NULL),(1110,113,1112,NULL,1,'2025-07-16 15:40:25',76.369475,NULL),(1111,115,1113,NULL,1,'2025-07-16 15:40:25',13.2305,NULL),(1112,114,1114,NULL,1,'2025-07-16 15:42:55',2.96985,NULL),(1113,116,1115,NULL,1,'2025-07-16 15:42:55',0.9315,NULL),(1114,15,1116,NULL,1,'2025-07-16 15:42:55',38.36,NULL),(1115,113,1117,NULL,1,'2025-07-16 15:42:55',44.1175,NULL),(1116,115,1118,NULL,1,'2025-07-16 15:42:55',4.371,NULL),(1117,44,1119,NULL,1,'2025-07-16 18:18:01',139.32,NULL),(1118,4,1120,NULL,1,'2025-07-16 18:48:21',1069.74,NULL),(1119,52,1121,NULL,1,'2025-07-16 18:49:09',300,NULL),(1120,5,1122,NULL,1,'2025-07-16 18:54:31',337.69,NULL),(1121,87,1123,NULL,1,'2025-07-16 19:48:01',1232,NULL),(1122,42,1124,NULL,1,'2025-07-16 19:48:58',164.58,NULL),(1123,47,1125,NULL,1,'2025-07-16 19:50:33',95.75,NULL),(1124,142,1126,NULL,1,'2025-07-16 19:51:28',899,NULL),(1125,5,1127,NULL,1,'2025-07-16 19:53:30',816.64,NULL),(1126,37,1128,NULL,1,'2025-07-16 19:54:25',391.73,NULL),(1127,132,1129,NULL,1,'2025-07-16 19:56:20',2263.75,NULL),(1128,133,1130,NULL,1,'2025-07-16 19:57:50',5153.74,NULL),(1129,116,1131,NULL,1,'2025-07-16 20:12:12',2.0655,NULL),(1130,112,1132,NULL,1,'2025-07-16 20:18:13',7.1511,NULL),(1131,114,1133,NULL,1,'2025-07-16 20:18:13',4.06485,NULL),(1132,112,1134,NULL,1,'2025-07-16 20:22:52',18.108675,NULL),(1133,112,1135,NULL,1,'2025-07-16 20:22:52',11.830425,NULL),(1134,112,1136,NULL,1,'2025-07-16 20:22:52',7.653225,NULL),(1135,116,1137,NULL,1,'2025-07-16 20:23:26',4.0365,NULL),(1136,116,1138,NULL,1,'2025-07-16 20:23:26',5.77746,NULL),(1137,114,1139,NULL,1,'2025-07-16 20:23:50',11.54625,NULL),(1138,114,1140,NULL,1,'2025-07-16 20:23:50',10.401075,NULL),(1139,119,1141,NULL,1,'2025-07-16 20:24:41',9.348,NULL),(1140,119,1142,NULL,1,'2025-07-16 20:24:41',5.928,NULL),(1141,119,1143,NULL,1,'2025-07-16 20:24:41',5.548,NULL),(1142,119,1144,NULL,1,'2025-07-16 20:24:41',27.436,NULL),(1143,119,1145,NULL,1,'2025-07-16 20:24:41',72.60888,NULL),(1144,119,1146,NULL,1,'2025-07-16 20:24:41',3.211,NULL),(1145,123,1147,NULL,1,'2025-07-16 20:26:42',7.04,NULL),(1146,123,1148,NULL,1,'2025-07-16 20:26:42',6.12315,NULL),(1147,123,1149,NULL,1,'2025-07-16 20:26:42',2.69445,NULL),(1148,123,1150,NULL,1,'2025-07-16 20:26:42',6.38,NULL),(1149,123,1151,NULL,1,'2025-07-16 20:26:42',8.4139,NULL),(1150,123,1152,NULL,1,'2025-07-16 20:26:42',2.31,NULL),(1151,123,1153,NULL,1,'2025-07-16 20:26:42',10.34,NULL),(1152,123,1154,NULL,1,'2025-07-16 20:26:42',4.07,NULL),(1153,123,1155,NULL,1,'2025-07-16 20:26:42',16.5,NULL),(1154,123,1156,NULL,1,'2025-07-16 20:26:42',6.93,NULL),(1155,117,1157,NULL,1,'2025-07-16 20:31:22',0.99,NULL),(1156,131,1158,NULL,1,'2025-07-16 20:34:45',1600,NULL),(1157,131,1159,NULL,1,'2025-07-16 20:34:45',1600,NULL),(1160,131,1162,NULL,1,'2025-07-16 20:34:45',1600,NULL),(1161,28,1163,NULL,1,'2025-07-16 20:35:13',240.21,NULL),(1162,136,1164,NULL,1,'2025-07-16 20:36:10',1011.47,NULL),(1163,135,1165,NULL,1,'2025-07-16 20:37:29',260,NULL),(1164,135,1166,NULL,1,'2025-07-16 20:38:01',250,NULL),(1165,88,1167,NULL,1,'2025-07-16 20:38:54',9360,NULL),(1166,88,1168,NULL,1,'2025-07-16 20:39:29',750,NULL),(1167,128,1169,NULL,2,'2025-07-16 20:49:58',14707.29,NULL),(1168,127,1170,NULL,1,'2025-07-16 20:51:12',2587.45,NULL),(1169,15,1171,NULL,1,'2025-07-16 20:56:13',27.579125,NULL),(1170,113,1172,NULL,1,'2025-07-16 20:56:13',44.583875,NULL),(1171,115,1173,NULL,1,'2025-07-16 20:56:13',14.73403,NULL),(1172,15,1174,NULL,1,'2025-07-16 20:56:13',40.9479,NULL),(1173,115,1175,NULL,1,'2025-07-16 20:56:13',5.616265,NULL),(1174,113,1176,NULL,1,'2025-07-16 20:56:13',81.671275,NULL),(1175,40,1177,212,1,'2025-07-16 20:58:51',200,NULL),(1176,98,1178,NULL,1,'2025-07-16 21:05:08',10000,NULL),(1177,10,1179,NULL,1,'2025-07-16 22:29:28',188,NULL),(1178,10,1180,NULL,1,'2025-07-16 22:29:52',37,NULL),(1179,117,1181,NULL,1,'2025-07-16 22:31:17',2.85,NULL),(1180,103,1182,NULL,2,'2025-07-17 18:50:41',314,NULL),(1181,3,1183,NULL,2,'2025-07-17 18:51:17',2230.28,NULL),(1182,2,1184,NULL,2,'2025-07-17 18:51:50',1259.73,NULL),(1183,99,1185,NULL,2,'2025-07-17 18:52:21',2019.27,NULL),(1184,100,1186,NULL,2,'2025-07-17 18:52:44',1222.62,NULL),(1185,101,1187,NULL,2,'2025-07-17 18:53:24',390.49,NULL),(1186,102,1188,NULL,2,'2025-07-17 18:53:49',181.99,NULL),(1187,109,1189,NULL,2,'2025-07-17 18:54:14',1636.9,NULL),(1188,105,1190,NULL,2,'2025-07-17 19:04:33',235,NULL),(1189,108,1191,NULL,2,'2025-07-17 19:07:02',156.98,NULL),(1190,106,1192,NULL,2,'2025-07-17 19:09:44',372,NULL),(1191,117,1193,NULL,1,'2025-07-17 19:15:37',1.98,NULL),(1192,42,1194,NULL,1,'2025-07-17 19:16:30',53.26,NULL),(1193,42,1195,NULL,1,'2025-07-17 19:17:03',63,NULL),(1194,116,1196,NULL,1,'2025-07-17 19:18:06',2.456865,NULL),(1195,114,1197,NULL,1,'2025-07-17 19:18:06',9.16965,NULL),(1196,112,1198,NULL,1,'2025-07-17 19:18:06',9.447975,NULL),(1197,113,1199,NULL,1,'2025-07-17 19:19:01',21.2443,NULL),(1198,15,1200,NULL,1,'2025-07-17 19:19:01',5.9409,NULL),(1199,20,1201,213,1,'2025-07-17 19:44:05',143.78,NULL),(1200,8,1202,211,1,'2025-07-17 19:44:16',451.91,NULL),(1201,5,1203,214,1,'2025-07-17 19:47:05',495,NULL),(1202,17,1204,215,1,'2025-07-17 20:09:53',513.54,NULL),(1203,88,1205,NULL,1,'2025-07-17 20:11:17',800,NULL),(1204,68,1206,NULL,1,'2025-07-17 20:14:19',380,NULL),(1205,15,1207,NULL,1,'2025-07-18 11:29:52',23.36705,NULL),(1206,113,1208,NULL,1,'2025-07-18 11:29:52',28.30485,NULL),(1207,115,1209,NULL,1,'2025-07-18 11:29:52',1.0105,NULL),(1208,103,1210,NULL,2,'2025-07-18 20:55:10',255,NULL),(1209,3,1211,NULL,2,'2025-07-18 20:55:45',1244.92,NULL),(1210,2,1212,NULL,2,'2025-07-18 20:56:17',326.98,NULL),(1211,99,1213,NULL,2,'2025-07-18 20:56:49',1618.6,NULL),(1212,100,1214,NULL,2,'2025-07-18 20:57:14',556.98,NULL),(1213,101,1215,NULL,2,'2025-07-18 20:57:50',176.32,NULL),(1214,102,1216,NULL,2,'2025-07-18 20:58:11',23.99,NULL),(1215,109,1217,NULL,2,'2025-07-18 20:58:48',1146.95,NULL),(1216,106,1218,NULL,2,'2025-07-18 20:59:36',129,NULL),(1217,116,1219,NULL,1,'2025-07-18 21:00:57',0.323865,NULL),(1218,114,1220,NULL,1,'2025-07-18 21:00:57',4.17735,NULL),(1219,112,1221,NULL,1,'2025-07-18 21:00:57',2.45235,NULL),(1220,95,1222,NULL,1,'2025-07-18 21:07:23',11.3,NULL),(1221,41,1223,NULL,1,'2025-07-18 21:11:24',77.5,NULL),(1222,77,1224,NULL,1,'2025-07-18 21:12:23',18.5,NULL),(1223,10,1225,NULL,1,'2025-07-19 10:31:32',74,NULL),(1224,10,1226,NULL,1,'2025-07-19 10:31:57',106,NULL),(1225,117,1227,NULL,1,'2025-07-19 10:32:52',4.35,NULL),(1226,103,1228,NULL,2,'2025-07-19 11:01:51',375.5,NULL),(1227,3,1229,NULL,2,'2025-07-19 11:02:26',1764.05,NULL),(1228,2,1230,NULL,2,'2025-07-19 11:03:23',1133.2,NULL),(1229,99,1231,NULL,2,'2025-07-19 11:08:06',2212.71,NULL),(1230,100,1232,NULL,2,'2025-07-19 11:08:30',1386.59,NULL),(1231,101,1233,NULL,2,'2025-07-19 11:08:58',79,NULL),(1232,102,1234,NULL,2,'2025-07-19 11:09:22',417.33,NULL),(1233,109,1235,NULL,2,'2025-07-19 11:09:49',1812.91,NULL),(1234,108,1236,NULL,2,'2025-07-19 11:12:06',96.48,NULL),(1235,106,1237,NULL,2,'2025-07-19 11:12:46',33.99,NULL),(1236,5,1238,217,1,'2025-07-19 19:09:38',69.9,NULL),(1237,8,1238,217,1,'2025-07-19 19:09:38',138.96,NULL),(1238,83,1239,218,1,'2025-07-19 19:10:41',100,NULL),(1239,132,1240,NULL,1,'2025-07-19 19:12:34',1581.85,NULL),(1240,54,1241,NULL,1,'2025-07-19 19:15:58',120.04,NULL),(1241,59,1242,NULL,1,'2025-07-19 19:16:41',38288.26,NULL),(1242,59,1243,NULL,1,'2025-07-19 19:17:59',3398.6,NULL),(1243,59,1244,NULL,1,'2025-07-19 19:18:25',3009.87,NULL),(1244,10,1245,NULL,1,'2025-07-20 10:28:12',132,NULL),(1245,10,1246,NULL,1,'2025-07-20 10:28:37',223,NULL),(1246,117,1247,NULL,1,'2025-07-20 10:29:13',2.1,NULL),(1247,103,1248,NULL,2,'2025-07-20 10:29:48',836,NULL),(1248,3,1249,NULL,2,'2025-07-20 10:30:18',1790.83,NULL),(1249,2,1250,NULL,2,'2025-07-20 10:30:45',1336.5,NULL),(1250,99,1251,NULL,2,'2025-07-20 10:31:16',2139,NULL),(1251,100,1252,NULL,2,'2025-07-20 10:31:44',1291.85,NULL),(1252,101,1253,NULL,2,'2025-07-20 10:32:19',137,NULL),(1253,102,1254,NULL,2,'2025-07-20 10:32:46',1043.5,NULL),(1254,109,1255,NULL,2,'2025-07-20 10:33:07',1538.32,NULL),(1255,105,1256,NULL,2,'2025-07-20 10:33:59',105.5,NULL),(1256,108,1257,NULL,2,'2025-07-20 10:34:49',93,NULL),(1257,3,1258,NULL,2,'2025-07-21 11:21:32',1967.49,NULL),(1258,2,1259,NULL,2,'2025-07-21 11:22:27',2674,NULL),(1259,99,1260,NULL,2,'2025-07-21 11:23:36',4130,NULL),(1260,100,1261,NULL,2,'2025-07-21 11:25:08',2095.25,NULL),(1261,101,1262,NULL,2,'2025-07-21 11:29:41',285,NULL),(1262,102,1263,NULL,2,'2025-07-21 11:30:21',308,NULL),(1263,109,1264,NULL,2,'2025-07-21 11:30:55',2264.5,NULL),(1264,106,1265,NULL,2,'2025-07-21 11:31:32',50,NULL),(1265,103,1266,NULL,2,'2025-07-21 11:32:41',1437.5,NULL),(1266,10,1267,NULL,1,'2025-07-21 11:40:00',123,NULL),(1267,10,1268,NULL,1,'2025-07-21 11:40:23',199,NULL),(1268,10,1269,NULL,1,'2025-07-21 11:40:40',15,NULL),(1269,115,1270,NULL,1,'2025-07-21 11:45:08',2.162,NULL),(1270,115,1271,NULL,1,'2025-07-21 11:45:08',8.75375,NULL),(1271,115,1272,NULL,1,'2025-07-21 11:45:09',3.055,NULL),(1272,113,1273,NULL,1,'2025-07-21 11:45:36',29.77555,NULL),(1273,113,1274,NULL,1,'2025-07-21 11:45:36',23.177175,NULL),(1274,113,1275,NULL,1,'2025-07-21 11:45:36',28.97615,NULL),(1275,15,1276,NULL,1,'2025-07-21 11:46:00',23.798425,NULL),(1276,15,1277,NULL,1,'2025-07-21 11:46:00',16.805075,NULL),(1277,15,1278,NULL,1,'2025-07-21 11:46:00',16.939475,NULL),(1278,112,1279,NULL,1,'2025-07-21 11:46:19',10.02375,NULL),(1279,112,1280,NULL,1,'2025-07-21 11:46:19',8.499,NULL),(1280,112,1281,NULL,1,'2025-07-21 11:46:19',20.055,NULL),(1281,116,1282,NULL,1,'2025-07-21 11:46:49',14.08725,NULL),(1282,116,1283,NULL,1,'2025-07-21 11:46:49',4.158,NULL),(1283,114,1284,NULL,1,'2025-07-21 11:48:05',15.714375,NULL),(1284,114,1285,NULL,1,'2025-07-21 11:48:05',9.688875,NULL),(1285,114,1286,NULL,1,'2025-07-21 11:48:05',10.399425,NULL),(1286,119,1287,NULL,1,'2025-07-21 11:52:12',17.252,NULL),(1287,119,1288,NULL,1,'2025-07-21 11:52:12',9.19524,NULL),(1288,117,1289,NULL,1,'2025-07-21 11:55:42',3.15,NULL),(1289,16,1290,221,1,'2025-07-21 14:16:22',779.4,NULL),(1290,5,1291,223,1,'2025-07-21 21:30:32',360.7,NULL),(1291,19,1292,222,1,'2025-07-21 21:31:21',137,NULL),(1293,4,1294,225,1,'2025-07-21 21:43:14',1213.9999999999998,NULL),(1294,117,1295,NULL,1,'2025-07-22 10:37:50',1.98,NULL),(1295,115,1296,NULL,1,'2025-07-22 10:40:09',3.3135,NULL),(1296,113,1297,NULL,1,'2025-07-22 10:40:10',45.2375,NULL),(1297,15,1298,NULL,1,'2025-07-22 10:40:10',11.97,NULL),(1298,103,1299,NULL,2,'2025-07-22 11:01:13',431,NULL),(1299,3,1300,NULL,2,'2025-07-22 11:01:44',507.96,NULL),(1300,3,1301,NULL,2,'2025-07-22 11:02:16',618.97,NULL),(1301,99,1302,NULL,2,'2025-07-22 11:02:44',1614.28,NULL),(1302,100,1303,NULL,2,'2025-07-22 11:03:08',695.48,NULL),(1303,101,1304,NULL,2,'2025-07-22 11:03:37',217,NULL),(1304,102,1305,NULL,2,'2025-07-22 11:04:03',84.99,NULL),(1305,109,1306,NULL,2,'2025-07-22 11:04:30',818.17,NULL),(1306,108,1307,NULL,2,'2025-07-22 11:05:41',80.99,NULL),(1307,106,1308,NULL,2,'2025-07-22 11:06:19',206,NULL),(1308,116,1309,NULL,1,'2025-07-22 11:07:34',1.147365,NULL),(1309,114,1310,NULL,1,'2025-07-22 11:07:34',5.2161,NULL),(1310,15,1311,NULL,1,'2025-07-22 11:07:34',10.831975,NULL),(1311,5,1312,226,1,'2025-07-22 11:33:10',15.76,NULL),(1312,6,1313,227,1,'2025-07-22 21:33:37',3127.125,NULL),(1313,1,1314,228,1,'2025-07-22 21:34:22',3598,NULL),(1314,6,1315,229,1,'2025-07-22 21:36:56',135.89,NULL),(1315,16,1315,229,1,'2025-07-22 21:36:56',1018.01,NULL),(1316,1,1316,230,1,'2025-07-22 21:37:38',2985.8800000023,NULL),(1317,39,1317,231,1,'2025-07-22 21:37:53',134.11,NULL),(1318,40,1317,231,1,'2025-07-22 21:37:53',130.24,NULL),(1319,5,1318,232,1,'2025-07-22 21:38:08',890,NULL),(1320,6,1319,233,1,'2025-07-22 21:38:15',550,NULL),(1321,4,1320,234,1,'2025-07-22 21:38:20',280,NULL),(1322,10,1321,NULL,1,'2025-07-26 12:20:34',120,NULL),(1323,10,1322,NULL,1,'2025-07-26 12:21:59',59,NULL),(1324,117,1323,NULL,1,'2025-07-26 12:22:44',1.65,NULL),(1325,10,1324,NULL,1,'2025-07-26 12:35:16',99,NULL),(1326,10,1325,NULL,1,'2025-07-26 12:35:51',86,NULL),(1327,117,1326,NULL,1,'2025-07-26 12:36:21',1.5,NULL),(1328,10,1327,NULL,1,'2025-07-26 12:42:16',114,NULL),(1329,10,1328,NULL,1,'2025-07-26 12:43:18',93,NULL),(1330,117,1329,NULL,1,'2025-07-26 12:43:56',2.7,NULL),(1331,103,1330,NULL,2,'2025-07-26 12:45:20',1171.76,NULL),(1332,3,1331,NULL,2,'2025-07-26 12:45:55',1030.69,NULL),(1333,2,1332,NULL,2,'2025-07-26 12:46:54',446.95,NULL),(1334,99,1333,NULL,2,'2025-07-26 12:47:28',1587.15,NULL),(1335,100,1334,NULL,2,'2025-07-26 12:47:57',1657.41,NULL),(1336,101,1335,NULL,2,'2025-07-26 12:48:23',433,NULL),(1337,102,1336,NULL,2,'2025-07-26 12:48:50',200.22,NULL),(1338,109,1337,NULL,2,'2025-07-26 12:50:11',1401.95,NULL),(1339,106,1338,NULL,2,'2025-07-26 12:50:54',41,NULL),(1340,103,1339,NULL,2,'2025-07-26 12:51:46',478.46,NULL),(1341,3,1340,NULL,2,'2025-07-26 12:52:20',501.53,NULL),(1342,2,1341,NULL,2,'2025-07-26 12:53:52',1105.89,NULL),(1343,99,1342,NULL,2,'2025-07-26 12:54:49',2055.9,NULL),(1344,100,1343,NULL,2,'2025-07-26 12:55:24',717.99,NULL),(1345,101,1344,NULL,2,'2025-07-26 12:55:56',412.45,NULL),(1346,109,1345,NULL,2,'2025-07-26 12:56:25',978.47,NULL),(1347,105,1346,NULL,2,'2025-07-26 12:57:05',27,NULL),(1348,106,1347,NULL,2,'2025-07-26 12:57:51',92,NULL),(1349,103,1348,NULL,2,'2025-07-26 12:59:01',331.97,NULL),(1350,3,1349,NULL,2,'2025-07-26 13:00:15',1536.84,NULL),(1351,2,1350,NULL,2,'2025-07-26 13:01:09',1782.76,NULL),(1352,99,1351,NULL,2,'2025-07-26 13:02:01',2053.6,NULL),(1353,100,1352,NULL,2,'2025-07-26 13:02:39',832.46,NULL),(1354,101,1353,NULL,2,'2025-07-26 13:03:15',107.98,NULL),(1355,102,1354,NULL,2,'2025-07-26 13:03:35',271.17,NULL),(1356,109,1355,NULL,2,'2025-07-26 13:03:58',1054.94,NULL),(1357,105,1356,NULL,2,'2025-07-26 13:04:26',54.24,NULL),(1358,108,1357,NULL,2,'2025-07-26 13:05:22',204.68,NULL),(1359,106,1358,NULL,2,'2025-07-26 13:05:59',133.98,NULL),(1360,103,1359,NULL,2,'2025-07-26 22:14:03',606,NULL),(1361,3,1360,NULL,2,'2025-07-26 22:18:11',522.98,NULL),(1362,2,1361,NULL,2,'2025-07-26 22:23:31',597.98,NULL),(1363,99,1362,NULL,2,'2025-07-26 22:24:03',1820.11,NULL),(1364,100,1363,NULL,2,'2025-07-26 22:35:22',591.48,NULL),(1365,101,1364,NULL,2,'2025-07-26 22:36:14',79.98,NULL),(1366,102,1365,NULL,2,'2025-07-26 22:36:37',181.48,NULL),(1367,109,1366,NULL,2,'2025-07-26 22:37:00',1104.45,NULL),(1368,105,1367,NULL,2,'2025-07-26 22:37:28',202,NULL),(1369,108,1368,NULL,2,'2025-07-26 22:38:07',79,NULL),(1370,106,1369,NULL,2,'2025-07-26 22:38:40',90.82,NULL),(1371,10,1370,NULL,1,'2025-07-27 15:55:49',124,NULL),(1372,10,1371,NULL,1,'2025-07-27 15:56:20',107,NULL),(1373,117,1372,NULL,1,'2025-07-27 15:56:56',2.1,NULL),(1374,117,1373,NULL,1,'2025-07-27 16:00:22',1.65,NULL),(1375,5,1374,237,1,'2025-07-27 18:33:01',297.78999999999996,NULL),(1376,5,1375,236,1,'2025-07-27 18:34:03',631.7,NULL),(1377,20,1376,235,1,'2025-07-27 18:35:02',922.2599459999999,NULL),(1378,16,1377,238,1,'2025-07-27 18:36:05',767.4,NULL),(1379,5,1378,242,1,'2025-07-27 19:56:26',143.5,NULL),(1380,39,1378,242,1,'2025-07-27 19:56:26',22.68,NULL),(1381,137,1379,NULL,1,'2025-07-27 20:02:26',123.54,NULL),(1382,46,1380,NULL,1,'2025-07-27 20:14:42',1190.88,NULL),(1383,5,1381,241,1,'2025-07-27 20:59:01',35.952,NULL),(1384,25,1381,241,1,'2025-07-27 20:59:01',91.8,NULL),(1385,40,1381,241,1,'2025-07-27 20:59:01',459.396,NULL),(1386,5,1382,240,1,'2025-07-27 20:59:05',1177.2,NULL),(1387,20,1382,240,1,'2025-07-27 20:59:05',270.12,NULL),(1388,39,1382,240,1,'2025-07-27 20:59:05',598.16,NULL),(1389,39,1383,239,1,'2025-07-27 20:59:09',248,NULL),(1390,10,1384,NULL,1,'2025-07-27 21:10:12',186,NULL),(1391,10,1385,NULL,1,'2025-07-27 21:10:40',141,NULL),(1392,117,1386,NULL,1,'2025-07-27 21:12:47',2.25,NULL),(1400,103,1394,NULL,2,'2025-07-27 21:27:40',761.5,NULL),(1401,3,1395,NULL,2,'2025-07-27 21:28:52',2193.5,NULL),(1402,2,1396,NULL,2,'2025-07-27 21:29:16',1186,NULL),(1403,99,1397,NULL,2,'2025-07-27 21:29:42',1732.49,NULL),(1404,100,1398,NULL,2,'2025-07-27 21:30:05',1739.49,NULL),(1405,101,1399,NULL,2,'2025-07-27 21:30:33',395,NULL),(1406,102,1400,NULL,2,'2025-07-27 21:30:58',77,NULL),(1407,109,1401,NULL,2,'2025-07-27 21:31:22',1292.5,NULL),(1408,108,1402,NULL,2,'2025-07-27 21:32:50',49,NULL),(1409,103,1403,NULL,2,'2025-07-28 14:21:44',1331,NULL),(1410,3,1404,NULL,2,'2025-07-28 14:22:15',4004.75,NULL),(1411,2,1405,NULL,2,'2025-07-28 14:25:28',1803.25,NULL),(1412,99,1406,NULL,2,'2025-07-28 14:25:57',3445.3,NULL),(1413,100,1407,NULL,2,'2025-07-28 14:26:28',1156.1,NULL),(1414,101,1408,NULL,2,'2025-07-28 14:27:03',902.75,NULL),(1415,102,1409,NULL,2,'2025-07-28 14:27:29',1043,NULL),(1416,109,1410,NULL,2,'2025-07-28 14:27:54',2085.25,NULL),(1417,108,1411,NULL,2,'2025-07-28 14:29:06',85.6,NULL),(1418,106,1412,NULL,2,'2025-07-28 14:29:36',266,NULL),(1419,10,1413,NULL,1,'2025-07-28 14:34:58',208,NULL),(1420,10,1414,NULL,1,'2025-07-28 14:35:19',200,NULL),(1421,117,1415,NULL,1,'2025-07-28 14:35:41',3.45,NULL),(1422,10,1416,NULL,1,'2025-07-29 12:05:44',73,NULL),(1423,10,1417,NULL,1,'2025-07-29 12:08:37',64,NULL),(1424,117,1418,NULL,1,'2025-07-29 12:11:22',1.35,NULL),(1425,103,1419,NULL,2,'2025-07-29 12:13:30',505.98,NULL),(1426,3,1420,NULL,2,'2025-07-29 12:14:37',1228.94,NULL),(1427,2,1421,NULL,2,'2025-07-29 12:15:01',468.48,NULL),(1428,99,1422,NULL,2,'2025-07-29 12:15:33',927.48,NULL),(1429,100,1423,NULL,2,'2025-07-29 12:15:57',613,NULL),(1430,102,1424,NULL,2,'2025-07-29 12:16:40',53.49,NULL),(1431,109,1425,NULL,2,'2025-07-29 12:17:00',471.96,NULL),(1432,105,1426,NULL,2,'2025-07-29 12:17:28',110.99,NULL),(1433,108,1427,NULL,2,'2025-07-29 12:18:02',93,NULL),(1434,106,1428,NULL,2,'2025-07-29 12:18:56',46,NULL),(1435,128,1429,NULL,2,'2025-07-29 12:23:11',23510.42,NULL),(1436,127,1430,NULL,1,'2025-07-29 12:24:29',4857.64,NULL),(1437,127,1431,NULL,1,'2025-07-29 12:31:37',419.63,NULL),(1438,128,1432,NULL,2,'2025-07-29 12:32:54',2134.2,NULL),(1439,67,1433,NULL,1,'2025-07-29 12:42:54',1300,NULL),(1440,68,1434,NULL,1,'2025-07-29 12:43:21',150,NULL),(1441,68,1435,NULL,1,'2025-07-29 12:43:41',100,NULL),(1442,115,1436,NULL,1,'2025-07-29 13:11:30',6.016,NULL),(1443,113,1437,NULL,1,'2025-07-29 13:11:30',32.21225,NULL),(1444,15,1438,NULL,1,'2025-07-29 13:11:30',22.645,NULL),(1445,112,1439,NULL,1,'2025-07-29 13:11:30',3.5136,NULL),(1446,116,1440,NULL,1,'2025-07-29 13:11:30',0.722115,NULL),(1447,114,1441,NULL,1,'2025-07-29 13:11:30',4.5975,NULL),(1448,116,1442,NULL,1,'2025-07-29 13:11:30',5.94675,NULL),(1449,114,1443,NULL,1,'2025-07-29 13:14:55',6.24345,NULL),(1450,114,1444,NULL,1,'2025-07-29 13:14:55',13.046175,NULL),(1451,114,1445,NULL,1,'2025-07-29 13:14:55',8.67075,NULL),(1452,116,1446,NULL,1,'2025-07-29 13:15:21',14.0805,NULL),(1453,116,1447,NULL,1,'2025-07-29 13:15:21',1.0395,NULL),(1454,116,1448,NULL,1,'2025-07-29 13:15:21',3.660795,NULL),(1455,112,1449,NULL,1,'2025-07-29 13:15:57',13.524375,NULL),(1456,112,1450,NULL,1,'2025-07-29 13:15:57',8.895,NULL),(1457,112,1451,NULL,1,'2025-07-29 13:15:57',13.3707,NULL),(1458,113,1452,NULL,1,'2025-07-29 13:16:55',26.86425,NULL),(1459,113,1453,NULL,1,'2025-07-29 13:16:55',18.27805,NULL),(1460,15,1454,NULL,1,'2025-07-29 13:19:32',37.343775,NULL),(1461,15,1455,NULL,1,'2025-07-29 13:19:32',24.989125,NULL),(1462,115,1456,NULL,1,'2025-07-29 13:19:45',5.380795,NULL),(1463,115,1457,NULL,1,'2025-07-29 13:23:25',1.06925,NULL),(1464,113,1458,NULL,1,'2025-07-29 13:23:25',20.907425,NULL),(1465,15,1459,NULL,1,'2025-07-29 13:23:25',16.417975,NULL),(1466,125,1460,NULL,1,'2025-07-29 13:27:17',2.09,NULL),(1467,114,1461,NULL,1,'2025-07-29 13:28:36',12.430575,NULL),(1468,112,1462,NULL,1,'2025-07-29 13:28:36',3.352125,NULL),(1469,15,1463,NULL,1,'2025-07-29 13:28:36',44.3023,NULL),(1470,115,1464,NULL,1,'2025-07-29 13:28:36',10.53975,NULL),(1471,116,1465,NULL,1,'2025-07-29 13:28:36',2.70297,NULL),(1472,113,1466,NULL,1,'2025-07-29 13:28:36',79.905,NULL),(1473,116,1467,NULL,1,'2025-07-29 13:29:50',2.44998,NULL),(1474,119,1468,NULL,1,'2025-07-29 13:29:50',10.18248,NULL),(1475,119,1469,NULL,1,'2025-07-29 13:29:50',5.396,NULL),(1476,114,1470,NULL,1,'2025-07-29 13:29:50',4.4361,NULL),(1477,114,1471,NULL,1,'2025-07-29 13:29:50',5.384925,NULL),(1478,123,1472,NULL,1,'2025-07-29 13:29:50',2.41945,NULL),(1479,112,1473,NULL,1,'2025-07-29 13:29:50',4.48485,NULL),(1480,123,1474,NULL,1,'2025-07-29 13:29:50',2.94195,NULL),(1481,123,1475,NULL,1,'2025-07-29 13:29:50',9.075,NULL),(1482,112,1476,NULL,1,'2025-07-29 13:29:50',8.294175,NULL),(1483,119,1477,NULL,1,'2025-07-29 13:29:50',5.852,NULL),(1484,119,1478,NULL,1,'2025-07-29 13:29:50',14.20288,NULL),(1485,119,1479,NULL,1,'2025-07-29 13:29:50',22.648,NULL),(1486,123,1480,NULL,1,'2025-07-29 13:29:50',20.5689,NULL),(1487,115,1481,NULL,1,'2025-07-29 13:30:01',6.5095,NULL),(1488,113,1482,NULL,1,'2025-07-29 13:30:01',26.855325,NULL),(1489,115,1483,NULL,1,'2025-07-29 13:30:01',1.222,NULL),(1490,15,1484,NULL,1,'2025-07-29 13:30:01',19.100725,NULL),(1491,15,1485,NULL,1,'2025-07-29 13:30:01',28.13125,NULL),(1492,113,1486,NULL,1,'2025-07-29 13:30:01',54.3109,NULL),(1493,134,1487,NULL,1,'2025-07-29 13:33:50',12184.78,NULL),(1494,4,1488,244,1,'2025-07-29 13:55:22',815.004,NULL),(1495,40,1489,243,1,'2025-07-29 13:55:27',700,NULL),(1496,85,1490,NULL,1,'2025-07-29 13:57:35',500,NULL),(1497,70,1491,NULL,1,'2025-07-30 11:03:32',2400,NULL),(1498,70,1492,NULL,1,'2025-07-30 11:03:32',2400,NULL),(1499,70,1493,NULL,1,'2025-07-30 11:03:32',2400,NULL),(1500,42,1494,NULL,1,'2025-07-30 11:04:30',150,NULL),(1504,10,1498,NULL,1,'2025-07-30 11:05:18',42,NULL),(1505,10,1499,NULL,1,'2025-07-30 11:05:43',83,NULL),(1506,117,1500,NULL,1,'2025-07-30 11:07:25',2.25,NULL),(1507,113,1501,NULL,1,'2025-07-30 11:08:52',86.10245,NULL),(1508,15,1502,NULL,1,'2025-07-30 11:08:52',44.471,NULL),(1509,115,1503,NULL,1,'2025-07-30 11:08:52',13.959,NULL),(1510,106,1504,NULL,2,'2025-07-30 11:15:51',97,NULL),(1511,105,1505,NULL,2,'2025-07-30 11:16:21',118,NULL),(1512,109,1506,NULL,2,'2025-07-30 11:16:54',1654.48,NULL),(1513,102,1507,NULL,2,'2025-07-30 11:19:14',119.98,NULL),(1514,101,1508,NULL,2,'2025-07-30 11:19:51',126.99,NULL),(1515,100,1509,NULL,2,'2025-07-30 11:20:44',645.97,NULL),(1516,99,1510,NULL,2,'2025-07-30 11:21:36',1670.98,NULL),(1517,2,1511,NULL,2,'2025-07-30 11:22:04',193.99,NULL),(1518,3,1512,NULL,2,'2025-07-30 11:22:35',1054.32,NULL),(1519,103,1513,NULL,2,'2025-07-30 11:25:29',643,NULL),(1520,112,1514,NULL,1,'2025-07-30 11:28:22',1.454925,NULL),(1521,114,1515,NULL,1,'2025-07-30 11:28:47',4.844775,NULL),(1522,116,1516,NULL,1,'2025-07-30 11:28:47',1.61973,NULL),(1523,4,1517,245,1,'2025-07-30 11:48:28',280,NULL),(1524,83,1518,246,1,'2025-07-30 11:50:03',80,NULL),(1525,1,1519,248,1,'2025-07-31 11:59:50',345.2,NULL),(1526,6,1520,247,1,'2025-07-31 11:59:54',425.7,NULL),(1527,16,1521,251,1,'2025-07-31 11:59:57',749.4,NULL),(1528,1,1522,249,1,'2025-07-31 12:00:31',2908.1600000001,NULL),(1529,1,1523,250,1,'2025-07-31 12:00:34',528,NULL),(1530,106,1524,NULL,2,'2025-07-31 12:08:05',85,NULL),(1531,108,1525,NULL,2,'2025-07-31 12:09:08',83,NULL),(1532,105,1526,NULL,2,'2025-07-31 12:09:36',80,NULL),(1533,109,1527,NULL,2,'2025-07-31 12:09:57',1012.78,NULL),(1534,101,1528,NULL,2,'2025-07-31 12:11:33',385,NULL),(1535,100,1529,NULL,2,'2025-07-31 12:12:07',918,NULL),(1536,99,1530,NULL,2,'2025-07-31 12:12:30',719.11,NULL),(1537,2,1531,NULL,2,'2025-07-31 12:13:11',708.97,NULL),(1538,3,1532,NULL,2,'2025-07-31 12:14:19',1376.47,NULL),(1539,103,1533,NULL,2,'2025-07-31 12:16:18',452.5,NULL),(1540,103,1534,NULL,2,'2025-08-01 12:48:54',184,NULL),(1541,3,1535,NULL,2,'2025-08-01 12:49:54',907.5,NULL),(1542,2,1536,NULL,2,'2025-08-01 12:50:34',840,NULL),(1543,99,1537,NULL,2,'2025-08-01 12:51:00',1411.48,NULL),(1544,100,1538,NULL,2,'2025-08-01 12:51:27',1063.29,NULL),(1545,101,1539,NULL,2,'2025-08-01 12:52:04',336,NULL),(1546,102,1540,NULL,2,'2025-08-01 12:52:37',274,NULL),(1547,109,1541,NULL,2,'2025-08-01 12:53:20',1014,NULL),(1548,108,1542,NULL,2,'2025-08-01 12:53:59',180.99,NULL),(1549,106,1543,NULL,2,'2025-08-01 12:54:37',89,NULL),(1550,105,1544,NULL,2,'2025-08-01 12:55:23',498.5,NULL),(1551,10,1545,NULL,1,'2025-08-01 12:57:56',81,NULL),(1552,10,1546,NULL,1,'2025-08-01 12:58:40',102,NULL),(1553,117,1547,NULL,1,'2025-08-01 12:59:14',2.4,NULL),(1554,10,1548,NULL,1,'2025-08-04 14:42:42',75,NULL),(1555,10,1549,NULL,1,'2025-08-04 14:43:12',89,NULL),(1556,117,1550,NULL,1,'2025-08-04 14:43:47',2.85,NULL),(1557,10,1551,NULL,1,'2025-08-04 14:44:37',37,NULL),(1558,10,1552,NULL,1,'2025-08-04 14:45:26',111,NULL),(1559,10,1553,NULL,1,'2025-08-04 14:45:58',104,NULL),(1560,117,1554,NULL,1,'2025-08-04 14:46:36',1.8,NULL),(1561,10,1555,NULL,1,'2025-08-04 14:50:49',175,NULL),(1562,10,1556,NULL,1,'2025-08-04 14:51:30',137,NULL),(1563,10,1557,NULL,1,'2025-08-04 14:52:09',186,NULL),(1564,117,1558,NULL,1,'2025-08-04 14:52:52',4.5,NULL),(1565,5,1559,224,1,'2025-08-04 14:59:28',182,NULL),(1566,103,1560,NULL,2,'2025-08-04 20:35:51',821,NULL),(1567,3,1561,NULL,2,'2025-08-04 20:36:59',1687.5,NULL),(1568,2,1562,NULL,2,'2025-08-04 20:37:25',1686.39,NULL),(1569,99,1563,NULL,2,'2025-08-04 20:38:11',2264.98,NULL),(1570,100,1564,NULL,2,'2025-08-04 20:38:41',2301.5,NULL),(1571,101,1565,NULL,2,'2025-08-04 20:39:12',147.5,NULL),(1572,109,1566,NULL,2,'2025-08-04 20:40:06',986,NULL),(1573,105,1567,NULL,2,'2025-08-04 20:40:37',165,NULL),(1574,108,1568,NULL,2,'2025-08-04 20:41:16',208,NULL),(1575,106,1569,NULL,2,'2025-08-04 20:43:51',243,NULL),(1576,103,1570,NULL,2,'2025-08-04 20:46:34',1692.5,NULL),(1577,3,1571,NULL,2,'2025-08-04 20:48:26',3272.5,NULL),(1578,2,1572,NULL,2,'2025-08-04 20:52:41',2175,NULL),(1579,99,1573,NULL,2,'2025-08-04 20:53:38',2175,NULL),(1580,100,1574,NULL,2,'2025-08-04 20:54:41',2175,NULL),(1581,3,1575,NULL,2,'2025-08-04 20:55:40',355.5,NULL),(1582,102,1576,NULL,2,'2025-08-04 20:56:38',79,NULL),(1583,109,1577,NULL,2,'2025-08-04 20:57:42',3023,NULL),(1584,105,1578,NULL,2,'2025-08-04 20:58:13',359,NULL),(1585,108,1579,NULL,2,'2025-08-04 21:01:37',509.74,NULL),(1586,106,1580,NULL,2,'2025-08-04 21:02:54',472,NULL),(1587,103,1581,NULL,2,'2025-08-04 21:06:18',465.5,NULL),(1588,3,1582,NULL,2,'2025-08-04 21:07:10',1395.89,NULL),(1589,2,1583,NULL,2,'2025-08-04 21:08:50',950.59,NULL),(1590,99,1584,NULL,2,'2025-08-04 21:09:22',2046.91,NULL),(1591,100,1585,NULL,2,'2025-08-04 21:09:55',802.97,NULL),(1592,101,1586,NULL,2,'2025-08-04 21:10:49',113.19,NULL),(1593,102,1587,NULL,2,'2025-08-04 21:11:14',269,NULL),(1594,109,1588,NULL,2,'2025-08-04 21:11:52',1312.02,NULL),(1595,105,1589,NULL,2,'2025-08-04 21:13:36',105,NULL),(1596,108,1590,NULL,2,'2025-08-04 21:14:18',267.48,NULL),(1597,106,1591,NULL,2,'2025-08-04 21:14:59',198.89,NULL),(1598,50,1592,NULL,1,'2025-08-04 21:19:59',394.11,NULL),(1599,50,1593,NULL,1,'2025-08-04 21:19:59',394.11,NULL),(1600,50,1594,NULL,1,'2025-08-04 21:19:59',394.11,NULL),(1601,15,1595,NULL,1,'2025-08-04 21:29:35',24.704225,NULL),(1602,112,1596,NULL,1,'2025-08-04 21:31:29',5.317275,NULL),(1603,114,1597,NULL,1,'2025-08-04 21:31:29',6.885,NULL),(1604,123,1598,NULL,1,'2025-08-04 21:34:29',8.51895,NULL),(1605,123,1599,NULL,1,'2025-08-04 21:34:29',4.18,NULL),(1606,123,1600,NULL,1,'2025-08-04 21:34:29',14.2439,NULL),(1607,123,1601,NULL,1,'2025-08-04 21:34:29',13.2825,NULL),(1608,123,1602,NULL,1,'2025-08-04 21:34:29',3.575,NULL),(1609,119,1603,NULL,1,'2025-08-04 21:36:31',7.14324,NULL),(1610,119,1604,NULL,1,'2025-08-04 21:36:31',31.22232,NULL),(1611,119,1605,NULL,1,'2025-08-04 21:36:31',15.61724,NULL),(1612,119,1606,NULL,1,'2025-08-04 21:36:31',7.106,NULL),(1613,119,1607,NULL,1,'2025-08-04 21:38:10',23.864,NULL),(1614,113,1608,NULL,1,'2025-08-04 21:38:10',10.447325,NULL),(1615,115,1609,NULL,1,'2025-08-04 21:38:25',2.748795,NULL),(1616,51,1610,NULL,1,'2025-08-05 08:43:19',319.6,NULL),(1617,86,1611,NULL,1,'2025-08-05 08:49:20',1250,NULL),(1618,84,1612,NULL,1,'2025-08-05 08:49:51',1100,NULL),(1619,141,1613,NULL,1,'2025-08-05 08:50:22',100,NULL),(1620,98,1614,NULL,1,'2025-08-05 08:51:15',10000,NULL),(1621,133,1615,NULL,1,'2025-08-05 08:51:45',5000,NULL),(1622,132,1616,NULL,1,'2025-08-05 08:52:09',10000,NULL),(1623,88,1617,NULL,1,'2025-08-05 09:02:12',1020,NULL),(1624,88,1618,NULL,1,'2025-08-05 09:02:57',800,NULL),(1625,88,1619,NULL,1,'2025-08-05 09:03:50',750,NULL),(1626,53,1620,NULL,1,'2025-08-05 09:09:24',4541.74,NULL),(1627,10,1621,NULL,1,'2025-08-05 11:26:13',76,NULL),(1628,10,1622,NULL,1,'2025-08-05 11:26:56',85,NULL),(1629,117,1623,NULL,1,'2025-08-05 11:31:50',1.8,NULL),(1630,103,1624,NULL,2,'2025-08-05 11:33:05',362,NULL),(1631,3,1625,NULL,2,'2025-08-05 11:33:40',563.97,NULL),(1632,2,1626,NULL,2,'2025-08-05 11:34:07',479.46,NULL),(1633,99,1627,NULL,2,'2025-08-05 11:34:50',2334.45,NULL),(1634,100,1628,NULL,2,'2025-08-05 11:35:22',1395.95,NULL),(1635,101,1629,NULL,2,'2025-08-05 11:35:59',262,NULL),(1636,102,1630,NULL,2,'2025-08-05 11:36:18',34,NULL),(1637,109,1631,NULL,2,'2025-08-05 11:36:37',836.96,NULL),(1638,105,1632,NULL,2,'2025-08-05 11:37:05',42,NULL),(1639,88,1633,NULL,1,'2025-08-05 14:29:13',16735,NULL),(1640,91,1634,NULL,1,'2025-08-05 14:30:22',2445.15,NULL),(1642,53,1636,NULL,1,'2025-08-07 09:11:25',2097.37,NULL),(1643,41,1637,NULL,1,'2025-08-07 09:13:07',92,NULL),(1644,10,1638,NULL,1,'2025-08-07 09:14:25',94,NULL),(1645,10,1639,NULL,1,'2025-08-07 09:14:51',83,NULL),(1646,117,1640,NULL,1,'2025-08-07 09:15:29',2.25,NULL),(1647,10,1641,NULL,1,'2025-08-07 09:16:05',107,NULL),(1648,10,1642,NULL,1,'2025-08-07 09:16:31',125,NULL),(1649,117,1643,NULL,1,'2025-08-07 09:24:46',1.95,NULL),(1650,103,1644,NULL,2,'2025-08-07 09:25:52',407,NULL),(1651,3,1645,NULL,2,'2025-08-07 09:26:25',444,NULL),(1652,2,1646,NULL,2,'2025-08-07 09:26:54',252.99,NULL),(1653,99,1647,NULL,2,'2025-08-07 09:27:25',715.97,NULL),(1654,100,1648,NULL,2,'2025-08-07 09:27:59',871.99,NULL),(1655,101,1649,NULL,2,'2025-08-07 09:28:26',310,NULL),(1656,102,1650,NULL,2,'2025-08-07 09:28:50',77.98,NULL),(1657,109,1651,NULL,2,'2025-08-07 09:29:18',1423.44,NULL),(1658,105,1652,NULL,2,'2025-08-07 09:29:42',68,NULL),(1659,108,1653,NULL,2,'2025-08-07 09:30:17',22,NULL),(1660,106,1654,NULL,2,'2025-08-07 09:31:49',156.46,NULL),(1661,109,1655,NULL,2,'2025-08-07 09:32:37',106.98,NULL),(1662,103,1656,NULL,2,'2025-08-07 09:43:28',457,NULL),(1663,3,1657,NULL,2,'2025-08-07 09:44:01',710.46,NULL),(1664,2,1658,NULL,2,'2025-08-07 09:44:31',510.95,NULL),(1665,99,1659,NULL,2,'2025-08-07 09:45:01',1210.23,NULL),(1666,100,1660,NULL,2,'2025-08-07 09:45:27',278.97,NULL),(1667,101,1661,NULL,2,'2025-08-07 09:45:55',43.49,NULL),(1668,102,1662,NULL,2,'2025-08-07 09:46:20',88,NULL),(1669,109,1663,NULL,2,'2025-08-07 09:46:43',965.92,NULL),(1670,106,1664,NULL,2,'2025-08-07 09:48:00',150.49,NULL),(1671,128,1665,NULL,2,'2025-08-08 11:07:08',16779.27,NULL),(1672,126,1666,NULL,1,'2025-08-08 11:09:44',180.9,NULL),(1673,127,1667,NULL,1,'2025-08-08 11:10:32',4906.92,NULL),(1674,119,1668,NULL,1,'2025-08-08 11:32:50',5.852,NULL),(1675,119,1669,NULL,1,'2025-08-08 11:33:36',2.584,NULL),(1676,113,1670,NULL,1,'2025-08-08 11:33:36',27.5604,NULL),(1677,115,1671,NULL,1,'2025-08-08 11:33:36',2.068,NULL),(1678,15,1672,NULL,1,'2025-08-08 11:33:36',19.03895,NULL),(1679,115,1673,NULL,1,'2025-08-08 11:36:38',0.76187,NULL),(1680,113,1674,NULL,1,'2025-08-08 11:36:38',20.058325,NULL),(1681,15,1675,NULL,1,'2025-08-08 11:36:38',15.083425,NULL),(1682,114,1676,NULL,1,'2025-08-08 11:36:38',2.092275,NULL),(1683,116,1677,NULL,1,'2025-08-08 11:36:38',1.188,NULL),(1684,112,1678,NULL,1,'2025-08-08 11:36:38',3.832125,NULL),(1685,116,1679,NULL,1,'2025-08-08 16:12:06',1.05273,NULL),(1686,114,1680,NULL,1,'2025-08-08 16:12:06',6.539925,NULL),(1687,112,1681,NULL,1,'2025-08-08 16:12:06',1.897425,NULL),(1688,115,1682,NULL,1,'2025-08-08 16:12:06',15.744765,NULL),(1689,113,1683,NULL,1,'2025-08-08 16:12:06',67.341575,NULL),(1690,15,1684,NULL,1,'2025-08-08 16:15:19',62.0431,NULL),(1691,113,1685,NULL,1,'2025-08-08 16:28:15',56.9569,NULL),(1692,15,1686,NULL,1,'2025-08-08 16:28:15',16.905,NULL),(1693,112,1687,NULL,1,'2025-08-08 16:31:48',3.59595,NULL),(1694,114,1688,NULL,1,'2025-08-08 16:58:02',10.469625,NULL),(1695,114,1689,NULL,1,'2025-08-08 17:04:26',6.022275,NULL),(1696,114,1690,NULL,1,'2025-08-08 17:04:26',16.3125,NULL),(1697,114,1691,NULL,1,'2025-08-08 17:04:26',17.26125,NULL),(1698,116,1692,NULL,1,'2025-08-08 17:04:56',3.6315,NULL),(1699,116,1693,NULL,1,'2025-08-08 17:04:56',1.0665,NULL),(1700,112,1694,NULL,1,'2025-08-08 17:05:15',7.129425,NULL),(1701,112,1695,NULL,1,'2025-08-08 17:05:15',16.3125,NULL),(1702,112,1696,NULL,1,'2025-08-08 17:05:15',12.647925,NULL),(1703,15,1697,NULL,1,'2025-08-08 17:08:50',30.2302,NULL),(1704,15,1698,NULL,1,'2025-08-08 17:08:50',23.7874,NULL),(1705,115,1699,NULL,1,'2025-08-08 17:11:03',2.1855,NULL),(1706,115,1700,NULL,1,'2025-08-08 17:11:03',0.79853,NULL),(1707,115,1701,NULL,1,'2025-08-08 17:11:03',6.579765,NULL),(1708,113,1702,NULL,1,'2025-08-08 17:14:57',43.942325,NULL),(1709,113,1703,NULL,1,'2025-08-08 17:14:57',19.7855,NULL),(1710,116,1704,NULL,1,'2025-08-08 17:21:34',3.699,NULL),(1711,112,1705,NULL,1,'2025-08-08 17:21:34',6.3,NULL),(1712,114,1706,NULL,1,'2025-08-08 17:21:34',7.974675,NULL),(1713,113,1707,NULL,1,'2025-08-08 17:21:34',18.0551,NULL),(1714,15,1708,NULL,1,'2025-08-08 17:21:34',15.4973,NULL),(1715,115,1709,NULL,1,'2025-08-08 17:22:48',5.92106,NULL),(1716,113,1710,NULL,1,'2025-08-08 17:22:48',17.4608,NULL),(1717,15,1711,NULL,1,'2025-08-08 17:22:48',17.286325,NULL),(1718,116,1712,NULL,1,'2025-08-08 17:24:08',3.402,NULL),(1719,10,1713,NULL,1,'2025-08-08 21:30:47',89,NULL),(1720,10,1714,NULL,1,'2025-08-08 21:31:16',75,NULL),(1721,117,1715,NULL,1,'2025-08-08 21:33:18',2.55,NULL),(1722,103,1716,NULL,2,'2025-08-08 21:37:47',639,NULL),(1723,3,1717,NULL,2,'2025-08-08 21:38:23',1024.25,NULL),(1724,2,1718,NULL,2,'2025-08-08 21:38:47',669.29,NULL),(1725,99,1719,NULL,2,'2025-08-08 21:40:03',1806.91,NULL),(1726,100,1720,NULL,2,'2025-08-08 21:40:48',2081.98,NULL),(1727,101,1721,NULL,2,'2025-08-08 21:41:15',53,NULL),(1728,102,1722,NULL,2,'2025-08-08 21:41:37',296.8,NULL),(1729,109,1723,NULL,2,'2025-08-08 21:41:55',1546.42,NULL),(1730,105,1724,NULL,2,'2025-08-08 21:42:29',132,NULL),(1731,108,1725,NULL,2,'2025-08-08 21:43:10',202,NULL),(1732,106,1726,NULL,2,'2025-08-08 21:44:01',239.47,NULL),(1733,10,1727,NULL,1,'2025-08-09 16:02:02',117,NULL),(1734,10,1728,NULL,1,'2025-08-09 16:04:34',114,NULL),(1735,117,1729,NULL,1,'2025-08-09 16:05:08',3,NULL),(1736,103,1730,NULL,2,'2025-08-09 16:06:23',694.5,NULL),(1737,3,1731,NULL,2,'2025-08-09 16:06:55',871.65,NULL),(1738,2,1732,NULL,2,'2025-08-09 16:07:23',1670.44,NULL),(1739,99,1733,NULL,2,'2025-08-09 16:08:02',1633.6,NULL),(1740,100,1734,NULL,2,'2025-08-09 16:08:45',1403.42,NULL),(1741,101,1735,NULL,2,'2025-08-09 16:09:14',118.99,NULL),(1742,102,1736,NULL,2,'2025-08-09 16:09:36',33.99,NULL),(1743,109,1737,NULL,2,'2025-08-09 16:10:00',1203,NULL),(1744,105,1738,NULL,2,'2025-08-09 16:13:54',213,NULL),(1745,108,1739,NULL,2,'2025-08-09 16:14:36',215,NULL),(1746,109,1740,NULL,2,'2025-08-09 16:15:04',130.99,NULL),(1747,75,1741,NULL,1,'2025-08-10 23:39:14',2000,NULL),(1748,20,1742,284,1,'2025-08-10 23:42:30',191.88,NULL),(1749,6,1743,283,1,'2025-08-10 23:42:34',1023,NULL),(1750,16,1744,282,1,'2025-08-10 23:42:39',789.6,NULL),(1751,1,1745,281,1,'2025-08-10 23:42:42',2896.749999998,NULL),(1752,6,1746,280,1,'2025-08-10 23:42:46',3161.34,NULL),(1753,39,1747,279,1,'2025-08-10 23:42:49',172.73999999999998,NULL),(1754,40,1748,278,1,'2025-08-10 23:42:53',56.8,NULL),(1755,41,1748,278,1,'2025-08-10 23:42:53',114.9,NULL),(1756,5,1749,277,1,'2025-08-10 23:42:56',3306.5,NULL),(1757,20,1749,277,1,'2025-08-10 23:42:56',308.88,NULL),(1758,39,1749,277,1,'2025-08-10 23:42:56',66.24,NULL),(1759,5,1750,276,1,'2025-08-10 23:43:00',798,NULL),(1760,4,1751,275,1,'2025-08-10 23:43:06',7.0265,NULL),(1761,4,1752,274,1,'2025-08-10 23:43:10',140,NULL),(1762,83,1753,273,1,'2025-08-10 23:43:14',80,NULL),(1763,5,1754,272,1,'2025-08-10 23:43:18',233.98,NULL),(1764,16,1755,271,1,'2025-08-10 23:43:21',610.8,NULL),(1765,1,1756,270,1,'2025-08-10 23:43:25',111,NULL),(1766,16,1756,270,1,'2025-08-10 23:43:25',350.6389,NULL),(1767,1,1757,260,1,'2025-08-10 23:43:34',3498,NULL),(1768,16,1757,260,1,'2025-08-10 23:43:34',718.24000000038,NULL),(1769,20,1758,261,1,'2025-08-10 23:43:47',1456.6798740000002,NULL),(1770,5,1759,262,1,'2025-08-10 23:43:54',25.78,NULL),(1771,6,1759,262,1,'2025-08-10 23:43:54',135.89,NULL),(1772,16,1759,262,1,'2025-08-10 23:43:54',814.4,NULL),(1773,5,1760,263,1,'2025-08-10 23:44:00',4196.64,NULL),(1774,6,1761,264,1,'2025-08-10 23:44:06',2720.034,NULL),(1775,5,1762,265,1,'2025-08-10 23:44:15',234.5,NULL),(1776,5,1763,266,1,'2025-08-10 23:44:24',1319.9,NULL),(1777,40,1763,266,1,'2025-08-10 23:44:24',12,NULL),(1778,20,1764,267,1,'2025-08-10 23:44:34',789.3,NULL),(1779,19,1765,268,1,'2025-08-10 23:44:43',131.5,NULL),(1780,5,1766,269,1,'2025-08-10 23:44:53',639.9,NULL),(1781,13,1767,NULL,1,'2025-08-10 23:47:19',1312,NULL),(1782,117,1768,NULL,1,'2025-08-11 00:04:53',3.96,NULL),(1783,46,1769,NULL,1,'2025-08-11 00:11:40',1190.88,NULL),(1784,42,1770,NULL,1,'2025-08-11 08:09:17',29.9,NULL),(1785,4,1771,285,1,'2025-08-11 08:34:30',851.298,NULL),(1786,21,1772,286,1,'2025-08-11 08:38:06',66,NULL),(1787,4,1773,288,1,'2025-08-11 08:42:35',11.56,NULL),(1788,4,1774,287,1,'2025-08-11 08:42:39',15.98,NULL),(1789,4,1775,289,1,'2025-08-11 08:48:38',6.6702,NULL),(1790,5,1775,289,1,'2025-08-11 08:48:38',122.77,NULL),(1791,39,1775,289,1,'2025-08-11 08:48:38',98.79999999999998,NULL),(1792,18,1776,NULL,1,'2025-08-11 08:55:07',123.6,NULL),(1793,10,1777,NULL,1,'2025-08-11 09:08:19',91,NULL),(1794,10,1778,NULL,1,'2025-08-11 09:08:55',133,NULL),(1795,10,1779,NULL,1,'2025-08-11 09:09:40',188,NULL),(1796,117,1780,NULL,1,'2025-08-11 09:10:25',3.15,NULL),(1797,103,1781,NULL,2,'2025-08-11 09:40:55',674,NULL),(1798,3,1782,NULL,2,'2025-08-11 09:41:49',1968.79,NULL),(1799,2,1783,NULL,2,'2025-08-11 09:42:34',2581.24,NULL),(1800,99,1784,NULL,2,'2025-08-11 09:43:13',3113.72,NULL),(1801,100,1785,NULL,2,'2025-08-11 09:43:49',1329.52,NULL),(1802,101,1786,NULL,2,'2025-08-11 09:44:30',310,NULL),(1804,102,1788,NULL,2,'2025-08-11 09:46:24',239,NULL),(1805,109,1789,NULL,2,'2025-08-11 09:46:56',2120,NULL),(1806,105,1790,NULL,2,'2025-08-11 09:47:30',189.99,NULL),(1807,108,1791,NULL,2,'2025-08-11 09:48:11',100,NULL),(1808,106,1792,NULL,2,'2025-08-11 09:53:40',134,NULL),(1809,109,1793,NULL,2,'2025-08-11 09:56:36',199.88,NULL),(1810,114,1794,NULL,1,'2025-08-11 10:11:32',10.52565,NULL),(1811,114,1795,NULL,1,'2025-08-11 10:11:32',9.9714,NULL),(1812,112,1796,NULL,1,'2025-08-11 10:11:32',5.019675,NULL),(1813,114,1797,NULL,1,'2025-08-11 10:11:32',15.61485,NULL),(1814,116,1798,NULL,1,'2025-08-11 10:11:32',4.0068,NULL),(1815,42,1799,NULL,1,'2025-08-11 10:17:37',84.9,NULL),(1816,45,1800,NULL,1,'2025-08-11 10:19:48',10292,NULL),(1817,15,1801,NULL,1,'2025-08-11 10:21:12',25.678975,NULL),(1818,15,1802,NULL,1,'2025-08-11 10:21:12',15.990275,NULL),(1819,15,1803,NULL,1,'2025-08-11 10:21:12',26.03055,NULL),(1820,113,1804,NULL,1,'2025-08-11 10:21:47',38.774225,NULL),(1821,113,1805,NULL,1,'2025-08-11 10:21:47',32.134375,NULL),(1822,113,1806,NULL,1,'2025-08-11 10:21:47',41.998775,NULL),(1823,115,1807,NULL,1,'2025-08-11 10:25:54',8.71803,NULL),(1824,115,1808,NULL,1,'2025-08-11 10:25:54',6.427015,NULL),(1825,4,1809,290,1,'2025-08-12 08:31:13',490,NULL),(1826,83,1810,291,1,'2025-08-12 08:32:07',100,NULL),(1827,5,1812,293,1,'2025-08-12 08:35:29',83.2,NULL),(1828,16,1812,293,1,'2025-08-12 08:35:29',122.52,NULL),(1829,39,1813,298,1,'2025-08-12 08:39:57',176.5,NULL),(1830,1,1814,295,1,'2025-08-12 08:43:06',2968.9199999988,NULL),(1831,8,1815,294,1,'2025-08-12 08:46:28',412.37,NULL),(1832,20,1815,294,1,'2025-08-12 08:46:28',198.07000000000002,NULL),(1833,21,1815,294,1,'2025-08-12 08:46:28',17.72,NULL),(1834,10,1816,NULL,1,'2025-08-12 09:01:56',192,NULL),(1835,10,1817,NULL,1,'2025-08-12 09:02:22',131,NULL),(1836,10,1818,NULL,1,'2025-08-12 09:02:55',139,NULL),(1837,117,1819,NULL,1,'2025-08-12 09:03:25',3.3,NULL),(1838,10,1820,NULL,1,'2025-08-12 09:07:26',53,NULL),(1839,10,1821,NULL,1,'2025-08-12 09:08:23',31,NULL),(1840,117,1822,NULL,1,'2025-08-12 09:10:33',2.4,NULL),(1841,103,1823,NULL,2,'2025-08-12 09:11:12',189,NULL),(1842,3,1824,NULL,2,'2025-08-12 09:12:09',1628.79,NULL),(1843,2,1825,NULL,2,'2025-08-12 09:12:33',379.42,NULL),(1844,99,1826,NULL,2,'2025-08-12 09:13:09',1137.7,NULL),(1845,100,1827,NULL,2,'2025-08-12 09:13:40',1306.11,NULL),(1846,102,1828,NULL,2,'2025-08-12 09:14:07',174,NULL),(1847,106,1829,NULL,2,'2025-08-12 09:14:43',121.5,NULL),(1848,103,1830,NULL,2,'2025-08-12 09:30:50',1827,NULL),(1849,3,1831,NULL,2,'2025-08-12 09:31:19',5054.88,NULL),(1850,2,1832,NULL,2,'2025-08-12 09:31:55',2075.75,NULL),(1851,99,1833,NULL,2,'2025-08-12 09:32:39',5680,NULL),(1852,100,1834,NULL,2,'2025-08-12 09:33:03',3829.11,NULL),(1853,101,1835,NULL,2,'2025-08-12 09:33:43',1294.5,NULL),(1854,102,1836,NULL,2,'2025-08-12 09:34:36',932,NULL),(1855,109,1837,NULL,2,'2025-08-12 09:34:55',2785,NULL),(1856,105,1838,NULL,2,'2025-08-12 09:35:35',693.74,NULL),(1857,108,1839,NULL,2,'2025-08-12 09:36:18',80.99,NULL),(1858,106,1840,NULL,2,'2025-08-12 09:36:49',132.88,NULL),(1859,109,1841,NULL,2,'2025-08-12 09:37:19',450.84,NULL),(1860,115,1842,NULL,1,'2025-08-12 09:39:21',4.676265,NULL),(1861,115,1843,NULL,1,'2025-08-12 09:39:21',7.473,NULL),(1862,113,1844,NULL,1,'2025-08-12 09:40:46',43.91625,NULL),(1863,15,1845,NULL,1,'2025-08-12 09:40:46',46.165,NULL),(1864,114,1846,NULL,1,'2025-08-12 09:40:46',9.795825,NULL),(1865,112,1847,NULL,1,'2025-08-12 09:40:46',2.84565,NULL),(1866,116,1848,NULL,1,'2025-08-12 09:40:46',2.349,NULL),(1867,116,1849,NULL,1,'2025-08-12 09:42:47',12.582,NULL),(1868,116,1850,NULL,1,'2025-08-12 09:42:47',3.2265,NULL),(1869,114,1851,NULL,1,'2025-08-12 09:43:14',28.718325,NULL),(1870,112,1852,NULL,1,'2025-08-12 09:44:33',15.568125,NULL),(1871,112,1853,NULL,1,'2025-08-12 09:44:33',19.3593,NULL),(1872,112,1854,NULL,1,'2025-08-12 09:44:33',12.5283,NULL),(1873,116,1855,NULL,1,'2025-08-12 09:44:48',0.458865,NULL),(1874,88,1856,NULL,1,'2025-08-12 10:04:10',480,NULL),(1875,20,1857,299,1,'2025-08-12 10:22:17',270,NULL),(1876,5,1858,300,1,'2025-08-12 10:26:21',311.6,NULL),(1877,4,1859,301,1,'2025-08-12 10:37:45',1122.4979999999998,NULL),(1878,10,1860,NULL,1,'2025-08-14 10:44:27',87,12),(1879,10,1861,NULL,1,'2025-08-14 10:46:18',87,12),(1880,117,1862,NULL,1,'2025-08-14 10:55:54',1.65,26),(1882,10,1864,NULL,1,'2025-08-14 11:35:39',85,12),(1883,10,1865,NULL,1,'2025-08-14 11:36:42',64,12),(1884,117,1866,NULL,1,'2025-08-14 11:42:56',1.2,26),(1885,6,1867,311,1,'2025-08-14 12:31:21',1322.985,NULL),(1886,1,1868,310,1,'2025-08-14 12:31:47',1097.6399999999999,NULL),(1887,16,1869,309,1,'2025-08-14 12:34:46',334.496,NULL),(1888,1,1870,308,1,'2025-08-14 12:36:11',3378,NULL),(1889,16,1870,308,1,'2025-08-14 12:36:11',729.43999999986,NULL),(1890,8,1871,307,1,'2025-08-14 12:41:08',300.56,NULL),(1891,20,1872,306,1,'2025-08-14 12:42:10',1185.99987,NULL),(1892,21,1872,306,1,'2025-08-14 12:42:10',191.42000000000002,NULL),(1893,1,1873,305,1,'2025-08-14 12:42:48',372,NULL),(1894,1,1874,304,1,'2025-08-14 12:43:24',4298.3599999988,NULL),(1895,16,1875,303,1,'2025-08-14 12:46:07',789.6,NULL),(1896,8,1876,313,1,'2025-08-14 12:54:52',270.48,NULL),(1897,5,1877,312,1,'2025-08-14 12:54:58',182,NULL),(1898,5,1878,314,1,'2025-08-14 12:56:56',1230,NULL),(1899,103,1879,NULL,2,'2025-08-14 12:58:12',219,2),(1900,3,1880,NULL,2,'2025-08-14 12:58:40',691.47,3),(1901,2,1881,NULL,2,'2025-08-14 12:59:04',209.97,3),(1902,99,1882,NULL,2,'2025-08-14 12:59:51',1072.44,3),(1903,100,1883,NULL,2,'2025-08-14 13:00:17',745.44,3),(1904,102,1884,NULL,2,'2025-08-14 13:00:39',331,3),(1905,109,1885,NULL,2,'2025-08-14 13:01:17',583.98,3),(1906,108,1886,NULL,2,'2025-08-14 13:02:31',94.98,9),(1907,103,1887,NULL,2,'2025-08-14 13:04:47',320.46,2),(1908,3,1888,NULL,2,'2025-08-14 13:05:40',545.46,3),(1909,2,1889,NULL,2,'2025-08-14 13:06:11',416.99,3),(1910,99,1890,NULL,2,'2025-08-14 13:06:46',2261.38,3),(1911,100,1891,NULL,2,'2025-08-14 13:07:28',1074.38,3),(1912,109,1892,NULL,2,'2025-08-14 13:08:04',677.4,3),(1913,108,1893,NULL,2,'2025-08-14 13:08:47',105,9),(1914,106,1894,NULL,2,'2025-08-14 13:09:20',104,9),(1915,109,1895,NULL,2,'2025-08-14 13:10:21',113.99,3),(1916,114,1896,NULL,1,'2025-08-14 13:19:09',8.05785,NULL),(1917,112,1897,NULL,1,'2025-08-14 13:19:09',3.127425,NULL),(1918,15,1898,NULL,1,'2025-08-14 13:19:09',48.39345,NULL),(1919,115,1899,NULL,1,'2025-08-14 13:19:09',13.817765,NULL),(1920,112,1900,NULL,1,'2025-08-14 13:23:50',1.574775,NULL),(1921,114,1901,NULL,1,'2025-08-14 13:23:50',5.5908,NULL),(1922,116,1902,NULL,1,'2025-08-14 13:23:50',4.4685,NULL),(1923,113,1903,NULL,1,'2025-08-14 13:24:23',15.653575,NULL),(1924,15,1904,NULL,1,'2025-08-14 13:24:23',15.653575,NULL),(1925,126,1905,NULL,1,'2025-08-14 13:35:18',451.62,27),(1926,127,1906,NULL,1,'2025-08-14 13:36:57',2728.12,27),(1927,128,1907,NULL,2,'2025-08-14 13:37:50',11267.58,28),(1928,112,1908,NULL,1,'2025-08-14 13:53:54',3.299625,NULL),(1929,37,1909,NULL,1,'2025-08-14 14:28:33',1433.34,15),(1930,142,1910,NULL,1,'2025-08-14 14:29:10',49.99,6),(1931,14,1911,NULL,1,'2025-08-14 14:29:57',189.9,16),(1932,133,1912,NULL,1,'2025-08-14 14:30:47',2368.55,25),(1933,44,1913,NULL,1,'2025-08-14 14:32:49',200,16),(1934,132,1914,NULL,1,'2025-08-14 14:35:24',998.59,25),(1935,5,1915,316,1,'2025-08-14 20:47:46',311.6,NULL),(1936,40,1916,315,1,'2025-08-14 20:48:12',800,NULL),(1937,67,1917,NULL,1,'2025-08-14 20:50:37',900,7),(1938,67,1918,NULL,1,'2025-08-14 20:51:52',200,7),(1939,10,1919,NULL,1,'2025-08-16 14:05:06',74,12),(1940,10,1920,NULL,1,'2025-08-16 14:05:33',127,12),(1941,117,1921,NULL,1,'2025-08-16 14:06:01',2.55,26),(1942,10,1922,NULL,1,'2025-08-16 14:07:05',93,12),(1943,10,1923,NULL,1,'2025-08-16 14:07:35',158,12),(1944,117,1924,NULL,1,'2025-08-16 14:11:41',4.05,26),(1945,103,1925,NULL,2,'2025-08-16 14:15:07',301.5,2),(1946,3,1926,NULL,2,'2025-08-16 14:18:44',667.98,3),(1947,3,1927,NULL,2,'2025-08-16 14:19:14',738.93,3),(1948,99,1928,NULL,2,'2025-08-16 14:19:39',1169.85,3),(1949,100,1929,NULL,2,'2025-08-16 14:20:03',1035.19,3),(1950,101,1930,NULL,2,'2025-08-16 14:22:24',406.33,3),(1951,102,1931,NULL,2,'2025-08-16 14:22:47',441.97,3),(1952,109,1932,NULL,2,'2025-08-16 14:23:09',1138.43,3),(1953,105,1933,NULL,2,'2025-08-16 14:24:24',162.97,9),(1954,103,1934,NULL,2,'2025-08-16 14:26:17',449,2),(1955,3,1935,NULL,2,'2025-08-16 14:26:50',1745.78,3),(1956,2,1936,NULL,2,'2025-08-16 14:29:53',1022,3),(1957,99,1937,NULL,2,'2025-08-16 14:31:28',2833.67,3),(1958,100,1938,NULL,2,'2025-08-16 14:31:57',1143.94,3),(1959,101,1939,NULL,2,'2025-08-16 14:34:29',395.81,3),(1960,102,1940,NULL,2,'2025-08-16 14:34:53',102,3),(1961,109,1941,NULL,2,'2025-08-16 14:35:14',2089.88,3),(1962,105,1942,NULL,2,'2025-08-16 14:35:44',28,9),(1963,108,1943,NULL,2,'2025-08-16 14:37:40',174.47,9),(1964,106,1944,NULL,2,'2025-08-16 14:38:22',16,9),(1965,109,1945,NULL,2,'2025-08-16 14:38:57',140.1,3),(1966,88,1946,NULL,1,'2025-08-16 14:56:33',10140,23),(1967,88,1947,NULL,1,'2025-08-16 14:57:03',800,23),(1968,88,1948,NULL,1,'2025-08-16 14:57:26',750,23),(1969,88,1949,NULL,1,'2025-08-16 15:03:55',813,23),(1970,75,1950,NULL,1,'2025-08-16 15:09:07',130,19),(1971,131,1951,NULL,1,'2025-08-16 15:09:45',1600,22),(1972,10,1952,NULL,1,'2025-08-18 19:57:27',192,12),(1973,10,1953,NULL,1,'2025-08-18 19:58:33',163,12),(1974,10,1954,NULL,1,'2025-08-18 19:59:13',110,12),(1975,117,1955,NULL,1,'2025-08-18 20:03:47',3,26),(1976,10,1956,NULL,1,'2025-08-18 20:04:27',174,12),(1977,10,1957,NULL,1,'2025-08-18 20:05:12',130,12),(1978,117,1958,NULL,1,'2025-08-18 20:06:09',2.4,26),(1979,103,1959,NULL,2,'2025-08-18 20:28:13',1715,2),(1980,3,1960,NULL,2,'2025-08-18 20:29:25',3182.46,3),(1981,2,1961,NULL,2,'2025-08-18 20:29:50',2584.34,3),(1982,99,1962,NULL,2,'2025-08-18 20:31:04',3064,3),(1983,100,1963,NULL,2,'2025-08-18 20:31:33',2227.5,3),(1984,101,1964,NULL,2,'2025-08-18 20:31:56',236,3),(1985,102,1965,NULL,2,'2025-08-18 20:32:20',397,3),(1986,109,1966,NULL,2,'2025-08-18 20:32:40',1795.5,3),(1987,105,1967,NULL,2,'2025-08-18 20:33:04',492.65,9),(1988,108,1968,NULL,2,'2025-08-18 20:34:02',88.98,9),(1989,109,1969,NULL,2,'2025-08-18 20:34:48',321.95,3),(1990,103,1970,NULL,2,'2025-08-18 20:35:28',389,2),(1991,3,1971,NULL,2,'2025-08-18 20:35:59',1907.5,3),(1992,2,1972,NULL,2,'2025-08-18 20:36:34',1195,3),(1993,101,1973,NULL,2,'2025-08-18 20:36:59',382,3),(1994,102,1974,NULL,2,'2025-08-18 20:37:25',253,3),(1995,109,1975,NULL,2,'2025-08-18 20:37:49',1664.5,3),(1996,105,1976,NULL,2,'2025-08-18 20:38:20',221,9),(1997,108,1977,NULL,2,'2025-08-18 20:38:53',159,9),(1998,28,1978,NULL,1,'2025-08-18 21:15:25',240.21,4),(1999,116,1979,NULL,1,'2025-08-18 21:17:53',5.966595,NULL),(2001,15,1981,NULL,1,'2025-08-18 21:17:54',12.931275,NULL),(2002,113,1982,NULL,1,'2025-08-18 21:17:54',21.63175,NULL),(2003,15,1983,NULL,1,'2025-08-18 21:17:54',17.451175,NULL),(2004,115,1984,NULL,1,'2025-08-18 21:17:54',8.104915,NULL),(2005,116,1985,NULL,1,'2025-08-18 21:20:02',5.3595,NULL),(2006,116,1986,NULL,1,'2025-08-18 21:20:02',3.4155,NULL),(2007,116,1987,NULL,1,'2025-08-18 21:20:02',1.377,NULL),(2008,112,1988,NULL,1,'2025-08-18 21:20:32',8.9625,NULL),(2009,112,1989,NULL,1,'2025-08-18 21:20:32',19.38255,NULL),(2010,112,1990,NULL,1,'2025-08-18 21:20:32',7.665,NULL),(2011,116,1991,NULL,1,'2025-08-18 21:21:54',5.633955,NULL),(2012,15,1992,NULL,1,'2025-08-18 21:24:35',30.870875,NULL),(2013,15,1993,NULL,1,'2025-08-18 21:24:35',21.7861,NULL),(2014,15,1994,NULL,1,'2025-08-18 21:24:35',39.0299,NULL),(2015,113,1995,NULL,1,'2025-08-18 21:25:18',38.722425,NULL),(2016,113,1996,NULL,1,'2025-08-18 21:25:18',28.3255,NULL),(2017,113,1997,NULL,1,'2025-08-18 21:25:18',35.337225,NULL),(2018,115,1998,NULL,1,'2025-08-18 21:25:47',1.8565,NULL),(2019,115,1999,NULL,1,'2025-08-18 21:25:47',4.14352,NULL),(2020,115,2000,NULL,1,'2025-08-18 21:25:47',9.176515,NULL),(2021,114,2001,NULL,1,'2025-08-18 21:28:45',7.763925,NULL),(2022,100,2002,NULL,2,'2025-08-18 21:30:13',1095,3),(2023,114,2003,NULL,1,'2025-08-18 21:31:19',8.2125,NULL),(2024,114,2004,NULL,1,'2025-08-18 21:31:19',16.70625,NULL),(2025,114,2005,NULL,1,'2025-08-18 21:31:19',8.57955,NULL),(2026,10,2006,NULL,1,'2025-08-20 21:00:19',48,12),(2027,10,2007,NULL,1,'2025-08-20 21:01:31',106,12),(2028,117,2008,NULL,1,'2025-08-20 21:03:27',1.65,26),(2029,10,2009,NULL,1,'2025-08-20 21:04:13',86,12),(2030,10,2010,NULL,1,'2025-08-20 21:04:44',106,12),(2031,117,2011,NULL,1,'2025-08-20 21:05:17',2.85,26),(2032,103,2012,NULL,2,'2025-08-20 21:06:52',725.25,2),(2033,3,2013,NULL,2,'2025-08-20 21:07:20',934.09,3),(2034,2,2014,NULL,2,'2025-08-20 21:07:49',344.59,3),(2035,99,2015,NULL,2,'2025-08-20 21:08:20',1318.93,3),(2036,100,2016,NULL,2,'2025-08-20 21:09:00',829.93,3),(2037,101,2017,NULL,2,'2025-08-20 21:09:19',127,3),(2038,102,2018,NULL,2,'2025-08-20 21:09:58',157.5,3),(2039,109,2019,NULL,2,'2025-08-20 21:10:26',560.61,3),(2040,106,2020,NULL,2,'2025-08-20 21:11:12',311,9),(2041,103,2021,NULL,2,'2025-08-20 21:12:50',44,2),(2042,3,2022,NULL,2,'2025-08-20 21:14:28',690,3),(2043,2,2023,NULL,2,'2025-08-20 21:14:54',577.99,3),(2044,99,2024,NULL,2,'2025-08-20 21:15:30',1709.33,3),(2045,100,2025,NULL,2,'2025-08-20 21:15:58',623.41,3),(2046,101,2026,NULL,2,'2025-08-20 21:16:26',253.49,3),(2047,109,2027,NULL,2,'2025-08-20 21:16:48',1564.44,3),(2048,108,2028,NULL,2,'2025-08-20 21:17:21',241,9),(2049,109,2029,NULL,2,'2025-08-20 21:17:50',84.11,3),(2050,10,2030,NULL,1,'2025-08-21 21:15:05',55,12),(2051,10,2031,NULL,1,'2025-08-21 21:16:37',87,12),(2052,117,2032,NULL,1,'2025-08-21 21:17:02',1.95,26),(2053,103,2033,NULL,2,'2025-08-21 21:18:09',50.75,2),(2054,3,2034,NULL,2,'2025-08-21 21:19:10',840.99,3),(2055,2,2035,NULL,2,'2025-08-21 21:19:35',285.79,3),(2056,99,2036,NULL,2,'2025-08-21 21:20:29',881.85,3),(2057,100,2037,NULL,2,'2025-08-21 21:20:56',569.68,3),(2058,101,2038,NULL,2,'2025-08-21 21:21:24',116,3),(2059,102,2039,NULL,2,'2025-08-21 21:21:51',369,3),(2060,109,2040,NULL,2,'2025-08-21 21:22:10',802.94,3),(2061,105,2041,NULL,2,'2025-08-21 21:24:54',82,9),(2062,109,2042,NULL,2,'2025-08-21 21:25:36',162.98,3),(2063,40,2043,325,1,'2025-08-21 21:35:53',207,NULL),(2064,19,2044,324,1,'2025-08-21 21:37:47',106.5,NULL),(2065,1,2045,323,1,'2025-08-21 21:38:30',528,NULL),(2066,6,2046,322,1,'2025-08-21 21:42:53',135.89,NULL),(2067,16,2046,322,1,'2025-08-21 21:42:53',781.5909999999999,NULL),(2068,6,2047,321,1,'2025-08-21 21:43:14',2635.756,NULL),(2069,16,2048,320,1,'2025-08-21 21:43:53',1920.2800000001002,NULL),(2070,1,2049,319,1,'2025-08-21 21:44:14',3269.175,NULL),(2071,1,2050,318,1,'2025-08-21 21:44:33',1060.15,NULL),(2072,20,2051,317,1,'2025-08-21 21:48:02',1563.49983,NULL),(2073,21,2051,317,1,'2025-08-21 21:48:02',89.92,NULL),(2074,17,2052,326,1,'2025-08-23 12:50:44',712.5,NULL),(2075,41,2053,NULL,1,'2025-08-23 12:58:09',90.3,16),(2076,83,2054,328,1,'2025-08-23 13:03:29',80,NULL),(2077,83,2055,327,1,'2025-08-23 13:03:32',40,NULL),(2078,5,2056,329,1,'2025-08-23 13:03:35',1595,NULL),(2079,4,2057,330,1,'2025-08-23 13:03:46',420,NULL),(2080,4,2058,331,1,'2025-08-23 13:19:01',793.4960000000001,NULL),(2081,39,2059,333,1,'2025-08-23 20:15:16',428,NULL),(2082,39,2060,332,1,'2025-08-23 20:19:23',24.7,NULL),(2083,8,2061,334,1,'2025-08-23 20:27:53',60.41,NULL),(2084,20,2061,334,1,'2025-08-23 20:27:53',127.93,NULL),(2085,10,2062,NULL,1,'2025-08-23 20:32:52',100,12),(2086,10,2063,NULL,1,'2025-08-23 20:33:21',108,12),(2087,117,2064,NULL,1,'2025-08-23 20:33:54',2.25,26),(2088,10,2065,NULL,1,'2025-08-23 20:34:38',89,12),(2089,10,2066,NULL,1,'2025-08-23 20:35:09',108,12),(2090,117,2067,NULL,1,'2025-08-23 20:35:38',2.85,26),(2091,103,2068,NULL,2,'2025-08-23 20:36:27',784,2),(2092,3,2069,NULL,2,'2025-08-23 20:37:53',2017.14,3),(2093,2,2070,NULL,2,'2025-08-23 20:38:16',965.99,3),(2094,99,2071,NULL,2,'2025-08-23 20:38:54',1863.9,3),(2095,100,2072,NULL,2,'2025-08-23 20:39:19',1672.86,3),(2096,101,2073,NULL,2,'2025-08-23 20:39:49',98,3),(2097,102,2074,NULL,2,'2025-08-23 20:40:15',240,3),(2098,109,2075,NULL,2,'2025-08-23 20:40:33',921.76,3),(2099,105,2076,NULL,2,'2025-08-23 20:41:08',44,9),(2100,108,2077,NULL,2,'2025-08-23 20:41:51',86,9),(2101,109,2078,NULL,2,'2025-08-23 20:42:24',62.99,3),(2102,103,2079,NULL,2,'2025-08-23 20:49:43',229.15,2),(2103,3,2080,NULL,2,'2025-08-23 20:50:08',956.46,3),(2104,2,2081,NULL,2,'2025-08-23 20:50:30',816.49,3),(2105,99,2082,NULL,2,'2025-08-23 20:51:13',2238.41,3),(2106,100,2083,NULL,2,'2025-08-23 20:51:38',1271.94,3),(2107,101,2084,NULL,2,'2025-08-23 20:52:01',414,3),(2108,102,2085,NULL,2,'2025-08-23 20:52:24',368.62,3),(2109,109,2086,NULL,2,'2025-08-23 20:52:44',1438.44,3),(2110,105,2087,NULL,2,'2025-08-23 20:53:41',612.47,9),(2111,108,2088,NULL,2,'2025-08-23 20:54:22',208.99,9),(2112,109,2089,NULL,2,'2025-08-23 20:54:50',148.1,3),(2113,5,2091,335,1,'2025-08-23 21:13:10',1734.2,NULL),(2114,4,2092,337,1,'2025-08-24 20:51:05',5.9451,NULL),(2115,5,2092,337,1,'2025-08-24 20:51:05',9.9,NULL),(2116,20,2093,338,1,'2025-08-24 20:56:11',113.92999999999999,NULL),(2117,20,2094,339,1,'2025-08-24 20:59:30',115.52,NULL),(2118,1,2095,297,1,'2025-08-24 21:22:57',2364.6,NULL),(2119,10,2096,NULL,1,'2025-08-24 21:23:51',130,12),(2120,10,2097,NULL,1,'2025-08-24 21:24:35',179,12),(2121,117,2098,NULL,1,'2025-08-24 21:25:11',1.8,26),(2122,103,2099,NULL,2,'2025-08-24 21:27:29',1413,2),(2123,3,2100,NULL,2,'2025-08-24 21:28:04',1038,3),(2124,2,2101,NULL,2,'2025-08-24 21:28:27',1130,3),(2125,99,2102,NULL,2,'2025-08-24 21:28:55',2153,3),(2126,100,2103,NULL,2,'2025-08-24 21:29:17',701,3),(2127,101,2104,NULL,2,'2025-08-24 21:31:28',436.97,3),(2128,102,2105,NULL,2,'2025-08-24 21:31:53',224,3),(2129,109,2106,NULL,2,'2025-08-24 21:32:13',1085,3),(2130,105,2107,NULL,2,'2025-08-24 21:32:44',204,9),(2131,108,2108,NULL,2,'2025-08-24 21:33:57',86,9),(2132,106,2109,NULL,2,'2025-08-24 21:34:31',185,9),(2133,109,2110,NULL,2,'2025-08-24 21:35:01',403.7,3),(2134,10,2111,NULL,1,'2025-08-25 00:11:48',209,12),(2135,10,2112,NULL,1,'2025-08-25 00:12:34',157,12),(2136,10,2113,NULL,1,'2025-08-25 00:13:11',177,12),(2137,117,2114,NULL,1,'2025-08-25 00:13:56',3.3,26),(2138,103,2115,NULL,2,'2025-08-25 00:15:51',1771.5,2),(2139,3,2116,NULL,2,'2025-08-25 00:16:29',3087,3),(2140,2,2117,NULL,2,'2025-08-25 00:16:53',2020,3),(2141,99,2118,NULL,2,'2025-08-25 00:17:32',5668,3),(2142,100,2119,NULL,2,'2025-08-25 00:18:09',1869.29,3),(2143,101,2120,NULL,2,'2025-08-25 00:18:41',255,3),(2144,102,2121,NULL,2,'2025-08-25 00:19:17',818.72,3),(2145,109,2122,NULL,2,'2025-08-25 00:19:48',1946.81,3),(2146,105,2123,NULL,2,'2025-08-25 00:20:32',193.96,9),(2147,108,2124,NULL,2,'2025-08-25 00:22:26',189,9),(2148,106,2125,NULL,2,'2025-08-25 00:23:11',365.98,9),(2149,109,2126,NULL,2,'2025-08-25 00:23:44',562.7,3),(2150,128,2127,NULL,2,'2025-08-25 00:28:26',15454.35,28),(2151,126,2128,NULL,1,'2025-08-25 00:29:26',436.69,27),(2152,127,2129,NULL,1,'2025-08-25 00:30:37',3034.47,27),(2153,136,2130,NULL,1,'2025-08-25 00:36:01',434.4,4),(2154,11,2131,NULL,1,'2025-08-25 00:41:29',2449.54,13),(2156,31,2133,NULL,1,'2025-08-25 00:43:38',2574.94,13),(2157,59,2134,NULL,1,'2025-08-25 00:46:33',38012.28,17),(2158,51,2135,NULL,1,'2025-08-25 00:48:13',53.32,16),(2159,42,2136,NULL,1,'2025-08-25 00:49:46',43.61,16),(2160,75,2137,NULL,1,'2025-08-25 00:52:59',800,19),(2161,42,2138,NULL,1,'2025-08-25 00:53:38',44.05,16),(2162,132,2139,NULL,1,'2025-08-25 00:55:58',320.13,25),(2163,116,2140,NULL,1,'2025-08-25 01:04:17',2.12625,NULL),(2164,114,2141,NULL,1,'2025-08-25 01:04:17',6.224475,NULL),(2165,112,2142,NULL,1,'2025-08-25 01:04:17',2.584425,NULL),(2166,115,2143,NULL,1,'2025-08-25 01:04:17',3.2195,NULL),(2167,113,2144,NULL,1,'2025-08-25 01:04:17',37.4325,NULL),(2168,112,2145,NULL,1,'2025-08-25 01:07:54',4.334925,NULL),(2169,114,2146,NULL,1,'2025-08-25 01:07:54',4.675575,NULL),(2170,15,2147,NULL,1,'2025-08-25 01:07:54',34.431075,NULL),(2171,15,2148,NULL,1,'2025-08-25 01:07:54',31.339525,NULL),(2172,113,2149,NULL,1,'2025-08-25 01:07:54',72.275,NULL),(2173,115,2150,NULL,1,'2025-08-25 01:07:54',6.6975,NULL),(2174,112,2151,NULL,1,'2025-08-25 01:11:04',2.143425,NULL),(2175,116,2152,NULL,1,'2025-08-25 01:11:04',4.9815,NULL),(2176,114,2153,NULL,1,'2025-08-25 01:11:04',4.2726,NULL),(2177,15,2154,NULL,1,'2025-08-25 01:11:05',8.8893,NULL),(2178,113,2155,NULL,1,'2025-08-25 01:11:05',28.2499,NULL),(2179,115,2156,NULL,1,'2025-08-25 01:11:05',5.0995,NULL),(2180,114,2157,NULL,1,'2025-08-25 01:14:00',12.54645,NULL),(2181,116,2158,NULL,1,'2025-08-25 01:14:00',3.24,NULL),(2182,112,2159,NULL,1,'2025-08-25 01:14:00',7.244925,NULL),(2183,15,2160,NULL,1,'2025-08-25 01:14:00',9.15215,NULL),(2184,113,2161,NULL,1,'2025-08-25 01:14:00',31.851925,NULL),(2185,115,2162,NULL,1,'2025-08-25 01:14:00',1.87953,NULL),(2186,114,2163,NULL,1,'2025-08-25 21:51:37',9.53955,NULL),(2187,114,2164,NULL,1,'2025-08-25 21:51:37',5.2575,NULL),(2188,114,2165,NULL,1,'2025-08-25 21:51:37',14.019675,NULL),(2189,116,2166,NULL,1,'2025-08-25 21:52:05',11.05272,NULL),(2190,116,2167,NULL,1,'2025-08-25 21:52:05',3.024,NULL),(2191,116,2168,NULL,1,'2025-08-25 21:52:05',4.97637,NULL),(2192,112,2169,NULL,1,'2025-08-25 21:52:39',15.15,NULL),(2193,112,2170,NULL,1,'2025-08-25 21:52:39',8.475,NULL),(2194,112,2171,NULL,1,'2025-08-25 21:52:40',6.123675,NULL),(2195,15,2172,NULL,1,'2025-08-25 21:54:10',26.8947,NULL),(2196,15,2173,NULL,1,'2025-08-25 21:54:10',8.776775,NULL),(2197,15,2174,NULL,1,'2025-08-25 21:54:10',18.037075,NULL),(2198,113,2175,NULL,1,'2025-08-25 21:54:50',35.938,NULL),(2199,113,2176,NULL,1,'2025-08-25 21:54:50',35.97825,NULL),(2200,113,2177,NULL,1,'2025-08-25 21:54:50',27.775125,NULL),(2201,115,2178,NULL,1,'2025-08-25 21:55:15',2.53753,NULL),(2202,115,2179,NULL,1,'2025-08-25 21:55:15',9.692575,NULL),(2203,115,2180,NULL,1,'2025-08-25 21:55:15',10.1755,NULL),(2204,123,2181,NULL,1,'2025-08-26 15:15:31',6.6,NULL),(2205,123,2182,NULL,1,'2025-08-26 15:15:31',4.8939,NULL),(2206,123,2183,NULL,1,'2025-08-26 15:15:31',5.335,NULL),(2207,123,2184,NULL,1,'2025-08-26 15:15:31',10.67,NULL),(2208,123,2185,NULL,1,'2025-08-26 15:15:31',14.35445,NULL),(2209,123,2186,NULL,1,'2025-08-26 15:15:31',2.36445,NULL),(2210,123,2187,NULL,1,'2025-08-26 21:23:25',8.6339,NULL),(2211,123,2188,NULL,1,'2025-08-26 21:23:25',5.3064,NULL),(2212,123,2189,NULL,1,'2025-08-26 21:23:25',5.115,NULL),(2213,123,2190,NULL,1,'2025-08-26 21:23:25',4.45445,NULL),(2214,123,2191,NULL,1,'2025-08-26 21:23:25',4.345,NULL),(2215,123,2192,NULL,1,'2025-08-26 21:26:06',4.708,NULL),(2216,123,2193,NULL,1,'2025-08-26 21:26:06',5.115,NULL),(2217,123,2194,NULL,1,'2025-08-26 21:26:06',2.695,NULL),(2218,123,2195,NULL,1,'2025-08-26 21:26:06',11.2574,NULL),(2219,10,2196,NULL,1,'2025-08-27 12:20:20',77,12),(2220,10,2197,NULL,1,'2025-08-27 12:22:08',113,12),(2221,117,2198,NULL,1,'2025-08-27 12:31:18',1.65,26),(2222,10,2199,NULL,1,'2025-08-27 12:33:43',111,12),(2223,10,2200,NULL,1,'2025-08-27 12:34:06',71,12),(2224,117,2201,NULL,1,'2025-08-27 12:39:04',1.35,26),(2225,103,2202,NULL,2,'2025-08-27 12:48:28',387,2),(2226,3,2203,NULL,2,'2025-08-27 12:49:17',924.97,3),(2227,2,2204,NULL,2,'2025-08-27 12:49:40',304.44,3),(2228,99,2205,NULL,2,'2025-08-27 12:50:00',656.46,3),(2229,101,2206,NULL,2,'2025-08-27 12:50:24',175,3),(2230,109,2207,NULL,2,'2025-08-27 12:52:17',611.93,3),(2231,108,2208,NULL,2,'2025-08-27 13:00:57',133,9),(2232,109,2209,NULL,2,'2025-08-27 13:02:00',78.99,3),(2233,103,2210,NULL,2,'2025-08-27 13:02:35',587,2),(2234,3,2211,NULL,2,'2025-08-27 13:03:22',873.19,3),(2235,2,2212,NULL,2,'2025-08-27 13:26:13',387.98,3),(2236,99,2213,NULL,2,'2025-08-27 13:26:51',1554.69,3),(2237,100,2214,NULL,2,'2025-08-27 13:27:33',568.47,3),(2238,109,2215,NULL,2,'2025-08-27 13:28:00',663.43,3),(2239,108,2216,NULL,2,'2025-08-27 13:28:54',91,9),(2240,109,2217,NULL,2,'2025-08-27 13:29:33',229.85,3),(2241,6,2218,345,1,'2025-08-27 13:39:30',135.89,NULL),(2242,16,2218,345,1,'2025-08-27 13:39:30',334.506,NULL),(2243,1,2219,342,1,'2025-08-27 13:40:27',286.44,NULL),(2244,1,2220,344,1,'2025-08-27 13:41:33',3280,NULL),(2245,1,2221,343,1,'2025-08-27 13:41:57',415.02,NULL),(2246,1,2222,341,1,'2025-08-27 13:42:02',4461.9600000019,NULL),(2247,6,2223,340,1,'2025-08-27 13:42:24',1470.211,NULL),(2248,16,2224,347,1,'2025-08-27 13:44:58',803.4,NULL),(2249,5,2225,346,1,'2025-08-27 13:45:00',351.5,NULL),(2250,4,2226,348,1,'2025-08-27 13:47:12',210,NULL),(2251,4,2227,349,1,'2025-08-27 14:05:06',646,NULL),(2252,5,2228,350,1,'2025-08-27 14:12:42',510.27000000000004,NULL),(2253,39,2228,350,1,'2025-08-27 14:12:42',292.71000000000004,NULL),(2254,39,2229,351,1,'2025-08-27 14:14:36',10.56,NULL),(2255,20,2230,352,1,'2025-08-27 14:28:04',124.8,NULL),(2256,10,2231,NULL,1,'2025-08-28 13:21:02',95,12),(2257,10,2232,NULL,1,'2025-08-28 13:22:06',78,12),(2258,117,2233,NULL,1,'2025-08-28 13:24:37',1.65,26),(2259,103,2234,NULL,2,'2025-08-28 13:25:37',318,2),(2260,3,2235,NULL,2,'2025-08-28 13:26:13',1107.46,3),(2261,2,2236,NULL,2,'2025-08-28 13:26:34',724.94,3),(2262,99,2237,NULL,2,'2025-08-28 13:28:47',1430.9,3),(2263,100,2238,NULL,2,'2025-08-28 13:29:14',596.96,3),(2264,102,2239,NULL,2,'2025-08-28 13:29:34',97.98,3),(2265,109,2240,NULL,2,'2025-08-28 13:29:53',723.73,3),(2266,105,2241,NULL,2,'2025-08-28 13:30:43',163.25,9),(2267,108,2242,NULL,2,'2025-08-28 13:33:57',128,3),(2268,106,2243,NULL,2,'2025-08-28 13:36:34',33.99,9),(2269,109,2244,NULL,2,'2025-08-28 13:37:13',49.11,3),(2270,135,2245,NULL,1,'2025-08-28 13:43:33',349,6),(2271,134,2246,NULL,1,'2025-08-28 13:44:37',12184.78,4),(2272,123,2247,NULL,1,'2025-08-28 13:49:18',9.95445,NULL),(2273,123,2248,NULL,1,'2025-08-28 13:49:19',11.44,NULL),(2274,123,2249,NULL,1,'2025-08-28 13:49:19',28.0357,NULL),(2275,123,2250,NULL,1,'2025-08-28 13:49:19',14.7114,NULL),(2276,123,2251,NULL,1,'2025-08-28 13:49:19',1.21,NULL),(2277,116,2252,NULL,1,'2025-08-28 13:53:22',1.32273,NULL),(2278,114,2253,NULL,1,'2025-08-28 13:53:22',4.4772,NULL),(2279,112,2254,NULL,1,'2025-08-28 13:53:22',5.43705,NULL),(2280,114,2255,NULL,1,'2025-08-28 13:53:22',4.263525,NULL),(2281,112,2256,NULL,1,'2025-08-28 13:53:22',2.90985,NULL),(2282,112,2257,NULL,1,'2025-08-28 13:53:22',2.2833,NULL),(2283,123,2258,NULL,1,'2025-08-28 13:53:22',4.565,NULL),(2284,113,2259,NULL,1,'2025-08-28 13:53:22',16.2309,NULL),(2285,15,2260,NULL,1,'2025-08-28 13:55:32',21.50645,NULL),(2286,115,2261,NULL,1,'2025-08-28 13:55:33',21.214625,NULL),(2287,113,2262,NULL,1,'2025-08-28 13:55:33',60.29275,NULL),(2288,115,2263,NULL,1,'2025-08-28 13:55:33',9.2825,NULL),(2289,113,2264,NULL,1,'2025-08-28 13:55:33',30.318575,NULL),(2290,15,2265,NULL,1,'2025-08-28 13:55:33',38.38625,NULL),(2291,6,2266,353,1,'2025-08-28 21:15:44',566.2,NULL),(2292,127,2267,NULL,1,'2025-08-28 21:20:41',1767.19,27),(2293,126,2268,NULL,1,'2025-08-28 21:21:17',131.89,27),(2294,128,2269,NULL,2,'2025-08-28 21:26:20',5634.73,28),(2295,21,2270,354,1,'2025-08-28 21:33:11',49.98,NULL),(2296,10,2271,NULL,1,'2025-08-30 14:46:50',90,12),(2297,10,2272,NULL,1,'2025-08-30 14:47:16',55,12),(2298,117,2273,NULL,1,'2025-08-30 14:47:45',1.65,26),(2299,10,2274,NULL,1,'2025-08-30 14:49:00',95,12),(2300,10,2275,NULL,1,'2025-08-30 14:49:32',127,12),(2301,117,2276,NULL,1,'2025-08-30 14:50:24',3.3,26),(2302,103,2277,NULL,2,'2025-08-30 14:52:40',75.99,2),(2303,3,2278,NULL,2,'2025-08-30 14:53:15',952.33,3),(2304,2,2279,NULL,2,'2025-08-30 14:53:41',684.22,3),(2305,99,2280,NULL,2,'2025-08-30 14:54:07',1521.95,3),(2306,100,2281,NULL,2,'2025-08-30 14:54:30',707.95,3),(2307,101,2282,NULL,2,'2025-08-30 14:55:02',126.99,3),(2308,102,2283,NULL,2,'2025-08-30 14:55:25',156.47,3),(2309,109,2284,NULL,2,'2025-08-30 14:55:45',660.44,3),(2310,105,2285,NULL,2,'2025-08-30 14:56:08',145,9),(2311,106,2286,NULL,2,'2025-08-30 14:57:26',193.98,9),(2312,109,2287,NULL,2,'2025-08-30 14:58:18',59.99,3),(2313,103,2288,NULL,2,'2025-08-30 14:58:55',732.79,2),(2314,3,2289,NULL,2,'2025-08-30 14:59:30',1824.77,3),(2315,2,2290,NULL,2,'2025-08-30 15:00:06',1370.47,3),(2316,99,2291,NULL,2,'2025-08-30 15:00:38',1381.24,3),(2317,100,2292,NULL,2,'2025-08-30 15:01:06',2178.71,3),(2318,101,2293,NULL,2,'2025-08-30 15:01:33',528.63,3),(2319,109,2294,NULL,2,'2025-08-30 15:01:54',2020.72,3),(2320,105,2295,NULL,2,'2025-08-30 15:02:18',452.72,9),(2321,106,2296,NULL,2,'2025-08-30 15:03:19',562.54,9),(2322,109,2297,NULL,2,'2025-08-30 15:04:20',294.97,3),(2323,5,2298,356,1,'2025-08-30 15:28:22',282.96000000000004,NULL),(2324,40,2298,356,1,'2025-08-30 15:28:22',15,NULL),(2325,20,2299,357,1,'2025-08-30 15:29:00',438.699966,NULL),(2326,21,2299,357,1,'2025-08-30 15:29:00',40.28,NULL),(2327,16,2300,355,1,'2025-08-30 15:29:24',355.695,NULL),(2328,6,2301,359,1,'2025-08-30 15:31:19',1335,NULL),(2329,83,2302,358,1,'2025-08-30 15:31:22',100,NULL),(2330,10,2303,NULL,1,'2025-08-31 11:15:23',107,12),(2331,10,2304,NULL,1,'2025-08-31 11:15:59',77,12),(2332,10,2305,NULL,1,'2025-08-31 11:17:46',133,12),(2333,117,2306,NULL,1,'2025-08-31 11:19:56',2.25,26),(2334,103,2307,NULL,2,'2025-08-31 11:20:59',920.5,2),(2335,3,2308,NULL,2,'2025-08-31 11:21:24',1244.5,3),(2336,2,2309,NULL,2,'2025-08-31 11:21:45',842.5,3),(2337,99,2310,NULL,2,'2025-08-31 11:22:27',2176.87,3),(2338,100,2311,NULL,2,'2025-08-31 11:22:47',1128,3),(2339,101,2312,NULL,2,'2025-08-31 11:23:12',670,3),(2340,102,2313,NULL,2,'2025-08-31 11:23:30',369,3),(2341,109,2314,NULL,2,'2025-08-31 11:23:50',1588,3),(2342,105,2315,NULL,2,'2025-08-31 11:24:12',198,9),(2343,108,2316,NULL,2,'2025-08-31 11:27:13',109,9),(2344,106,2317,NULL,2,'2025-08-31 11:27:52',524.5,9),(2345,109,2318,NULL,2,'2025-08-31 11:28:27',370.96,3),(2346,40,2319,361,1,'2025-08-31 15:00:23',550,NULL),(2347,10,2320,NULL,1,'2025-08-31 23:36:31',186,12),(2348,10,2321,NULL,1,'2025-08-31 23:37:23',184,12),(2349,10,2322,NULL,1,'2025-08-31 23:38:07',205,12),(2350,117,2323,NULL,1,'2025-08-31 23:38:41',4.05,26),(2351,88,2324,NULL,1,'2025-08-31 23:39:17',800,23),(2352,103,2325,NULL,2,'2025-08-31 23:40:24',2017.5,2),(2353,3,2326,NULL,2,'2025-08-31 23:41:22',2753,3),(2354,2,2327,NULL,2,'2025-08-31 23:41:51',3058,3),(2355,99,2328,NULL,2,'2025-08-31 23:42:33',3256,3),(2356,100,2329,NULL,2,'2025-08-31 23:43:05',1191.97,3),(2357,101,2330,NULL,2,'2025-08-31 23:43:52',202,3),(2358,102,2331,NULL,2,'2025-08-31 23:44:30',899.25,3),(2359,109,2332,NULL,2,'2025-08-31 23:45:03',2270.7,3),(2360,105,2333,NULL,2,'2025-08-31 23:46:16',406,9),(2361,108,2334,NULL,2,'2025-08-31 23:47:02',207.98,9),(2362,109,2335,NULL,2,'2025-08-31 23:50:45',581.17,3),(2363,131,2336,NULL,1,'2025-08-31 23:54:22',1600,22),(2364,136,2337,NULL,1,'2025-08-31 23:56:44',419.72,4),(2365,54,2338,NULL,1,'2025-08-31 23:58:27',314.99,17),(2366,91,2339,NULL,1,'2025-09-01 00:02:06',2944.21,23),(2367,135,2340,NULL,1,'2025-09-01 00:03:04',100,6),(2368,116,2341,NULL,1,'2025-09-01 00:13:37',2.112345,NULL),(2369,112,2342,NULL,1,'2025-09-01 00:13:37',5.13165,NULL),(2370,15,2343,NULL,1,'2025-09-01 00:13:37',18.4506,NULL),(2371,113,2344,NULL,1,'2025-09-01 00:13:37',29.24215,NULL),(2372,115,2345,NULL,1,'2025-09-01 00:13:37',2.984265,NULL),(2373,114,2346,NULL,1,'2025-09-01 00:14:08',5.309625,NULL),(2374,15,2347,NULL,1,'2025-09-01 00:23:33',70.083125,NULL),(2375,119,2348,NULL,1,'2025-09-01 00:24:26',8.43524,NULL),(2376,119,2349,NULL,1,'2025-09-01 00:24:26',8.018,NULL),(2377,119,2350,NULL,1,'2025-09-01 00:24:26',2.052,NULL),(2378,119,2351,NULL,1,'2025-09-01 00:24:26',8.968,NULL),(2379,119,2352,NULL,1,'2025-09-01 00:24:26',15.352,NULL),(2380,119,2353,NULL,1,'2025-09-01 00:24:26',4.12224,NULL),(2381,119,2354,NULL,1,'2025-09-01 00:24:27',17.86,NULL),(2382,119,2355,NULL,1,'2025-09-01 00:24:27',24.928,NULL),(2383,119,2356,NULL,1,'2025-09-01 00:24:27',10.868,NULL),(2384,119,2357,NULL,1,'2025-09-01 00:24:27',7.144,NULL),(2385,119,2358,NULL,1,'2025-09-01 00:24:27',6.46,NULL),(2386,119,2359,NULL,1,'2025-09-01 00:24:27',18.696,NULL),(2387,119,2360,NULL,1,'2025-09-01 00:24:27',9.27124,NULL),(2388,119,2361,NULL,1,'2025-09-01 00:24:27',16.26248,NULL),(2389,119,2362,NULL,1,'2025-09-01 00:24:27',8.094,NULL),(2390,5,2364,363,1,'2025-09-03 20:52:14',45.6,NULL),(2391,16,2364,363,1,'2025-09-03 20:52:14',159.6,NULL),(2392,6,2365,364,1,'2025-09-03 20:52:43',419,NULL),(2393,39,2366,365,1,'2025-09-03 20:59:03',266.24,NULL),(2394,40,2366,365,1,'2025-09-03 20:59:03',130.24,NULL),(2395,6,2367,366,1,'2025-09-03 20:59:07',2705.483,NULL),(2396,20,2368,367,1,'2025-09-03 20:59:13',1626.259852,NULL),(2397,21,2368,367,1,'2025-09-03 20:59:13',192.34,NULL),(2398,5,2369,368,1,'2025-09-03 20:59:17',17.18,NULL),(2399,6,2369,368,1,'2025-09-03 20:59:17',135.88,NULL),(2400,16,2369,368,1,'2025-09-03 20:59:17',741.636,NULL),(2401,1,2370,369,1,'2025-09-03 20:59:38',4041.44,NULL),(2402,39,2371,370,1,'2025-09-03 21:00:38',171.73,NULL),(2403,5,2372,371,1,'2025-09-03 21:02:57',3354.6,NULL),(2404,19,2373,372,1,'2025-09-03 21:03:54',119,NULL),(2405,5,2374,373,1,'2025-09-03 21:04:46',927.5999999999999,NULL),(2406,5,2375,374,1,'2025-09-03 21:06:02',1084.3,NULL),(2407,10,2376,NULL,1,'2025-09-03 21:12:27',58,12),(2408,10,2377,NULL,1,'2025-09-03 21:12:59',81,12),(2409,117,2378,NULL,1,'2025-09-03 21:13:44',2.85,26),(2410,10,2379,NULL,1,'2025-09-03 21:14:30',84,12),(2411,10,2380,NULL,1,'2025-09-03 21:14:58',55,12),(2412,117,2381,NULL,1,'2025-09-03 21:16:25',2.4,26),(2413,103,2382,NULL,2,'2025-09-03 21:24:35',92.3,2),(2414,3,2383,NULL,2,'2025-09-03 21:27:00',1065.13,3),(2415,2,2384,NULL,2,'2025-09-03 21:27:39',292.99,3),(2416,99,2385,NULL,2,'2025-09-03 21:28:03',1664.8,3),(2417,100,2386,NULL,2,'2025-09-03 21:31:02',1024.46,3),(2418,101,2387,NULL,2,'2025-09-03 21:31:59',589.49,3),(2419,102,2388,NULL,2,'2025-09-03 21:32:21',93.99,3),(2420,109,2389,NULL,2,'2025-09-03 21:33:11',1374.64,3),(2421,105,2390,NULL,2,'2025-09-03 21:33:34',117,9),(2422,108,2391,NULL,2,'2025-09-03 21:34:22',168.98,9),(2423,106,2392,NULL,2,'2025-09-03 21:35:04',90,9),(2424,109,2393,NULL,2,'2025-09-03 21:35:33',88.99,3),(2425,103,2394,NULL,2,'2025-09-03 21:43:03',364.5,2),(2426,3,2395,NULL,2,'2025-09-03 21:44:12',778.39,3),(2427,2,2396,NULL,2,'2025-09-03 21:44:38',843.75,3),(2428,99,2397,NULL,2,'2025-09-03 21:45:26',904,3),(2429,100,2398,NULL,2,'2025-09-03 21:46:18',832,3),(2430,101,2399,NULL,2,'2025-09-03 21:48:11',396,3),(2431,102,2400,NULL,2,'2025-09-03 21:48:38',56.07,3),(2432,109,2401,NULL,2,'2025-09-03 21:49:08',1122.93,3),(2433,105,2402,NULL,2,'2025-09-03 21:50:33',33.99,9),(2434,108,2403,NULL,2,'2025-09-03 21:52:08',81,9),(2435,92,2404,NULL,1,'2025-09-04 20:40:53',3176.68,23),(2436,86,2405,NULL,1,'2025-09-04 20:41:24',1250,22),(2437,84,2406,NULL,1,'2025-09-04 20:46:02',1100,22),(2438,131,2407,NULL,1,'2025-09-04 20:46:41',1600,22),(2439,132,2408,NULL,1,'2025-09-04 20:48:27',20000,25),(2440,98,2409,NULL,1,'2025-09-04 20:49:02',20000,25),(2441,133,2410,NULL,1,'2025-09-04 20:49:38',4000,25),(2443,88,2412,NULL,1,'2025-09-04 20:52:00',800,23),(2444,88,2413,NULL,1,'2025-09-04 20:52:37',1050,23),(2445,88,2414,NULL,1,'2025-09-04 20:53:27',1300,23),(2446,88,2415,NULL,1,'2025-09-04 20:54:26',870,23),(2447,88,2416,NULL,1,'2025-09-04 20:56:03',1100,23),(2448,40,2418,375,1,'2025-09-04 21:15:15',4903.79,NULL),(2449,40,2420,376,1,'2025-09-04 21:16:10',1014.8800048828,NULL),(2450,4,2421,377,1,'2025-09-04 21:28:02',1105.998,NULL),(2451,4,2422,378,1,'2025-09-04 21:29:46',210,NULL),(2452,1,2423,379,1,'2025-09-05 12:53:51',434.7,NULL),(2453,1,2424,380,1,'2025-09-05 12:54:18',404.24999999904,NULL),(2454,5,2424,380,1,'2025-09-05 12:54:18',20.9,NULL),(2455,1,2425,381,1,'2025-09-05 12:57:47',3280,NULL),(2456,6,2426,382,1,'2025-09-05 12:59:42',5220,NULL),(2457,83,2427,383,1,'2025-09-05 13:04:24',60,NULL),(2458,16,2428,384,1,'2025-09-05 13:04:28',1152,NULL),(2459,20,2429,386,1,'2025-09-05 13:08:34',184.03,NULL),(2460,8,2430,385,1,'2025-09-05 13:08:37',19.86,NULL),(2461,20,2430,385,1,'2025-09-05 13:08:37',94.07,NULL),(2462,77,2431,NULL,1,'2025-09-05 13:56:57',86.98,19),(2463,88,2432,NULL,1,'2025-09-05 14:35:04',15025,23),(2464,141,2433,NULL,1,'2025-09-05 14:38:55',100,22),(2465,5,2434,388,1,'2025-09-05 15:41:55',1235.534,NULL),(2466,20,2434,388,1,'2025-09-05 15:41:55',94.02,NULL),(2467,39,2434,388,1,'2025-09-05 15:41:55',198.54000000000002,NULL),(2468,40,2434,388,1,'2025-09-05 15:41:55',943.55,NULL),(2469,41,2434,388,1,'2025-09-05 15:41:55',325.79,NULL),(2470,5,2435,390,1,'2025-09-05 15:45:33',195,NULL),(2471,10,2436,NULL,1,'2025-09-05 21:08:50',64,12),(2472,10,2437,NULL,1,'2025-09-05 21:12:05',80,12),(2473,117,2438,NULL,1,'2025-09-05 21:12:34',2.55,26),(2474,10,2439,NULL,1,'2025-09-05 21:13:27',66,12),(2475,10,2440,NULL,1,'2025-09-05 21:13:53',75,12),(2476,117,2441,NULL,1,'2025-09-05 21:14:20',1.95,26),(2477,103,2442,NULL,2,'2025-09-05 21:17:51',483,2),(2478,3,2443,NULL,2,'2025-09-05 21:21:04',1219.42,3),(2479,2,2444,NULL,2,'2025-09-05 21:21:39',221.48,3),(2480,100,2445,NULL,2,'2025-09-05 21:22:36',318.38,3),(2481,100,2446,NULL,2,'2025-09-05 21:23:18',617.28,3),(2482,101,2447,NULL,2,'2025-09-05 21:24:05',194.5,3),(2483,102,2448,NULL,2,'2025-09-05 21:24:44',191,3),(2484,109,2449,NULL,2,'2025-09-05 21:25:08',1115.97,3),(2485,105,2450,NULL,2,'2025-09-05 21:25:35',383.95,9),(2486,108,2451,NULL,2,'2025-09-05 21:26:24',130.97,9),(2487,106,2452,NULL,2,'2025-09-05 21:27:59',198.8,9),(2488,109,2453,NULL,2,'2025-09-05 21:28:45',318.97,3),(2489,103,2454,NULL,2,'2025-09-05 21:30:15',580.5,2),(2490,3,2455,NULL,2,'2025-09-05 21:31:11',1276.43,3),(2491,2,2456,NULL,2,'2025-09-05 21:31:38',783.95,3),(2492,99,2457,NULL,2,'2025-09-05 21:32:22',1706.7,3),(2493,100,2458,NULL,2,'2025-09-05 21:32:58',649.94,3),(2494,101,2459,NULL,2,'2025-09-05 21:33:22',178.98,3),(2495,102,2460,NULL,2,'2025-09-05 21:40:51',367.48,3),(2496,109,2461,NULL,2,'2025-09-05 21:41:13',906.42,3),(2497,105,2462,NULL,2,'2025-09-05 21:42:08',133,9),(2498,106,2463,NULL,2,'2025-09-05 21:42:47',343.99,9),(2499,109,2464,NULL,2,'2025-09-05 21:43:20',81.22,3),(2500,10,2465,NULL,1,'2025-09-06 12:57:21',107,12),(2501,10,2466,NULL,1,'2025-09-06 12:59:17',110,12),(2502,117,2467,NULL,1,'2025-09-06 13:01:20',2.25,26),(2503,103,2468,NULL,2,'2025-09-06 13:03:43',440.25,2),(2504,3,2469,NULL,2,'2025-09-06 13:04:15',1245.32,3),(2505,2,2470,NULL,2,'2025-09-06 13:05:22',1264.47,3),(2506,99,2471,NULL,2,'2025-09-06 13:05:43',1467.51,3),(2507,100,2472,NULL,2,'2025-09-06 13:06:06',1866.1,3),(2508,101,2473,NULL,2,'2025-09-06 13:06:28',591.5,3),(2509,102,2474,NULL,2,'2025-09-06 13:07:20',169.16,3),(2510,109,2475,NULL,2,'2025-09-06 13:07:37',1188.4,3),(2511,105,2476,NULL,2,'2025-09-06 13:08:49',130,9),(2512,108,2477,NULL,2,'2025-09-06 13:13:20',107.99,9),(2513,106,2478,NULL,2,'2025-09-06 13:14:00',171,9),(2514,109,2479,NULL,2,'2025-09-06 13:14:28',109.99,3),(2515,83,2480,402,1,'2025-09-10 11:27:44',60,NULL),(2516,4,2481,403,1,'2025-09-10 11:29:11',362.5,NULL),(2517,4,2482,404,1,'2025-09-10 11:35:57',910.334,NULL),(2518,4,2483,405,1,'2025-09-10 11:38:28',10.1164,NULL),(2519,40,2484,401,1,'2025-09-10 11:40:00',800,NULL),(2520,40,2485,401,1,'2025-09-10 11:40:01',800,NULL),(2521,17,2486,399,1,'2025-09-10 11:44:15',342.36,NULL),(2522,8,2487,398,1,'2025-09-10 11:51:16',117.18,NULL),(2523,20,2487,398,1,'2025-09-10 11:51:16',503.82,NULL),(2524,21,2487,398,1,'2025-09-10 11:51:16',15.14,NULL),(2525,6,2488,397,1,'2025-09-10 12:11:30',271.79,NULL),(2526,16,2488,397,1,'2025-09-10 12:11:30',945.306,NULL),(2527,20,2489,396,1,'2025-09-10 12:18:19',906.779896,NULL),(2528,8,2490,395,1,'2025-09-10 12:20:26',225.86,NULL),(2529,16,2491,394,1,'2025-09-10 12:20:52',779.4,NULL),(2530,6,2492,391,1,'2025-09-10 12:21:35',2534.531,NULL),(2531,1,2493,392,1,'2025-09-10 12:22:15',4396.1799999981,NULL),(2532,5,2494,393,1,'2025-09-10 12:27:58',685.7,NULL),(2533,5,2495,406,1,'2025-09-10 13:32:57',182,NULL),(2534,8,2496,407,1,'2025-09-10 14:02:01',117.63,NULL),(2535,10,2497,NULL,1,'2025-09-10 14:03:20',144,12),(2536,10,2498,NULL,1,'2025-09-10 14:04:06',125,12),(2537,10,2499,NULL,1,'2025-09-10 14:04:39',131,12),(2538,10,2500,NULL,1,'2025-09-10 14:05:22',143,12),(2539,10,2501,NULL,1,'2025-09-10 14:06:02',123,12),(2540,10,2502,NULL,1,'2025-09-10 14:06:37',207,12),(2541,117,2503,NULL,1,'2025-09-10 14:07:16',1.8,26),(2542,117,2504,NULL,1,'2025-09-10 14:07:51',2.25,26),(2543,10,2505,NULL,1,'2025-09-10 14:08:33',73,12),(2544,10,2506,NULL,1,'2025-09-10 14:18:36',77,12),(2545,117,2507,NULL,1,'2025-09-10 14:19:07',2.7,26),(2546,10,2508,NULL,1,'2025-09-10 14:19:46',83,12),(2547,10,2509,NULL,1,'2025-09-10 14:20:07',57,12),(2548,117,2510,NULL,1,'2025-09-10 14:20:41',1.65,26),(2549,117,2511,NULL,1,'2025-09-12 10:27:31',1.65,26),(2550,10,2512,NULL,1,'2025-09-12 10:28:06',61,12),(2551,10,2513,NULL,1,'2025-09-12 10:28:43',113,12),(2552,117,2514,NULL,1,'2025-09-12 10:29:14',2.25,26),(2553,10,2515,NULL,1,'2025-09-12 10:30:43',73,12),(2554,10,2516,NULL,1,'2025-09-12 10:31:26',99,12),(2555,103,2517,NULL,2,'2025-09-12 10:35:29',772,2),(2556,3,2518,NULL,2,'2025-09-12 10:36:37',2459,3),(2557,2,2519,NULL,2,'2025-09-12 10:37:27',1666.5,3),(2558,99,2520,NULL,2,'2025-09-12 10:37:50',2094.4,3),(2559,100,2521,NULL,2,'2025-09-12 10:38:52',1824,3),(2560,101,2522,NULL,2,'2025-09-12 10:39:22',354.1,3),(2561,102,2523,NULL,2,'2025-09-12 10:45:58',891.5,3),(2562,109,2524,NULL,2,'2025-09-12 10:46:33',904.5,3),(2563,105,2525,NULL,2,'2025-09-12 10:47:10',497.96,9),(2564,108,2526,NULL,2,'2025-09-12 10:47:48',79,9),(2565,106,2527,NULL,2,'2025-09-12 10:48:33',390.75,9),(2566,109,2528,NULL,2,'2025-09-12 10:49:19',334.95,3),(2567,103,2529,NULL,2,'2025-09-12 11:01:40',1163.25,2),(2568,3,2530,NULL,2,'2025-09-12 11:02:06',3641.58,3),(2569,2,2531,NULL,2,'2025-09-12 11:02:36',2210.85,3),(2570,99,2532,NULL,2,'2025-09-12 11:02:54',3281.63,3),(2571,100,2533,NULL,2,'2025-09-12 11:03:19',1454.36,3),(2572,101,2534,NULL,2,'2025-09-12 11:03:46',809,3),(2573,102,2535,NULL,2,'2025-09-12 11:04:30',436.5,3),(2574,109,2536,NULL,2,'2025-09-12 11:04:53',1234.5,3),(2575,105,2537,NULL,2,'2025-09-12 11:05:32',612.7,9),(2576,108,2538,NULL,2,'2025-09-12 11:06:29',315.5,9),(2577,106,2539,NULL,2,'2025-09-12 11:06:59',93,9),(2578,109,2540,NULL,2,'2025-09-12 11:07:26',995.67,3),(2579,103,2541,NULL,2,'2025-09-12 11:55:32',562,2),(2580,3,2542,NULL,2,'2025-09-12 11:55:58',933.08,3),(2581,2,2543,NULL,2,'2025-09-12 11:56:21',354.49,3),(2582,99,2544,NULL,2,'2025-09-12 11:57:40',1168.97,3),(2583,100,2545,NULL,2,'2025-09-12 11:58:06',787.43,3),(2584,101,2546,NULL,2,'2025-09-12 11:58:33',219.5,3),(2585,102,2547,NULL,2,'2025-09-12 11:58:57',219.5,3),(2586,109,2548,NULL,2,'2025-09-12 11:59:19',1413.46,3),(2587,106,2549,NULL,2,'2025-09-12 12:00:04',42.99,9),(2588,109,2550,NULL,2,'2025-09-12 12:00:26',44.11,3),(2589,103,2551,NULL,2,'2025-09-12 12:01:38',533,2),(2590,3,2552,NULL,2,'2025-09-12 12:02:16',1118.31,3),(2591,2,2553,NULL,2,'2025-09-12 12:02:39',417.52,3),(2592,99,2554,NULL,2,'2025-09-12 12:03:46',1266.64,3),(2593,100,2555,NULL,2,'2025-09-12 12:04:17',254.48,3),(2594,101,2556,NULL,2,'2025-09-12 12:04:37',34,3),(2595,102,2557,NULL,2,'2025-09-12 12:05:07',167,3),(2596,109,2558,NULL,2,'2025-09-12 12:05:26',943.19,3),(2597,105,2559,NULL,2,'2025-09-12 12:06:02',42.4,9),(2598,106,2560,NULL,2,'2025-09-12 12:07:17',114.16,9),(2599,103,2561,NULL,2,'2025-09-12 12:07:58',550,2),(2600,3,2562,NULL,2,'2025-09-12 12:08:28',942.92,3),(2601,2,2563,NULL,2,'2025-09-12 12:09:19',651.94,3),(2602,99,2564,NULL,2,'2025-09-12 12:09:41',1399.38,3),(2603,100,2565,NULL,2,'2025-09-12 12:10:03',222.49,3),(2604,101,2566,NULL,2,'2025-09-12 12:10:35',166.99,3),(2605,102,2567,NULL,2,'2025-09-12 12:10:58',56,3),(2606,109,2568,NULL,2,'2025-09-12 12:11:21',1091.47,3),(2607,105,2569,NULL,2,'2025-09-12 12:11:51',344.96,9),(2608,108,2570,NULL,2,'2025-09-12 12:12:21',195.99,9),(2609,106,2571,NULL,2,'2025-09-12 12:12:56',327.5,9),(2610,109,2572,NULL,2,'2025-09-12 12:13:14',190.21,3),(2611,103,2573,NULL,2,'2025-09-12 12:14:14',598,2),(2612,3,2574,NULL,2,'2025-09-12 12:14:41',1002.3,3),(2613,2,2575,NULL,2,'2025-09-12 12:15:02',906.48,3),(2614,99,2576,NULL,2,'2025-09-12 12:15:32',2093.79,3),(2615,100,2577,NULL,2,'2025-09-12 12:16:02',253.48,3),(2616,101,2578,NULL,2,'2025-09-12 12:16:21',253,3),(2617,102,2579,NULL,2,'2025-09-12 12:16:40',149.99,3),(2618,109,2580,NULL,2,'2025-09-12 12:17:31',1209.93,3),(2619,105,2581,NULL,2,'2025-09-12 12:17:55',74,9),(2620,106,2582,NULL,2,'2025-09-12 12:18:54',96.83,9),(2621,109,2583,NULL,2,'2025-09-12 12:19:23',219.97,3),(2622,4,2584,411,1,'2025-09-12 14:10:30',154.75,NULL),(2623,39,2584,411,1,'2025-09-12 14:10:30',185.42,NULL),(2624,5,2585,410,1,'2025-09-12 14:10:33',957.6,NULL),(2625,8,2586,409,1,'2025-09-12 14:10:36',277.44,NULL),(2626,20,2587,408,1,'2025-09-12 14:10:39',189.56,NULL),(2627,143,2588,NULL,1,'2025-09-12 14:13:16',446,20),(2628,143,2589,NULL,1,'2025-09-12 14:15:13',143.04,20),(2629,20,2590,412,1,'2025-09-12 14:20:11',80,NULL),(2630,127,2591,NULL,1,'2025-09-12 15:44:34',3555.71,27),(2631,126,2592,NULL,1,'2025-09-12 15:45:18',114.92,27),(2632,128,2593,NULL,2,'2025-09-12 15:46:46',18798.18,28),(2633,128,2594,NULL,2,'2025-09-12 15:48:12',16341.52,28),(2634,127,2595,NULL,1,'2025-09-12 15:49:39',2891.14,27),(2635,126,2596,NULL,1,'2025-09-12 15:50:24',166.88,27),(2636,112,2597,NULL,1,'2025-09-12 15:58:13',10.278525,NULL),(2637,112,2598,NULL,1,'2025-09-12 15:58:13',6.31875,NULL),(2638,112,2599,NULL,1,'2025-09-12 15:58:13',22.935,NULL),(2639,114,2600,NULL,1,'2025-09-12 16:07:07',8.939775,NULL),(2640,114,2601,NULL,1,'2025-09-12 16:07:07',8.46,NULL),(2641,114,2602,NULL,1,'2025-09-12 16:07:07',16.340325,NULL),(2642,15,2603,NULL,1,'2025-09-12 16:10:20',24.428075,NULL),(2643,15,2604,NULL,1,'2025-09-12 16:10:20',15.88125,NULL),(2644,15,2605,NULL,1,'2025-09-12 16:10:20',24.088225,NULL),(2645,113,2606,NULL,1,'2025-09-12 16:10:51',35.820925,NULL),(2646,113,2607,NULL,1,'2025-09-12 16:10:51',24.7009,NULL),(2647,113,2608,NULL,1,'2025-09-12 16:10:51',12.584425,NULL),(2648,115,2609,NULL,1,'2025-09-12 16:11:35',2.659965,NULL),(2649,115,2610,NULL,1,'2025-09-12 16:11:35',7.896,NULL),(2650,115,2611,NULL,1,'2025-09-12 16:11:35',9.0475,NULL),(2651,112,2612,NULL,1,'2025-09-12 16:16:56',2.197425,NULL),(2652,116,2613,NULL,1,'2025-09-12 16:17:26',1.268865,NULL),(2653,15,2614,NULL,1,'2025-09-12 16:18:02',29.53125,NULL),(2654,113,2615,NULL,1,'2025-09-12 16:19:42',39.63715,NULL),(2655,116,2616,NULL,1,'2025-09-12 16:24:29',0.756945,NULL),(2656,15,2617,NULL,1,'2025-09-12 16:25:34',6.22125,NULL),(2657,15,2618,NULL,1,'2025-09-12 16:25:34',57.26875,NULL),(2658,114,2619,NULL,1,'2025-09-12 20:41:45',4.6296,NULL),(2659,112,2620,NULL,1,'2025-09-12 20:42:06',1.6611,NULL),(2660,116,2621,NULL,1,'2025-09-12 20:43:33',2.5785,NULL),(2661,15,2622,NULL,1,'2025-09-12 20:45:01',9.869475,NULL),(2662,113,2623,NULL,1,'2025-09-12 20:45:01',40.852875,NULL),(2663,115,2624,NULL,1,'2025-09-12 20:45:01',6.157,NULL),(2664,123,2625,NULL,1,'2025-09-12 20:45:26',5.775,NULL),(2665,123,2626,NULL,1,'2025-09-12 20:45:26',4.45445,NULL),(2666,123,2627,NULL,1,'2025-09-12 20:45:26',5.5,NULL),(2667,123,2628,NULL,1,'2025-09-12 20:45:26',11.825,NULL),(2668,123,2629,NULL,1,'2025-09-12 20:45:26',11.11,NULL),(2669,114,2630,NULL,1,'2025-09-12 20:51:49',4.87455,NULL),(2670,116,2631,NULL,1,'2025-09-12 20:51:49',4.96098,NULL),(2671,112,2632,NULL,1,'2025-09-12 20:51:49',5.879625,NULL),(2672,15,2633,NULL,1,'2025-09-12 20:51:49',7.77,NULL),(2673,113,2634,NULL,1,'2025-09-12 20:51:49',12.529475,NULL),(2674,115,2635,NULL,1,'2025-09-12 20:51:49',7.285,NULL),(2675,112,2636,NULL,1,'2025-09-12 21:04:40',16.581375,NULL),(2676,112,2637,NULL,1,'2025-09-12 21:04:40',12.49875,NULL),(2677,112,2638,NULL,1,'2025-09-12 21:04:40',9.483525,NULL),(2678,116,2639,NULL,1,'2025-09-12 21:05:03',5.89275,NULL),(2679,116,2640,NULL,1,'2025-09-12 21:05:03',12.03525,NULL),(2680,116,2641,NULL,1,'2025-09-12 21:05:03',2.28366,NULL),(2681,114,2642,NULL,1,'2025-09-12 21:05:26',13.68,NULL),(2682,114,2643,NULL,1,'2025-09-12 21:05:26',13.99575,NULL),(2683,114,2644,NULL,1,'2025-09-12 21:05:26',10.9077,NULL),(2684,15,2645,NULL,1,'2025-09-12 21:05:58',15.253875,NULL),(2685,15,2646,NULL,1,'2025-09-12 21:05:58',17.924375,NULL),(2686,15,2647,NULL,1,'2025-09-12 21:05:58',12.43305,NULL),(2687,113,2648,NULL,1,'2025-09-12 21:06:34',28.588,NULL),(2688,113,2649,NULL,1,'2025-09-12 21:06:34',31.620925,NULL),(2689,113,2650,NULL,1,'2025-09-12 21:06:34',21.179025,NULL),(2690,115,2651,NULL,1,'2025-09-12 21:07:00',2.796265,NULL),(2691,115,2652,NULL,1,'2025-09-12 21:07:00',1.2455,NULL),(2692,115,2653,NULL,1,'2025-09-12 21:07:00',1.022015,NULL),(2693,116,2654,NULL,1,'2025-09-12 21:11:26',2.96325,NULL),(2694,114,2655,NULL,1,'2025-09-12 21:11:26',5.905725,NULL),(2695,112,2656,NULL,1,'2025-09-12 21:11:26',2.658675,NULL),(2696,15,2657,NULL,1,'2025-09-12 21:11:26',34.453825,NULL),(2697,113,2658,NULL,1,'2025-09-12 21:11:27',54.4901,NULL),(2698,115,2659,NULL,1,'2025-09-12 21:11:27',7.285,NULL),(2699,112,2660,NULL,1,'2025-09-12 21:14:30',3.1314,NULL),(2700,114,2661,NULL,1,'2025-09-12 21:14:30',1.9086,NULL),(2701,116,2662,NULL,1,'2025-09-12 21:14:30',2.2545,NULL),(2702,15,2663,NULL,1,'2025-09-12 21:14:30',88.4604,NULL),(2703,113,2664,NULL,1,'2025-09-12 21:14:30',99.4,NULL),(2704,115,2665,NULL,1,'2025-09-12 21:14:30',30.42075,NULL),(2705,116,2666,NULL,1,'2025-09-12 21:16:49',0.756,NULL),(2706,114,2667,NULL,1,'2025-09-12 21:16:49',1.668675,NULL),(2707,112,2668,NULL,1,'2025-09-12 21:16:49',4.88955,NULL),(2708,113,2669,NULL,1,'2025-09-12 21:16:49',19.90975,NULL),(2709,15,2670,NULL,1,'2025-09-12 21:16:49',28.503825,NULL),(2710,123,2671,NULL,1,'2025-09-12 21:17:12',13.255,NULL),(2711,123,2672,NULL,1,'2025-09-12 21:17:12',8.745,NULL),(2712,123,2673,NULL,1,'2025-09-12 21:17:12',4.8939,NULL),(2713,123,2674,NULL,1,'2025-09-12 21:17:12',9.59585,NULL),(2714,123,2675,NULL,1,'2025-09-12 21:17:12',5.2239,NULL),(2715,112,2676,NULL,1,'2025-09-12 21:18:32',6.7986,NULL),(2716,116,2677,NULL,1,'2025-09-12 21:18:32',2.024865,NULL),(2717,114,2678,NULL,1,'2025-09-12 21:18:32',1.9011,NULL),(2718,113,2679,NULL,1,'2025-09-12 21:18:32',39.57415,NULL),(2719,15,2680,NULL,1,'2025-09-12 21:18:32',9.54555,NULL),(2720,116,2681,NULL,1,'2025-09-15 20:17:57',4.9815,NULL),(2721,53,2682,NULL,1,'2025-09-15 20:44:27',1896.1,16),(2722,42,2683,NULL,1,'2025-09-15 20:46:11',153.15,16),(2723,135,2684,NULL,1,'2025-09-15 20:47:08',400,6),(2724,87,2685,NULL,1,'2025-09-15 20:47:47',219.9,22),(2725,50,2686,NULL,1,'2025-09-15 20:48:34',394.11,16),(2726,53,2687,NULL,1,'2025-09-15 20:49:13',5044.91,16),(2727,132,2688,NULL,1,'2025-09-15 20:50:19',1057.74,25),(2728,42,2689,NULL,1,'2025-09-15 20:50:58',29.99,16),(2729,45,2690,NULL,1,'2025-09-15 20:51:44',10860.53,16),(2730,14,2691,NULL,1,'2025-09-15 20:52:31',84.9,16),(2731,132,2692,NULL,1,'2025-09-15 20:54:44',1323.09,25),(2732,10,2693,NULL,1,'2025-09-16 12:50:59',100,12),(2733,10,2694,NULL,1,'2025-09-16 12:51:21',101,12),(2734,10,2695,NULL,1,'2025-09-16 12:51:56',71,12),(2735,117,2696,NULL,1,'2025-09-16 12:52:35',1.65,26),(2736,10,2697,NULL,1,'2025-09-16 12:54:31',138,12),(2737,10,2698,NULL,1,'2025-09-16 12:54:58',69,12),(2738,10,2699,NULL,1,'2025-09-16 12:58:14',102,12),(2739,117,2700,NULL,1,'2025-09-16 12:58:43',2.85,26),(2740,10,2701,NULL,1,'2025-09-16 12:59:28',164,12),(2741,10,2702,NULL,1,'2025-09-16 12:59:50',171,12),(2742,10,2703,NULL,1,'2025-09-16 13:00:13',177,12),(2743,117,2704,NULL,1,'2025-09-16 13:01:05',3.15,26),(2744,10,2705,NULL,1,'2025-09-16 13:01:48',87,12),(2745,10,2706,NULL,1,'2025-09-16 13:02:08',39,12),(2746,117,2707,NULL,1,'2025-09-16 13:02:39',2.4,26),(2747,103,2708,NULL,2,'2025-09-16 13:10:37',297,2),(2748,3,2709,NULL,2,'2025-09-16 13:11:18',1746.61,3),(2749,2,2710,NULL,2,'2025-09-16 13:12:14',1048.83,3),(2750,99,2711,NULL,2,'2025-09-16 13:14:06',2726.33,3),(2751,100,2712,NULL,2,'2025-09-16 13:14:37',1268.66,3),(2752,101,2713,NULL,2,'2025-09-16 13:15:03',263.09,3),(2753,102,2714,NULL,2,'2025-09-16 13:15:37',468.32,3),(2754,109,2715,NULL,2,'2025-09-16 13:16:02',1607.5,3),(2755,105,2716,NULL,2,'2025-09-16 13:16:27',128,9),(2756,108,2717,NULL,2,'2025-09-16 13:18:17',76,9),(2757,106,2718,NULL,2,'2025-09-16 13:19:03',83,9),(2758,109,2719,NULL,2,'2025-09-16 13:19:35',56.61,3),(2759,103,2720,NULL,2,'2025-09-16 13:51:39',593,2),(2760,3,2721,NULL,2,'2025-09-16 13:52:29',1792.07,3),(2761,2,2722,NULL,2,'2025-09-16 13:52:58',1246.18,3),(2762,99,2723,NULL,2,'2025-09-16 13:53:32',1758,3),(2763,100,2724,NULL,2,'2025-09-16 13:54:00',1503.21,3),(2764,101,2725,NULL,2,'2025-09-16 13:54:59',79,3),(2765,102,2726,NULL,2,'2025-09-16 13:55:27',622,3),(2766,109,2727,NULL,2,'2025-09-16 13:55:46',1539,3),(2767,106,2728,NULL,2,'2025-09-16 13:57:15',548.75,9),(2768,109,2729,NULL,2,'2025-09-16 13:57:49',275.98,3),(2769,103,2730,NULL,2,'2025-09-16 14:02:12',728.75,2),(2770,3,2731,NULL,2,'2025-09-16 14:02:54',2731.06,3),(2771,2,2732,NULL,2,'2025-09-16 14:03:26',1960.25,3),(2772,99,2733,NULL,2,'2025-09-16 14:03:59',4495.13,3),(2773,100,2734,NULL,2,'2025-09-16 14:04:32',2440.5,3),(2774,101,2735,NULL,2,'2025-09-16 14:05:56',663,3),(2775,102,2736,NULL,2,'2025-09-16 14:09:04',564.66,3),(2776,109,2737,NULL,2,'2025-09-16 14:10:11',1849.4,3),(2777,105,2738,NULL,2,'2025-09-16 14:10:54',293,9),(2778,108,2739,NULL,2,'2025-09-16 14:11:43',247.5,9),(2779,106,2740,NULL,2,'2025-09-16 14:33:53',281.89,9),(2780,109,2741,NULL,2,'2025-09-16 14:34:42',564.45,3),(2781,103,2742,NULL,2,'2025-09-16 21:15:35',551,2),(2782,3,2743,NULL,2,'2025-09-16 21:16:05',267.24,3),(2783,2,2744,NULL,2,'2025-09-16 21:16:43',223.97,3),(2784,99,2745,NULL,2,'2025-09-16 21:17:11',2095.16,3),(2785,100,2746,NULL,2,'2025-09-16 21:17:42',510,3),(2786,102,2747,NULL,2,'2025-09-16 21:18:19',75,3),(2787,109,2748,NULL,2,'2025-09-16 21:18:39',1437,3),(2788,105,2749,NULL,2,'2025-09-16 21:19:04',78,9),(2789,108,2750,NULL,2,'2025-09-16 21:19:35',265.99,9),(2790,106,2751,NULL,2,'2025-09-16 21:20:11',54,9),(2791,109,2752,NULL,2,'2025-09-16 21:20:39',172.98,3),(2792,6,2753,424,1,'2025-09-18 12:47:23',798,NULL),(2793,5,2754,423,1,'2025-09-18 12:48:22',889,NULL),(2794,6,2755,422,1,'2025-09-18 12:48:41',2410.646,NULL),(2795,1,2756,421,1,'2025-09-18 12:49:08',217.2895,NULL),(2796,1,2757,420,1,'2025-09-18 12:49:37',3924,NULL),(2797,20,2758,419,1,'2025-09-18 12:52:05',1444.300126,NULL),(2798,21,2758,419,1,'2025-09-18 12:52:05',143.88,NULL),(2799,16,2759,418,1,'2025-09-18 12:52:40',960,NULL),(2800,19,2760,417,1,'2025-09-18 12:53:35',119,NULL),(2801,1,2761,416,1,'2025-09-18 12:54:01',4273.35,NULL),(2802,1,2762,415,1,'2025-09-18 12:54:46',671.4499999992,NULL),(2803,6,2763,414,1,'2025-09-18 12:55:20',192.9,NULL),(2804,1,2764,413,1,'2025-09-18 12:55:38',379.6,NULL),(2805,75,2765,NULL,1,'2025-09-18 12:58:22',9,19),(2806,6,2766,425,1,'2025-09-18 13:01:09',135.88,NULL),(2807,16,2766,425,1,'2025-09-18 13:01:09',814.32,NULL),(2808,83,2767,427,1,'2025-09-18 13:03:15',60,NULL),(2809,6,2768,426,1,'2025-09-18 13:03:18',566.1,NULL),(2810,4,2769,428,1,'2025-09-18 13:08:35',774.464,NULL),(2811,6,2770,430,1,'2025-09-18 13:12:11',576,NULL),(2812,4,2771,429,1,'2025-09-18 13:12:19',217.5,NULL),(2813,40,2772,431,1,'2025-09-18 13:26:05',5214.5,NULL),(2814,20,2773,432,1,'2025-09-18 13:26:08',184.31,NULL),(2815,20,2774,433,1,'2025-09-18 13:30:03',188.5,NULL),(2816,5,2775,434,1,'2025-09-18 13:34:53',2704.95,NULL),(2817,10,2776,NULL,1,'2025-09-18 13:38:41',87,12),(2818,10,2777,NULL,1,'2025-09-18 13:39:14',40,12),(2819,117,2778,NULL,1,'2025-09-18 13:40:05',2.1,26),(2820,10,2779,NULL,1,'2025-09-18 13:40:54',96,12),(2821,10,2780,NULL,1,'2025-09-18 13:42:32',46,12),(2822,117,2781,NULL,1,'2025-09-18 13:43:03',2.85,26),(2823,103,2782,NULL,2,'2025-09-18 13:48:04',330,2),(2824,3,2783,NULL,2,'2025-09-18 13:48:38',1195.11,3),(2825,2,2784,NULL,2,'2025-09-18 13:49:04',430.61,3),(2826,99,2785,NULL,2,'2025-09-18 13:50:43',1241.46,3),(2827,100,2786,NULL,2,'2025-09-18 13:51:11',492.97,3),(2828,101,2787,NULL,2,'2025-09-18 13:51:38',39.99,3),(2829,102,2788,NULL,2,'2025-09-18 13:52:29',75,3),(2830,109,2789,NULL,2,'2025-09-18 13:52:52',1645.09,3),(2831,105,2790,NULL,2,'2025-09-18 13:53:18',249,9),(2832,106,2791,NULL,2,'2025-09-18 13:54:07',44.5,9),(2833,109,2792,NULL,2,'2025-09-18 13:57:55',91.1,3),(2834,103,2793,NULL,2,'2025-09-18 13:58:43',709.5,2),(2835,3,2794,NULL,2,'2025-09-18 13:59:10',1214.34,3),(2836,2,2795,NULL,2,'2025-09-18 13:59:31',408.99,3),(2837,99,2796,NULL,2,'2025-09-18 14:00:00',1823.68,3),(2838,100,2797,NULL,2,'2025-09-18 14:00:31',558.48,3),(2839,101,2798,NULL,2,'2025-09-18 14:00:59',96,3),(2840,102,2799,NULL,2,'2025-09-18 14:01:24',514.97,3),(2841,109,2800,NULL,2,'2025-09-18 14:01:48',1016.4,3),(2842,105,2801,NULL,2,'2025-09-18 14:02:27',59.5,9),(2843,106,2802,NULL,2,'2025-09-18 14:03:20',34.4,9),(2844,109,2803,NULL,2,'2025-09-18 14:03:53',48.99,3),(2845,4,2804,435,1,'2025-09-19 13:17:26',67.375,NULL),(2846,88,2805,NULL,1,'2025-09-19 13:20:44',3395,23),(2847,94,2806,NULL,1,'2025-09-19 14:06:53',1450,24),(2848,91,2807,NULL,1,'2025-09-19 14:07:43',857.81,23),(2849,88,2808,NULL,1,'2025-09-19 14:08:14',9630,23),(2850,132,2809,NULL,1,'2025-09-19 14:09:04',1000,25),(2851,42,2810,NULL,1,'2025-09-19 14:09:51',45.85,16),(2852,21,2811,NULL,1,'2025-09-19 14:10:51',53.32,10),(2853,37,2812,NULL,1,'2025-09-19 14:12:25',550,15),(2854,103,2813,NULL,2,'2025-09-19 14:25:28',418,2),(2855,3,2814,NULL,2,'2025-09-19 14:27:35',1108.61,3),(2856,2,2815,NULL,2,'2025-09-19 14:28:03',520.72,3),(2857,99,2816,NULL,2,'2025-09-19 14:28:38',727.96,3),(2858,100,2817,NULL,2,'2025-09-19 14:29:11',309.97,3),(2859,101,2818,NULL,2,'2025-09-19 14:31:12',120,3),(2860,102,2819,NULL,2,'2025-09-19 14:31:40',54.18,3),(2861,109,2820,NULL,2,'2025-09-19 14:32:00',1741.82,3),(2862,105,2821,NULL,2,'2025-09-19 14:32:30',229,9),(2863,108,2822,NULL,2,'2025-09-19 14:33:33',153,9),(2864,10,2823,NULL,1,'2025-09-19 14:34:09',68,12),(2865,10,2824,NULL,1,'2025-09-19 14:34:34',57,12),(2866,117,2825,NULL,1,'2025-09-19 14:35:01',3.75,26),(2867,132,2826,NULL,1,'2025-09-19 19:58:52',12558.62,25),(2868,116,2827,NULL,1,'2025-09-19 20:17:27',7.62291,NULL),(2869,116,2828,NULL,1,'2025-09-19 20:17:27',8.397,NULL),(2870,116,2829,NULL,1,'2025-09-19 20:17:27',6.32232,NULL),(2871,112,2830,NULL,1,'2025-09-19 20:17:54',14.701875,NULL),(2872,112,2831,NULL,1,'2025-09-19 20:17:54',9.34635,NULL),(2873,112,2832,NULL,1,'2025-09-19 20:17:54',7.866225,NULL),(2874,114,2833,NULL,1,'2025-09-19 20:18:24',18.30375,NULL),(2875,114,2834,NULL,1,'2025-09-19 20:18:24',11.274075,NULL),(2876,114,2835,NULL,1,'2025-09-19 20:18:24',9.51495,NULL),(2877,15,2836,NULL,1,'2025-09-19 20:19:59',30.55115,NULL),(2878,15,2837,NULL,1,'2025-09-19 20:19:59',11.68965,NULL),(2879,15,2838,NULL,1,'2025-09-19 20:19:59',12.100725,NULL),(2880,113,2839,NULL,1,'2025-09-19 20:20:22',49.589225,NULL),(2881,113,2840,NULL,1,'2025-09-19 20:20:22',20.472375,NULL),(2882,113,2841,NULL,1,'2025-09-19 20:20:22',18.7677,NULL),(2883,115,2842,NULL,1,'2025-09-19 20:20:43',9.301535,NULL),(2884,115,2843,NULL,1,'2025-09-19 20:20:43',9.548755,NULL),(2885,114,2844,NULL,1,'2025-09-19 20:23:34',3.825,NULL),(2886,112,2845,NULL,1,'2025-09-19 20:25:27',1.679775,NULL),(2887,116,2846,NULL,1,'2025-09-19 20:25:50',1.0125,NULL),(2888,15,2847,NULL,1,'2025-09-19 20:28:40',33.38125,NULL),(2889,114,2848,NULL,1,'2025-09-19 20:30:03',4.1886,NULL),(2890,116,2849,NULL,1,'2025-09-19 20:32:51',6.952095,NULL),(2891,112,2850,NULL,1,'2025-09-19 20:32:51',3.067425,NULL),(2892,15,2851,NULL,1,'2025-09-19 20:32:51',55.69305,NULL),(2893,113,2852,NULL,1,'2025-09-19 20:32:51',53.62,NULL),(2894,115,2853,NULL,1,'2025-09-19 20:32:51',5.546,NULL),(2895,112,2854,NULL,1,'2025-09-19 20:35:33',3.229575,NULL),(2896,116,2855,NULL,1,'2025-09-19 20:35:33',1.0125,NULL),(2897,114,2856,NULL,1,'2025-09-19 20:35:33',3.697275,NULL),(2898,15,2857,NULL,1,'2025-09-19 20:35:33',16.346575,NULL),(2899,113,2858,NULL,1,'2025-09-19 20:35:33',23.081275,NULL),(2900,115,2859,NULL,1,'2025-09-19 20:35:33',2.9845,NULL),(2901,112,2860,NULL,1,'2025-09-19 20:37:49',3.9054,NULL),(2902,114,2861,NULL,1,'2025-09-19 20:37:49',2.324775,NULL),(2903,113,2862,NULL,1,'2025-09-19 20:37:49',29.913275,NULL),(2904,15,2863,NULL,1,'2025-09-19 20:37:49',12.075,NULL),(2905,115,2864,NULL,1,'2025-09-19 20:37:49',5.957015,NULL),(2906,116,2865,NULL,1,'2025-09-19 20:37:56',0.73143,NULL),(2907,115,2866,NULL,1,'2025-09-19 20:38:41',8.977,NULL),(2908,10,2867,NULL,1,'2025-09-20 12:44:37',105,12),(2909,10,2868,NULL,1,'2025-09-20 12:45:02',162,12),(2910,117,2869,NULL,1,'2025-09-20 12:45:55',2.1,26),(2911,103,2870,NULL,2,'2025-09-20 13:45:36',467,2),(2912,3,2871,NULL,2,'2025-09-20 13:46:00',1794.46,3),(2913,2,2872,NULL,2,'2025-09-20 13:46:26',765.47,3),(2914,99,2873,NULL,2,'2025-09-20 13:46:51',1931.96,3),(2915,100,2874,NULL,2,'2025-09-20 13:47:18',1021.94,3),(2916,101,2875,NULL,2,'2025-09-20 13:47:44',281,3),(2917,102,2876,NULL,2,'2025-09-20 13:48:07',702,3),(2918,109,2877,NULL,2,'2025-09-20 13:50:28',1197.48,3),(2919,105,2878,NULL,2,'2025-09-20 13:50:59',147,9),(2920,108,2879,NULL,2,'2025-09-20 13:51:27',76,9),(2921,109,2880,NULL,2,'2025-09-20 13:51:56',272.19,3),(2922,42,2881,NULL,1,'2025-09-21 10:56:26',189.9,16),(2923,142,2882,NULL,1,'2025-09-21 10:57:00',49.99,6),(2924,142,2883,NULL,1,'2025-09-21 10:57:40',899.8,6),(2925,70,2884,NULL,1,'2025-09-21 10:58:56',1035.02,18),(2926,52,2885,NULL,1,'2025-09-21 11:03:56',200,16),(2927,132,2886,NULL,1,'2025-09-21 11:07:00',2655.66,25),(2928,133,2887,NULL,1,'2025-09-21 11:09:14',3115.33,25),(2929,37,2888,NULL,1,'2025-09-21 11:23:43',4888.2,15),(2930,31,2889,NULL,1,'2025-09-21 20:28:43',2625.97,13),(2931,11,2890,NULL,1,'2025-09-21 20:29:22',2361.92,13),(2932,88,2891,NULL,1,'2025-09-23 10:59:41',600,23),(2933,10,2892,NULL,1,'2025-09-23 11:00:16',142,12),(2934,10,2893,NULL,1,'2025-09-23 11:00:40',72,12),(2935,10,2894,NULL,1,'2025-09-23 11:01:20',116,12),(2936,117,2895,NULL,1,'2025-09-23 11:02:16',2.1,26),(2937,10,2896,NULL,1,'2025-09-23 11:03:04',182,12),(2938,10,2897,NULL,1,'2025-09-23 11:03:40',38,12),(2939,10,2898,NULL,1,'2025-09-23 11:04:29',181,12),(2940,10,2899,NULL,1,'2025-09-23 11:04:52',93,12),(2941,117,2900,NULL,1,'2025-09-23 11:05:31',4.05,26),(2942,10,2901,NULL,1,'2025-09-23 11:06:01',23,12),(2943,10,2902,NULL,1,'2025-09-23 11:06:41',83,12),(2944,117,2903,NULL,1,'2025-09-23 11:07:37',1.35,26),(2945,103,2904,NULL,2,'2025-09-23 11:10:11',1056.5,2),(2946,3,2905,NULL,2,'2025-09-23 11:11:58',1936.46,3),(2947,2,2906,NULL,2,'2025-09-23 11:12:22',832.5,3),(2948,99,2907,NULL,2,'2025-09-23 11:12:47',4541.44,3),(2949,100,2908,NULL,2,'2025-09-23 11:13:06',1294,3),(2950,101,2909,NULL,2,'2025-09-23 11:13:46',419,3),(2951,102,2910,NULL,2,'2025-09-23 11:14:15',633,3),(2952,109,2911,NULL,2,'2025-09-23 11:14:45',1141.5,3),(2953,105,2912,NULL,2,'2025-09-23 11:15:46',201,9),(2954,108,2913,NULL,2,'2025-09-23 11:16:32',49,9),(2955,106,2914,NULL,2,'2025-09-23 11:19:33',128.97,9),(2956,109,2915,NULL,2,'2025-09-23 11:20:34',282.97,3),(2957,103,2916,NULL,2,'2025-09-23 11:27:28',1483.25,2),(2958,3,2917,NULL,2,'2025-09-23 11:27:59',2681.01,3),(2959,2,2918,NULL,2,'2025-09-23 11:28:59',2306.99,3),(2960,99,2919,NULL,2,'2025-09-23 11:29:34',4436.89,3),(2961,100,2920,NULL,2,'2025-09-23 11:30:18',1912.98,3),(2962,101,2921,NULL,2,'2025-09-23 11:31:02',623.34,3),(2963,102,2922,NULL,2,'2025-09-23 11:31:27',514,3),(2964,109,2923,NULL,2,'2025-09-23 11:32:03',2814.61,3),(2965,105,2924,NULL,2,'2025-09-23 11:32:26',57,9),(2966,106,2925,NULL,2,'2025-09-23 11:33:00',506.48,9),(2967,109,2926,NULL,2,'2025-09-23 11:33:26',437.97,3),(2968,103,2927,NULL,2,'2025-09-23 11:34:46',494,2),(2969,3,2928,NULL,2,'2025-09-23 11:35:52',696.61,3),(2970,2,2929,NULL,2,'2025-09-23 11:36:20',689.38,3),(2971,99,2930,NULL,2,'2025-09-23 11:36:46',939.67,3),(2972,100,2931,NULL,2,'2025-09-23 11:37:20',679.48,3),(2973,101,2932,NULL,2,'2025-09-23 11:37:42',41,3),(2974,102,2933,NULL,2,'2025-09-23 11:38:15',144,3),(2975,109,2934,NULL,2,'2025-09-23 11:38:40',762.13,3),(2976,105,2935,NULL,2,'2025-09-23 11:39:04',126,9),(2977,108,2936,NULL,2,'2025-09-23 11:39:38',68.99,9),(2978,106,2937,NULL,2,'2025-09-23 11:40:18',222.97,9),(2979,4,2938,436,1,'2025-09-23 11:43:58',3.8805,NULL),(2980,20,2939,437,1,'2025-09-23 11:52:15',80.71000000000001,NULL),(2981,83,2940,438,1,'2025-09-23 11:53:39',80,NULL),(2982,4,2941,439,1,'2025-09-23 11:55:34',217.5,NULL),(2983,5,2942,442,1,'2025-09-23 11:58:44',1011.5,NULL),(2984,1,2943,441,1,'2025-09-23 11:59:00',4322.175,NULL),(2985,1,2944,440,1,'2025-09-23 11:59:46',1977.1699999991,NULL),(2986,4,2945,443,1,'2025-09-23 12:28:26',784.2600000000001,NULL),(2987,20,2945,443,1,'2025-09-23 12:28:26',25.17,NULL),(2988,39,2945,443,1,'2025-09-23 12:28:26',155.24,NULL),(2989,40,2945,443,1,'2025-09-23 12:28:26',40.33,NULL),(2990,28,2946,NULL,1,'2025-09-23 12:43:07',231.39,4),(2991,132,2947,NULL,1,'2025-09-23 12:43:59',426.65,25),(2992,112,2948,NULL,1,'2025-09-23 13:01:43',5.741025,NULL),(2993,112,2949,NULL,1,'2025-09-23 13:01:43',6.24375,NULL),(2994,112,2950,NULL,1,'2025-09-23 13:01:43',17.302425,NULL),(2995,116,2951,NULL,1,'2025-09-23 13:02:14',6.939,NULL),(2996,116,2952,NULL,1,'2025-09-23 13:02:14',8.5455,NULL),(2997,116,2953,NULL,1,'2025-09-23 13:02:14',9.477,NULL),(2998,114,2954,NULL,1,'2025-09-23 13:02:46',14.34735,NULL),(2999,114,2955,NULL,1,'2025-09-23 13:02:46',9.705,NULL),(3000,114,2956,NULL,1,'2025-09-23 13:02:46',7.66455,NULL),(3001,15,2957,NULL,1,'2025-09-23 13:04:20',14.717325,NULL),(3002,15,2958,NULL,1,'2025-09-23 13:04:20',16.73805,NULL),(3003,15,2959,NULL,1,'2025-09-23 13:04:20',35.29995,NULL),(3004,113,2960,NULL,1,'2025-09-23 13:04:48',39.172175,NULL),(3005,113,2961,NULL,1,'2025-09-23 13:04:48',15.432375,NULL),(3006,113,2962,NULL,1,'2025-09-23 13:04:48',32.61825,NULL),(3007,115,2963,NULL,1,'2025-09-23 13:05:09',9.729,NULL),(3008,115,2964,NULL,1,'2025-09-23 13:05:09',2.303,NULL),(3009,115,2965,NULL,1,'2025-09-23 13:05:09',2.726,NULL),(3010,116,2966,NULL,1,'2025-09-23 13:07:17',1.944,NULL),(3011,114,2967,NULL,1,'2025-09-23 13:07:17',5.0961,NULL),(3012,112,2968,NULL,1,'2025-09-23 13:07:17',5.17035,NULL),(3013,15,2969,NULL,1,'2025-09-23 13:07:17',18.165,NULL),(3014,113,2970,NULL,1,'2025-09-23 13:07:17',37.6775,NULL),(3015,115,2971,NULL,1,'2025-09-23 13:07:17',10.268795,NULL),(3016,37,2972,NULL,1,'2025-09-23 13:31:00',2190,15),(3017,127,2973,NULL,1,'2025-09-23 13:47:28',2810.87,27),(3018,126,2974,NULL,1,'2025-09-23 13:48:01',127.91,27),(3019,128,2975,NULL,2,'2025-09-23 13:49:04',14327.15,28),(3020,128,2976,NULL,2,'2025-09-23 13:50:03',17111.1,28),(3021,127,2977,NULL,1,'2025-09-23 13:51:04',3173.91,27),(3022,126,2978,NULL,1,'2025-09-23 13:51:28',198.87,27),(3023,16,2979,448,1,'2025-09-27 12:45:31',562.5,NULL),(3024,16,2980,444,1,'2025-09-27 12:46:56',610.74,NULL),(3025,6,2981,446,1,'2025-09-27 12:47:22',1493.778,NULL),(3026,20,2982,445,1,'2025-09-27 12:48:19',471.83997,NULL),(3027,1,2983,447,1,'2025-09-27 12:49:13',3380,NULL),(3028,8,2984,449,1,'2025-09-27 12:52:47',299.4,NULL),(3029,83,2985,450,1,'2025-09-27 14:01:37',80,NULL),(3030,10,2986,NULL,1,'2025-09-27 14:03:56',83,12),(3031,10,2987,NULL,1,'2025-09-27 14:04:34',101,12),(3032,117,2988,NULL,1,'2025-09-27 14:05:10',3.9,26),(3033,10,2989,NULL,1,'2025-09-27 14:06:13',87,12),(3034,10,2990,NULL,1,'2025-09-27 14:06:51',90,12),(3035,117,2991,NULL,1,'2025-09-27 14:09:53',1.65,26),(3036,10,2992,NULL,1,'2025-09-27 14:10:33',74,12),(3037,10,2993,NULL,1,'2025-09-27 14:11:10',79,12),(3038,117,2994,NULL,1,'2025-09-27 14:11:33',1.65,26),(3039,10,2995,NULL,1,'2025-09-27 14:13:41',89,12),(3040,10,2996,NULL,1,'2025-09-27 14:14:31',74,12),(3041,10,2997,NULL,1,'2025-09-27 14:14:51',62,12),(3042,117,2998,NULL,1,'2025-09-27 14:15:14',3.15,26),(3043,103,2999,NULL,2,'2025-09-28 11:24:15',480,2),(3044,3,3000,NULL,2,'2025-09-28 11:24:43',651.71,3),(3045,2,3001,NULL,2,'2025-09-28 11:33:45',229.79,3),(3046,99,3002,NULL,2,'2025-09-28 11:34:12',1718.12,3),(3047,100,3003,NULL,2,'2025-09-28 11:34:40',723.93,3),(3048,109,3004,NULL,2,'2025-09-28 11:37:12',1175.24,3),(3049,106,3005,NULL,2,'2025-09-28 11:38:10',37,9),(3050,109,3006,NULL,2,'2025-09-28 11:38:59',107.99,3),(3051,103,3007,NULL,2,'2025-09-28 11:39:57',298,2),(3052,3,3008,NULL,2,'2025-09-28 11:42:37',1181.45,3),(3053,2,3009,NULL,2,'2025-09-28 11:42:55',517.96,3),(3054,99,3010,NULL,2,'2025-09-28 11:43:40',1349.46,3),(3055,100,3011,NULL,2,'2025-09-28 11:43:59',586.98,3),(3056,101,3012,NULL,2,'2025-09-28 11:44:27',202.98,3),(3057,102,3013,NULL,2,'2025-09-29 12:40:46',186.99,3),(3058,109,3014,NULL,2,'2025-09-29 12:41:50',1067.95,3),(3059,109,3015,NULL,2,'2025-09-29 12:42:17',309.98,3),(3060,103,3016,NULL,2,'2025-09-29 12:44:50',369.5,2),(3061,3,3017,NULL,2,'2025-09-29 12:45:51',1104.55,3),(3062,2,3018,NULL,2,'2025-09-29 12:46:14',794.61,3),(3063,99,3019,NULL,2,'2025-09-29 12:47:32',958.36,3),(3064,100,3020,NULL,2,'2025-09-29 12:48:03',673.32,3),(3065,101,3021,NULL,2,'2025-09-29 12:48:49',244.47,3),(3066,102,3022,NULL,2,'2025-09-29 12:51:37',164.99,3),(3067,109,3023,NULL,2,'2025-09-29 12:52:01',992.87,3),(3068,105,3024,NULL,2,'2025-09-29 12:52:55',153.52,9),(3069,108,3025,NULL,2,'2025-09-29 12:53:35',53.49,9),(3070,106,3026,NULL,2,'2025-09-29 12:54:02',23,9),(3071,109,3027,NULL,2,'2025-09-29 12:54:46',123.99,3),(3072,103,3028,NULL,2,'2025-09-29 12:56:06',686.5,2),(3073,3,3029,NULL,2,'2025-09-29 12:58:07',1195.13,3),(3074,2,3030,NULL,2,'2025-09-29 12:58:38',1455.11,3),(3075,99,3031,NULL,2,'2025-09-29 13:00:40',2342.48,3),(3076,100,3032,NULL,2,'2025-09-29 13:37:58',1201.92,3),(3077,101,3033,NULL,2,'2025-09-29 13:38:29',383.57,3),(3078,102,3034,NULL,2,'2025-09-29 13:38:53',558.96,3),(3079,109,3035,NULL,2,'2025-09-29 13:39:20',1455.8,3),(3080,105,3036,NULL,2,'2025-09-29 13:39:52',300,9),(3081,106,3037,NULL,2,'2025-09-29 13:40:53',508.57,9),(3082,109,3038,NULL,2,'2025-09-29 13:41:18',162.98,3),(3083,103,3039,NULL,2,'2025-09-29 13:45:18',980.75,2),(3084,3,3040,NULL,2,'2025-09-29 13:45:53',1802,3),(3085,2,3041,NULL,2,'2025-09-29 13:46:20',890,3),(3086,99,3042,NULL,2,'2025-09-29 13:46:45',2109,3),(3087,100,3043,NULL,2,'2025-09-29 13:47:16',578,3),(3088,101,3044,NULL,2,'2025-09-29 13:48:32',440,3),(3089,102,3045,NULL,2,'2025-09-29 13:48:59',242,3),(3090,109,3046,NULL,2,'2025-09-29 13:49:39',1421.5,3),(3091,105,3047,NULL,2,'2025-09-29 13:50:08',39,9),(3092,106,3048,NULL,2,'2025-09-29 13:51:44',84.98,9),(3093,109,3049,NULL,2,'2025-09-29 13:52:10',555.45,3),(3094,103,3050,NULL,2,'2025-09-29 13:57:47',1186,2),(3095,3,3051,NULL,2,'2025-09-29 13:58:23',3783.87,3),(3096,2,3052,NULL,2,'2025-09-29 13:59:02',3343.91,3),(3097,99,3053,NULL,2,'2025-09-29 13:59:58',4165.43,3),(3098,100,3054,NULL,2,'2025-09-29 14:00:28',1831.6,3),(3099,101,3055,NULL,2,'2025-09-29 14:01:00',353,3),(3100,102,3056,NULL,2,'2025-09-29 14:01:29',558.5,3),(3101,109,3057,NULL,2,'2025-09-29 14:01:52',2642.48,3),(3102,105,3058,NULL,2,'2025-09-29 14:02:28',398,9),(3103,108,3059,NULL,2,'2025-09-29 14:03:15',306.5,9),(3104,106,3060,NULL,2,'2025-09-29 14:03:55',487.98,9),(3105,109,3061,NULL,2,'2025-09-29 14:04:18',716.93,3),(3106,10,3062,NULL,1,'2025-09-29 14:04:58',179,12),(3107,10,3063,NULL,1,'2025-09-29 14:05:23',195,12),(3108,10,3064,NULL,1,'2025-09-29 14:08:05',202,12),(3109,117,3065,NULL,1,'2025-09-29 14:08:51',3,26),(3110,20,3066,451,1,'2025-09-30 10:38:20',185,NULL),(3111,114,3067,NULL,1,'2025-09-30 10:47:00',5.429475,NULL),(3112,115,3068,NULL,1,'2025-09-30 10:47:00',5.9925,NULL),(3113,112,3069,NULL,1,'2025-09-30 10:47:00',1.723425,NULL),(3114,15,3070,NULL,1,'2025-09-30 10:47:00',54.0225,NULL),(3115,113,3071,NULL,1,'2025-09-30 10:47:00',99.19,NULL),(3116,114,3072,NULL,1,'2025-09-30 10:48:45',4.40235,NULL),(3117,116,3073,NULL,1,'2025-09-30 10:48:45',2.524365,NULL),(3118,112,3074,NULL,1,'2025-09-30 10:48:45',3.8847,NULL),(3119,15,3075,NULL,1,'2025-09-30 10:48:45',16.186975,NULL),(3120,113,3076,NULL,1,'2025-09-30 10:48:45',11.48805,NULL),(3121,115,3077,NULL,1,'2025-09-30 10:48:45',4.1125,NULL),(3122,123,3078,NULL,1,'2025-09-30 10:52:01',7.20335,NULL),(3123,123,3079,NULL,1,'2025-09-30 10:52:01',4.455,NULL),(3124,123,3080,NULL,1,'2025-09-30 10:52:01',9.2939,NULL),(3125,123,3081,NULL,1,'2025-09-30 10:52:01',11.4389,NULL),(3126,123,3082,NULL,1,'2025-09-30 10:52:01',5.995,NULL),(3127,114,3083,NULL,1,'2025-09-30 10:53:38',5.0499,NULL),(3128,116,3084,NULL,1,'2025-09-30 10:53:38',2.227365,NULL),(3129,112,3085,NULL,1,'2025-09-30 10:53:38',5.959575,NULL),(3130,15,3086,NULL,1,'2025-09-30 10:53:38',15.280825,NULL),(3131,113,3087,NULL,1,'2025-09-30 10:53:38',27.207075,NULL),(3132,114,3088,NULL,1,'2025-09-30 10:58:31',13.737,NULL),(3133,114,3089,NULL,1,'2025-09-30 10:58:31',4.335,NULL),(3134,114,3090,NULL,1,'2025-09-30 10:58:31',9.0144,NULL),(3135,112,3091,NULL,1,'2025-09-30 10:58:55',25.079325,NULL),(3136,112,3092,NULL,1,'2025-09-30 10:58:55',6.675,NULL),(3137,112,3093,NULL,1,'2025-09-30 10:58:55',10.913325,NULL),(3138,116,3094,NULL,1,'2025-09-30 10:59:16',7.53975,NULL),(3139,116,3095,NULL,1,'2025-09-30 10:59:16',3.267,NULL),(3140,116,3096,NULL,1,'2025-09-30 10:59:16',7.54596,NULL),(3141,15,3097,NULL,1,'2025-09-30 10:59:53',19.38055,NULL),(3142,15,3098,NULL,1,'2025-09-30 10:59:53',16.665775,NULL),(3143,15,3099,NULL,1,'2025-09-30 10:59:53',31.933475,NULL),(3144,113,3100,NULL,1,'2025-09-30 11:00:10',24.1717,NULL),(3145,113,3101,NULL,1,'2025-09-30 11:00:10',25.04075,NULL),(3146,113,3102,NULL,1,'2025-09-30 11:00:10',26.634125,NULL),(3147,115,3103,NULL,1,'2025-09-30 11:04:02',12.422805,NULL),(3148,115,3104,NULL,1,'2025-09-30 11:04:02',2.984265,NULL),(3149,135,3105,NULL,1,'2025-09-30 11:54:41',1258.2,6),(3150,132,3106,NULL,1,'2025-09-30 11:55:06',9000,25),(3151,142,3107,NULL,1,'2025-09-30 11:55:49',70.5,6),(3152,54,3108,NULL,1,'2025-09-30 11:56:23',421.57,17),(3153,94,3109,NULL,1,'2025-09-30 11:56:53',1400,24),(3154,88,3110,NULL,1,'2025-09-30 11:59:20',800,23),(3155,88,3111,NULL,1,'2025-09-30 11:59:50',500,23),(3156,134,3112,NULL,1,'2025-09-30 12:00:20',12184.78,4),(3157,37,3113,NULL,1,'2025-09-30 12:01:40',304.92,15),(3158,136,3114,NULL,1,'2025-09-30 12:02:31',492.95,4),(3159,131,3115,NULL,1,'2025-09-30 12:02:56',1600,22),(3160,53,3116,NULL,1,'2025-09-30 12:03:44',4532.39,16),(3161,142,3117,NULL,1,'2025-09-30 12:04:22',100,6),(3162,42,3118,NULL,1,'2025-09-30 12:04:44',150,16),(3163,138,3119,NULL,1,'2025-09-30 12:07:35',380,4),(3164,4,3120,452,1,'2025-09-30 12:09:12',362.5,NULL),(3165,84,3121,NULL,1,'2025-09-30 12:10:36',1100,22),(3166,86,3122,NULL,1,'2025-09-30 12:11:02',1250,22),(3167,132,3123,NULL,1,'2025-09-30 12:11:49',10000,25),(3168,98,3124,NULL,1,'2025-09-30 12:12:09',20000,25),(3169,133,3125,NULL,1,'2025-09-30 12:12:32',3000,25),(3170,88,3126,NULL,1,'2025-09-30 12:13:21',800,23),(3171,88,3127,NULL,1,'2025-09-30 12:13:41',800,23),(3172,141,3128,NULL,1,'2025-09-30 12:14:24',100,22),(3173,51,3129,NULL,1,'2025-09-30 12:16:31',319.6,16),(3174,114,3130,NULL,1,'2025-09-30 12:19:22',6.24,NULL),(3175,114,3131,NULL,1,'2025-09-30 12:19:22',7.68345,NULL),(3176,113,3132,NULL,1,'2025-09-30 12:19:22',38.095225,NULL),(3177,15,3133,NULL,1,'2025-09-30 12:19:22',21.77875,NULL),(3178,115,3134,NULL,1,'2025-09-30 12:20:09',15.745,NULL),(3179,116,3135,NULL,1,'2025-09-30 12:20:09',0.459,NULL),(3180,113,3136,NULL,1,'2025-09-30 12:20:09',38.0625,NULL),(3181,115,3137,NULL,1,'2025-09-30 12:20:09',3.46625,NULL),(3182,123,3138,NULL,1,'2025-09-30 12:26:13',5.005,NULL),(3183,123,3139,NULL,1,'2025-09-30 12:26:14',7.315,NULL),(3184,123,3140,NULL,1,'2025-09-30 12:26:14',10.395,NULL),(3185,123,3141,NULL,1,'2025-09-30 12:26:14',4.73,NULL),(3186,123,3142,NULL,1,'2025-09-30 12:26:14',11.49445,NULL),(3187,10,3143,NULL,1,'2025-10-01 11:56:14',83,12),(3188,10,3144,NULL,1,'2025-10-01 11:56:45',141,12),(3189,117,3145,NULL,1,'2025-10-01 11:58:26',1.8,26),(3190,103,3146,NULL,2,'2025-10-01 11:59:23',438.75,2),(3191,3,3147,NULL,2,'2025-10-01 12:00:26',996.56,3),(3192,2,3148,NULL,2,'2025-10-01 12:00:51',617.94,3),(3193,99,3149,NULL,2,'2025-10-01 12:01:19',1559.46,3),(3194,100,3150,NULL,2,'2025-10-01 12:01:45',1316.46,3),(3195,101,3151,NULL,2,'2025-10-01 12:02:09',126.99,3),(3196,102,3152,NULL,2,'2025-10-01 12:02:29',136.47,3),(3197,109,3153,NULL,2,'2025-10-01 12:02:52',805.97,3),(3198,105,3154,NULL,2,'2025-10-01 12:03:12',96,9),(3199,106,3155,NULL,2,'2025-10-01 12:03:59',47.49,9),(3200,109,3156,NULL,2,'2025-10-01 12:04:22',190.98,3),(3201,103,3157,NULL,2,'2025-10-01 12:05:43',672,2),(3202,3,3158,NULL,2,'2025-10-01 12:06:21',1094.2,3),(3203,2,3159,NULL,2,'2025-10-01 12:07:31',1014.44,3),(3204,99,3160,NULL,2,'2025-10-01 12:08:07',912.97,3),(3205,100,3161,NULL,2,'2025-10-01 12:08:27',583.99,3),(3206,101,3162,NULL,2,'2025-10-01 12:09:17',70.39,3),(3207,102,3163,NULL,2,'2025-10-01 12:10:03',360.5,3),(3208,109,3164,NULL,2,'2025-10-01 12:10:23',1935.76,3),(3209,105,3165,NULL,2,'2025-10-01 12:10:42',118.97,9),(3210,106,3166,NULL,2,'2025-10-01 12:11:43',464.12,9),(3211,109,3167,NULL,2,'2025-10-01 12:12:04',48.99,3),(3212,117,3168,NULL,1,'2025-10-01 12:12:38',3.45,26),(3213,10,3169,NULL,1,'2025-10-01 12:13:08',102,12),(3214,10,3170,NULL,1,'2025-10-01 12:13:29',56,12),(3215,5,3171,387,1,'2025-10-02 21:18:59',1709.7,NULL),(3216,116,3172,NULL,1,'2025-10-02 21:36:33',1.842345,NULL),(3217,112,3173,NULL,1,'2025-10-02 21:36:33',4.63455,NULL),(3218,114,3174,NULL,1,'2025-10-02 21:36:33',9.87345,NULL),(3219,119,3175,NULL,1,'2025-10-02 22:18:06',15.048,NULL),(3220,119,3176,NULL,1,'2025-10-02 22:18:06',34.40672,NULL),(3221,119,3177,NULL,1,'2025-10-02 22:18:06',11.02,NULL),(3222,119,3178,NULL,1,'2025-10-02 22:18:06',12.407,NULL),(3223,119,3179,NULL,1,'2025-10-02 22:18:06',14.74096,NULL),(3224,119,3180,NULL,1,'2025-10-02 22:18:06',15.504,NULL),(3225,119,3181,NULL,1,'2025-10-02 22:18:06',46.54772,NULL),(3226,119,3182,NULL,1,'2025-10-02 22:18:06',3.344,NULL),(3227,119,3183,NULL,1,'2025-10-02 22:18:06',6.232,NULL),(3228,119,3184,NULL,1,'2025-10-02 22:18:06',16.796,NULL),(3229,119,3185,NULL,1,'2025-10-02 22:18:06',2.128,NULL),(3230,119,3186,NULL,1,'2025-10-02 22:18:06',37.4414,NULL),(3231,119,3187,NULL,1,'2025-10-02 22:18:06',12.38572,NULL),(3232,119,3188,NULL,1,'2025-10-02 22:18:06',52.72424,NULL),(3233,119,3189,NULL,1,'2025-10-02 22:18:06',14.43924,NULL),(3234,119,3190,NULL,1,'2025-10-02 22:18:06',16.188,NULL),(3235,119,3191,NULL,1,'2025-10-02 22:18:06',10.032,NULL),(3236,119,3192,NULL,1,'2025-10-02 22:18:06',5.168,NULL),(3237,119,3193,NULL,1,'2025-10-02 22:18:06',3.192,NULL),(3238,119,3194,NULL,1,'2025-10-02 22:18:06',7.98,NULL),(3239,119,3195,NULL,1,'2025-10-02 22:18:06',27.284,NULL),(3240,119,3196,NULL,1,'2025-10-02 22:18:06',12.54,NULL),(3241,119,3197,NULL,1,'2025-10-02 22:18:06',37.886,NULL),(3242,119,3198,NULL,1,'2025-10-02 22:18:06',6.08,NULL),(3243,88,3199,NULL,1,'2025-10-05 16:22:57',18070,23),(3244,19,3200,467,1,'2025-10-06 10:59:50',130,NULL),(3245,5,3201,466,1,'2025-10-06 10:59:57',550,NULL),(3246,83,3202,468,1,'2025-10-06 11:00:01',76,NULL),(3247,8,3203,465,1,'2025-10-06 11:07:34',451.91,NULL),(3248,5,3204,462,1,'2025-10-06 11:09:47',42.95,NULL),(3249,16,3204,462,1,'2025-10-06 11:09:47',741.636,NULL),(3250,5,3205,463,1,'2025-10-06 11:11:07',606.8,NULL),(3251,5,3206,464,1,'2025-10-06 11:11:37',853.2,NULL),(3252,1,3207,461,1,'2025-10-06 11:12:44',572.423,NULL),(3253,20,3208,460,1,'2025-10-06 11:14:09',1499.569868,NULL),(3254,21,3208,460,1,'2025-10-06 11:14:09',188.58999999999997,NULL),(3255,40,3210,459,1,'2025-10-06 11:15:34',507.4400024414,NULL),(3256,40,3212,458,1,'2025-10-06 11:31:31',3061.2799999999997,NULL),(3257,39,3213,457,1,'2025-10-06 11:33:09',249.05,NULL),(3258,1,3214,456,1,'2025-10-06 11:33:40',689.9800000002,NULL),(3259,1,3215,455,1,'2025-10-06 11:34:07',4374.819,NULL),(3260,1,3216,454,1,'2025-10-06 11:35:06',3569.87,NULL),(3261,6,3217,469,1,'2025-10-06 13:07:36',4353.829,NULL),(3262,5,3218,470,1,'2025-10-06 13:07:40',182,NULL),(3263,10,3219,NULL,1,'2025-10-06 13:45:46',72,12),(3264,10,3220,NULL,1,'2025-10-06 13:46:13',84,12),(3265,117,3221,NULL,1,'2025-10-06 13:46:42',1.65,26),(3266,10,3222,NULL,1,'2025-10-06 13:47:29',36,12),(3267,10,3223,NULL,1,'2025-10-06 13:47:55',43,12),(3268,117,3224,NULL,1,'2025-10-06 13:48:26',2.25,26),(3269,10,3225,NULL,1,'2025-10-06 13:49:09',60,12),(3270,10,3226,NULL,1,'2025-10-06 13:49:36',85,12),(3271,10,3227,NULL,1,'2025-10-06 13:50:05',89,12),(3272,117,3228,NULL,1,'2025-10-06 13:51:44',2.7,26),(3273,10,3229,NULL,1,'2025-10-06 13:54:44',112,12),(3274,10,3230,NULL,1,'2025-10-06 13:55:23',167,12),(3275,10,3231,NULL,1,'2025-10-06 13:55:46',116,12),(3276,10,3232,NULL,1,'2025-10-06 13:56:27',200,12),(3277,10,3233,NULL,1,'2025-10-06 13:56:50',154,12),(3278,10,3234,NULL,1,'2025-10-06 13:58:09',213,12),(3279,117,3235,NULL,1,'2025-10-06 14:32:18',1.95,26),(3280,117,3236,NULL,1,'2025-10-06 14:32:48',2.4,26),(3281,103,3237,NULL,2,'2025-10-07 11:56:09',302.75,2),(3282,3,3238,NULL,2,'2025-10-07 11:56:40',806.45,3),(3283,2,3239,NULL,2,'2025-10-07 11:57:07',852.24,3),(3284,99,3240,NULL,2,'2025-10-07 11:57:32',1265.99,3),(3285,100,3241,NULL,2,'2025-10-07 11:57:54',550.49,3),(3286,101,3242,NULL,2,'2025-10-07 11:58:47',551.48,3),(3287,102,3243,NULL,2,'2025-10-07 12:02:02',151,3),(3288,109,3244,NULL,2,'2025-10-07 12:02:20',1017.38,3),(3289,105,3245,NULL,2,'2025-10-07 12:05:01',318.99,9),(3290,108,3246,NULL,2,'2025-10-07 12:06:33',175.99,9),(3291,106,3247,NULL,2,'2025-10-07 12:07:03',291.58,9),(3292,103,3248,NULL,2,'2025-10-07 12:10:13',471,2),(3293,3,3249,NULL,2,'2025-10-07 12:13:14',691.45,3),(3294,2,3250,NULL,2,'2025-10-07 12:13:39',313.45,3),(3295,99,3251,NULL,2,'2025-10-07 12:14:06',1383.92,3),(3296,100,3252,NULL,2,'2025-10-07 12:14:28',438.99,3),(3297,101,3253,NULL,2,'2025-10-07 12:33:27',44,3),(3298,102,3254,NULL,2,'2025-10-07 12:33:48',121,3),(3299,109,3255,NULL,2,'2025-10-07 12:34:09',1045,3),(3300,108,3256,NULL,2,'2025-10-07 12:34:38',52.99,9),(3301,106,3257,NULL,2,'2025-10-07 12:35:13',42.99,9),(3302,109,3258,NULL,2,'2025-10-07 12:35:33',111,3),(3303,103,3259,NULL,2,'2025-10-07 12:36:43',695,2),(3304,3,3260,NULL,2,'2025-10-07 12:37:15',2428.73,3),(3305,2,3261,NULL,2,'2025-10-07 12:37:42',1031.73,3),(3306,99,3262,NULL,2,'2025-10-07 12:38:08',1891.73,3),(3307,100,3263,NULL,2,'2025-10-07 12:39:15',660.72,3),(3308,101,3264,NULL,2,'2025-10-07 12:40:26',575.46,3),(3309,102,3265,NULL,2,'2025-10-07 12:40:47',274.5,3),(3310,109,3266,NULL,2,'2025-10-07 12:41:07',1133.28,3),(3311,105,3267,NULL,2,'2025-10-07 12:41:26',228.24,9),(3312,106,3268,NULL,2,'2025-10-07 12:41:53',315.09,9),(3313,109,3269,NULL,2,'2025-10-07 12:42:16',505.96,3),(3314,103,3270,NULL,2,'2025-10-07 13:27:50',677,9),(3315,3,3271,NULL,2,'2025-10-07 13:28:16',2161,9),(3317,2,3273,NULL,2,'2025-10-07 13:32:00',1483.65,3),(3318,99,3274,NULL,2,'2025-10-07 13:33:19',3530.35,3),(3319,100,3275,NULL,2,'2025-10-07 13:34:08',2036.5,3),(3320,101,3276,NULL,2,'2025-10-07 13:34:35',192,3),(3321,102,3277,NULL,2,'2025-10-07 13:39:01',201,3),(3322,109,3278,NULL,2,'2025-10-07 13:39:29',1187.84,3),(3323,105,3279,NULL,2,'2025-10-07 13:39:53',438.98,9),(3324,108,3280,NULL,2,'2025-10-07 13:40:25',107,9),(3325,106,3281,NULL,2,'2025-10-07 13:40:52',619.97,9),(3326,109,3282,NULL,2,'2025-10-07 13:41:13',378.69,3),(3327,103,3283,NULL,2,'2025-10-07 13:42:41',567,2),(3328,3,3284,NULL,2,'2025-10-07 13:43:05',2817.95,3),(3329,2,3285,NULL,2,'2025-10-07 13:43:41',2059,3),(3330,99,3286,NULL,2,'2025-10-07 13:44:07',3588.78,3),(3331,100,3287,NULL,2,'2025-10-07 13:44:32',2386.99,3),(3332,101,3288,NULL,2,'2025-10-07 13:45:06',542,3),(3333,102,3289,NULL,2,'2025-10-07 13:46:12',478,3),(3334,109,3290,NULL,2,'2025-10-07 13:46:54',1589.5,3),(3335,105,3291,NULL,2,'2025-10-07 13:47:18',154.69,9),(3336,108,3292,NULL,2,'2025-10-07 13:47:53',261,9),(3337,106,3293,NULL,2,'2025-10-07 13:48:15',305,9),(3338,109,3294,NULL,2,'2025-10-07 13:48:42',1024.92,3),(3339,5,3295,472,1,'2025-10-08 10:35:49',567,NULL),(3340,5,3296,479,1,'2025-10-08 12:03:14',9.95,NULL),(3341,4,3297,478,1,'2025-10-08 12:03:18',2.54935,NULL),(3342,5,3297,478,1,'2025-10-08 12:03:18',251.34999999999997,NULL),(3343,39,3297,478,1,'2025-10-08 12:03:18',118.19,NULL),(3344,5,3298,477,1,'2025-10-08 12:03:22',209.4,NULL),(3345,20,3299,476,1,'2025-10-08 12:03:26',104.8,NULL),(3346,20,3300,475,1,'2025-10-08 12:03:30',83.56,NULL),(3347,4,3301,474,1,'2025-10-08 12:03:34',457.64,NULL),(3348,5,3301,474,1,'2025-10-08 12:03:34',26.38,NULL),(3349,5,3302,473,1,'2025-10-08 12:03:38',416.7,NULL),(3350,39,3302,473,1,'2025-10-08 12:03:38',32.4,NULL),(3351,5,3304,489,1,'2025-10-08 12:16:27',73.06,NULL),(3352,16,3304,489,1,'2025-10-08 12:16:27',132.99,NULL),(3353,6,3305,488,1,'2025-10-08 12:16:31',5612.5,NULL),(3354,6,3306,487,1,'2025-10-08 12:16:35',577.5,NULL),(3355,1,3307,486,1,'2025-10-08 12:20:09',365.55000000097,NULL),(3356,6,3307,486,1,'2025-10-08 12:20:09',135.88,NULL),(3357,16,3307,486,1,'2025-10-08 12:20:09',710.756,NULL),(3358,6,3308,485,1,'2025-10-08 12:20:37',211.35,NULL),(3359,1,3309,484,1,'2025-10-08 12:21:12',707.8199999999999,NULL),(3360,8,3310,483,1,'2025-10-08 12:25:52',254,NULL),(3361,20,3311,482,1,'2025-10-08 12:26:30',1470.4199299999998,NULL),(3362,1,3312,481,1,'2025-10-08 12:27:01',3890.9600000042,NULL),(3363,16,3313,480,1,'2025-10-08 12:28:47',967.5,NULL),(3364,6,3314,490,1,'2025-10-09 11:56:23',1187.73,NULL),(3365,83,3315,493,1,'2025-10-09 13:52:56',60,NULL),(3366,6,3316,494,1,'2025-10-09 13:53:04',3337.5,NULL),(3367,17,3317,492,1,'2025-10-10 15:11:15',428.16,NULL),(3368,5,3318,491,1,'2025-10-10 15:11:44',282,NULL),(3369,4,3319,495,1,'2025-10-11 14:34:04',15.49996,NULL),(3370,5,3319,495,1,'2025-10-11 14:34:04',871.5899999999999,NULL),(3371,20,3319,495,1,'2025-10-11 14:34:04',87.37,NULL),(3372,39,3319,495,1,'2025-10-11 14:34:04',241.19,NULL),(3373,40,3319,495,1,'2025-10-11 14:34:04',1191.66,NULL),(3374,41,3319,495,1,'2025-10-11 14:34:04',310.17,NULL),(3375,10,3320,NULL,1,'2025-10-11 21:25:22',98,12),(3376,10,3321,NULL,1,'2025-10-11 21:25:49',63,12),(3377,117,3322,NULL,1,'2025-10-11 21:27:07',1.5,26),(3378,10,3323,NULL,1,'2025-10-11 21:27:40',72,12),(3379,10,3324,NULL,1,'2025-10-11 21:28:14',74,12),(3380,117,3325,NULL,1,'2025-10-11 21:28:48',1.8,26),(3381,10,3326,NULL,1,'2025-10-11 21:42:37',25,12),(3382,10,3327,NULL,1,'2025-10-11 21:50:10',58,12),(3383,117,3328,NULL,1,'2025-10-11 21:50:41',1.5,26),(3384,10,3329,NULL,1,'2025-10-11 21:51:36',73,12),(3385,10,3330,NULL,1,'2025-10-11 21:52:59',93,12),(3386,117,3331,NULL,1,'2025-10-11 21:53:34',1.95,26),(3387,10,3332,NULL,1,'2025-10-11 21:54:13',31,12),(3388,10,3333,NULL,1,'2025-10-11 21:54:49',69,12),(3389,10,3334,NULL,1,'2025-10-11 21:55:20',108,12),(3390,117,3335,NULL,1,'2025-10-11 21:55:57',3.15,26),(3391,10,3336,NULL,1,'2025-10-13 12:28:35',92,12),(3392,10,3337,NULL,1,'2025-10-13 12:29:01',121,12),(3393,10,3338,NULL,1,'2025-10-13 12:29:30',121,12),(3394,10,3339,NULL,1,'2025-10-13 12:30:09',252,12),(3395,10,3340,NULL,1,'2025-10-13 12:30:34',175,12),(3396,10,3341,NULL,1,'2025-10-13 12:30:56',178,12),(3397,103,3342,NULL,2,'2025-10-13 12:32:41',948,2),(3398,3,3343,NULL,2,'2025-10-13 12:33:45',669.97,3),(3399,2,3344,NULL,2,'2025-10-13 12:34:36',381.46,3),(3400,99,3345,NULL,2,'2025-10-13 12:41:35',1112.31,3),(3401,100,3346,NULL,2,'2025-10-13 12:42:03',1019.97,3),(3402,101,3347,NULL,2,'2025-10-13 12:42:25',142.99,3),(3403,102,3348,NULL,2,'2025-10-13 12:42:46',45.99,3),(3404,109,3349,NULL,2,'2025-10-13 12:43:16',687.44,3),(3405,105,3350,NULL,2,'2025-10-13 12:43:44',135.66,9),(3406,108,3351,NULL,2,'2025-10-13 12:44:38',42.99,9),(3407,106,3352,NULL,2,'2025-10-13 12:45:10',126,9),(3408,109,3353,NULL,2,'2025-10-13 12:46:29',234.09,3),(3409,103,3354,NULL,2,'2025-10-13 12:47:38',304,2),(3410,3,3355,NULL,2,'2025-10-13 12:48:29',918.98,3),(3411,2,3356,NULL,2,'2025-10-13 12:48:52',1075.95,3),(3412,99,3357,NULL,2,'2025-10-13 12:49:38',1575.45,3),(3413,100,3358,NULL,2,'2025-10-13 12:50:05',530,3),(3414,102,3359,NULL,2,'2025-10-13 12:50:43',33.98,3),(3415,109,3360,NULL,2,'2025-10-13 12:51:04',962.45,3),(3416,109,3361,NULL,2,'2025-10-13 12:51:31',126.98,3),(3417,103,3362,NULL,2,'2025-10-13 12:53:16',457.5,2),(3418,3,3363,NULL,2,'2025-10-13 12:53:43',832.86,3),(3419,2,3364,NULL,2,'2025-10-13 12:54:09',358.09,3),(3420,99,3365,NULL,2,'2025-10-13 13:00:20',1072.36,3),(3421,100,3366,NULL,2,'2025-10-13 13:01:19',546.75,3),(3422,101,3367,NULL,2,'2025-10-13 13:01:52',294.84,3),(3423,102,3368,NULL,2,'2025-10-13 13:02:26',136.5,3),(3424,109,3369,NULL,2,'2025-10-13 13:02:54',592.64,3),(3425,105,3370,NULL,2,'2025-10-13 13:03:58',361.95,9),(3426,108,3371,NULL,2,'2025-10-13 13:04:35',126,9),(3427,103,3372,NULL,2,'2025-10-13 13:06:23',393,2),(3428,3,3373,NULL,2,'2025-10-13 13:07:33',1833.08,3),(3429,2,3374,NULL,2,'2025-10-13 13:08:15',750.27,3),(3430,99,3375,NULL,2,'2025-10-13 13:08:39',1349.68,3),(3431,100,3376,NULL,2,'2025-10-13 13:09:06',1055.56,3),(3432,109,3377,NULL,2,'2025-10-13 13:09:38',1049.69,3),(3433,105,3378,NULL,2,'2025-10-13 13:10:35',34,9),(3434,108,3379,NULL,2,'2025-10-13 13:11:08',94,9),(3435,106,3380,NULL,2,'2025-10-13 13:11:51',74,9),(3436,103,3381,NULL,2,'2025-10-13 13:14:54',980,2),(3437,3,3382,NULL,2,'2025-10-13 13:15:28',1289.77,3),(3438,2,3383,NULL,2,'2025-10-13 13:15:48',836.76,3),(3439,99,3384,NULL,2,'2025-10-13 13:16:24',1509.9,3),(3440,100,3385,NULL,2,'2025-10-13 13:17:15',1460.47,3),(3441,101,3386,NULL,2,'2025-10-13 13:25:16',171.49,3),(3442,102,3387,NULL,2,'2025-10-13 13:25:42',270.49,3),(3443,109,3388,NULL,2,'2025-10-13 13:26:05',1774.34,3),(3444,105,3389,NULL,2,'2025-10-13 13:26:36',135.49,9),(3445,106,3390,NULL,2,'2025-10-13 13:27:08',159.97,9),(3446,109,3391,NULL,2,'2025-10-13 13:27:48',140.98,3),(3447,4,3392,496,1,'2025-10-13 13:46:27',831.5020000000001,NULL),(3448,119,3393,NULL,1,'2025-10-13 13:56:00',8.892,NULL),(3449,119,3394,NULL,1,'2025-10-13 13:56:00',30.856,NULL),(3450,114,3395,NULL,1,'2025-10-13 13:56:51',4.379925,NULL),(3451,112,3396,NULL,1,'2025-10-13 13:56:51',7.6083,NULL),(3452,116,3397,NULL,1,'2025-10-13 13:56:51',4.86675,NULL),(3453,113,3398,NULL,1,'2025-10-13 13:58:24',56.98,NULL),(3454,113,3399,NULL,1,'2025-10-13 13:58:24',29.134,NULL),(3455,115,3400,NULL,1,'2025-10-13 13:59:08',4.747,NULL),(3456,119,3401,NULL,1,'2025-10-13 14:00:04',2.58324,NULL),(3457,123,3402,NULL,1,'2025-10-13 14:00:30',10.77945,NULL),(3458,123,3403,NULL,1,'2025-10-13 14:00:30',17.3525,NULL),(3459,123,3404,NULL,1,'2025-10-13 14:00:30',4.345,NULL),(3460,123,3405,NULL,1,'2025-10-13 14:00:30',5.93945,NULL),(3461,115,3406,NULL,1,'2025-10-13 14:02:25',9.306,NULL),(3462,15,3407,NULL,1,'2025-10-13 14:02:25',13.621825,NULL),(3463,114,3408,NULL,1,'2025-10-13 14:02:25',4.128675,NULL),(3464,116,3409,NULL,1,'2025-10-13 14:02:25',2.0385,NULL),(3465,112,3410,NULL,1,'2025-10-13 14:02:25',6.3918,NULL),(3466,119,3411,NULL,1,'2025-10-13 14:04:21',29.1802,NULL),(3467,112,3412,NULL,1,'2025-10-13 14:04:40',2.350875,NULL),(3468,116,3413,NULL,1,'2025-10-13 14:08:39',1.6335,NULL),(3469,113,3414,NULL,1,'2025-10-13 14:12:25',15.82,NULL),(3470,115,3415,NULL,1,'2025-10-13 14:16:07',13.90025,NULL),(3471,115,3416,NULL,1,'2025-10-13 14:16:07',8.32135,NULL),(3472,115,3417,NULL,1,'2025-10-13 14:16:07',4.20603,NULL),(3473,117,3418,NULL,1,'2025-10-14 11:36:17',2.25,26),(3474,117,3419,NULL,1,'2025-10-14 11:36:47',3.6,26),(3475,10,3420,NULL,1,'2025-10-14 11:37:31',63,12),(3476,10,3421,NULL,1,'2025-10-14 11:37:52',53,12),(3477,117,3422,NULL,1,'2025-10-14 11:38:17',1.5,26),(3478,103,3423,NULL,2,'2025-10-14 11:39:47',414,2),(3479,3,3424,NULL,2,'2025-10-14 11:40:14',1257,3),(3480,2,3425,NULL,2,'2025-10-14 11:40:38',1444.5,3),(3481,99,3426,NULL,2,'2025-10-14 11:44:49',2398.96,3),(3482,100,3427,NULL,2,'2025-10-14 11:45:16',1166.97,3),(3483,101,3428,NULL,2,'2025-10-14 11:45:41',439,3),(3484,102,3429,NULL,2,'2025-10-14 11:46:16',76,3),(3485,109,3430,NULL,2,'2025-10-14 11:51:05',1525,3),(3486,105,3431,NULL,2,'2025-10-14 11:51:28',88,9),(3487,109,3432,NULL,2,'2025-10-14 11:51:57',511.96,3),(3488,103,3433,NULL,2,'2025-10-14 11:52:59',1547,2),(3489,3,3434,NULL,2,'2025-10-14 11:53:28',3929.97,3),(3490,2,3435,NULL,2,'2025-10-14 11:53:53',1079,3),(3491,99,3436,NULL,2,'2025-10-14 11:54:16',6421.41,3),(3492,100,3437,NULL,2,'2025-10-14 11:54:59',2526,3),(3493,101,3438,NULL,2,'2025-10-14 11:55:21',647.22,3),(3494,102,3439,NULL,2,'2025-10-14 11:55:49',1033,3),(3495,109,3440,NULL,2,'2025-10-14 11:56:17',2675.5,3),(3496,105,3441,NULL,2,'2025-10-14 11:56:39',120,9),(3497,108,3442,NULL,2,'2025-10-14 11:57:04',90,9),(3498,106,3443,NULL,2,'2025-10-14 11:57:35',502.89,9),(3499,109,3444,NULL,2,'2025-10-14 11:58:13',150.97,3),(3500,103,3445,NULL,2,'2025-10-14 11:58:58',436,2),(3501,3,3446,NULL,2,'2025-10-14 11:59:28',666.46,3),(3502,2,3447,NULL,2,'2025-10-14 11:59:49',411.96,3),(3503,99,3448,NULL,2,'2025-10-14 12:00:25',1036.46,3),(3504,100,3449,NULL,2,'2025-10-14 12:00:49',619.96,3),(3505,101,3450,NULL,2,'2025-10-14 12:01:16',110.99,3),(3506,102,3451,NULL,2,'2025-10-14 12:02:58',45,3),(3507,109,3452,NULL,2,'2025-10-14 12:03:16',792.46,3),(3508,108,3453,NULL,2,'2025-10-14 12:05:48',41.49,9),(3509,106,3454,NULL,2,'2025-10-14 12:06:30',119,9),(3510,109,3455,NULL,2,'2025-10-14 12:08:00',276.22,3),(3511,128,3456,NULL,2,'2025-10-14 12:19:20',11533.97,28),(3512,128,3457,NULL,2,'2025-10-14 12:20:43',8793.99,28),(3513,128,3458,NULL,2,'2025-10-14 12:21:23',10323.39,28),(3514,128,3459,NULL,2,'2025-10-14 12:21:59',1246.49,28),(3515,127,3460,NULL,1,'2025-10-14 12:23:16',559.67,27),(3516,126,3461,NULL,1,'2025-10-14 12:24:09',18.99,27),(3517,127,3462,NULL,1,'2025-10-14 12:25:00',2567.37,27),(3518,126,3463,NULL,1,'2025-10-14 12:29:57',108.92,27),(3519,127,3464,NULL,1,'2025-10-14 12:31:21',2351.67,27),(3520,126,3465,NULL,1,'2025-10-14 12:31:57',134.92,27),(3521,127,3466,NULL,1,'2025-10-14 12:32:53',2721.27,27),(3522,126,3467,NULL,1,'2025-10-14 12:33:28',137.91,27),(3523,127,3468,NULL,1,'2025-10-14 12:34:11',559.67,27),(3524,126,3469,NULL,1,'2025-10-14 12:35:57',18.99,27),(3525,46,3470,NULL,1,'2025-10-14 13:27:26',648.72,16),(3526,53,3471,NULL,1,'2025-10-14 13:28:22',1889.57,16),(3527,137,3472,NULL,1,'2025-10-14 13:28:55',123.54,4),(3528,14,3473,NULL,1,'2025-10-14 13:29:30',84.9,16),(3529,45,3474,NULL,1,'2025-10-14 13:30:08',9459.21,16),(3530,42,3475,NULL,1,'2025-10-14 13:30:52',30,16),(3531,28,3476,NULL,1,'2025-10-14 13:31:27',240.21,4),(3532,116,3477,NULL,1,'2025-10-14 13:46:50',2.7135,NULL),(3533,116,3478,NULL,1,'2025-10-14 13:46:50',6.453,NULL),(3534,116,3479,NULL,1,'2025-10-14 13:46:51',3.70575,NULL),(3535,114,3480,NULL,1,'2025-10-14 13:47:10',17.902425,NULL),(3536,114,3481,NULL,1,'2025-10-14 13:47:10',15.27375,NULL),(3537,114,3482,NULL,1,'2025-10-14 13:47:10',4.9554,NULL),(3538,112,3483,NULL,1,'2025-10-14 13:47:22',15.4425,NULL),(3539,112,3484,NULL,1,'2025-10-14 13:47:22',11.127375,NULL),(3540,112,3485,NULL,1,'2025-10-14 13:47:22',7.737975,NULL),(3541,114,3486,NULL,1,'2025-10-14 13:48:18',3.292425,NULL),(3542,119,3487,NULL,1,'2025-10-14 13:49:10',37.84496,NULL),(3543,119,3488,NULL,1,'2025-10-14 13:49:10',9.88,NULL),(3544,119,3489,NULL,1,'2025-10-14 13:49:10',10.108,NULL),(3545,15,3490,NULL,1,'2025-10-14 14:00:03',21.7931,NULL),(3546,113,3491,NULL,1,'2025-10-14 14:00:03',29.86725,NULL),(3547,15,3492,NULL,1,'2025-10-14 14:00:03',22.337525,NULL),(3548,115,3493,NULL,1,'2025-10-14 14:00:03',4.57075,NULL),(3549,15,3494,NULL,1,'2025-10-14 14:00:03',21.33985,NULL),(3550,112,3495,NULL,1,'2025-10-14 14:00:03',6.328125,NULL),(3551,115,3496,NULL,1,'2025-10-14 14:00:03',13.853015,NULL),(3552,15,3497,NULL,1,'2025-10-14 14:00:03',18.639775,NULL),(3553,116,3498,NULL,1,'2025-10-14 14:00:03',12.139875,NULL),(3554,15,3499,NULL,1,'2025-10-14 14:00:03',48.1775,NULL),(3555,114,3500,NULL,1,'2025-10-14 14:02:53',7.649775,NULL),(3556,116,3501,NULL,1,'2025-10-14 14:02:54',0.620865,NULL),(3557,112,3502,NULL,1,'2025-10-14 14:02:54',2.86095,NULL),(3558,113,3503,NULL,1,'2025-10-14 14:04:35',25.681425,NULL),(3559,15,3504,NULL,1,'2025-10-14 14:06:31',43.0325,NULL),(3560,113,3505,NULL,1,'2025-10-14 14:06:31',36.652,NULL),(3561,116,3506,NULL,1,'2025-10-14 14:08:35',0.45873,NULL),(3562,112,3507,NULL,1,'2025-10-14 14:08:35',8.069625,NULL),(3563,114,3508,NULL,1,'2025-10-14 14:08:35',3.975,NULL),(3564,15,3509,NULL,1,'2025-10-14 14:08:35',63.72765,NULL),(3565,113,3510,NULL,1,'2025-10-14 14:08:35',57.428525,NULL),(3566,115,3511,NULL,1,'2025-10-14 14:08:35',19.0115,NULL),(3567,119,3512,NULL,1,'2025-10-14 14:08:54',46.5652,NULL),(3568,116,3513,NULL,1,'2025-10-14 14:11:39',1.84275,NULL),(3569,114,3514,NULL,1,'2025-10-14 14:11:39',4.100625,NULL),(3570,112,3515,NULL,1,'2025-10-14 14:11:39',2.685675,NULL),(3571,15,3516,NULL,1,'2025-10-14 14:13:11',16.3289,NULL),(3572,113,3517,NULL,1,'2025-10-14 14:13:11',20.456975,NULL),(3573,123,3518,NULL,1,'2025-10-14 14:13:29',14.62945,NULL),(3574,123,3519,NULL,1,'2025-10-14 14:13:29',13.6125,NULL),(3575,123,3520,NULL,1,'2025-10-14 14:13:29',4.18,NULL),(3576,114,3521,NULL,1,'2025-10-14 14:15:34',7.9167,NULL),(3577,112,3522,NULL,1,'2025-10-14 14:15:34',5.627025,NULL),(3578,15,3523,NULL,1,'2025-10-14 14:15:34',16.5011,NULL),(3579,113,3524,NULL,1,'2025-10-14 14:15:34',24.48915,NULL),(3580,115,3525,NULL,1,'2025-10-14 14:15:34',3.924265,NULL),(3581,115,3526,NULL,1,'2025-10-14 14:15:34',0.799,NULL),(3582,119,3527,NULL,1,'2025-10-14 14:15:46',26.21696,NULL),(3583,119,3528,NULL,1,'2025-10-14 14:15:46',3.2224,NULL),(3584,113,3529,NULL,1,'2025-10-14 14:19:29',22.1662,NULL),(3585,15,3530,NULL,1,'2025-10-14 14:19:29',19.570425,NULL),(3586,115,3531,NULL,1,'2025-10-14 14:19:29',5.15825,NULL),(3587,115,3532,NULL,1,'2025-10-14 14:22:00',1.8565,NULL),(3588,115,3533,NULL,1,'2025-10-14 14:22:00',6.182615,NULL),(3589,115,3534,NULL,1,'2025-10-14 14:22:00',5.9455,NULL),(3590,113,3535,NULL,1,'2025-10-14 14:22:24',30.765,NULL),(3591,113,3536,NULL,1,'2025-10-14 14:22:24',47.710775,NULL),(3592,113,3537,NULL,1,'2025-10-14 14:22:24',36.641325,NULL),(3593,15,3538,NULL,1,'2025-10-14 14:24:09',30.565675,NULL),(3594,15,3539,NULL,1,'2025-10-14 14:24:09',17.54025,NULL),(3595,116,3540,NULL,1,'2025-10-14 14:25:23',13.9455,NULL),(3596,116,3541,NULL,1,'2025-10-14 14:25:23',1.026,NULL),(3597,116,3542,NULL,1,'2025-10-14 14:25:23',3.651615,NULL),(3598,112,3543,NULL,1,'2025-10-14 14:25:43',8.0925,NULL),(3599,112,3544,NULL,1,'2025-10-14 14:25:43',10.83375,NULL),(3600,112,3545,NULL,1,'2025-10-14 14:25:43',6.2757,NULL),(3601,114,3546,NULL,1,'2025-10-14 14:26:02',18.945,NULL),(3602,114,3547,NULL,1,'2025-10-14 14:26:02',8.752275,NULL),(3603,114,3548,NULL,1,'2025-10-14 14:26:02',10.953525,NULL),(3604,119,3549,NULL,1,'2025-10-14 14:27:55',9.728,NULL),(3605,119,3550,NULL,1,'2025-10-14 14:27:55',5.624,NULL),(3606,114,3551,NULL,1,'2025-10-14 14:30:11',4.6497,NULL),(3607,116,3552,NULL,1,'2025-10-14 14:30:11',0.6075,NULL),(3608,112,3553,NULL,1,'2025-10-14 14:30:11',3.0897,NULL),(3609,15,3554,NULL,1,'2025-10-14 14:30:11',31.361225,NULL),(3610,119,3555,NULL,1,'2025-10-14 14:30:29',22.268,NULL),(3611,19,3556,506,1,'2025-10-14 21:33:00',117.5,NULL),(3612,40,3557,505,1,'2025-10-14 21:33:30',800,NULL),(3613,6,3558,500,1,'2025-10-14 21:35:43',135.89,NULL),(3614,16,3558,500,1,'2025-10-14 21:35:43',610.81,NULL),(3615,5,3559,501,1,'2025-10-14 21:36:14',507,NULL),(3616,16,3560,504,1,'2025-10-14 21:36:35',774,NULL),(3617,16,3561,503,1,'2025-10-14 21:36:50',673.74999999987,NULL),(3618,1,3562,499,1,'2025-10-14 21:37:47',2816,NULL),(3619,1,3563,498,1,'2025-10-14 21:38:28',5553.8600000052,NULL),(3620,5,3564,502,1,'2025-10-14 21:39:29',535.8,NULL),(3621,6,3565,497,1,'2025-10-14 21:39:32',2884.98,NULL),(3622,4,3566,507,1,'2025-10-14 21:49:20',280,NULL),(3623,39,3567,508,1,'2025-10-14 21:52:31',248,NULL),(3624,10,3568,NULL,1,'2025-10-16 11:39:08',87,12),(3625,10,3569,NULL,1,'2025-10-16 11:50:52',83,12),(3626,117,3570,NULL,1,'2025-10-16 11:51:30',1.95,26),(3627,10,3571,NULL,1,'2025-10-16 11:52:03',67,12),(3628,10,3572,NULL,1,'2025-10-16 11:52:35',78,12),(3629,117,3573,NULL,1,'2025-10-16 11:53:01',2.85,26),(3630,103,3574,NULL,2,'2025-10-16 11:56:41',225,2),(3631,3,3575,NULL,2,'2025-10-16 11:57:24',685.46,3),(3632,2,3576,NULL,2,'2025-10-16 11:57:42',204,3),(3633,99,3577,NULL,2,'2025-10-16 11:58:08',1470.95,3),(3634,100,3578,NULL,2,'2025-10-16 11:58:33',493.99,3),(3635,101,3579,NULL,2,'2025-10-16 11:59:00',115.99,3),(3636,102,3580,NULL,2,'2025-10-16 11:59:24',70,3),(3637,109,3581,NULL,2,'2025-10-16 11:59:54',768.91,3),(3638,108,3582,NULL,2,'2025-10-16 12:00:26',195.99,9),(3639,106,3583,NULL,2,'2025-10-16 12:00:55',85,9),(3640,109,3584,NULL,2,'2025-10-16 12:01:20',247.97,3),(3641,103,3585,NULL,2,'2025-10-16 12:02:13',466,2),(3642,3,3586,NULL,2,'2025-10-16 12:02:51',1255.22,3),(3643,2,3587,NULL,2,'2025-10-16 12:04:47',537.99,3),(3644,99,3588,NULL,2,'2025-10-16 12:05:16',975.29,3),(3645,100,3589,NULL,2,'2025-10-16 12:05:39',890.98,3),(3646,101,3590,NULL,2,'2025-10-16 12:06:21',136.5,3),(3647,102,3591,NULL,2,'2025-10-16 12:06:43',480.48,3),(3648,109,3592,NULL,2,'2025-10-16 12:07:01',1351.79,3),(3649,105,3593,NULL,2,'2025-10-16 12:07:41',246,9),(3650,108,3594,NULL,2,'2025-10-16 12:08:27',33.99,9),(3651,106,3595,NULL,2,'2025-10-16 12:09:36',190.74,9),(3652,109,3596,NULL,2,'2025-10-16 12:09:59',137.1,3),(3653,4,3597,509,1,'2025-10-16 12:50:33',860.9989999999999,NULL),(3654,4,3598,510,1,'2025-10-16 12:55:46',8.593399999999999,NULL),(3655,5,3598,510,1,'2025-10-16 12:55:46',11.88,NULL),(3656,20,3599,511,1,'2025-10-16 13:01:55',141.22,NULL),(3657,5,3600,512,1,'2025-10-16 13:03:31',269.1,NULL),(3658,8,3601,513,1,'2025-10-16 13:06:14',204.95,NULL),(3659,20,3601,513,1,'2025-10-16 13:06:14',55.39,NULL),(3660,41,3602,NULL,1,'2025-10-16 13:07:05',27,16),(3661,135,3603,NULL,1,'2025-10-16 13:08:11',50,6),(3662,135,3604,NULL,1,'2025-10-16 13:09:06',39,6),(3663,116,3605,NULL,1,'2025-10-16 13:24:53',0.945,NULL),(3664,114,3606,NULL,1,'2025-10-16 13:24:53',3.704925,NULL),(3665,112,3607,NULL,1,'2025-10-16 13:24:53',1.53,NULL),(3666,119,3608,NULL,1,'2025-10-16 13:24:54',5.928,NULL),(3667,113,3609,NULL,1,'2025-10-16 13:24:54',78.664775,NULL),(3668,115,3610,NULL,1,'2025-10-16 13:24:54',15.5805,NULL),(3669,15,3611,NULL,1,'2025-10-16 13:24:54',47.79355,NULL),(3670,112,3612,NULL,1,'2025-10-16 13:27:16',4.034925,NULL),(3671,116,3613,NULL,1,'2025-10-16 13:27:16',6.48648,NULL),(3672,114,3614,NULL,1,'2025-10-16 13:27:16',6.68235,NULL),(3673,119,3615,NULL,1,'2025-10-16 13:27:16',4.522,NULL),(3674,15,3616,NULL,1,'2025-10-16 13:27:16',4.6767,NULL),(3675,113,3617,NULL,1,'2025-10-16 13:27:16',36.6653,NULL),(3676,123,3618,NULL,1,'2025-10-16 13:27:55',3.79445,NULL),(3677,123,3619,NULL,1,'2025-10-16 13:27:55',2.695,NULL),(3678,123,3620,NULL,1,'2025-10-16 13:27:56',4.18,NULL),(3679,123,3621,NULL,1,'2025-10-16 13:27:56',8.415,NULL),(3680,131,3622,NULL,1,'2025-10-16 13:35:24',1600,22),(3681,88,3623,NULL,1,'2025-10-16 13:35:56',11360,23),(3682,88,3624,NULL,1,'2025-10-16 13:36:22',825,23),(3683,141,3625,NULL,1,'2025-10-16 13:36:51',900,22),(3684,132,3626,NULL,1,'2025-10-16 13:37:19',45.85,25),(3685,83,3627,514,1,'2025-10-16 21:32:53',120,NULL),(3686,10,3628,NULL,1,'2025-10-16 21:53:44',72,12),(3687,10,3629,NULL,1,'2025-10-16 21:54:08',79,12),(3688,103,3630,NULL,2,'2025-10-16 22:01:06',230.5,2),(3689,117,3631,NULL,1,'2025-10-18 12:08:46',2.7,26),(3690,10,3632,NULL,1,'2025-10-18 12:10:45',45,12),(3691,10,3633,NULL,1,'2025-10-18 12:11:11',96,12),(3692,10,3634,NULL,1,'2025-10-18 12:27:18',70,12),(3693,117,3635,NULL,1,'2025-10-18 12:28:13',2.1,26),(3694,3,3636,NULL,2,'2025-10-18 12:30:07',1180.75,3),(3695,2,3637,NULL,2,'2025-10-18 12:33:06',783.11,3),(3696,99,3638,NULL,2,'2025-10-18 12:34:15',1282.95,3),(3697,101,3639,NULL,2,'2025-10-18 12:36:05',156.99,3),(3698,102,3640,NULL,2,'2025-10-18 12:36:35',130,3),(3699,109,3641,NULL,2,'2025-10-18 12:37:15',1577.13,3),(3700,109,3642,NULL,2,'2025-10-18 12:37:36',51.99,3),(3701,103,3643,NULL,2,'2025-10-18 13:41:08',317.9,2),(3702,3,3644,NULL,2,'2025-10-18 13:41:31',1072.04,3),(3703,2,3645,NULL,2,'2025-10-18 13:42:13',741.96,3),(3704,99,3646,NULL,2,'2025-10-18 13:43:51',2026.12,3),(3705,100,3647,NULL,2,'2025-10-18 13:44:26',693.95,3),(3706,101,3648,NULL,2,'2025-10-18 13:46:37',53.6,3),(3707,102,3649,NULL,2,'2025-10-18 13:46:57',480.49,3),(3708,109,3650,NULL,2,'2025-10-18 13:48:07',1009.57,3),(3709,105,3651,NULL,2,'2025-10-18 13:48:39',119.99,9),(3710,108,3652,NULL,2,'2025-10-18 13:54:20',267.99,9),(3711,106,3653,NULL,2,'2025-10-18 13:55:16',89,9),(3712,109,3654,NULL,2,'2025-10-18 13:56:30',711.16,3),(3713,10,3655,NULL,1,'2025-10-20 11:51:50',71,12),(3714,10,3656,NULL,1,'2025-10-20 11:52:29',128,12),(3715,10,3657,NULL,1,'2025-10-20 11:53:00',136,12),(3716,117,3658,NULL,1,'2025-10-20 11:54:22',2.25,26),(3717,10,3659,NULL,1,'2025-10-20 12:08:57',92,12),(3718,10,3660,NULL,1,'2025-10-20 12:10:20',164,12),(3719,10,3661,NULL,1,'2025-10-20 12:11:55',177,12),(3720,117,3662,NULL,1,'2025-10-20 12:14:03',2.55,26),(3721,103,3663,NULL,2,'2025-10-20 12:18:10',542.5,2),(3722,3,3664,NULL,2,'2025-10-20 12:19:40',2424,3),(3723,2,3665,NULL,2,'2025-10-20 12:20:03',1336,3),(3724,99,3666,NULL,2,'2025-10-20 12:20:46',2065.5,3),(3725,100,3667,NULL,2,'2025-10-20 12:21:19',1060,3),(3726,101,3668,NULL,2,'2025-10-20 12:21:43',271.5,3),(3727,102,3669,NULL,2,'2025-10-20 12:22:09',273,3),(3728,105,3670,NULL,2,'2025-10-20 12:22:45',364,9),(3729,109,3671,NULL,2,'2025-10-20 12:26:33',398.96,3),(3730,103,3672,NULL,2,'2025-10-20 12:31:23',409,2),(3731,3,3673,NULL,2,'2025-10-20 12:37:25',2321.25,3),(3732,2,3674,NULL,2,'2025-10-20 12:37:49',2591,3),(3733,99,3675,NULL,2,'2025-10-20 12:38:15',4534.7,3),(3734,100,3676,NULL,2,'2025-10-20 12:38:42',1243,3),(3735,101,3677,NULL,2,'2025-10-20 12:39:32',754.75,3),(3736,102,3678,NULL,2,'2025-10-20 12:41:02',340,3),(3737,109,3679,NULL,2,'2025-10-20 12:41:23',1823,3),(3738,105,3680,NULL,2,'2025-10-20 12:42:02',74,9),(3739,106,3681,NULL,2,'2025-10-20 12:42:29',281,9),(3740,109,3682,NULL,2,'2025-10-20 12:42:53',685.94,3),(3741,42,3683,NULL,1,'2025-10-20 21:02:31',189.9,16),(3742,142,3684,NULL,1,'2025-10-20 21:03:19',899.8,6),(3743,142,3685,NULL,1,'2025-10-20 21:04:05',49.99,6),(3744,52,3686,NULL,1,'2025-10-20 21:04:32',199.99,16),(3745,133,3687,NULL,1,'2025-10-20 21:07:56',4913.17,25),(3746,132,3688,NULL,1,'2025-10-20 21:09:23',1122.03,25),(3747,37,3689,NULL,1,'2025-10-20 21:09:58',1383.28,15),(3748,132,3690,NULL,1,'2025-10-20 21:55:20',95,25),(3749,5,3691,521,1,'2025-10-21 10:42:54',1638,NULL),(3750,5,3692,520,1,'2025-10-21 10:46:06',840,NULL),(3751,1,3693,519,1,'2025-10-21 10:48:21',4655.5499999958,NULL),(3752,1,3694,518,1,'2025-10-21 10:50:56',745.8,NULL),(3753,1,3695,517,1,'2025-10-21 10:51:36',255.5765,NULL),(3754,16,3696,516,1,'2025-10-21 11:58:28',751.78999999985,NULL),(3755,19,3697,515,1,'2025-10-21 12:02:41',124.5,NULL),(3756,5,3698,523,1,'2025-10-21 12:37:05',985.1800000000001,NULL),(3757,20,3699,525,1,'2025-10-21 12:59:08',779.6800000000001,NULL),(3758,1,3700,524,1,'2025-10-21 12:59:25',3498,NULL),(3759,116,3701,NULL,1,'2025-10-21 14:12:10',1.755,NULL),(3760,112,3702,NULL,1,'2025-10-21 14:12:10',5.873325,NULL),(3761,115,3703,NULL,1,'2025-10-21 14:12:10',2.256,NULL),(3762,113,3704,NULL,1,'2025-10-21 14:12:10',31.9144,NULL),(3763,15,3705,NULL,1,'2025-10-21 14:12:10',21.25095,NULL),(3764,119,3706,NULL,1,'2025-10-21 14:12:10',18.924,NULL),(3765,116,3707,NULL,1,'2025-10-21 14:17:38',4.59,NULL),(3766,116,3708,NULL,1,'2025-10-21 14:17:38',3.6855,NULL),(3767,116,3709,NULL,1,'2025-10-21 14:17:38',6.486615,NULL),(3768,114,3710,NULL,1,'2025-10-21 14:18:26',9.3225,NULL),(3769,114,3711,NULL,1,'2025-10-21 14:18:26',5.204625,NULL),(3770,114,3712,NULL,1,'2025-10-21 14:18:26',7.95,NULL),(3771,112,3713,NULL,1,'2025-10-21 14:18:54',19.4325,NULL),(3772,112,3714,NULL,1,'2025-10-21 14:18:54',10.02,NULL),(3773,112,3715,NULL,1,'2025-10-21 14:18:54',5.5647,NULL),(3774,15,3716,NULL,1,'2025-10-21 14:20:10',31.40305,NULL),(3775,15,3717,NULL,1,'2025-10-21 14:20:10',19.400675,NULL),(3776,15,3718,NULL,1,'2025-10-21 14:20:10',20.914425,NULL),(3777,113,3719,NULL,1,'2025-10-21 14:22:28',33.8093,NULL),(3778,113,3720,NULL,1,'2025-10-21 14:22:28',21.72555,NULL),(3779,115,3721,NULL,1,'2025-10-21 14:23:47',2.82,NULL),(3780,115,3722,NULL,1,'2025-10-21 14:23:47',6.6035,NULL),(3781,115,3723,NULL,1,'2025-10-21 14:23:47',0.939765,NULL),(3782,119,3724,NULL,1,'2025-10-21 14:24:19',15.276,NULL),(3783,119,3725,NULL,1,'2025-10-21 14:24:19',11.172,NULL),(3784,119,3726,NULL,1,'2025-10-21 14:24:19',17.404,NULL),(3785,103,3727,NULL,2,'2025-10-21 21:08:02',560,2),(3786,3,3728,NULL,2,'2025-10-21 21:08:37',1459.94,3),(3787,2,3729,NULL,2,'2025-10-21 21:10:53',701.93,3),(3788,99,3730,NULL,2,'2025-10-21 21:11:25',2171.82,3),(3789,100,3731,NULL,2,'2025-10-21 21:11:49',925.54,3),(3790,101,3732,NULL,2,'2025-10-21 21:12:14',571.5,3),(3791,102,3733,NULL,2,'2025-10-21 21:12:56',37.4,3),(3792,109,3734,NULL,2,'2025-10-21 21:13:24',1269.4,3),(3793,105,3735,NULL,2,'2025-10-21 21:13:52',52.99,9),(3794,108,3736,NULL,2,'2025-10-21 21:14:32',92,9),(3795,106,3737,NULL,2,'2025-10-21 21:15:07',153,9),(3796,109,3738,NULL,2,'2025-10-21 21:20:46',76.99,3),(3797,116,3739,NULL,1,'2025-10-21 21:24:32',0.5049,NULL),(3798,114,3740,NULL,1,'2025-10-21 21:24:32',6.94155,NULL),(3799,112,3741,NULL,1,'2025-10-21 21:24:32',5.264475,NULL),(3800,119,3742,NULL,1,'2025-10-21 21:24:32',4.332,NULL),(3801,113,3743,NULL,1,'2025-10-21 21:24:32',79.4752,NULL),(3802,115,3744,NULL,1,'2025-10-21 21:24:51',9.8465,NULL),(3803,10,3745,NULL,1,'2025-10-21 21:25:55',118,12),(3804,10,3746,NULL,1,'2025-10-21 21:26:22',71,12),(3805,117,3747,NULL,1,'2025-10-21 21:26:45',2.1,26),(3806,67,3748,NULL,1,'2025-10-21 21:32:42',500,7),(3807,67,3749,NULL,1,'2025-10-21 21:33:13',800,7),(3808,88,3750,NULL,1,'2025-10-21 21:34:25',820,23),(3809,51,3751,NULL,1,'2025-10-21 21:34:55',106.64,16),(3810,37,3752,NULL,1,'2025-10-21 21:35:37',5000,15),(3811,59,3753,NULL,1,'2025-10-21 21:37:36',36287.29,17),(3812,31,3754,NULL,1,'2025-10-21 21:41:04',3077.29,13),(3813,11,3755,NULL,1,'2025-10-21 21:41:33',2700.18,13),(3814,54,3756,NULL,1,'2025-10-21 21:42:35',254.27,17),(3815,54,3757,NULL,1,'2025-10-21 21:44:43',0.92,17),(3816,114,3758,NULL,1,'2025-10-21 21:55:14',2.38785,NULL),(3817,116,3759,NULL,1,'2025-10-21 21:59:07',3.672,NULL),(3818,103,3760,NULL,2,'2025-10-22 13:33:34',759,2),(3819,3,3761,NULL,2,'2025-10-22 13:34:14',1510.79,3),(3820,2,3762,NULL,2,'2025-10-22 13:34:33',909.46,3),(3821,99,3763,NULL,2,'2025-10-22 13:35:27',1263.72,3),(3822,100,3764,NULL,2,'2025-10-22 13:35:56',639.47,3),(3823,101,3765,NULL,2,'2025-10-22 13:36:34',30.74,3),(3824,102,3766,NULL,2,'2025-10-22 13:36:55',73.99,3),(3825,109,3767,NULL,2,'2025-10-22 13:37:15',928.48,3),(3826,105,3768,NULL,2,'2025-10-22 13:37:37',140,9),(3827,109,3769,NULL,2,'2025-10-22 13:38:22',452.58,3),(3828,117,3770,NULL,1,'2025-10-22 13:38:47',1.5,26),(3829,10,3771,NULL,1,'2025-10-22 13:39:18',62,12),(3830,10,3772,NULL,1,'2025-10-22 13:39:46',69,12),(3831,4,3773,526,1,'2025-10-22 13:41:56',350,NULL),(3832,6,3774,527,1,'2025-10-22 14:07:13',1224,NULL),(3833,5,3776,529,1,'2025-10-22 14:14:05',390,NULL),(3834,16,3777,528,1,'2025-10-22 14:14:08',774,NULL),(3835,20,3778,530,1,'2025-10-22 14:21:55',1330.52,NULL),(3836,21,3778,530,1,'2025-10-22 14:21:55',145.12,NULL),(3837,15,3779,NULL,1,'2025-10-22 14:29:59',46.917675,NULL),(3838,113,3780,NULL,1,'2025-10-22 14:29:59',77.645575,NULL),(3839,119,3781,NULL,1,'2025-10-22 14:29:59',9.576,NULL),(3840,114,3782,NULL,1,'2025-10-22 14:31:22',4.796025,NULL),(3841,116,3783,NULL,1,'2025-10-22 14:31:22',0.998865,NULL),(3842,112,3784,NULL,1,'2025-10-22 14:31:22',6.82095,NULL),(3843,10,3785,NULL,1,'2025-10-23 12:11:14',105,12),(3844,10,3786,NULL,1,'2025-10-23 12:11:34',64,12),(3845,117,3787,NULL,1,'2025-10-23 12:12:04',2.25,26),(3846,103,3788,NULL,2,'2025-10-23 12:18:01',215,2),(3847,3,3789,NULL,2,'2025-10-23 12:18:31',709.13,3),(3848,2,3790,NULL,2,'2025-10-23 12:19:00',1041.6,3),(3849,99,3791,NULL,2,'2025-10-23 12:19:23',1771.62,3),(3850,100,3792,NULL,2,'2025-10-23 12:19:48',1080.46,3),(3851,101,3793,NULL,2,'2025-10-23 12:20:14',197,3),(3852,102,3794,NULL,2,'2025-10-23 12:20:32',459,3),(3853,109,3795,NULL,2,'2025-10-23 12:20:49',841.58,3),(3854,108,3796,NULL,2,'2025-10-23 12:21:38',423.07,9),(3855,106,3797,NULL,2,'2025-10-23 12:22:09',106,9),(3856,109,3798,NULL,2,'2025-10-23 12:22:30',93.1,3),(3857,123,3799,NULL,1,'2025-10-23 13:54:52',9.67945,NULL),(3858,123,3800,NULL,1,'2025-10-23 13:54:52',16.8575,NULL),(3859,123,3801,NULL,1,'2025-10-23 13:54:52',2.94195,NULL),(3860,123,3802,NULL,1,'2025-10-23 13:54:52',7.04,NULL),(3861,123,3803,NULL,1,'2025-10-23 13:54:52',4.73,NULL),(3862,116,3804,NULL,1,'2025-10-23 13:57:03',6.1965,NULL),(3863,114,3805,NULL,1,'2025-10-23 13:57:03',8.10345,NULL),(3864,112,3806,NULL,1,'2025-10-23 13:57:03',7.812,NULL),(3865,115,3807,NULL,1,'2025-10-23 13:57:03',0.9635,NULL),(3866,113,3808,NULL,1,'2025-10-23 13:57:03',16.444225,NULL),(3867,15,3809,NULL,1,'2025-10-23 13:57:03',12.190675,NULL),(3868,10,3810,NULL,1,'2025-10-23 22:00:30',62,12),(3869,10,3811,NULL,1,'2025-10-23 22:00:59',74,12),(3870,5,3812,531,1,'2025-10-24 10:58:28',515.72,NULL),(3871,6,3813,532,1,'2025-10-24 11:03:26',1422.12,NULL),(3872,4,3814,533,1,'2025-10-24 11:09:29',831.004,NULL),(3873,103,3815,NULL,2,'2025-10-24 11:15:22',331,2),(3874,3,3816,NULL,2,'2025-10-24 11:15:48',730.72,3),(3875,2,3817,NULL,2,'2025-10-24 11:16:08',799.97,3),(3876,99,3818,NULL,2,'2025-10-24 11:17:11',964.99,3),(3877,100,3819,NULL,2,'2025-10-24 11:17:53',1209.93,3),(3878,101,3820,NULL,2,'2025-10-24 11:18:16',55,3),(3879,102,3821,NULL,2,'2025-10-24 11:18:37',312.99,3),(3880,109,3822,NULL,2,'2025-10-24 11:18:59',818.26,3),(3881,105,3823,NULL,2,'2025-10-24 11:19:22',224.5,3),(3882,108,3824,NULL,2,'2025-10-24 11:20:05',169,9),(3883,106,3825,NULL,2,'2025-10-24 11:21:36',67.99,9),(3884,109,3826,NULL,2,'2025-10-24 11:21:55',204.97,3),(3885,117,3827,NULL,1,'2025-10-24 11:22:31',1.8,26),(3886,116,3828,NULL,1,'2025-10-24 12:16:46',4.225365,NULL),(3887,114,3829,NULL,1,'2025-10-24 12:16:46',9.074475,NULL),(3888,112,3830,NULL,1,'2025-10-24 12:16:46',5.999775,NULL),(3889,113,3831,NULL,1,'2025-10-24 12:16:46',30.0671,NULL),(3890,15,3832,NULL,1,'2025-10-24 12:16:46',11.404925,NULL),(3891,83,3833,534,1,'2025-10-25 20:01:15',100,NULL),(3892,10,3834,NULL,1,'2025-10-25 20:06:50',106,12),(3893,10,3835,NULL,1,'2025-10-25 20:07:17',138,12),(3894,117,3836,NULL,1,'2025-10-25 20:08:08',1.95,26),(3895,103,3837,NULL,2,'2025-10-25 20:09:55',444,2),(3896,3,3838,NULL,2,'2025-10-25 20:11:40',1272.48,3),(3897,2,3839,NULL,2,'2025-10-25 20:12:03',936.98,3),(3898,99,3840,NULL,2,'2025-10-25 20:12:49',2897.48,3),(3899,100,3841,NULL,2,'2025-10-25 20:13:15',899.94,3),(3900,101,3842,NULL,2,'2025-10-25 20:13:59',204.98,3),(3901,102,3843,NULL,2,'2025-10-25 20:14:17',88.99,3),(3902,109,3844,NULL,2,'2025-10-25 20:14:36',961.57,3),(3903,108,3845,NULL,2,'2025-10-25 20:15:10',151.48,9),(3904,106,3846,NULL,2,'2025-10-25 20:16:12',165.48,9),(3905,101,3847,NULL,2,'2025-10-25 20:17:18',93.99,3),(3906,109,3848,NULL,2,'2025-10-25 20:17:43',115.99,3),(3907,10,3849,NULL,1,'2025-10-27 13:03:47',144,12),(3908,10,3850,NULL,1,'2025-10-27 13:04:12',141,12),(3909,10,3851,NULL,1,'2025-10-27 13:04:35',142,12),(3910,117,3852,NULL,1,'2025-10-27 13:05:13',3,26),(3911,10,3853,NULL,1,'2025-10-27 13:05:44',211,12),(3912,10,3854,NULL,1,'2025-10-27 13:06:12',210,12),(3913,10,3855,NULL,1,'2025-10-27 13:06:36',173,12),(3914,117,3856,NULL,1,'2025-10-27 13:07:06',3.3,26),(3915,103,3857,NULL,2,'2025-10-27 13:08:56',620.5,2),(3916,3,3858,NULL,2,'2025-10-27 13:09:37',1912.75,3),(3917,2,3859,NULL,2,'2025-10-27 13:10:11',958.97,3),(3918,99,3860,NULL,2,'2025-10-27 13:10:47',2261.25,3),(3919,100,3861,NULL,2,'2025-10-27 13:13:46',1145,3),(3920,101,3862,NULL,2,'2025-10-27 13:14:17',214.5,3),(3921,102,3863,NULL,2,'2025-10-27 13:14:46',13,3),(3922,109,3864,NULL,2,'2025-10-27 13:15:51',1681,3),(3923,105,3865,NULL,2,'2025-10-27 13:16:20',488,9),(3924,108,3866,NULL,2,'2025-10-27 13:23:33',157.99,9),(3925,106,3867,NULL,2,'2025-10-27 13:24:17',324,9),(3926,109,3868,NULL,2,'2025-10-27 13:25:39',446.94,3),(3927,103,3869,NULL,2,'2025-10-27 13:28:08',1604,2),(3928,3,3870,NULL,2,'2025-10-27 13:28:49',3343.14,3),(3929,2,3871,NULL,2,'2025-10-27 13:29:12',1964.48,3),(3930,99,3872,NULL,2,'2025-10-27 13:29:44',1344.83,3),(3931,101,3873,NULL,2,'2025-10-27 13:30:22',789,3),(3932,102,3874,NULL,2,'2025-10-27 13:31:07',392.5,3),(3933,109,3875,NULL,2,'2025-10-27 13:31:29',2159.5,3),(3934,105,3876,NULL,2,'2025-10-27 13:32:10',348.97,9),(3935,108,3877,NULL,2,'2025-10-27 13:33:27',64.75,9),(3936,106,3878,NULL,2,'2025-10-27 13:33:58',249.5,9),(3937,109,3879,NULL,2,'2025-10-27 13:34:22',249.5,3),(3938,10,3880,NULL,1,'2025-10-28 20:57:23',63,12),(3939,10,3881,NULL,1,'2025-10-28 20:57:55',63,12),(3940,10,3882,NULL,1,'2025-10-28 20:58:19',59,12),(3941,117,3883,NULL,1,'2025-10-28 21:02:37',0.9,26),(3942,103,3884,NULL,2,'2025-10-28 21:05:44',130,2),(3943,3,3885,NULL,2,'2025-10-28 21:07:33',1042.5,3),(3944,2,3886,NULL,2,'2025-10-28 21:08:11',431.96,3),(3945,99,3887,NULL,2,'2025-10-28 21:09:15',1143.94,3),(3946,100,3888,NULL,2,'2025-10-28 21:09:54',698.4,3),(3947,101,3889,NULL,2,'2025-10-28 21:11:02',225.72,3),(3948,102,3890,NULL,2,'2025-10-28 21:11:33',57.99,3),(3949,109,3891,NULL,2,'2025-10-28 21:12:24',559.92,3),(3950,108,3892,NULL,2,'2025-10-28 21:12:57',70.99,9),(3951,106,3893,NULL,2,'2025-10-28 21:13:25',73.49,9),(3952,109,3894,NULL,2,'2025-10-28 21:13:46',37.11,3),(3953,10,3895,NULL,1,'2025-10-29 13:15:16',37,12),(3954,10,3896,NULL,1,'2025-10-29 13:17:39',70,12),(3955,10,3897,NULL,1,'2025-10-29 13:18:12',100,12),(3956,117,3898,NULL,1,'2025-10-29 13:19:06',1.65,26),(3957,103,3899,NULL,2,'2025-10-29 13:24:35',395,2),(3958,3,3900,NULL,2,'2025-10-29 13:28:30',564.94,3),(3959,2,3901,NULL,2,'2025-10-29 13:30:45',688.72,3),(3960,99,3902,NULL,2,'2025-10-29 13:32:50',1350.88,3),(3961,100,3903,NULL,2,'2025-10-29 13:34:03',653.94,3),(3962,101,3904,NULL,2,'2025-10-29 13:34:36',274.46,3),(3963,102,3905,NULL,2,'2025-10-29 13:35:00',196,3),(3964,109,3906,NULL,2,'2025-10-29 13:35:23',852.24,3),(3965,105,3907,NULL,2,'2025-10-29 13:40:16',33.98,9),(3966,106,3908,NULL,2,'2025-10-29 13:40:55',122.97,9),(3967,109,3909,NULL,2,'2025-10-29 13:41:13',46.99,3),(3968,132,3910,NULL,1,'2025-10-29 13:48:58',200,25),(3969,1,3911,538,1,'2025-10-29 21:06:13',218.02,NULL),(3970,5,3911,538,1,'2025-10-29 21:06:13',20.9,NULL),(3971,6,3911,538,1,'2025-10-29 21:06:13',269.78,NULL),(3972,20,3912,537,1,'2025-10-29 21:07:04',1207.499908,NULL),(3973,21,3912,537,1,'2025-10-29 21:07:04',129.36,NULL),(3974,16,3913,536,1,'2025-10-29 21:11:40',798.4,NULL),(3975,19,3914,535,1,'2025-10-29 21:12:37',135,NULL),(3976,4,3915,542,1,'2025-10-29 21:34:51',612.9989999999999,NULL),(3977,4,3916,541,1,'2025-10-29 21:34:57',260,NULL),(3978,37,3917,NULL,1,'2025-10-29 21:37:28',18,15),(3979,135,3918,NULL,1,'2025-10-29 21:38:12',100,6),(3980,4,3919,543,1,'2025-10-29 21:39:45',3.4848,NULL),(3981,20,3920,544,1,'2025-10-29 21:41:43',107.38,NULL),(3982,20,3921,540,1,'2025-10-29 21:45:55',275.32,NULL),(3983,20,3922,539,1,'2025-10-29 21:45:59',899.04,NULL),(3984,10,3923,NULL,1,'2025-10-30 13:41:12',66,12),(3985,10,3924,NULL,1,'2025-10-30 13:41:33',56,12),(3986,117,3925,NULL,1,'2025-10-30 13:42:01',1.35,26),(3987,103,3926,NULL,2,'2025-10-30 13:43:03',403,2),(3988,3,3927,NULL,2,'2025-10-30 13:43:29',1232.49,3),(3989,2,3928,NULL,2,'2025-10-30 13:43:51',722.64,3),(3990,99,3929,NULL,2,'2025-10-30 13:44:14',1050.46,3),(3991,102,3930,NULL,2,'2025-10-30 13:46:34',129.99,3),(3992,100,3931,NULL,2,'2025-10-30 13:47:27',699.99,3),(3993,109,3932,NULL,2,'2025-10-30 13:47:58',534.34,3),(3994,108,3933,NULL,2,'2025-10-30 13:50:06',22,9),(3995,106,3934,NULL,2,'2025-10-30 13:50:46',70,9),(3996,109,3935,NULL,2,'2025-10-30 13:51:21',149.1,3),(3997,5,3936,545,1,'2025-10-30 14:06:08',151.75,NULL),(3998,39,3936,545,1,'2025-10-30 14:06:08',21.55,NULL),(3999,10,3937,NULL,1,'2025-10-31 14:10:33',88,12),(4000,10,3938,NULL,1,'2025-10-31 14:11:01',90,12),(4001,117,3939,NULL,1,'2025-10-31 14:11:33',2.7,26),(4002,103,3940,NULL,2,'2025-10-31 14:12:40',271,2),(4003,3,3941,NULL,2,'2025-10-31 14:13:08',1310.03,3),(4004,2,3942,NULL,2,'2025-10-31 14:13:29',925.92,3),(4005,99,3943,NULL,2,'2025-10-31 14:13:53',1283.58,3),(4006,100,3944,NULL,2,'2025-10-31 14:14:18',1008.23,3),(4007,101,3945,NULL,2,'2025-10-31 14:14:43',109,3),(4008,102,3946,NULL,2,'2025-10-31 14:15:11',187.99,3),(4009,109,3947,NULL,2,'2025-10-31 14:21:36',1418.45,3),(4010,105,3948,NULL,2,'2025-10-31 14:31:26',167.12,9),(4011,108,3949,NULL,2,'2025-10-31 14:32:04',39.99,9),(4012,106,3950,NULL,2,'2025-10-31 14:32:45',167.5,9),(4013,10,3951,NULL,1,'2025-11-02 13:55:41',67,12),(4014,10,3952,NULL,1,'2025-11-02 13:56:35',83,12),(4015,10,3953,NULL,1,'2025-11-02 13:57:00',123,12),(4016,103,3954,NULL,2,'2025-11-02 14:02:36',327,2),(4017,3,3955,NULL,2,'2025-11-02 14:03:21',1675.39,3),(4018,2,3956,NULL,2,'2025-11-02 14:03:39',1072,3),(4019,99,3957,NULL,2,'2025-11-02 14:04:03',1875.76,3),(4020,100,3958,NULL,2,'2025-11-02 14:04:34',1141.84,3),(4021,101,3959,NULL,2,'2025-11-02 14:05:05',221.8,3),(4022,102,3960,NULL,2,'2025-11-02 14:05:25',131.72,3),(4023,109,3961,NULL,2,'2025-11-02 14:05:43',1433.28,3),(4024,105,3962,NULL,2,'2025-11-02 14:06:32',51.89,9),(4025,108,3963,NULL,2,'2025-11-02 14:07:04',121,9),(4026,106,3964,NULL,2,'2025-11-02 14:07:30',701.67,9),(4027,109,3965,NULL,2,'2025-11-02 14:08:15',406.95,3),(4028,112,3966,NULL,1,'2025-11-02 14:15:41',14.7336,NULL),(4029,112,3967,NULL,1,'2025-11-02 14:15:41',7.192275,NULL),(4030,112,3968,NULL,1,'2025-11-02 14:15:41',7.02735,NULL),(4031,116,3969,NULL,1,'2025-11-02 14:16:08',5.29875,NULL),(4032,116,3970,NULL,1,'2025-11-02 14:16:08',0.1755,NULL),(4033,116,3971,NULL,1,'2025-11-02 14:16:08',1.201365,NULL),(4034,114,3972,NULL,1,'2025-11-02 14:16:37',6.74955,NULL),(4035,114,3973,NULL,1,'2025-11-02 14:16:37',8.5875,NULL),(4036,15,3974,NULL,1,'2025-11-02 14:19:10',20.914775,NULL),(4037,15,3975,NULL,1,'2025-11-02 14:19:10',19.329625,NULL),(4038,15,3976,NULL,1,'2025-11-02 14:19:10',20.675375,NULL),(4039,113,3977,NULL,1,'2025-11-02 14:19:48',40.9934,NULL),(4040,113,3978,NULL,1,'2025-11-02 14:19:48',16.7713,NULL),(4041,113,3979,NULL,1,'2025-11-02 14:19:48',23.61555,NULL),(4042,115,3980,NULL,1,'2025-11-02 14:20:40',9.013895,NULL),(4043,115,3981,NULL,1,'2025-11-02 14:20:40',5.745045,NULL),(4044,115,3982,NULL,1,'2025-11-02 14:20:40',4.77003,NULL),(4048,119,3986,NULL,1,'2025-11-02 14:22:48',2.964,NULL),(4049,119,3987,NULL,1,'2025-11-02 14:22:48',22.8,NULL),(4050,119,3988,NULL,1,'2025-11-02 14:22:48',11.66752,NULL),(4051,112,3989,NULL,1,'2025-11-02 14:30:27',3.2397,NULL),(4052,114,3990,NULL,1,'2025-11-02 14:30:59',5.238,NULL),(4053,116,3991,NULL,1,'2025-11-02 14:31:28',0.782865,NULL),(4054,15,3992,NULL,1,'2025-11-02 14:32:26',31.535,NULL),(4055,113,3993,NULL,1,'2025-11-02 14:34:09',36.9075,NULL),(4056,115,3994,NULL,1,'2025-11-02 14:34:09',10.34,NULL),(4057,119,3995,NULL,1,'2025-11-02 14:34:09',30.248,NULL),(4058,116,3996,NULL,1,'2025-11-02 14:40:40',2.646,NULL),(4059,114,3997,NULL,1,'2025-11-02 14:41:32',4.90455,NULL),(4060,112,3998,NULL,1,'2025-11-02 14:42:50',5.1654,NULL),(4061,113,3999,NULL,1,'2025-11-02 14:47:21',72.895025,NULL),(4062,15,4000,NULL,1,'2025-11-02 14:47:21',66.217725,NULL),(4063,119,4001,NULL,1,'2025-11-02 14:47:47',7.296,NULL),(4064,115,4002,NULL,1,'2025-11-02 14:47:47',8.2955,NULL),(4065,123,4003,NULL,1,'2025-11-02 14:48:44',6.93,NULL),(4066,123,4004,NULL,1,'2025-11-02 14:48:44',2.36445,NULL),(4067,123,4005,NULL,1,'2025-11-02 14:48:44',14.355,NULL),(4068,123,4006,NULL,1,'2025-11-02 14:48:44',5.885,NULL),(4069,123,4007,NULL,1,'2025-11-02 14:48:44',2.91445,NULL),(4070,15,4008,NULL,1,'2025-11-02 14:50:59',17.4398,NULL),(4071,115,4009,NULL,1,'2025-11-02 14:50:59',2.984265,NULL),(4072,113,4010,NULL,1,'2025-11-02 14:50:59',27.29055,NULL),(4073,119,4011,NULL,1,'2025-11-02 14:50:59',9.04172,NULL),(4074,112,4012,NULL,1,'2025-11-02 14:50:59',5.4198,NULL),(4075,116,4013,NULL,1,'2025-11-02 14:50:59',1.754865,NULL),(4076,114,4014,NULL,1,'2025-11-02 14:50:59',5.249925,NULL),(4077,116,4015,NULL,1,'2025-11-02 14:52:03',2.537865,NULL),(4078,114,4016,NULL,1,'2025-11-02 14:52:03',7.561725,NULL),(4079,112,4017,NULL,1,'2025-11-02 14:52:03',6.9444,NULL),(4080,115,4018,NULL,1,'2025-11-02 14:52:03',1.654165,NULL),(4081,113,4019,NULL,1,'2025-11-02 14:52:03',15.976975,NULL),(4082,15,4020,NULL,1,'2025-11-02 14:52:03',19.1485,NULL),(4083,117,4021,NULL,1,'2025-11-02 15:19:47',3.6,26),(4084,132,4022,NULL,1,'2025-11-02 21:04:19',419.39,25),(4085,142,4023,NULL,1,'2025-11-02 21:04:56',70.5,6),(4086,86,4024,NULL,1,'2025-11-02 21:13:53',1250,22),(4087,132,4025,NULL,1,'2025-11-02 21:14:41',20000,25),(4088,98,4026,NULL,1,'2025-11-02 21:15:14',20000,25),(4089,133,4027,NULL,1,'2025-11-02 21:19:14',1000,25),(4090,136,4028,NULL,1,'2025-11-02 21:19:42',589.67,4),(4091,53,4029,NULL,1,'2025-11-02 21:20:21',2117.07,16),(4092,42,4030,NULL,1,'2025-11-02 21:20:47',150,16),(4093,53,4031,NULL,1,'2025-11-02 21:21:08',4698.03,16),(4094,70,4032,NULL,1,'2025-11-02 21:21:31',2400,18),(4095,131,4033,NULL,1,'2025-11-02 21:22:05',1600,22),(4096,54,4034,NULL,1,'2025-11-02 21:22:33',225.92,17),(4097,54,4035,NULL,1,'2025-11-02 21:22:56',628.3,17),(4098,84,4036,NULL,1,'2025-11-02 21:23:17',1100,22),(4099,134,4037,NULL,1,'2025-11-02 21:23:47',8511.43,4),(4100,64,4038,NULL,1,'2025-11-02 21:24:18',275,6),(4101,51,4039,NULL,1,'2025-11-02 21:26:37',319.6,16),(4102,1,4040,565,1,'2025-11-04 14:00:28',400.76942,NULL),(4103,6,4041,564,1,'2025-11-04 14:01:55',383,NULL),(4104,6,4042,563,1,'2025-11-04 14:02:07',2878.59,NULL),(4105,39,4043,562,1,'2025-11-04 14:04:33',212,NULL),(4106,5,4044,561,1,'2025-11-04 14:05:14',2279.5,NULL),(4107,1,4045,560,1,'2025-11-04 14:05:45',4653.71,NULL),(4108,6,4046,559,1,'2025-11-04 14:07:00',226.35,NULL),(4109,1,4047,558,1,'2025-11-04 14:07:09',709.8,NULL),(4110,1,4048,557,1,'2025-11-04 14:08:08',435.67000000061,NULL),(4111,5,4048,557,1,'2025-11-04 14:08:08',42.95,NULL),(4112,5,4049,556,1,'2025-11-04 14:13:50',3501.7,NULL),(4113,1,4050,555,1,'2025-11-04 14:15:24',3490,NULL),(4114,16,4051,554,1,'2025-11-04 14:17:48',598.68,NULL),(4115,5,4052,553,1,'2025-11-04 14:17:51',43.66,NULL),(4116,40,4052,553,1,'2025-11-04 14:17:51',22.34,NULL),(4117,39,4053,552,1,'2025-11-04 14:19:46',186.6,NULL),(4118,1,4054,551,1,'2025-11-04 14:20:13',431.08,NULL),(4119,1,4055,550,1,'2025-11-04 14:21:36',5106.3900000034,NULL),(4120,5,4056,548,1,'2025-11-04 14:26:50',932.5,NULL),(4121,16,4057,568,1,'2025-11-04 20:04:11',967.5,NULL),(4122,40,4059,567,1,'2025-11-04 20:08:18',3061.28,NULL),(4123,16,4060,566,1,'2025-11-04 20:09:06',492.35328,NULL),(4124,5,4061,569,1,'2025-11-04 20:10:12',182,NULL),(4125,83,4062,570,1,'2025-11-04 20:11:38',60,NULL),(4126,4,4063,571,1,'2025-11-04 20:15:22',390,NULL),(4127,16,4064,572,1,'2025-11-04 20:17:33',129.485,NULL),(4128,5,4065,573,1,'2025-11-04 20:22:31',2438.07,NULL),(4129,39,4065,573,1,'2025-11-04 20:22:31',23.08,NULL),(4130,40,4066,574,1,'2025-11-04 20:24:52',507.44,NULL),(4131,10,4067,NULL,1,'2025-11-04 20:33:00',135,12),(4132,10,4068,NULL,1,'2025-11-04 20:33:30',100,12),(4133,10,4069,NULL,1,'2025-11-04 20:33:56',149,12),(4134,117,4070,NULL,1,'2025-11-04 20:34:27',1.8,26),(4135,10,4071,NULL,1,'2025-11-04 20:35:38',164,12),(4136,10,4072,NULL,1,'2025-11-04 20:36:26',151,12),(4137,10,4073,NULL,1,'2025-11-04 20:36:53',175,12),(4138,117,4074,NULL,1,'2025-11-04 20:37:23',6.45,26),(4139,10,4075,NULL,1,'2025-11-04 20:37:57',51,12),(4140,10,4076,NULL,1,'2025-11-04 20:38:21',64,12),(4141,117,4077,NULL,1,'2025-11-04 20:39:03',1.95,26),(4142,88,4078,NULL,1,'2025-11-06 13:52:58',21005,23),(4143,88,4079,NULL,1,'2025-11-06 13:53:38',800,23),(4144,10,4080,NULL,1,'2025-11-07 10:44:59',26,12),(4145,10,4081,NULL,1,'2025-11-07 10:45:20',49,12),(4146,10,4082,NULL,1,'2025-11-07 10:45:44',57,12),(4147,10,4083,NULL,1,'2025-11-07 10:46:21',107,12),(4148,117,4084,NULL,1,'2025-11-07 10:47:57',2.7,26),(4149,10,4085,NULL,1,'2025-11-07 10:49:17',80,12),(4150,117,4086,NULL,1,'2025-11-07 10:49:47',2.4,26),(4151,10,4087,NULL,1,'2025-11-07 10:50:23',91,12),(4152,10,4088,NULL,1,'2025-11-07 10:50:55',90,12),(4153,103,4089,NULL,2,'2025-11-07 10:55:20',1137.75,2),(4154,3,4090,NULL,2,'2025-11-07 10:57:31',2784.48,3),(4155,2,4091,NULL,2,'2025-11-07 10:57:56',1651,3),(4156,99,4092,NULL,2,'2025-11-07 10:58:20',2413.25,3),(4157,100,4093,NULL,2,'2025-11-07 10:59:06',436.98,3),(4158,101,4094,NULL,2,'2025-11-07 11:01:27',466,3),(4159,102,4095,NULL,2,'2025-11-07 11:29:34',176,3),(4160,109,4096,NULL,2,'2025-11-07 11:29:55',1069.5,3),(4161,105,4097,NULL,2,'2025-11-07 11:30:33',361.5,9),(4162,108,4098,NULL,2,'2025-11-07 11:31:16',300.5,9),(4163,106,4099,NULL,2,'2025-11-07 11:31:45',277.5,9),(4164,109,4100,NULL,2,'2025-11-07 11:32:14',888.91,3),(4165,103,4101,NULL,2,'2025-11-07 11:32:58',1483.5,2),(4166,3,4102,NULL,2,'2025-11-07 11:33:23',3119.47,3),(4167,2,4103,NULL,2,'2025-11-07 11:33:44',1807,3),(4168,99,4104,NULL,2,'2025-11-07 11:34:29',3486.5,3),(4169,100,4105,NULL,2,'2025-11-07 11:34:49',2181,3),(4170,101,4106,NULL,2,'2025-11-07 11:35:09',768.49,3),(4171,102,4107,NULL,2,'2025-11-07 11:36:22',625.49,3),(4172,109,4108,NULL,2,'2025-11-07 11:37:03',4074.36,3),(4173,105,4109,NULL,2,'2025-11-07 11:42:29',368.95,9),(4174,108,4110,NULL,2,'2025-11-07 11:43:13',68,9),(4175,106,4111,NULL,2,'2025-11-07 11:44:05',247,9),(4176,109,4112,NULL,2,'2025-11-07 11:45:22',255.97,3),(4177,103,4113,NULL,2,'2025-11-07 11:48:14',523,2),(4178,3,4114,NULL,2,'2025-11-07 11:48:45',451.27,3),(4179,2,4115,NULL,2,'2025-11-07 11:49:19',413.99,3),(4180,99,4116,NULL,2,'2025-11-07 11:50:25',870.94,3),(4181,100,4117,NULL,2,'2025-11-07 11:50:49',1077.72,3),(4182,101,4118,NULL,2,'2025-11-07 11:51:28',122.97,3),(4183,102,4119,NULL,2,'2025-11-07 11:52:02',156.96,3),(4184,109,4120,NULL,2,'2025-11-07 11:52:39',1006.86,3),(4185,105,4121,NULL,2,'2025-11-07 11:53:26',84,9),(4186,106,4122,NULL,2,'2025-11-07 11:54:19',110,9),(4187,109,4123,NULL,2,'2025-11-07 11:54:45',238.09,3),(4188,103,4124,NULL,2,'2025-11-07 11:56:19',132,2),(4189,3,4125,NULL,2,'2025-11-07 11:58:02',1031.57,3),(4190,2,4126,NULL,2,'2025-11-07 11:58:43',297.98,3),(4191,99,4127,NULL,2,'2025-11-07 11:59:17',1247.2,3),(4192,100,4128,NULL,2,'2025-11-07 11:59:43',229.29,3),(4193,101,4129,NULL,2,'2025-11-07 12:00:10',117.49,3),(4194,102,4130,NULL,2,'2025-11-07 12:00:38',307.65,3),(4195,109,4131,NULL,2,'2025-11-07 12:01:01',1334.71,3),(4196,105,4132,NULL,2,'2025-11-07 12:01:39',210,9),(4197,108,4133,NULL,2,'2025-11-07 12:02:20',175.49,9),(4198,106,4134,NULL,2,'2025-11-07 12:02:57',83,9),(4199,109,4135,NULL,2,'2025-11-07 12:03:41',48.99,3),(4200,103,4136,NULL,2,'2025-11-07 12:12:10',493,2),(4201,3,4137,NULL,2,'2025-11-07 12:14:31',1094.04,3),(4202,2,4138,NULL,2,'2025-11-07 12:14:57',513.35,3),(4203,99,4139,NULL,2,'2025-11-07 12:15:29',1107.16,3),(4204,100,4140,NULL,2,'2025-11-07 12:19:16',730.97,3),(4205,101,4141,NULL,2,'2025-11-07 12:21:30',151,3),(4206,102,4142,NULL,2,'2025-11-07 12:23:35',123.99,3),(4207,109,4143,NULL,2,'2025-11-07 12:24:40',981.99,3),(4208,105,4144,NULL,2,'2025-11-07 12:25:13',316.75,9),(4209,108,4145,NULL,2,'2025-11-07 12:25:40',204.75,9),(4210,106,4146,NULL,2,'2025-11-07 12:27:47',280.24,9),(4211,109,4147,NULL,2,'2025-11-07 12:28:10',94.99,3),(4212,1,4148,575,1,'2025-11-10 13:22:46',857.96,NULL),(4213,1,4149,576,1,'2025-11-10 13:23:07',3658.38,NULL),(4214,17,4150,578,1,'2025-11-10 13:26:43',816.36,NULL),(4215,5,4151,577,1,'2025-11-10 13:31:30',853.2,NULL),(4216,20,4152,579,1,'2025-11-10 13:32:39',1772.769842,NULL),(4217,21,4152,579,1,'2025-11-10 13:32:39',191.81,NULL),(4218,6,4153,580,1,'2025-11-10 13:34:25',1407.549,NULL),(4219,5,4154,581,1,'2025-11-10 13:38:51',1681.52,NULL),(4220,4,4155,583,1,'2025-11-10 14:08:29',8.3654,NULL),(4221,83,4156,582,1,'2025-11-10 14:08:34',100,NULL),(4222,5,4157,584,1,'2025-11-10 14:20:22',758,NULL),(4223,20,4158,585,1,'2025-11-10 14:22:53',155.05,NULL),(4224,39,4159,586,1,'2025-11-10 14:24:33',37.2,NULL),(4225,4,4160,587,1,'2025-11-11 20:39:21',1041.3360000000002,NULL),(4226,4,4161,588,1,'2025-11-11 20:54:28',737.882,NULL),(4227,20,4161,588,1,'2025-11-11 20:54:28',90.62,NULL),(4228,5,4162,589,1,'2025-11-11 20:56:38',76.36,NULL),(4229,10,4163,NULL,1,'2025-11-11 21:04:17',93,12),(4230,10,4164,NULL,1,'2025-11-11 21:04:49',90,12),(4231,117,4165,NULL,1,'2025-11-11 21:05:17',2.7,26),(4232,10,4166,NULL,1,'2025-11-11 21:05:53',104,12),(4233,10,4167,NULL,1,'2025-11-11 21:06:20',98,12),(4234,117,4168,NULL,1,'2025-11-11 21:09:38',3,26),(4235,10,4169,NULL,1,'2025-11-11 21:11:38',141,12),(4236,10,4170,NULL,1,'2025-11-11 21:13:56',177,12),(4237,10,4171,NULL,1,'2025-11-11 21:16:32',112,12),(4238,10,4172,NULL,1,'2025-11-11 21:16:58',64,12),(4239,117,4173,NULL,1,'2025-11-11 21:18:16',2.55,26),(4240,10,4174,NULL,1,'2025-11-11 21:20:09',188,12),(4241,10,4175,NULL,1,'2025-11-11 21:20:33',146,12),(4242,10,4176,NULL,1,'2025-11-11 21:21:09',131,12),(4243,117,4177,NULL,1,'2025-11-11 21:22:17',3,26),(4244,10,4178,NULL,1,'2025-11-11 21:22:53',23,12),(4245,10,4179,NULL,1,'2025-11-11 21:23:15',50,12),(4246,10,4180,NULL,1,'2025-11-11 21:23:38',49,12),(4247,117,4181,NULL,1,'2025-11-11 21:32:24',2.1,26),(4248,20,4182,590,1,'2025-11-11 21:34:27',241.59,NULL),(4249,88,4183,NULL,1,'2025-11-11 21:46:55',600,23),(4250,88,4184,NULL,1,'2025-11-11 21:47:42',550,23),(4251,88,4185,NULL,1,'2025-11-11 21:48:25',800,23),(4252,10,4186,NULL,1,'2025-11-11 21:49:15',49,12),(4253,10,4187,NULL,1,'2025-11-11 21:49:38',61,12),(4254,117,4188,NULL,1,'2025-11-13 10:46:51',1.5,26),(4255,10,4189,NULL,1,'2025-11-13 10:47:29',61,12),(4256,10,4190,NULL,1,'2025-11-13 10:48:02',62,12),(4257,10,4191,NULL,1,'2025-11-13 10:48:22',57,12),(4258,117,4192,NULL,1,'2025-11-13 10:49:01',2.25,26),(4259,103,4193,NULL,2,'2025-11-13 10:50:15',189,2),(4260,3,4194,NULL,2,'2025-11-13 10:50:55',1787.15,3),(4261,2,4195,NULL,2,'2025-11-13 10:51:19',581.79,3),(4262,99,4196,NULL,2,'2025-11-13 10:51:52',1296.18,3),(4263,100,4197,NULL,2,'2025-11-13 10:52:19',1195.99,3),(4264,101,4198,NULL,2,'2025-11-13 10:58:46',201,3),(4265,109,4199,NULL,2,'2025-11-13 10:59:19',1156.68,3),(4266,108,4200,NULL,2,'2025-11-13 11:00:08',72,9),(4267,106,4201,NULL,2,'2025-11-13 11:00:47',113.99,9),(4268,109,4202,NULL,2,'2025-11-13 11:01:07',258.97,3),(4269,103,4203,NULL,2,'2025-11-13 11:01:54',235.5,2),(4270,3,4204,NULL,2,'2025-11-13 11:03:53',1454.13,3),(4271,2,4205,NULL,2,'2025-11-13 11:04:20',1440.28,3),(4272,99,4206,NULL,2,'2025-11-13 11:05:00',3145.92,3),(4273,100,4207,NULL,2,'2025-11-13 11:05:23',1484.63,3),(4274,101,4208,NULL,2,'2025-11-13 11:05:59',132.48,3),(4275,102,4209,NULL,2,'2025-11-13 11:06:40',237.15,3),(4276,109,4210,NULL,2,'2025-11-13 11:07:20',1413.13,3),(4277,105,4211,NULL,2,'2025-11-13 11:07:46',295.63,9),(4278,106,4212,NULL,2,'2025-11-13 11:08:26',410.74,9),(4279,109,4213,NULL,2,'2025-11-13 11:08:46',144.97,3),(4280,103,4214,NULL,2,'2025-11-13 11:14:15',511,2),(4281,3,4215,NULL,2,'2025-11-13 11:14:58',1665.23,3),(4282,2,4216,NULL,2,'2025-11-13 11:15:24',1876.7,3),(4283,99,4217,NULL,2,'2025-11-13 11:16:16',3952.47,3),(4284,100,4218,NULL,2,'2025-11-13 11:16:49',1491.25,3),(4285,101,4219,NULL,2,'2025-11-13 11:17:17',269.46,3),(4286,109,4220,NULL,2,'2025-11-13 11:19:39',1692.35,3),(4287,105,4221,NULL,2,'2025-11-13 11:20:30',122,9),(4288,108,4222,NULL,2,'2025-11-13 11:20:59',222,9),(4289,109,4223,NULL,2,'2025-11-13 11:21:20',348.47,3),(4290,103,4224,NULL,2,'2025-11-13 11:22:36',1855,2),(4291,3,4225,NULL,2,'2025-11-13 11:23:01',3937.25,3),(4292,2,4226,NULL,2,'2025-11-13 11:23:33',2196.48,3),(4293,99,4227,NULL,2,'2025-11-13 11:24:11',3971,3),(4294,100,4228,NULL,2,'2025-11-13 11:24:39',1749,3),(4300,101,4234,NULL,2,'2025-11-13 13:22:26',356.5,3),(4301,102,4235,NULL,2,'2025-11-13 13:22:56',638,3),(4302,109,4236,NULL,2,'2025-11-13 13:23:24',2002.5,3),(4303,105,4237,NULL,2,'2025-11-13 13:23:49',357,9),(4304,106,4238,NULL,2,'2025-11-13 13:24:24',394.89,9),(4305,109,4239,NULL,2,'2025-11-13 13:25:19',598.44,3),(4306,103,4240,NULL,2,'2025-11-13 13:26:17',443,2),(4307,3,4241,NULL,2,'2025-11-13 13:27:24',1683.67,3),(4308,2,4242,NULL,2,'2025-11-13 13:27:50',327.99,3),(4309,99,4243,NULL,2,'2025-11-13 13:28:15',1047.4,3),(4310,100,4244,NULL,2,'2025-11-13 13:28:40',378.97,3),(4311,101,4245,NULL,2,'2025-11-13 13:29:06',359.98,3),(4312,102,4246,NULL,2,'2025-11-13 13:29:26',184.98,3),(4313,109,4247,NULL,2,'2025-11-13 13:29:46',904.95,3),(4314,108,4248,NULL,2,'2025-11-13 13:31:21',149,9),(4315,106,4249,NULL,2,'2025-11-13 13:31:49',105,9),(4316,109,4250,NULL,2,'2025-11-13 13:32:19',158.98,3),(4317,103,4251,NULL,2,'2025-11-13 13:33:10',187,2),(4318,3,4252,NULL,2,'2025-11-13 13:34:33',714.43,3),(4319,2,4253,NULL,2,'2025-11-13 13:34:55',216.99,3),(4320,99,4254,NULL,2,'2025-11-13 13:35:47',1265.69,3),(4321,100,4255,NULL,2,'2025-11-13 13:36:08',159.48,3),(4322,101,4256,NULL,2,'2025-11-13 13:36:42',244,3),(4323,102,4257,NULL,2,'2025-11-13 13:37:07',155,3),(4324,109,4258,NULL,2,'2025-11-13 13:37:28',752.49,3),(4325,108,4259,NULL,2,'2025-11-13 13:38:10',79,9),(4326,106,4260,NULL,2,'2025-11-13 13:38:42',109,9),(4327,109,4261,NULL,2,'2025-11-13 13:39:00',120.1,3),(4328,103,4262,NULL,2,'2025-11-13 13:40:31',375,2),(4329,3,4263,NULL,2,'2025-11-13 13:41:13',713.97,3),(4330,2,4264,NULL,2,'2025-11-13 13:41:42',281.99,3),(4331,99,4265,NULL,2,'2025-11-13 13:42:24',2128.07,3),(4332,100,4266,NULL,2,'2025-11-13 13:42:56',441.47,3),(4333,109,4267,NULL,2,'2025-11-13 13:43:43',1223.98,3),(4334,105,4268,NULL,2,'2025-11-13 13:46:15',44,9),(4335,108,4269,NULL,2,'2025-11-13 13:46:51',129.48,9),(4336,109,4270,NULL,2,'2025-11-13 13:47:08',127.98,3),(4337,5,4272,591,1,'2025-11-13 13:58:09',22.8,NULL),(4338,16,4272,591,1,'2025-11-13 13:58:09',133,NULL),(4339,6,4273,592,1,'2025-11-13 13:58:34',2491.203,NULL),(4340,5,4274,593,1,'2025-11-13 14:02:16',3234.29,NULL),(4341,40,4274,593,1,'2025-11-13 14:02:16',209.89,NULL),(4342,8,4275,594,1,'2025-11-13 14:05:07',451.48,NULL),(4343,20,4275,594,1,'2025-11-13 14:05:07',468.79,NULL),(4344,16,4276,595,1,'2025-11-13 14:05:36',889.0389,NULL),(4345,19,4277,596,1,'2025-11-13 14:06:50',123,NULL),(4346,5,4278,597,1,'2025-11-13 14:07:43',142.1,NULL),(4347,16,4278,597,1,'2025-11-13 14:07:43',798.24,NULL),(4348,8,4279,598,1,'2025-11-13 14:10:13',225.96,NULL),(4349,8,4280,599,1,'2025-11-13 14:11:10',225.96,NULL),(4350,10,4281,NULL,1,'2025-11-14 22:29:42',83,12),(4351,10,4282,NULL,1,'2025-11-14 22:30:04',83,12),(4352,10,4283,NULL,1,'2025-11-14 22:30:27',37,12),(4353,117,4284,NULL,1,'2025-11-14 22:30:56',1.95,26),(4354,5,4285,602,1,'2025-11-15 10:46:52',996,NULL),(4355,40,4286,601,1,'2025-11-15 10:47:30',800,NULL),(4356,5,4287,600,1,'2025-11-15 10:48:30',1638,NULL),(4357,39,4288,603,1,'2025-11-15 10:51:41',192,NULL),(4358,6,4289,604,1,'2025-11-15 10:56:57',585,NULL),(4359,4,4290,605,1,'2025-11-15 10:59:14',260,NULL),(4360,83,4291,607,1,'2025-11-15 15:34:26',100,NULL),(4361,41,4292,NULL,1,'2025-11-17 20:52:00',44,16),(4362,5,4293,606,1,'2025-11-17 20:52:24',1048.628,NULL),(4363,20,4293,606,1,'2025-11-17 20:52:24',77.65,NULL),(4364,39,4293,606,1,'2025-11-17 20:52:24',331.08,NULL),(4365,40,4293,606,1,'2025-11-17 20:52:24',616.63,NULL),(4366,4,4294,608,1,'2025-11-17 21:02:11',12.064799999999998,NULL),(4367,10,4295,NULL,1,'2025-11-17 21:10:58',95,12),(4368,10,4296,NULL,1,'2025-11-17 21:11:32',93,12),(4369,10,4297,NULL,1,'2025-11-17 21:11:55',164,12),(4370,117,4298,NULL,1,'2025-11-17 21:12:20',2.4,26),(4371,10,4299,NULL,1,'2025-11-17 21:12:55',211,12),(4372,10,4300,NULL,1,'2025-11-17 21:13:27',155,12),(4373,10,4301,NULL,1,'2025-11-17 21:14:48',197,12),(4374,117,4302,NULL,1,'2025-11-17 21:15:25',3.45,26),(4375,103,4303,NULL,2,'2025-11-17 21:35:27',910,2),(4376,3,4304,NULL,2,'2025-11-17 21:35:51',2588.5,3),(4377,2,4305,NULL,2,'2025-11-17 21:36:16',1066,3),(4378,99,4306,NULL,2,'2025-11-17 21:37:00',1544.5,3),(4379,100,4307,NULL,2,'2025-11-17 21:38:15',1328.5,3),(4380,101,4308,NULL,2,'2025-11-17 21:38:40',627,3),(4381,102,4309,NULL,2,'2025-11-17 21:38:57',85,3),(4382,109,4310,NULL,2,'2025-11-17 21:39:16',1752,3),(4383,105,4311,NULL,2,'2025-11-17 21:39:39',272.98,9),(4384,106,4312,NULL,2,'2025-11-17 21:40:16',148.87,9),(4385,109,4313,NULL,2,'2025-11-17 21:40:38',764.94,3),(4386,103,4314,NULL,2,'2025-11-17 21:41:18',1137,2),(4387,3,4315,NULL,2,'2025-11-17 21:41:45',4141,3),(4388,2,4316,NULL,2,'2025-11-17 21:42:06',1905.9,3),(4389,99,4317,NULL,2,'2025-11-17 21:42:30',4981.46,3),(4390,100,4318,NULL,2,'2025-11-17 21:42:51',1775,3),(4391,101,4319,NULL,2,'2025-11-17 21:43:10',212,3),(4392,102,4320,NULL,2,'2025-11-17 21:43:30',347,3),(4393,109,4321,NULL,2,'2025-11-17 21:43:51',2022.5,3),(4394,105,4322,NULL,2,'2025-11-17 21:44:15',180.98,9),(4395,108,4323,NULL,2,'2025-11-17 21:45:18',85,9),(4396,106,4324,NULL,2,'2025-11-17 21:45:47',389.73,9),(4397,109,4325,NULL,2,'2025-11-17 21:46:31',1032.88,3),(4398,10,4326,NULL,1,'2025-11-17 21:49:09',154,12),(4399,10,4327,NULL,1,'2025-11-17 21:50:29',121,12),(4400,117,4328,NULL,1,'2025-11-17 21:50:57',4.35,26),(4401,10,4329,NULL,1,'2025-11-18 10:25:22',84,12),(4402,10,4330,NULL,1,'2025-11-18 10:25:47',63,12),(4403,117,4331,NULL,1,'2025-11-18 10:28:33',2.7,26),(4404,103,4332,NULL,2,'2025-11-18 10:29:52',281,2),(4405,3,4333,NULL,2,'2025-11-18 10:43:32',587.41,3),(4406,2,4334,NULL,2,'2025-11-18 10:44:00',439.97,3),(4407,99,4335,NULL,2,'2025-11-18 10:44:28',1543.42,3),(4408,100,4336,NULL,2,'2025-11-18 10:45:04',719.65,3),(4409,101,4337,NULL,2,'2025-11-18 10:45:36',79.5,3),(4410,102,4338,NULL,2,'2025-11-18 10:46:11',514.97,3),(4411,109,4339,NULL,2,'2025-11-18 10:47:41',981.86,3),(4412,105,4340,NULL,2,'2025-11-18 10:48:09',283.1,9),(4413,106,4341,NULL,2,'2025-11-18 10:48:44',280.97,9),(4414,109,4342,NULL,2,'2025-11-18 10:49:07',84.98,3),(4415,103,4343,NULL,2,'2025-11-18 10:50:01',382,2),(4416,3,4344,NULL,2,'2025-11-18 10:51:52',1050,3),(4417,2,4345,NULL,2,'2025-11-18 10:52:23',1370.97,3),(4418,99,4346,NULL,2,'2025-11-18 11:05:17',3102.97,3),(4419,100,4347,NULL,2,'2025-11-18 11:05:50',1485.6,3),(4420,101,4348,NULL,2,'2025-11-18 11:06:34',358.78,3),(4421,102,4349,NULL,2,'2025-11-18 11:07:00',42,3),(4422,109,4350,NULL,2,'2025-11-18 11:07:25',2006.91,3),(4423,105,4351,NULL,2,'2025-11-18 11:42:08',88.99,9),(4424,106,4352,NULL,2,'2025-11-18 11:42:48',45.98,9),(4425,109,4353,NULL,2,'2025-11-18 11:43:14',583.68,3),(4426,103,4354,NULL,2,'2025-11-18 11:45:07',268.5,2),(4427,3,4355,NULL,2,'2025-11-18 11:45:56',943.76,3),(4428,2,4356,NULL,2,'2025-11-18 11:46:21',308.98,3),(4429,99,4357,NULL,2,'2025-11-18 11:46:44',1760.93,3),(4430,100,4358,NULL,2,'2025-11-18 11:47:03',833.93,3),(4431,101,4359,NULL,2,'2025-11-18 11:47:27',160.6,3),(4432,109,4360,NULL,2,'2025-11-18 11:47:46',1341.06,3),(4433,108,4361,NULL,2,'2025-11-18 11:48:46',76,9),(4434,109,4362,NULL,2,'2025-11-18 11:49:11',92.98,3),(4435,128,4363,NULL,2,'2025-11-18 11:55:59',14724.91,28),(4436,128,4364,NULL,2,'2025-11-18 11:56:42',12058.06,28),(4437,128,4365,NULL,2,'2025-11-18 11:57:42',14792.01,28),(4438,128,4366,NULL,2,'2025-11-18 11:58:22',5981.08,28),(4439,127,4367,NULL,1,'2025-11-18 11:59:24',2650.77,27),(4440,126,4368,NULL,1,'2025-11-18 11:59:55',106.92,27),(4441,127,4369,NULL,1,'2025-11-18 12:00:57',2121.63,27),(4442,126,4370,NULL,1,'2025-11-18 12:01:35',17.99,27),(4443,127,4371,NULL,1,'2025-11-18 12:03:41',2694.31,27),(4444,142,4372,NULL,1,'2025-11-18 12:04:43',150,6),(4445,126,4373,NULL,1,'2025-11-18 12:05:53',133.91,27),(4446,127,4374,NULL,1,'2025-11-18 12:17:24',11478.76,27),(4447,128,4375,NULL,2,'2025-11-18 12:19:40',8708.39,28),(4448,127,4376,NULL,1,'2025-11-18 12:20:24',1576.13,27),(4449,126,4377,NULL,1,'2025-11-18 12:20:49',44.98,27),(4450,132,4378,NULL,1,'2025-11-18 13:53:12',4070.68,25),(4451,133,4379,NULL,1,'2025-11-18 13:54:02',2848.21,25),(4452,44,4380,NULL,1,'2025-11-18 13:54:45',1100,16),(4453,142,4381,NULL,1,'2025-11-18 13:57:05',279.99,6),(4454,142,4382,NULL,1,'2025-11-18 13:57:32',899.8,6),(4455,37,4383,NULL,1,'2025-11-18 13:58:16',717.21,15),(4456,88,4384,NULL,1,'2025-11-18 14:09:24',800,23),(4457,88,4385,NULL,1,'2025-11-18 14:09:49',600,23),(4458,112,4386,NULL,1,'2025-11-18 20:28:32',13.5525,NULL),(4459,112,4387,NULL,1,'2025-11-18 20:28:32',12.3825,NULL),(4460,112,4388,NULL,1,'2025-11-18 20:28:32',8.04,NULL),(4461,116,4389,NULL,1,'2025-11-18 20:29:01',8.444115,NULL),(4462,116,4390,NULL,1,'2025-11-18 20:29:01',2.376,NULL),(4463,116,4391,NULL,1,'2025-11-18 20:29:01',1.77822,NULL),(4464,114,4392,NULL,1,'2025-11-18 20:29:24',16.3575,NULL),(4465,114,4393,NULL,1,'2025-11-18 20:29:24',3.27735,NULL),(4466,114,4394,NULL,1,'2025-11-18 20:29:24',8.5638,NULL),(4467,15,4395,NULL,1,'2025-11-18 20:30:46',42.502775,NULL),(4468,15,4396,NULL,1,'2025-11-18 20:30:46',14.112875,NULL),(4469,15,4397,NULL,1,'2025-11-18 20:30:46',12.100375,NULL),(4470,113,4398,NULL,1,'2025-11-18 20:31:09',33.105275,NULL),(4471,113,4399,NULL,1,'2025-11-18 20:31:09',24.2186,NULL),(4472,113,4400,NULL,1,'2025-11-18 20:31:09',22.154825,NULL),(4473,115,4401,NULL,1,'2025-11-18 20:31:31',13.52331,NULL),(4474,115,4402,NULL,1,'2025-11-18 20:31:31',1.034,NULL),(4475,115,4403,NULL,1,'2025-11-18 20:31:31',12.95978,NULL),(4476,119,4404,NULL,1,'2025-11-18 20:33:21',24.24324,NULL),(4477,119,4405,NULL,1,'2025-11-18 20:33:21',17.34624,NULL),(4478,114,4406,NULL,1,'2025-11-18 20:37:09',8.0829,NULL),(4479,112,4407,NULL,1,'2025-11-18 20:37:09',3.104925,NULL),(4480,116,4408,NULL,1,'2025-11-18 20:37:09',2.11896,NULL),(4481,15,4409,NULL,1,'2025-11-18 20:37:09',37.8175,NULL),(4482,113,4410,NULL,1,'2025-11-18 20:37:09',61.781125,NULL),(4483,115,4411,NULL,1,'2025-11-18 20:37:09',4.512,NULL),(4484,116,4412,NULL,1,'2025-11-18 20:43:00',4.153275,NULL),(4485,112,4413,NULL,1,'2025-11-18 20:43:00',2.23485,NULL),(4486,15,4414,NULL,1,'2025-11-18 20:43:00',49.314125,NULL),(4487,113,4415,NULL,1,'2025-11-18 20:43:00',62.80365,NULL),(4488,115,4416,NULL,1,'2025-11-18 20:43:00',12.737,NULL),(4489,119,4417,NULL,1,'2025-11-18 20:43:00',11.75644,NULL),(4490,116,4418,NULL,1,'2025-11-18 20:46:21',1.673865,NULL),(4491,114,4419,NULL,1,'2025-11-18 20:46:21',5.482275,NULL),(4492,112,4420,NULL,1,'2025-11-18 20:46:21',3.850125,NULL),(4493,15,4421,NULL,1,'2025-11-18 20:46:22',11.724475,NULL),(4494,113,4422,NULL,1,'2025-11-18 20:46:22',19.465425,NULL),(4495,115,4423,NULL,1,'2025-11-18 20:46:22',3.360265,NULL),(4496,123,4424,NULL,1,'2025-11-18 20:54:07',1.86945,NULL),(4497,123,4425,NULL,1,'2025-11-18 20:54:07',10.77945,NULL),(4498,123,4426,NULL,1,'2025-11-18 20:54:07',2.28195,NULL),(4499,123,4427,NULL,1,'2025-11-18 20:54:07',4.95,NULL),(4500,123,4428,NULL,1,'2025-11-18 20:54:19',5.17,NULL),(4501,119,4429,NULL,1,'2025-11-18 20:54:30',10.31016,NULL),(4502,119,4430,NULL,1,'2025-11-18 20:54:30',33.36248,NULL),(4503,114,4431,NULL,1,'2025-11-18 20:59:08',8.969925,NULL),(4504,112,4432,NULL,1,'2025-11-18 20:59:08',4.363425,NULL),(4505,15,4433,NULL,1,'2025-11-18 20:59:08',16.08215,NULL),(4506,113,4434,NULL,1,'2025-11-18 20:59:08',27.570375,NULL),(4507,116,4435,NULL,1,'2025-11-18 21:02:42',8.613,NULL),(4508,116,4436,NULL,1,'2025-11-18 21:02:42',3.201525,NULL),(4509,112,4437,NULL,1,'2025-11-18 21:03:40',16.4736,NULL),(4510,112,4438,NULL,1,'2025-11-18 21:03:40',14.07525,NULL),(4511,112,4439,NULL,1,'2025-11-18 21:03:40',10.8021,NULL),(4512,114,4440,NULL,1,'2025-11-18 21:04:38',13.1175,NULL),(4513,114,4441,NULL,1,'2025-11-18 21:04:38',11.184375,NULL),(4514,114,4442,NULL,1,'2025-11-18 21:04:38',1.719675,NULL),(4515,114,4443,NULL,1,'2025-11-18 21:04:38',11.134725,NULL),(4516,15,4444,NULL,1,'2025-11-18 21:05:48',22.570975,NULL),(4517,15,4445,NULL,1,'2025-11-18 21:05:48',32.0789,NULL),(4518,15,4446,NULL,1,'2025-11-18 21:05:48',14.57505,NULL),(4519,113,4447,NULL,1,'2025-11-18 21:06:14',26.42325,NULL),(4520,113,4448,NULL,1,'2025-11-18 21:06:14',23.6194,NULL),(4521,113,4449,NULL,1,'2025-11-18 21:06:14',18.7663,NULL),(4522,115,4450,NULL,1,'2025-11-18 21:06:36',4.030015,NULL),(4523,115,4451,NULL,1,'2025-11-18 21:06:36',6.92874,NULL),(4524,119,4452,NULL,1,'2025-11-18 21:07:50',10.29724,NULL),(4525,119,4453,NULL,1,'2025-11-18 21:07:50',2.584,NULL),(4526,119,4454,NULL,1,'2025-11-18 21:08:51',27.5082,NULL),(4527,10,4455,NULL,1,'2025-11-18 21:58:47',69,12),(4528,3,4456,NULL,2,'2025-11-20 17:07:10',1259.48,3),(4529,2,4457,NULL,2,'2025-11-20 17:07:43',585.99,3),(4530,99,4458,NULL,2,'2025-11-20 17:08:25',843.43,3),(4531,100,4459,NULL,2,'2025-11-20 17:09:26',927.96,3),(4532,101,4460,NULL,2,'2025-11-20 17:09:51',51,3),(4533,102,4461,NULL,2,'2025-11-20 17:10:17',196.98,3),(4534,109,4462,NULL,2,'2025-11-20 17:10:35',926.97,3),(4535,105,4463,NULL,2,'2025-11-20 17:10:56',74,9),(4536,108,4464,NULL,2,'2025-11-20 17:11:51',75,9),(4537,106,4465,NULL,2,'2025-11-20 17:12:50',93,9),(4538,109,4466,NULL,2,'2025-11-20 17:13:22',284.09,3),(4539,10,4467,NULL,1,'2025-11-20 17:32:29',98,12),(4540,10,4468,NULL,1,'2025-11-20 17:32:59',84,12),(4541,117,4469,NULL,1,'2025-11-20 17:33:27',2.4,26),(4542,117,4470,NULL,1,'2025-11-20 17:33:53',1.5,26),(4543,103,4471,NULL,2,'2025-11-21 21:14:58',412,2),(4544,3,4472,NULL,2,'2025-11-21 21:15:32',1763.09,3),(4545,2,4473,NULL,2,'2025-11-21 21:16:03',914.04,3),(4546,99,4474,NULL,2,'2025-11-21 21:16:26',1383.19,3),(4547,100,4475,NULL,2,'2025-11-21 21:16:47',749.47,3),(4548,102,4476,NULL,2,'2025-11-21 21:17:18',156,3),(4549,109,4477,NULL,2,'2025-11-21 21:17:48',1499.31,3),(4550,105,4478,NULL,2,'2025-11-21 21:18:32',206.99,9),(4551,106,4479,NULL,2,'2025-11-21 21:19:12',124.9,9),(4552,109,4480,NULL,2,'2025-11-21 21:22:02',289.96,3),(4553,103,4481,NULL,2,'2025-11-21 21:28:28',458,2),(4554,3,4482,NULL,2,'2025-11-21 21:29:16',1591.95,3),(4555,2,4483,NULL,2,'2025-11-21 21:29:38',1688.12,3),(4556,99,4484,NULL,2,'2025-11-21 21:30:04',2840.86,3),(4557,100,4485,NULL,2,'2025-11-21 21:30:29',1046.74,3),(4558,101,4486,NULL,2,'2025-11-21 21:30:52',442,3),(4559,109,4487,NULL,2,'2025-11-21 21:31:16',1681.37,3),(4560,105,4488,NULL,2,'2025-11-21 21:31:52',90,9),(4561,108,4489,NULL,2,'2025-11-21 21:32:56',314.98,9),(4562,109,4490,NULL,2,'2025-11-21 21:33:34',931.02,3),(4563,10,4491,NULL,1,'2025-11-21 21:34:22',147,12),(4564,10,4492,NULL,1,'2025-11-21 21:34:44',131,12),(4565,10,4493,NULL,1,'2025-11-21 21:35:19',188,12),(4566,117,4494,NULL,1,'2025-11-21 21:35:46',2.4,26),(4567,37,4495,NULL,1,'2025-11-21 21:37:27',76.3,15),(4568,10,4496,NULL,1,'2025-11-22 11:58:35',45,12),(4569,10,4497,NULL,1,'2025-11-22 11:59:00',57,12),(4570,10,4498,NULL,1,'2025-11-22 11:59:26',92,12),(4571,117,4499,NULL,1,'2025-11-22 12:00:10',1.95,26),(4572,103,4500,NULL,2,'2025-11-22 12:01:03',501,2),(4573,3,4501,NULL,2,'2025-11-22 12:01:27',652.44,3),(4574,2,4502,NULL,2,'2025-11-22 12:01:49',878.47,3),(4575,99,4503,NULL,2,'2025-11-22 12:02:21',1941.43,3),(4576,100,4504,NULL,2,'2025-11-22 12:02:46',937.95,3),(4577,101,4505,NULL,2,'2025-11-22 12:03:13',522.25,3),(4578,102,4506,NULL,2,'2025-11-22 12:03:34',325.98,3),(4579,109,4507,NULL,2,'2025-11-22 12:03:54',1169.22,3),(4580,105,4508,NULL,2,'2025-11-22 12:04:20',103,9),(4581,108,4509,NULL,2,'2025-11-22 12:04:51',171.99,9),(4582,109,4510,NULL,2,'2025-11-22 12:05:10',46.11,3),(4583,20,4511,617,1,'2025-11-22 12:09:55',2028.5399080000002,NULL),(4584,21,4511,617,1,'2025-11-22 12:09:55',81.06002,NULL),(4585,1,4512,616,1,'2025-11-22 12:10:51',4317.6,NULL),(4586,1,4513,615,1,'2025-11-22 12:12:50',1043.25,NULL),(4587,6,4513,615,1,'2025-11-22 12:12:50',265.83,NULL),(4588,39,4514,614,1,'2025-11-22 12:14:48',204.13000000000002,NULL),(4589,16,4515,613,1,'2025-11-22 12:16:14',998.1,NULL),(4590,1,4516,612,1,'2025-11-22 12:17:13',3926.2400000009,NULL),(4591,16,4517,611,1,'2025-11-22 12:18:02',1538.3501,NULL),(4592,1,4518,610,1,'2025-11-22 12:18:26',528,NULL),(4593,4,4519,609,1,'2025-11-22 12:18:32',771.0019999999998,NULL),(4594,83,4520,618,1,'2025-11-22 12:23:04',60,NULL),(4595,6,4521,619,1,'2025-11-22 12:23:14',6825,NULL),(4596,4,4522,620,1,'2025-11-22 12:24:29',260,NULL),(4597,5,4523,621,1,'2025-11-22 12:25:56',182,NULL),(4598,6,4524,622,1,'2025-11-22 12:57:51',2058.906,NULL),(4599,114,4525,NULL,1,'2025-11-22 13:17:41',7.85055,NULL),(4600,112,4526,NULL,1,'2025-11-22 13:17:41',12.6609,NULL),(4601,116,4527,NULL,1,'2025-11-22 13:17:41',2.106,NULL),(4602,114,4528,NULL,1,'2025-11-22 13:17:41',5.621025,NULL),(4603,112,4529,NULL,1,'2025-11-22 13:17:41',6.8553,NULL),(4604,116,4530,NULL,1,'2025-11-22 13:17:42',2.65923,NULL),(4605,114,4531,NULL,1,'2025-11-22 13:17:42',6.9597,NULL),(4606,112,4532,NULL,1,'2025-11-22 13:17:42',4.394925,NULL),(4607,114,4533,NULL,1,'2025-11-22 13:17:42',6.254475,NULL),(4608,112,4534,NULL,1,'2025-11-22 13:17:42',2.31735,NULL),(4609,116,4535,NULL,1,'2025-11-22 13:17:42',0.567,NULL),(4610,114,4536,NULL,1,'2025-11-22 13:17:42',11.142,NULL),(4611,112,4537,NULL,1,'2025-11-22 13:17:42',10.282275,NULL),(4612,116,4538,NULL,1,'2025-11-22 13:17:42',6.952095,NULL),(4613,114,4539,NULL,1,'2025-11-22 13:17:42',5.397375,NULL),(4614,112,4540,NULL,1,'2025-11-22 13:17:42',3.299775,NULL),(4615,116,4541,NULL,1,'2025-11-22 13:17:42',4.6845,NULL),(4616,114,4542,NULL,1,'2025-11-22 13:17:42',13.3125,NULL),(4617,112,4543,NULL,1,'2025-11-22 13:17:42',14.29425,NULL),(4618,116,4544,NULL,1,'2025-11-22 13:17:42',1.1475,NULL),(4619,114,4545,NULL,1,'2025-11-22 13:17:42',9.96375,NULL),(4620,112,4546,NULL,1,'2025-11-22 13:17:42',7.995,NULL),(4621,114,4547,NULL,1,'2025-11-22 13:17:42',3.311025,NULL),(4622,112,4548,NULL,1,'2025-11-22 13:17:42',2.114925,NULL),(4623,116,4549,NULL,1,'2025-11-22 13:17:42',2.0925,NULL),(4624,114,4550,NULL,1,'2025-11-22 13:17:42',1.1961,NULL),(4625,112,4551,NULL,1,'2025-11-22 13:17:42',1.627425,NULL),(4626,116,4552,NULL,1,'2025-11-22 13:17:42',2.49723,NULL),(4627,114,4553,NULL,1,'2025-11-22 13:17:42',2.842275,NULL),(4628,112,4554,NULL,1,'2025-11-22 13:17:42',2.459925,NULL),(4629,123,4555,NULL,1,'2025-11-22 13:17:42',1.21,NULL),(4630,123,4556,NULL,1,'2025-11-22 13:17:42',3.90445,NULL),(4631,123,4557,NULL,1,'2025-11-22 13:17:42',3.56125,NULL),(4632,123,4558,NULL,1,'2025-11-22 13:17:42',8.68945,NULL),(4633,123,4559,NULL,1,'2025-11-22 13:17:42',8.3314,NULL),(4634,123,4560,NULL,1,'2025-11-22 13:17:42',9.295,NULL),(4635,123,4561,NULL,1,'2025-11-22 13:17:42',23.26885,NULL),(4636,119,4562,NULL,1,'2025-11-22 13:17:42',10.64,NULL),(4637,115,4563,NULL,1,'2025-11-22 13:17:42',0.72239,NULL),(4638,113,4564,NULL,1,'2025-11-22 13:17:42',22.1151,NULL),(4639,15,4565,NULL,1,'2025-11-22 13:17:42',26.438825,NULL),(4640,123,4566,NULL,1,'2025-11-22 13:17:42',5.06,NULL),(4641,119,4567,NULL,1,'2025-11-22 13:17:42',4.02724,NULL),(4642,115,4568,NULL,1,'2025-11-22 13:17:42',13.43025,NULL),(4643,113,4569,NULL,1,'2025-11-22 13:17:42',38.00685,NULL),(4644,15,4570,NULL,1,'2025-11-22 13:17:43',25.54895,NULL),(4645,119,4571,NULL,1,'2025-11-22 13:17:43',5.624,NULL),(4646,115,4572,NULL,1,'2025-11-22 13:17:43',17.736625,NULL),(4647,113,4573,NULL,1,'2025-11-22 13:17:43',79.35725,NULL),(4648,15,4574,NULL,1,'2025-11-22 13:17:43',40.621875,NULL),(4649,119,4575,NULL,1,'2025-11-22 13:17:43',27.664,NULL),(4650,115,4576,NULL,1,'2025-11-22 13:17:43',6.38025,NULL),(4651,113,4577,NULL,1,'2025-11-22 13:17:43',36.14625,NULL),(4652,15,4578,NULL,1,'2025-11-22 13:17:43',42.42,NULL),(4653,123,4579,NULL,1,'2025-11-22 13:17:43',14.73945,NULL),(4654,119,4580,NULL,1,'2025-11-22 13:17:43',9.11924,NULL),(4655,115,4581,NULL,1,'2025-11-22 13:17:43',1.2596,NULL),(4656,113,4582,NULL,1,'2025-11-22 13:17:43',35.4571,NULL),(4657,15,4583,NULL,1,'2025-11-22 13:17:43',18.7607,NULL),(4658,115,4584,NULL,1,'2025-11-22 13:17:43',3.689265,NULL),(4659,113,4585,NULL,1,'2025-11-22 13:17:43',22.451625,NULL),(4660,15,4586,NULL,1,'2025-11-22 13:17:43',20.663125,NULL),(4661,119,4587,NULL,1,'2025-11-22 13:17:43',18.696,NULL),(4662,115,4588,NULL,1,'2025-11-22 13:17:43',3.20775,NULL),(4663,113,4589,NULL,1,'2025-11-22 13:17:43',17.067575,NULL),(4664,15,4590,NULL,1,'2025-11-22 13:17:43',21.96635,NULL),(4665,115,4591,NULL,1,'2025-11-22 13:17:43',2.725765,NULL),(4666,113,4592,NULL,1,'2025-11-22 13:17:43',25.741625,NULL),(4667,15,4593,NULL,1,'2025-11-22 13:17:43',11.99555,NULL),(4668,115,4594,NULL,1,'2025-11-22 13:17:43',2.608265,NULL),(4669,113,4595,NULL,1,'2025-11-22 13:17:43',18.13805,NULL),(4670,15,4596,NULL,1,'2025-11-22 13:17:43',11.66305,NULL),(4671,119,4597,NULL,1,'2025-11-22 13:17:43',9.12,NULL),(4672,115,4598,NULL,1,'2025-11-22 13:17:43',15.20967,NULL),(4673,113,4599,NULL,1,'2025-11-22 13:17:43',112.374675,NULL),(4674,15,4600,NULL,1,'2025-11-22 13:17:43',68.774475,NULL),(4675,119,4601,NULL,1,'2025-11-22 13:17:43',6.688,NULL),(4676,115,4602,NULL,1,'2025-11-22 13:17:43',10.3165,NULL),(4677,113,4603,NULL,1,'2025-11-22 13:17:43',41.9818,NULL),(4678,15,4604,NULL,1,'2025-11-22 13:17:43',21.9975,NULL),(4679,115,4605,NULL,1,'2025-11-22 13:17:43',14.64849,NULL),(4680,15,4606,NULL,1,'2025-11-22 13:17:43',33.88805,NULL),(4681,113,4607,NULL,1,'2025-11-22 13:17:43',12.7393,NULL),(4682,142,4608,NULL,1,'2025-11-22 14:12:29',100,6),(4683,141,4609,NULL,1,'2025-11-22 14:13:05',100,22),(4684,135,4610,NULL,1,'2025-11-22 14:13:41',600,6),(4685,132,4611,NULL,1,'2025-11-22 14:14:08',1057.74,25),(4686,94,4612,NULL,1,'2025-11-22 14:14:54',1900,24),(4687,50,4613,NULL,1,'2025-11-22 14:15:25',394.11,16),(4688,46,4614,NULL,1,'2025-11-22 14:15:58',974.64,16),(4689,137,4615,NULL,1,'2025-11-22 14:16:24',123.54,4),(4690,132,4616,NULL,1,'2025-11-22 14:16:58',11300,25),(4691,42,4617,NULL,1,'2025-11-22 14:17:38',189.9,16),(4692,42,4618,NULL,1,'2025-11-22 14:18:33',29.85,16),(4693,45,4619,NULL,1,'2025-11-22 14:19:21',9816.19,16),(4694,6,4620,NULL,1,'2025-11-22 14:20:19',507.28,1),(4695,91,4621,NULL,1,'2025-11-22 14:22:09',3776.46,23),(4696,131,4622,NULL,1,'2025-11-22 14:22:33',1600,22),(4697,11,4623,NULL,1,'2025-11-22 14:23:01',1428.47,13),(4698,94,4624,NULL,1,'2025-11-22 14:23:31',3750,24),(4699,14,4625,NULL,1,'2025-11-22 14:23:58',86.67,16),(4700,88,4626,NULL,1,'2025-11-22 14:24:23',12530,23),(4701,37,4627,NULL,1,'2025-11-22 14:24:53',5161,15),(4702,132,4628,NULL,1,'2025-11-22 14:25:36',45.83,25),(4703,135,4629,NULL,1,'2025-11-22 14:26:27',300,6),(4704,59,4630,NULL,1,'2025-11-22 14:26:58',37603.48,17),(4705,37,4631,NULL,1,'2025-11-22 14:27:20',274.9,15),(4706,59,4632,NULL,1,'2025-11-22 14:27:56',3240.59,17),(4707,51,4633,NULL,1,'2025-11-22 14:28:18',106.64,16),(4708,11,4634,NULL,1,'2025-11-22 14:28:47',2898.86,13),(4709,28,4635,NULL,1,'2025-11-22 14:31:41',231.39,4),(4710,98,4636,NULL,1,'2025-11-22 14:32:08',7000,25),(4711,103,4637,NULL,2,'2025-11-25 21:39:54',674.8,2),(4712,3,4638,NULL,2,'2025-11-25 21:40:46',1164.5,3),(4713,2,4639,NULL,2,'2025-11-25 21:42:32',1340,3),(4714,99,4640,NULL,2,'2025-11-25 21:43:31',2698.47,3),(4715,100,4641,NULL,2,'2025-11-25 21:44:06',368,3),(4716,101,4642,NULL,2,'2025-11-25 21:45:42',66,3),(4717,102,4643,NULL,2,'2025-11-25 21:46:51',36,3),(4718,109,4644,NULL,2,'2025-11-25 21:47:29',1501.87,3),(4719,105,4645,NULL,2,'2025-11-25 21:48:38',213.99,9),(4720,108,4646,NULL,2,'2025-11-25 21:49:27',239.13,9),(4721,106,4647,NULL,2,'2025-11-25 21:50:04',322,9),(4722,109,4648,NULL,2,'2025-11-25 21:50:54',265.98,3),(4723,103,4649,NULL,2,'2025-11-25 22:01:22',996,2),(4724,3,4650,NULL,2,'2025-11-25 22:10:54',3175.66,3),(4725,2,4651,NULL,2,'2025-11-25 22:18:18',1488.99,3),(4726,99,4652,NULL,2,'2025-11-25 22:19:40',4837.22,3),(4727,100,4653,NULL,2,'2025-11-25 22:21:07',1401,3),(4728,101,4654,NULL,2,'2025-11-25 22:21:32',631,3),(4729,102,4655,NULL,2,'2025-11-25 22:22:09',631.5,3),(4730,109,4656,NULL,2,'2025-11-25 22:22:46',2640,3),(4731,105,4657,NULL,2,'2025-11-25 22:23:14',177,9),(4732,108,4658,NULL,2,'2025-11-25 22:24:10',34.32,9),(4733,106,4659,NULL,2,'2025-11-25 22:24:44',520.73,9),(4734,109,4660,NULL,2,'2025-11-25 22:25:31',965.91,3),(4735,103,4661,NULL,2,'2025-11-25 22:27:37',615,2),(4736,3,4662,NULL,2,'2025-11-25 22:28:10',855.33,3),(4737,2,4663,NULL,2,'2025-11-25 22:28:46',404.79,3),(4738,99,4664,NULL,2,'2025-11-25 22:29:15',404.79,3),(4739,100,4665,NULL,2,'2025-11-25 22:29:43',224.97,3),(4740,101,4666,NULL,2,'2025-11-25 22:30:14',53,3),(4741,102,4667,NULL,2,'2025-11-25 22:30:45',90.99,3),(4742,109,4668,NULL,2,'2025-11-25 22:31:12',727.76,3),(4743,106,4669,NULL,2,'2025-11-25 22:31:55',75.99,9),(4744,109,4670,NULL,2,'2025-11-25 22:32:32',285.08,3),(4745,117,4671,NULL,1,'2025-11-25 22:33:13',1.5,26),(4746,10,4672,NULL,1,'2025-11-25 22:33:43',81,12),(4747,10,4673,NULL,1,'2025-11-25 22:34:23',115,12),(4748,117,4674,NULL,1,'2025-11-25 22:35:03',3.9,26),(4749,10,4675,NULL,1,'2025-11-25 22:35:44',255,12),(4750,10,4676,NULL,1,'2025-11-25 23:24:28',153,12),(4751,10,4677,NULL,1,'2025-11-25 23:25:10',235,12),(4752,10,4678,NULL,1,'2025-11-25 23:27:19',105,12),(4753,10,4679,NULL,1,'2025-11-25 23:28:04',190,12),(4754,10,4680,NULL,1,'2025-11-25 23:28:41',111,12),(4755,117,4681,NULL,1,'2025-11-25 23:29:33',2.7,26),(4756,1,4682,629,1,'2025-11-25 23:33:35',3999.7399999959,NULL),(4757,16,4683,627,1,'2025-11-25 23:35:51',798.4,NULL),(4758,1,4684,626,1,'2025-11-25 23:36:57',3458,NULL),(4759,16,4684,626,1,'2025-11-25 23:36:57',387,NULL),(4760,5,4685,625,1,'2025-11-25 23:38:17',1034.98,NULL),(4761,1,4686,624,1,'2025-11-25 23:38:51',738.42,NULL),(4762,1,4687,623,1,'2025-11-25 23:39:34',338.59999999947,NULL),(4763,20,4688,628,1,'2025-11-26 11:56:08',791.5999999999999,NULL),(4764,6,4689,630,1,'2025-11-26 11:59:17',1162.8,NULL),(4765,4,4690,631,1,'2025-11-26 12:02:43',260,NULL),(4766,5,4691,634,1,'2025-11-26 12:09:45',1275.2,NULL),(4767,5,4692,632,1,'2025-11-26 12:09:48',1182,NULL),(4768,5,4693,633,1,'2025-11-26 12:09:51',216.58,NULL),(4769,10,4694,NULL,1,'2025-11-27 11:45:14',58,12),(4770,10,4695,NULL,1,'2025-11-27 11:45:54',40,12),(4771,117,4696,NULL,1,'2025-11-27 11:46:22',1.2,26),(4772,10,4697,NULL,1,'2025-11-27 11:48:28',33,12),(4773,10,4698,NULL,1,'2025-11-27 11:50:08',120,12),(4774,117,4699,NULL,1,'2025-11-27 11:51:17',1.2,26),(4775,103,4700,NULL,2,'2025-11-27 11:51:59',400,2),(4776,3,4701,NULL,2,'2025-11-27 11:52:55',324.48,3),(4777,2,4702,NULL,2,'2025-11-27 11:54:00',1035.43,3),(4778,99,4703,NULL,2,'2025-11-27 11:55:31',1363.98,3),(4779,100,4704,NULL,2,'2025-11-27 11:56:02',297.48,3),(4780,102,4705,NULL,2,'2025-11-27 11:56:56',282.49,3),(4781,101,4706,NULL,2,'2025-11-27 11:57:16',20,3),(4782,109,4707,NULL,2,'2025-11-27 11:57:40',564.99,3),(4783,105,4708,NULL,2,'2025-11-27 11:58:36',123,9),(4784,103,4709,NULL,2,'2025-11-27 11:59:15',138.5,2),(4785,3,4710,NULL,2,'2025-11-27 11:59:40',1258.56,3),(4786,2,4711,NULL,2,'2025-11-27 12:00:11',360.98,3),(4787,99,4712,NULL,2,'2025-11-27 12:00:46',1341.93,3),(4788,100,4713,NULL,2,'2025-11-27 12:01:18',268,3),(4789,102,4714,NULL,2,'2025-11-27 12:01:39',106,3),(4790,109,4715,NULL,2,'2025-11-27 12:01:59',679.97,3),(4791,105,4716,NULL,2,'2025-11-27 12:02:42',38,9),(4792,108,4717,NULL,2,'2025-11-27 12:05:06',40,9),(4793,109,4718,NULL,2,'2025-11-27 12:07:35',343.84,3),(4794,136,4719,NULL,1,'2025-11-27 12:51:02',411.46,4),(4795,37,4720,NULL,1,'2025-11-27 12:51:36',950,15),(4796,42,4721,NULL,1,'2025-11-27 12:52:15',45.81,16),(4797,135,4722,NULL,1,'2025-11-27 12:52:54',545,6),(4798,42,4723,NULL,1,'2025-11-27 12:54:10',45.83,16),(4799,142,4724,NULL,1,'2025-11-27 12:54:38',74.8,6),(4800,114,4725,NULL,1,'2025-11-27 12:56:52',2.01,NULL),(4801,116,4726,NULL,1,'2025-11-27 12:56:52',1.431,NULL),(4802,112,4727,NULL,1,'2025-11-27 12:56:52',2.70735,NULL),(4803,116,4728,NULL,1,'2025-11-27 12:56:52',3.813615,NULL),(4804,114,4729,NULL,1,'2025-11-27 12:56:52',2.2311,NULL),(4805,112,4730,NULL,1,'2025-11-27 12:56:53',7.765725,NULL),(4806,116,4731,NULL,1,'2025-11-27 12:56:53',1.228365,NULL),(4807,114,4732,NULL,1,'2025-11-27 12:56:53',1.687275,NULL),(4808,112,4733,NULL,1,'2025-11-27 12:56:53',3.035925,NULL),(4809,116,4734,NULL,1,'2025-11-27 12:56:53',8.52525,NULL),(4810,114,4735,NULL,1,'2025-11-27 12:56:53',10.5075,NULL),(4811,112,4736,NULL,1,'2025-11-27 12:56:53',11.167425,NULL),(4812,116,4737,NULL,1,'2025-11-27 12:56:53',0.486,NULL),(4813,114,4738,NULL,1,'2025-11-27 12:56:53',2.76,NULL),(4814,112,4739,NULL,1,'2025-11-27 12:56:53',10.05,NULL),(4815,116,4740,NULL,1,'2025-11-27 12:56:53',4.40073,NULL),(4816,114,4741,NULL,1,'2025-11-27 12:56:53',7.034625,NULL),(4817,112,4742,NULL,1,'2025-11-27 12:56:53',6.588525,NULL),(4818,123,4743,NULL,1,'2025-11-27 12:57:06',11.26125,NULL),(4819,123,4744,NULL,1,'2025-11-27 12:57:06',9.65195,NULL),(4820,123,4745,NULL,1,'2025-11-27 12:57:06',3.74,NULL),(4821,123,4746,NULL,1,'2025-11-27 12:57:06',16.5275,NULL),(4822,123,4747,NULL,1,'2025-11-27 12:57:06',6.655,NULL),(4823,123,4748,NULL,1,'2025-11-27 12:57:06',2.19945,NULL),(4824,115,4749,NULL,1,'2025-11-27 12:57:06',5.30442,NULL),(4825,113,4750,NULL,1,'2025-11-27 12:57:06',20.01895,NULL),(4826,15,4751,NULL,1,'2025-11-27 12:57:06',18.24375,NULL),(4827,119,4752,NULL,1,'2025-11-27 12:57:06',26.52172,NULL),(4828,115,4753,NULL,1,'2025-11-27 12:57:06',18.5415,NULL),(4829,113,4754,NULL,1,'2025-11-27 12:57:06',23.534525,NULL),(4830,15,4755,NULL,1,'2025-11-27 12:57:06',58.50495,NULL),(4831,119,4756,NULL,1,'2025-11-27 12:57:06',37.088,NULL),(4832,115,4757,NULL,1,'2025-11-27 12:57:06',5.04075,NULL),(4833,113,4758,NULL,1,'2025-11-27 12:57:06',39.571875,NULL),(4834,15,4759,NULL,1,'2025-11-27 12:57:15',33.473125,NULL),(4835,115,4760,NULL,1,'2025-11-27 12:57:15',2.208765,NULL),(4836,115,4761,NULL,1,'2025-11-27 12:57:16',4.81703,NULL),(4837,113,4762,NULL,1,'2025-11-27 12:57:16',50.7059,NULL),(4838,15,4763,NULL,1,'2025-11-27 12:57:16',22.2684,NULL),(4839,119,4764,NULL,1,'2025-11-27 12:57:16',17.062,NULL),(4840,115,4765,NULL,1,'2025-11-27 12:57:16',1.2925,NULL),(4841,113,4766,NULL,1,'2025-11-27 12:57:16',16.887325,NULL),(4842,15,4767,NULL,1,'2025-11-27 12:57:16',12.7876,NULL),(4843,113,4768,NULL,1,'2025-11-27 12:57:16',31.00335,NULL),(4844,115,4769,NULL,1,'2025-11-27 12:57:16',4.6295,NULL),(4845,15,4770,NULL,1,'2025-11-27 12:57:16',12.409775,NULL),(4846,19,4771,640,1,'2025-11-29 15:21:25',123,NULL),(4847,6,4772,639,1,'2025-11-29 15:21:52',226.35,NULL),(4848,1,4773,637,1,'2025-11-29 15:23:00',5500.8300000048,NULL),(4849,20,4774,638,1,'2025-11-29 15:23:39',1121.2599519999999,NULL),(4850,21,4774,638,1,'2025-11-29 15:23:39',167.11004,NULL),(4851,40,4776,636,1,'2025-11-29 15:28:50',2471,NULL),(4852,40,4777,635,1,'2025-11-29 15:29:05',507.4400024414,NULL),(4853,83,4778,641,1,'2025-11-29 15:31:13',100,NULL),(4854,6,4779,642,1,'2025-11-29 15:32:59',640,NULL),(4855,4,4780,643,1,'2025-11-29 20:58:11',896.9960000000001,NULL),(4856,10,4781,NULL,1,'2025-11-29 21:09:54',150,12),(4857,10,4782,NULL,1,'2025-11-29 21:10:26',111,12),(4858,117,4783,NULL,1,'2025-11-29 21:10:59',2.55,26),(4859,10,4784,NULL,1,'2025-11-29 21:11:23',95,12),(4860,10,4785,NULL,1,'2025-11-29 21:11:58',123,12),(4861,117,4786,NULL,1,'2025-11-29 21:12:32',4.5,26),(4862,103,4787,NULL,2,'2025-11-29 21:17:46',209.98,2),(4863,3,4788,NULL,2,'2025-11-29 21:18:31',1058.36,3),(4864,2,4789,NULL,2,'2025-11-29 21:20:31',1112.92,3),(4865,100,4790,NULL,2,'2025-11-29 21:20:57',1039.53,3),(4866,109,4791,NULL,2,'2025-11-29 21:21:37',1743.79,3),(4867,105,4792,NULL,2,'2025-11-29 21:21:59',148,9),(4868,106,4793,NULL,2,'2025-11-29 21:22:35',171.12,9),(4869,109,4794,NULL,2,'2025-11-29 21:22:59',238.99,3),(4870,103,4795,NULL,2,'2025-11-29 21:23:36',508,2),(4871,3,4796,NULL,2,'2025-11-29 21:24:07',1692.44,3),(4872,2,4797,NULL,2,'2025-11-29 21:27:02',510.96,3),(4873,99,4798,NULL,2,'2025-11-29 21:27:38',1577.72,3),(4874,100,4799,NULL,2,'2025-11-29 21:28:10',1631.19,3),(4875,101,4800,NULL,2,'2025-11-29 21:28:29',52,3),(4876,102,4801,NULL,2,'2025-11-29 21:28:45',66.5,3),(4877,109,4802,NULL,2,'2025-11-29 21:29:07',2102.09,3),(4878,105,4803,NULL,2,'2025-11-29 21:29:28',347,9),(4879,108,4804,NULL,2,'2025-11-29 21:30:11',79,9),(4880,106,4805,NULL,2,'2025-11-29 21:30:39',143.8,9),(4881,109,4806,NULL,2,'2025-11-29 21:31:05',469.92,3),(4882,39,4808,644,1,'2025-11-29 21:34:34',320.64,NULL),(4883,4,4810,645,1,'2025-11-29 21:37:08',158.82,NULL),(4884,5,4810,645,1,'2025-11-29 21:37:08',1070.3000000000002,NULL),(4885,39,4810,645,1,'2025-11-29 21:37:08',17.78,NULL),(4886,10,4811,NULL,1,'2025-11-30 23:58:32',130,12),(4887,10,4812,NULL,1,'2025-11-30 23:59:29',126,12),(4888,10,4813,NULL,1,'2025-11-30 23:59:57',141,12),(4889,117,4814,NULL,1,'2025-12-01 00:06:44',1.8,26),(4890,10,4815,NULL,1,'2025-12-01 00:08:16',214,12),(4891,10,4816,NULL,1,'2025-12-01 00:09:36',166,12),(4892,10,4817,NULL,1,'2025-12-01 00:10:11',207,12),(4893,117,4818,NULL,1,'2025-12-01 00:11:33',4.05,26),(4894,84,4819,NULL,1,'2025-12-01 00:21:09',1100,22),(4895,90,4820,NULL,1,'2025-12-01 00:22:30',13825,23),(4896,54,4821,NULL,1,'2025-12-01 00:23:08',254.27,17),(4897,131,4822,NULL,1,'2025-12-01 00:23:43',1600,22),(4898,133,4823,NULL,1,'2025-12-01 00:24:30',4500,25),(4899,98,4824,NULL,1,'2025-12-01 00:25:16',23000,25),(4900,70,4825,NULL,1,'2025-12-01 00:25:58',2400,18),(4901,134,4826,NULL,1,'2025-12-01 00:26:54',8511.43,4),(4902,75,4827,NULL,1,'2025-12-01 00:28:25',250,19),(4903,75,4828,NULL,1,'2025-12-01 00:28:25',250,NULL),(4904,86,4829,NULL,1,'2025-12-01 00:29:14',1250,22),(4905,88,4830,NULL,1,'2025-12-01 00:29:43',1400,23),(4906,132,4831,NULL,1,'2025-12-01 00:33:59',15000,25),(4907,88,4832,NULL,1,'2025-12-01 00:34:52',800,23),(4908,88,4833,NULL,1,'2025-12-01 00:35:31',800,23),(4909,103,4834,NULL,2,'2025-12-01 00:37:41',328,2),(4910,3,4835,NULL,2,'2025-12-01 00:38:34',1679.8,3),(4911,2,4836,NULL,2,'2025-12-01 00:39:08',1492.25,3),(4912,99,4837,NULL,2,'2025-12-01 00:39:48',2525.93,3),(4913,100,4838,NULL,2,'2025-12-01 00:40:27',1934.5,3),(4914,101,4839,NULL,2,'2025-12-01 00:41:25',564,3),(4915,102,4840,NULL,2,'2025-12-01 00:42:01',251,3),(4916,109,4841,NULL,2,'2025-12-01 00:42:25',1273,3),(4917,105,4842,NULL,2,'2025-12-01 00:43:01',465.89,9),(4918,108,4843,NULL,2,'2025-12-01 00:43:54',208.98,9),(4919,106,4844,NULL,2,'2025-12-01 00:44:31',448,9),(4920,109,4845,NULL,2,'2025-12-01 00:45:06',729.94,3),(4921,103,4846,NULL,2,'2025-12-01 17:21:41',1132,2),(4922,3,4847,NULL,2,'2025-12-01 17:22:30',3388,3),(4923,2,4848,NULL,2,'2025-12-01 17:22:53',2009,3),(4924,99,4849,NULL,2,'2025-12-01 17:23:14',4850.03,3),(4925,100,4850,NULL,2,'2025-12-01 17:23:34',1678,3),(4926,101,4851,NULL,2,'2025-12-01 17:24:06',524.95,3),(4927,102,4852,NULL,2,'2025-12-01 17:24:24',288,3),(4928,109,4853,NULL,2,'2025-12-01 17:24:48',2549.5,3),(4929,105,4854,NULL,2,'2025-12-01 17:25:11',632.73,9),(4930,108,4855,NULL,2,'2025-12-01 17:25:35',226,9),(4931,106,4856,NULL,2,'2025-12-01 17:26:13',549.61,9),(4932,109,4857,NULL,2,'2025-12-01 17:27:01',645.93,3),(4933,114,4858,NULL,1,'2025-12-01 17:27:56',7.796475,NULL),(4934,112,4859,NULL,1,'2025-12-01 17:27:56',8.3469,NULL),(4935,119,4860,NULL,1,'2025-12-01 17:27:56',2.58248,NULL),(4936,115,4861,NULL,1,'2025-12-01 17:27:56',6.44981,NULL),(4937,113,4862,NULL,1,'2025-12-01 17:27:56',23.6404,NULL),(4938,15,4863,NULL,1,'2025-12-01 17:27:56',9.88645,NULL),(4940,88,4865,NULL,1,'2025-12-05 20:58:07',25525.01,23),(4941,40,4866,647,1,'2025-12-05 21:14:30',89.8362,NULL),(4942,6,4867,649,1,'2025-12-05 21:18:49',2600.831,NULL),(4943,20,4868,650,1,'2025-12-05 21:26:59',1546.349862,NULL),(4944,1,4869,653,1,'2025-12-05 21:35:34',3967.72,NULL),(4945,16,4869,653,1,'2025-12-05 21:35:34',739.55948,NULL),(4946,5,4870,652,1,'2025-12-05 21:36:48',62.1,NULL),(4947,16,4870,652,1,'2025-12-05 21:36:48',798.48,NULL),(4948,1,4871,654,1,'2025-12-05 21:37:19',528,NULL),(4949,5,4872,659,1,'2025-12-05 21:38:34',986.8800000000001,NULL),(4950,39,4873,660,1,'2025-12-05 21:40:53',231.76,NULL),(4951,39,4874,658,1,'2025-12-05 21:42:45',306.48,NULL),(4952,16,4875,656,1,'2025-12-05 21:43:45',1035,NULL),(4953,8,4876,657,1,'2025-12-05 21:47:24',259.35,NULL),(4954,20,4876,657,1,'2025-12-05 21:47:24',125.39,NULL),(4955,1,4877,651,1,'2025-12-05 21:51:30',375.41858,NULL),(4956,1,4878,655,1,'2025-12-05 21:52:23',359.66,NULL),(4957,6,4878,655,1,'2025-12-05 21:52:23',265.78,NULL),(4958,17,4879,648,1,'2025-12-05 21:54:30',554.52,NULL),(4959,5,4881,661,1,'2025-12-06 20:28:13',2391,NULL),(4960,4,4883,662,1,'2025-12-06 20:30:32',278.25,NULL),(4961,83,4884,663,1,'2025-12-06 20:31:37',100,NULL),(4962,10,4885,NULL,1,'2025-12-07 10:56:15',139,12),(4963,10,4886,NULL,1,'2025-12-07 10:56:43',110,12),(4964,117,4887,NULL,1,'2025-12-07 10:57:33',1.5,26),(4965,10,4888,NULL,1,'2025-12-07 10:58:32',85,12),(4966,10,4889,NULL,1,'2025-12-07 11:01:23',105,12),(4967,10,4890,NULL,1,'2025-12-07 11:02:15',80,12),(4968,117,4891,NULL,1,'2025-12-07 11:04:25',3.6,26),(4969,10,4892,NULL,1,'2025-12-07 11:06:13',89,12),(4970,10,4893,NULL,1,'2025-12-07 11:07:08',90,12),(4971,10,4894,NULL,1,'2025-12-07 11:09:47',112,12),(4972,10,4895,NULL,1,'2025-12-07 11:10:26',119,12),(4973,10,4896,NULL,1,'2025-12-07 11:11:12',92,12),(4974,10,4897,NULL,1,'2025-12-07 11:12:04',90,12),(4975,10,4898,NULL,1,'2025-12-07 11:12:34',128,12),(4976,10,4899,NULL,1,'2025-12-07 11:13:02',151,12),(4977,117,4900,NULL,1,'2025-12-07 11:14:28',1.05,26),(4978,103,4901,NULL,2,'2025-12-07 11:16:58',378.25,2),(4979,3,4902,NULL,2,'2025-12-07 11:17:57',1941.5,3),(4980,2,4903,NULL,2,'2025-12-07 11:18:26',1028.5,3),(4981,99,4904,NULL,2,'2025-12-07 11:18:59',2495.5,3),(4982,99,4905,NULL,2,'2025-12-07 11:19:55',1341.75,3),(4983,101,4906,NULL,2,'2025-12-07 11:21:09',608,3),(4984,102,4907,NULL,2,'2025-12-07 11:21:32',118,3),(4985,109,4908,NULL,2,'2025-12-07 11:22:26',588,3),(4986,105,4909,NULL,2,'2025-12-07 11:23:01',226,9),(4987,108,4910,NULL,2,'2025-12-07 11:24:04',49,9),(4988,106,4911,NULL,2,'2025-12-07 11:25:09',199,9),(4989,109,4912,NULL,2,'2025-12-07 11:25:37',672.93,3),(4990,103,4913,NULL,2,'2025-12-07 19:43:53',685.75,2),(4991,3,4914,NULL,2,'2025-12-07 19:44:32',976.47,3),(4992,2,4915,NULL,2,'2025-12-07 19:45:29',1061.64,3),(4993,99,4916,NULL,2,'2025-12-07 19:45:54',1723.41,3),(4994,100,4917,NULL,2,'2025-12-07 19:46:16',1319.98,3),(4995,101,4918,NULL,2,'2025-12-07 19:46:58',314.49,3),(4996,102,4919,NULL,2,'2025-12-07 19:47:34',45.99,3),(4997,109,4920,NULL,2,'2025-12-07 19:48:09',1442.4,3),(4998,105,4921,NULL,2,'2025-12-07 19:49:51',75,9),(4999,108,4922,NULL,2,'2025-12-07 19:50:24',219.98,9),(5000,106,4923,NULL,2,'2025-12-07 19:50:46',365,9),(5001,109,4924,NULL,2,'2025-12-07 19:51:19',599.17,3),(5002,117,4925,NULL,1,'2025-12-07 19:51:48',3.45,26),(5003,117,4926,NULL,1,'2025-12-07 20:01:01',3.6,26),(5004,117,4927,NULL,1,'2025-12-07 20:05:43',3.15,26),(5005,103,4928,NULL,2,'2025-12-07 20:07:08',664,2),(5006,3,4929,NULL,2,'2025-12-07 20:08:35',1477.91,3),(5007,2,4930,NULL,2,'2025-12-07 20:09:12',821.45,3),(5008,99,4931,NULL,2,'2025-12-07 20:14:34',1349.93,3),(5009,100,4932,NULL,2,'2025-12-07 20:15:01',671.37,3),(5010,101,4933,NULL,2,'2025-12-07 20:15:33',146.4,3),(5011,102,4934,NULL,2,'2025-12-07 20:15:53',44,3),(5012,109,4935,NULL,2,'2025-12-07 20:16:52',2033.19,3),(5013,105,4936,NULL,2,'2025-12-07 20:18:13',67,9),(5014,108,4937,NULL,2,'2025-12-07 20:18:51',42.99,9),(5015,106,4938,NULL,2,'2025-12-07 20:20:43',467.67,9),(5016,109,4939,NULL,2,'2025-12-07 20:21:21',191.59,3),(5017,103,4940,NULL,2,'2025-12-07 20:25:03',275,2),(5018,3,4941,NULL,2,'2025-12-07 20:26:03',1300.49,3),(5019,2,4942,NULL,2,'2025-12-07 20:26:50',783.53,3),(5020,99,4943,NULL,2,'2025-12-07 20:27:35',1296.5,3),(5021,100,4944,NULL,2,'2025-12-07 20:28:06',982.08,3),(5022,101,4945,NULL,2,'2025-12-07 20:28:43',175.77,3),(5023,102,4946,NULL,2,'2025-12-07 20:29:05',77.98,3),(5024,109,4947,NULL,2,'2025-12-07 20:29:24',1613.4,3),(5025,108,4948,NULL,2,'2025-12-07 20:30:01',236.87,9),(5026,106,4949,NULL,2,'2025-12-07 20:30:40',79.49,9),(5027,109,4950,NULL,2,'2025-12-07 20:31:15',105.11,3),(5028,103,4951,NULL,2,'2025-12-07 20:32:59',865,2),(5029,3,4952,NULL,2,'2025-12-07 20:33:40',1387.77,3),(5030,2,4953,NULL,2,'2025-12-07 20:34:09',726.66,3),(5031,99,4954,NULL,2,'2025-12-07 20:34:37',665.34,3),(5032,100,4955,NULL,2,'2025-12-07 20:35:47',457.98,3),(5033,102,4956,NULL,2,'2025-12-07 20:36:20',236.84,3),(5034,109,4957,NULL,2,'2025-12-07 20:36:48',1528.64,3),(5035,105,4958,NULL,2,'2025-12-07 20:37:12',81.5,9),(5036,106,4959,NULL,2,'2025-12-07 20:37:43',270.99,9),(5037,109,4960,NULL,2,'2025-12-07 20:38:10',246.98,3),(5038,103,4961,NULL,2,'2025-12-07 20:39:40',572,2),(5039,3,4962,NULL,2,'2025-12-07 20:40:13',1847.57,3),(5040,2,4963,NULL,2,'2025-12-07 20:40:49',600.91,3),(5041,99,4964,NULL,2,'2025-12-07 20:42:46',1739.45,3),(5042,100,4965,NULL,2,'2025-12-07 20:43:07',715.99,3),(5043,101,4966,NULL,2,'2025-12-07 20:43:47',296.96,3),(5044,102,4967,NULL,2,'2025-12-07 20:44:10',43.99,3),(5045,109,4968,NULL,2,'2025-12-07 20:44:25',871.91,3),(5046,105,4969,NULL,2,'2025-12-07 20:44:53',86,9),(5047,108,4970,NULL,2,'2025-12-07 20:45:25',322.48,9),(5048,106,4971,NULL,2,'2025-12-07 20:45:50',325,9),(5049,109,4972,NULL,2,'2025-12-07 20:46:51',431.07,3),(5050,4,4973,665,1,'2025-12-07 21:28:09',695.453,NULL),(5051,20,4973,665,1,'2025-12-07 21:28:09',196.55,NULL),(5052,6,4974,664,1,'2025-12-07 21:28:13',1177.5,NULL),(5053,10,4975,NULL,1,'2025-12-08 22:28:19',196,12),(5054,10,4976,NULL,1,'2025-12-08 22:28:44',180,12),(5055,10,4977,NULL,1,'2025-12-08 22:29:03',149,12),(5056,10,4978,NULL,1,'2025-12-08 22:29:38',169,12),(5057,10,4979,NULL,1,'2025-12-08 22:30:02',152,12),(5058,10,4980,NULL,1,'2025-12-08 22:30:23',175,12),(5059,117,4981,NULL,1,'2025-12-09 11:01:23',3.9,26),(5060,117,4982,NULL,1,'2025-12-09 11:01:42',3.45,26),(5061,103,4983,NULL,2,'2025-12-09 11:02:50',857.5,2),(5062,3,4984,NULL,2,'2025-12-09 11:03:13',2387.5,3),(5063,2,4985,NULL,2,'2025-12-09 11:04:02',1622.75,3),(5064,99,4986,NULL,2,'2025-12-09 11:04:27',3760.48,3),(5065,99,4987,NULL,2,'2025-12-09 11:04:59',3598.23,3),(5066,101,4988,NULL,2,'2025-12-09 11:05:19',419,3),(5067,102,4989,NULL,2,'2025-12-09 11:05:43',339,3),(5068,109,4990,NULL,2,'2025-12-09 11:05:59',2920.5,3),(5069,105,4991,NULL,2,'2025-12-09 11:06:24',154,9),(5070,108,4992,NULL,2,'2025-12-09 11:06:52',201,9),(5071,106,4993,NULL,2,'2025-12-09 11:07:17',609.95,9),(5072,109,4994,NULL,2,'2025-12-09 11:07:44',751.94,3),(5073,103,4995,NULL,2,'2025-12-09 11:08:20',711.2,2),(5074,3,4996,NULL,2,'2025-12-09 11:09:05',2519.99,3),(5075,2,4997,NULL,2,'2025-12-09 11:09:26',819.52,3),(5076,99,4998,NULL,2,'2025-12-09 11:10:36',2892.9,3),(5077,100,4999,NULL,2,'2025-12-09 11:10:57',1505.75,3),(5078,101,5000,NULL,2,'2025-12-09 11:11:37',433.11,3),(5079,102,5001,NULL,2,'2025-12-09 11:11:56',280,3),(5080,109,5002,NULL,2,'2025-12-09 11:12:12',2133.07,3),(5081,105,5003,NULL,2,'2025-12-09 11:12:32',97,9),(5082,108,5004,NULL,2,'2025-12-09 11:26:42',46,9),(5083,106,5005,NULL,2,'2025-12-09 11:27:04',759.5,9),(5084,109,5006,NULL,2,'2025-12-09 11:27:44',1045.52,3),(5085,75,5007,NULL,1,'2025-12-09 11:57:17',250,19),(5086,131,5008,NULL,1,'2025-12-09 11:58:07',176,22),(5087,141,5009,NULL,1,'2025-12-09 11:58:29',100,22),(5088,142,5010,NULL,1,'2025-12-09 11:58:52',100,6),(5089,14,5011,NULL,1,'2025-12-09 11:59:20',187.39,16),(5090,137,5012,NULL,1,'2025-12-09 11:59:53',123.54,4),(5091,46,5013,NULL,1,'2025-12-09 12:00:29',470.08,16),(5092,53,5014,NULL,1,'2025-12-09 12:02:27',2192.78,16),(5093,42,5015,NULL,1,'2025-12-09 12:02:49',150,16),(5094,53,5016,NULL,1,'2025-12-09 12:03:18',4559.4,16),(5095,136,5017,NULL,1,'2025-12-09 12:03:43',573.06,4),(5096,20,5018,675,1,'2025-12-10 13:21:33',1010.04,NULL),(5097,20,5019,674,1,'2025-12-10 13:29:27',2352.119796,NULL),(5098,21,5019,674,1,'2025-12-10 13:29:27',249.18006,NULL),(5099,20,5020,673,1,'2025-12-10 13:29:56',64.620004,NULL),(5100,1,5021,672,1,'2025-12-10 13:39:50',197.93000000085,NULL),(5101,16,5021,672,1,'2025-12-10 13:39:50',580.5,NULL),(5102,40,5022,671,1,'2025-12-10 13:40:14',800,NULL),(5103,5,5023,670,1,'2025-12-10 13:42:26',1089.5,NULL),(5104,5,5024,669,1,'2025-12-10 13:44:23',358.38,NULL),(5105,16,5024,669,1,'2025-12-10 13:44:23',598.82,NULL),(5106,5,5026,668,1,'2025-12-10 13:45:49',57.82,NULL),(5107,16,5026,668,1,'2025-12-10 13:45:49',148.43,NULL),(5108,1,5027,667,1,'2025-12-10 13:47:57',2939.87,NULL),(5109,1,5028,666,1,'2025-12-10 13:48:31',1080.34,NULL),(5110,4,5029,676,1,'2025-12-10 13:53:36',375,NULL),(5111,5,5030,677,1,'2025-12-10 14:11:19',398,NULL),(5112,6,5031,679,1,'2025-12-10 14:39:26',2288.487,NULL),(5113,10,5032,NULL,1,'2025-12-12 11:29:15',80,12),(5114,10,5033,NULL,1,'2025-12-12 11:29:38',69,12),(5115,10,5034,NULL,1,'2025-12-12 11:30:02',23,12),(5116,10,5035,NULL,1,'2025-12-12 11:31:39',120,12),(5117,10,5036,NULL,1,'2025-12-12 11:32:04',143,12),(5118,10,5037,NULL,1,'2025-12-12 11:32:40',117,12),(5119,10,5038,NULL,1,'2025-12-12 11:33:07',128,12),(5120,117,5039,NULL,1,'2025-12-12 11:53:47',4.05,26),(5121,117,5040,NULL,1,'2025-12-12 11:54:23',1.8,26),(5122,117,5041,NULL,1,'2025-12-12 11:56:54',2.85,26),(5123,103,5042,NULL,2,'2025-12-12 11:59:36',716,2),(5124,3,5043,NULL,2,'2025-12-12 12:00:08',604.19,3),(5125,2,5044,NULL,2,'2025-12-12 12:00:35',146.91,3),(5126,99,5045,NULL,2,'2025-12-12 12:01:04',2112.72,3),(5127,100,5046,NULL,2,'2025-12-12 12:13:08',732.67,3),(5128,101,5047,NULL,2,'2025-12-12 12:13:44',111,3),(5129,102,5048,NULL,2,'2025-12-12 12:14:10',74.46,3),(5130,109,5049,NULL,2,'2025-12-12 12:14:33',1584.14,3),(5131,106,5050,NULL,2,'2025-12-12 12:16:09',54.46,9),(5132,109,5051,NULL,2,'2025-12-12 12:17:31',220.53,3),(5133,103,5052,NULL,2,'2025-12-12 12:24:55',185,2),(5134,3,5053,NULL,2,'2025-12-12 12:25:39',684.2,3),(5135,2,5054,NULL,2,'2025-12-12 12:26:02',268.47,3),(5136,99,5055,NULL,2,'2025-12-12 12:27:06',1089.87,3),(5137,100,5056,NULL,2,'2025-12-12 12:27:33',680.42,3),(5138,101,5057,NULL,2,'2025-12-12 12:27:59',386.12,3),(5139,102,5058,NULL,2,'2025-12-12 12:28:21',553,3),(5140,109,5059,NULL,2,'2025-12-12 12:29:08',690.43,3),(5141,108,5060,NULL,2,'2025-12-12 12:36:31',318,9),(5142,106,5061,NULL,2,'2025-12-12 12:37:42',404.11,9),(5143,109,5062,NULL,2,'2025-12-12 12:38:07',354.42,3),(5144,103,5063,NULL,2,'2025-12-12 12:39:33',280,2),(5145,3,5064,NULL,2,'2025-12-12 12:39:54',1372.09,3),(5146,2,5065,NULL,2,'2025-12-12 12:40:28',700.76,3),(5147,99,5066,NULL,2,'2025-12-12 12:41:01',1156.72,3),(5148,100,5067,NULL,2,'2025-12-12 12:41:26',983.14,3),(5149,101,5068,NULL,2,'2025-12-12 12:41:48',98,3),(5150,102,5069,NULL,2,'2025-12-12 12:42:13',39.77,3),(5151,109,5070,NULL,2,'2025-12-12 12:42:59',1293.11,3),(5152,105,5071,NULL,2,'2025-12-12 12:43:24',374.95,9),(5153,108,5072,NULL,2,'2025-12-12 12:44:24',65.32,9),(5154,106,5073,NULL,2,'2025-12-12 12:45:11',188.98,9),(5155,109,5074,NULL,2,'2025-12-12 12:45:34',606.17,3),(5156,88,5075,NULL,1,'2025-12-12 12:49:43',600,23),(5157,37,5076,NULL,1,'2025-12-12 12:50:34',121.76,15),(5158,10,5077,NULL,1,'2025-12-13 12:04:10',98,12),(5159,10,5078,NULL,1,'2025-12-13 12:04:40',89,12),(5160,10,5079,NULL,1,'2025-12-13 12:05:04',111,12),(5161,117,5080,NULL,1,'2025-12-13 12:15:16',3.75,26),(5162,103,5081,NULL,2,'2025-12-13 12:15:56',1066,2),(5163,3,5082,NULL,2,'2025-12-13 12:16:28',2185.68,3),(5164,2,5083,NULL,2,'2025-12-13 12:16:52',338.99,3),(5165,99,5084,NULL,2,'2025-12-13 12:17:20',2109.4,3),(5166,100,5085,NULL,2,'2025-12-13 12:17:52',1021.97,3),(5167,101,5086,NULL,2,'2025-12-13 12:18:13',196.48,3),(5168,102,5087,NULL,2,'2025-12-13 12:18:40',452.98,3),(5169,109,5088,NULL,2,'2025-12-13 12:18:58',1969.16,3),(5170,105,5089,NULL,2,'2025-12-13 12:19:45',188,9),(5171,108,5090,NULL,2,'2025-12-13 12:20:08',85,9),(5172,109,5091,NULL,2,'2025-12-13 12:21:01',337.31,3),(5173,10,5092,NULL,1,'2025-12-14 17:10:16',95,12),(5174,10,5093,NULL,1,'2025-12-14 17:10:47',127,12),(5175,10,5094,NULL,1,'2025-12-14 17:11:14',126,12),(5176,117,5095,NULL,1,'2025-12-14 17:11:49',2.55,26),(5177,103,5096,NULL,2,'2025-12-14 17:12:26',608.5,2),(5178,3,5097,NULL,2,'2025-12-14 17:13:32',1162.5,3),(5179,2,5098,NULL,2,'2025-12-14 17:13:53',1893.98,3),(5180,99,5099,NULL,2,'2025-12-14 17:14:15',2360.13,3),(5181,100,5100,NULL,2,'2025-12-14 17:14:35',2082.33,3),(5182,101,5101,NULL,2,'2025-12-14 17:14:55',512,3),(5183,102,5102,NULL,2,'2025-12-14 17:15:14',770.5,3),(5184,109,5103,NULL,2,'2025-12-14 17:15:30',1319,3),(5185,105,5104,NULL,2,'2025-12-14 17:15:59',108,9),(5186,108,5105,NULL,2,'2025-12-14 17:16:26',280.5,9),(5187,109,5106,NULL,2,'2025-12-14 17:16:49',396.95,3),(5188,4,5107,681,1,'2025-12-14 17:24:28',755.02,NULL),(5189,39,5107,681,1,'2025-12-14 17:24:28',375.48,NULL),(5190,6,5108,678,1,'2025-12-14 17:24:58',1108.8,NULL),(5191,83,5109,682,1,'2025-12-14 17:25:53',100,NULL),(5192,39,5110,685,1,'2025-12-14 17:28:27',91.24000000000001,NULL),(5193,19,5111,684,1,'2025-12-14 17:29:50',114,NULL),(5194,103,5112,NULL,2,'2025-12-16 13:32:03',1493.25,2),(5195,3,5113,NULL,2,'2025-12-16 13:32:27',3174.96,3),(5196,2,5114,NULL,2,'2025-12-16 13:32:48',2537,3),(5197,99,5115,NULL,2,'2025-12-16 13:33:15',5058.71,3),(5198,100,5116,NULL,2,'2025-12-16 13:33:35',2240.48,3),(5199,101,5117,NULL,2,'2025-12-16 13:35:24',452,3),(5200,102,5118,NULL,2,'2025-12-16 13:35:41',334,3),(5201,109,5119,NULL,2,'2025-12-16 13:35:59',3109,3),(5202,105,5120,NULL,2,'2025-12-16 13:36:19',165,9),(5203,108,5121,NULL,2,'2025-12-16 13:36:46',49,9),(5204,106,5122,NULL,2,'2025-12-16 13:38:31',212,9),(5205,109,5123,NULL,2,'2025-12-16 13:38:49',603.94,3),(5206,117,5124,NULL,1,'2025-12-16 13:40:22',4.5,26),(5207,10,5125,NULL,1,'2025-12-16 13:40:46',173,12),(5208,10,5126,NULL,1,'2025-12-16 13:41:06',143,12),(5209,10,5127,NULL,1,'2025-12-16 13:41:27',204,12),(5210,117,5128,NULL,1,'2025-12-16 13:49:28',1.65,26),(5211,10,5129,NULL,1,'2025-12-16 13:50:10',96,12),(5212,10,5130,NULL,1,'2025-12-16 13:50:38',99,12),(5213,103,5131,NULL,2,'2025-12-16 13:55:52',505.25,2),(5214,3,5132,NULL,2,'2025-12-16 13:56:23',1001.91,3),(5215,2,5133,NULL,2,'2025-12-16 13:56:45',389.99,3),(5216,99,5134,NULL,2,'2025-12-16 13:57:25',1264.46,3),(5217,100,5135,NULL,2,'2025-12-16 13:57:43',430.37,3),(5218,101,5136,NULL,2,'2025-12-16 13:58:03',35,3),(5219,102,5137,NULL,2,'2025-12-16 13:58:24',298.97,3),(5220,109,5138,NULL,2,'2025-12-16 13:58:44',486.05,3),(5221,105,5139,NULL,2,'2025-12-16 13:59:10',302,9),(5222,106,5140,NULL,2,'2025-12-16 13:59:48',180.28,9),(5223,109,5141,NULL,2,'2025-12-16 14:00:13',159.22,3),(5224,10,5142,NULL,1,'2025-12-17 10:12:17',81,12),(5225,10,5143,NULL,1,'2025-12-17 10:12:51',104,12),(5226,117,5144,NULL,1,'2025-12-17 10:14:45',2.4,26),(5227,103,5145,NULL,2,'2025-12-17 10:21:09',258,2),(5228,3,5146,NULL,2,'2025-12-17 10:32:22',983.7,3),(5229,2,5147,NULL,2,'2025-12-17 10:32:47',1127.19,3),(5230,99,5148,NULL,2,'2025-12-17 10:33:09',1978.9,3),(5231,100,5149,NULL,2,'2025-12-17 10:33:35',613.09,3),(5232,101,5150,NULL,2,'2025-12-17 10:42:38',158.96,3),(5233,102,5151,NULL,2,'2025-12-17 10:43:14',91,3),(5234,109,5152,NULL,2,'2025-12-17 10:43:32',673.4,3),(5235,108,5153,NULL,2,'2025-12-17 10:46:13',53.49,9),(5236,106,5154,NULL,2,'2025-12-17 10:46:33',107,9),(5237,109,5155,NULL,2,'2025-12-17 10:47:45',279.08,3),(5238,1,5156,688,1,'2025-12-17 10:57:59',4244.42,NULL),(5239,16,5157,689,1,'2025-12-17 10:59:16',798.4,NULL),(5240,6,5158,687,1,'2025-12-17 10:59:48',2666.375,NULL),(5241,6,5159,686,1,'2025-12-17 11:00:15',389,NULL),(5242,1,5160,691,1,'2025-12-17 11:01:10',599.6,NULL),(5243,5,5161,690,1,'2025-12-17 11:01:54',299.8,NULL),(5244,1,5162,683,1,'2025-12-17 11:02:07',5803.4600000003,NULL),(5245,8,5163,692,1,'2025-12-17 11:17:05',911.81,NULL),(5246,4,5164,693,1,'2025-12-17 11:18:38',378,NULL),(5247,4,5165,694,1,'2025-12-17 12:23:14',10.6633,NULL),(5248,37,5166,NULL,1,'2025-12-17 12:26:42',129.78,15),(5249,41,5167,NULL,1,'2025-12-17 12:27:52',6.79,16),(5250,4,5168,697,1,'2025-12-17 13:21:13',1023.4949999999999,NULL),(5251,4,5169,696,1,'2025-12-17 13:21:17',18.33,NULL),(5252,5,5169,696,1,'2025-12-17 13:21:17',1360.826,NULL),(5253,20,5169,696,1,'2025-12-17 13:21:17',96.65,NULL),(5254,39,5169,696,1,'2025-12-17 13:21:17',207.09,NULL),(5255,40,5169,696,1,'2025-12-17 13:21:17',1185.856,NULL),(5256,41,5169,696,1,'2025-12-17 13:21:17',9.77,NULL),(5257,10,5170,NULL,1,'2025-12-18 11:52:59',121,12),(5258,10,5171,NULL,1,'2025-12-18 11:54:56',105,12),(5259,117,5172,NULL,1,'2025-12-18 13:13:25',2.25,26),(5260,103,5173,NULL,2,'2025-12-18 13:13:53',363.25,2),(5261,3,5174,NULL,2,'2025-12-18 13:14:53',1007.55,3),(5262,2,5175,NULL,2,'2025-12-18 13:15:13',1020.96,3),(5263,99,5176,NULL,2,'2025-12-18 13:15:48',1937.27,3),(5264,100,5177,NULL,2,'2025-12-18 13:16:07',1062.94,3),(5265,101,5178,NULL,2,'2025-12-18 13:16:29',116.62,3),(5266,102,5179,NULL,2,'2025-12-18 13:16:53',148.89,3),(5267,109,5180,NULL,2,'2025-12-18 13:17:15',1414.12,3),(5268,105,5181,NULL,2,'2025-12-18 13:17:43',43.99,9),(5269,106,5182,NULL,2,'2025-12-18 13:18:16',173.98,9),(5270,109,5183,NULL,2,'2025-12-18 13:18:37',167.73,3),(5271,10,5184,NULL,1,'2025-12-19 12:05:46',125,12),(5272,10,5185,NULL,1,'2025-12-19 12:06:44',157,12),(5273,117,5186,NULL,1,'2025-12-19 12:07:15',2.7,26),(5274,103,5187,NULL,2,'2025-12-19 12:07:45',265,2),(5275,3,5188,NULL,2,'2025-12-19 12:08:12',793.28,3),(5276,2,5189,NULL,2,'2025-12-19 12:08:32',1144.68,3),(5277,99,5190,NULL,2,'2025-12-19 12:09:17',2937.78,3),(5278,100,5191,NULL,2,'2025-12-19 12:09:38',1279.21,3),(5279,101,5192,NULL,2,'2025-12-19 12:10:01',200.98,3),(5280,109,5193,NULL,2,'2025-12-19 12:10:22',1458.44,3),(5281,105,5194,NULL,2,'2025-12-19 12:10:43',201.99,9),(5282,109,5195,NULL,2,'2025-12-19 12:11:10',691.65,3),(5283,7,5196,NULL,1,'2025-12-20 20:57:43',40,4),(5284,10,5197,NULL,1,'2025-12-20 20:58:52',78,12),(5285,10,5198,NULL,1,'2025-12-20 21:01:17',91,12),(5286,10,5199,NULL,1,'2025-12-20 21:01:38',75,12),(5287,117,5200,NULL,1,'2025-12-20 21:03:15',3,26),(5288,103,5201,NULL,2,'2025-12-20 21:07:38',686,2),(5289,3,5202,NULL,2,'2025-12-20 21:08:04',892.29,3),(5290,2,5203,NULL,2,'2025-12-20 21:08:26',707.35,3),(5291,99,5204,NULL,2,'2025-12-20 21:09:03',2323.01,3),(5292,100,5205,NULL,2,'2025-12-20 21:09:26',1596.06,3),(5293,101,5206,NULL,2,'2025-12-20 21:10:00',259.47,3),(5294,102,5207,NULL,2,'2025-12-20 21:10:25',282.98,3),(5295,109,5208,NULL,2,'2025-12-20 21:10:48',1427.07,3),(5296,105,5209,NULL,2,'2025-12-20 21:11:12',255.48,9),(5297,106,5210,NULL,2,'2025-12-20 21:11:41',71,9),(5298,109,5211,NULL,2,'2025-12-20 21:12:03',487.18,3),(5299,40,5213,702,1,'2025-12-20 21:21:06',507.4400024414,NULL),(5300,40,5215,701,1,'2025-12-20 21:25:22',2471,NULL),(5301,1,5216,700,1,'2025-12-20 21:25:49',4757.2,NULL),(5302,1,5217,699,1,'2025-12-20 21:26:17',173.55,NULL),(5303,16,5217,699,1,'2025-12-20 21:26:17',774,NULL),(5304,20,5218,698,1,'2025-12-20 21:27:00',470.289984,NULL),(5305,21,5218,698,1,'2025-12-20 21:27:00',156.43004000000002,NULL),(5306,83,5219,704,1,'2025-12-20 21:33:32',120,NULL),(5307,5,5220,703,1,'2025-12-20 21:34:09',182,NULL),(5308,10,5221,NULL,1,'2025-12-22 13:32:37',177,12),(5309,10,5222,NULL,1,'2025-12-22 13:33:07',202,12),(5310,117,5223,NULL,1,'2025-12-22 13:33:41',3.6,26),(5311,10,5224,NULL,1,'2025-12-22 13:36:30',212,12),(5312,10,5225,NULL,1,'2025-12-22 13:42:56',244,12),(5313,10,5226,NULL,1,'2025-12-22 13:43:35',209,12),(5314,117,5227,NULL,1,'2025-12-22 13:51:24',3.15,26),(5315,103,5228,NULL,2,'2025-12-22 13:52:10',1272,2),(5316,3,5229,NULL,2,'2025-12-22 13:52:59',1322.73,3),(5317,2,5230,NULL,2,'2025-12-22 13:53:22',1370.22,3),(5318,99,5231,NULL,2,'2025-12-22 13:53:49',3036,3),(5319,100,5232,NULL,2,'2025-12-22 13:54:34',1454.72,3),(5320,101,5233,NULL,2,'2025-12-22 13:56:04',232,3),(5321,102,5234,NULL,2,'2025-12-22 13:56:29',675,3),(5322,109,5235,NULL,2,'2025-12-22 13:57:05',2469.75,3),(5323,105,5236,NULL,2,'2025-12-22 13:57:29',202.5,9),(5324,109,5237,NULL,2,'2025-12-22 13:58:07',711.93,3),(5325,103,5238,NULL,2,'2025-12-22 13:59:25',1257.49,2),(5326,3,5239,NULL,2,'2025-12-22 13:59:52',5162.98,3),(5327,2,5240,NULL,2,'2025-12-22 14:00:17',2161.71,3),(5328,99,5241,NULL,2,'2025-12-22 14:00:47',3676.48,3),(5329,100,5242,NULL,2,'2025-12-22 14:01:10',2716,3),(5330,101,5243,NULL,2,'2025-12-22 14:02:31',529,3),(5331,102,5244,NULL,2,'2025-12-22 14:03:03',749,3),(5332,109,5245,NULL,2,'2025-12-22 14:03:24',1760,3),(5333,105,5246,NULL,2,'2025-12-22 14:03:51',273,9),(5334,108,5247,NULL,2,'2025-12-22 14:05:05',398.72,9),(5335,106,5248,NULL,2,'2025-12-22 14:05:45',146,9),(5336,109,5249,NULL,2,'2025-12-22 14:06:10',1359.63,3),(5337,10,5250,NULL,1,'2025-12-23 12:55:56',108,12),(5338,10,5251,NULL,1,'2025-12-23 12:56:31',75,12),(5339,10,5252,NULL,1,'2025-12-23 12:56:56',114,12),(5340,117,5253,NULL,1,'2025-12-23 12:57:27',2.7,26),(5341,103,5254,NULL,2,'2025-12-23 12:58:07',618,2),(5342,3,5255,NULL,2,'2025-12-23 12:58:35',830.45,3),(5343,2,5256,NULL,2,'2025-12-23 13:02:53',609.48,3),(5344,99,5257,NULL,2,'2025-12-23 13:05:07',2340.74,3),(5345,100,5258,NULL,2,'2025-12-23 13:05:31',820.93,3),(5346,101,5259,NULL,2,'2025-12-23 13:06:09',288.5,3),(5347,102,5260,NULL,2,'2025-12-23 13:06:31',373.97,3),(5348,109,5261,NULL,2,'2025-12-23 13:07:05',1400.21,3),(5349,105,5262,NULL,2,'2025-12-23 13:07:25',202,9),(5350,108,5263,NULL,2,'2025-12-23 13:07:51',73,9),(5351,109,5264,NULL,2,'2025-12-23 13:08:17',609.06,3),(5352,116,5265,NULL,1,'2025-12-23 14:12:26',5.048595,NULL),(5353,114,5266,NULL,1,'2025-12-23 14:12:26',6.156975,NULL),(5354,112,5267,NULL,1,'2025-12-23 14:12:26',4.5711,NULL),(5355,116,5268,NULL,1,'2025-12-23 14:12:26',10.1115,NULL),(5356,114,5269,NULL,1,'2025-12-23 14:12:26',20.37,NULL),(5357,112,5270,NULL,1,'2025-12-23 14:12:26',16.212825,NULL),(5358,116,5271,NULL,1,'2025-12-23 14:12:26',9.1125,NULL),(5359,114,5272,NULL,1,'2025-12-23 14:12:26',10.9104,NULL),(5360,112,5273,NULL,1,'2025-12-23 14:12:26',10.27665,NULL),(5361,116,5274,NULL,1,'2025-12-23 14:12:26',3.82023,NULL),(5362,114,5275,NULL,1,'2025-12-23 14:12:26',11.97045,NULL),(5363,112,5276,NULL,1,'2025-12-23 14:12:26',5.305125,NULL),(5364,114,5277,NULL,1,'2025-12-23 14:12:26',9.594075,NULL),(5365,112,5278,NULL,1,'2025-12-23 14:12:26',8.5851,NULL),(5366,116,5279,NULL,1,'2025-12-23 14:12:26',2.010015,NULL),(5367,114,5280,NULL,1,'2025-12-23 14:12:27',7.97205,NULL),(5368,112,5281,NULL,1,'2025-12-23 14:12:27',7.6572,NULL),(5369,116,5282,NULL,1,'2025-12-23 14:12:27',1.2285,NULL),(5370,114,5283,NULL,1,'2025-12-23 14:12:27',4.598175,NULL),(5371,112,5284,NULL,1,'2025-12-23 14:12:27',8.453925,NULL),(5372,116,5285,NULL,1,'2025-12-23 14:12:36',4.036095,NULL),(5373,114,5286,NULL,1,'2025-12-23 14:12:36',3.227775,NULL),(5374,112,5287,NULL,1,'2025-12-23 14:12:36',2.924925,NULL),(5375,116,5288,NULL,1,'2025-12-23 14:12:36',4.509,NULL),(5376,114,5289,NULL,1,'2025-12-23 14:12:36',16.8036,NULL),(5377,112,5290,NULL,1,'2025-12-23 14:12:36',19.0275,NULL),(5378,116,5291,NULL,1,'2025-12-23 14:12:36',10.40175,NULL),(5379,114,5292,NULL,1,'2025-12-23 14:12:36',15.617475,NULL),(5380,112,5293,NULL,1,'2025-12-23 14:12:36',14.20485,NULL),(5381,123,5294,NULL,1,'2025-12-23 14:12:36',4.675,NULL),(5382,116,5295,NULL,1,'2025-12-23 14:12:36',6.11523,NULL),(5383,114,5296,NULL,1,'2025-12-23 14:12:36',7.664775,NULL),(5384,112,5297,NULL,1,'2025-12-23 14:12:36',2.542425,NULL),(5385,116,5298,NULL,1,'2025-12-23 14:12:36',0.536895,NULL),(5386,114,5299,NULL,1,'2025-12-23 14:12:36',7.37355,NULL),(5387,112,5300,NULL,1,'2025-12-23 14:12:36',5.2557,NULL),(5388,116,5301,NULL,1,'2025-12-23 14:13:02',7.4655,NULL),(5389,114,5302,NULL,1,'2025-12-23 14:13:02',5.10315,NULL),(5390,112,5303,NULL,1,'2025-12-23 14:13:02',2.013525,NULL),(5391,116,5304,NULL,1,'2025-12-23 14:13:03',1.00521,NULL),(5392,114,5305,NULL,1,'2025-12-23 14:13:03',5.495025,NULL),(5393,112,5306,NULL,1,'2025-12-23 14:13:03',1.101825,NULL),(5394,116,5307,NULL,1,'2025-12-23 14:13:03',3.78,NULL),(5395,114,5308,NULL,1,'2025-12-23 14:13:03',11.293125,NULL),(5396,112,5309,NULL,1,'2025-12-23 14:13:03',6.1464,NULL),(5397,116,5310,NULL,1,'2025-12-23 14:13:03',4.5765,NULL),(5398,113,5311,NULL,1,'2025-12-23 14:13:03',62.969025,NULL),(5399,112,5312,NULL,1,'2025-12-23 14:13:03',12.170625,NULL),(5400,116,5313,NULL,1,'2025-12-23 14:13:03',0.593865,NULL),(5401,114,5314,NULL,1,'2025-12-23 14:13:03',5.369925,NULL),(5402,112,5315,NULL,1,'2025-12-23 14:13:03',4.506825,NULL),(5403,116,5316,NULL,1,'2025-12-23 14:13:03',3.19734,NULL),(5404,114,5317,NULL,1,'2025-12-23 14:13:19',3.43485,NULL),(5405,112,5318,NULL,1,'2025-12-23 14:13:19',5.44995,NULL),(5406,116,5319,NULL,1,'2025-12-23 14:13:19',1.05273,NULL),(5407,114,5320,NULL,1,'2025-12-23 14:13:19',7.3656,NULL),(5408,112,5321,NULL,1,'2025-12-23 14:13:19',5.876475,NULL),(5409,116,5322,NULL,1,'2025-12-23 14:13:19',0.594,NULL),(5410,114,5323,NULL,1,'2025-12-23 14:13:19',5.035275,NULL),(5411,112,5324,NULL,1,'2025-12-23 14:13:19',6.160875,NULL),(5412,116,5325,NULL,1,'2025-12-23 14:13:19',0.620865,NULL),(5413,114,5326,NULL,1,'2025-12-23 14:13:19',9.89985,NULL),(5414,112,5327,NULL,1,'2025-12-23 14:13:19',7.9623,NULL),(5415,116,5328,NULL,1,'2025-12-23 14:13:19',1.593,NULL),(5416,113,5329,NULL,1,'2025-12-23 14:13:19',23.480625,NULL),(5417,112,5330,NULL,1,'2025-12-23 14:13:19',7.71375,NULL),(5418,116,5331,NULL,1,'2025-12-23 14:13:19',3.888,NULL),(5419,114,5332,NULL,1,'2025-12-23 14:13:19',12.585,NULL),(5420,112,5333,NULL,1,'2025-12-23 14:13:19',15.0675,NULL),(5421,116,5334,NULL,1,'2025-12-23 14:13:19',3.3885,NULL),(5422,114,5335,NULL,1,'2025-12-23 14:13:30',14.50875,NULL),(5423,112,5336,NULL,1,'2025-12-23 14:13:30',11.191875,NULL),(5424,116,5337,NULL,1,'2025-12-23 14:13:30',0.89775,NULL),(5425,114,5338,NULL,1,'2025-12-23 14:13:30',12.233925,NULL),(5426,112,5339,NULL,1,'2025-12-23 14:13:30',3.8322,NULL),(5427,123,5340,NULL,1,'2025-12-23 14:13:30',2.2,NULL),(5428,123,5341,NULL,1,'2025-12-23 14:13:30',1.8876,NULL),(5429,123,5342,NULL,1,'2025-12-23 14:13:30',13.15215,NULL),(5430,119,5343,NULL,1,'2025-12-23 14:13:30',16.26324,NULL),(5431,115,5344,NULL,1,'2025-12-23 14:13:30',1.551,NULL),(5432,113,5345,NULL,1,'2025-12-23 14:13:30',47.223225,NULL),(5433,15,5346,NULL,1,'2025-12-23 14:13:30',20.37875,NULL),(5434,123,5347,NULL,1,'2025-12-23 14:13:30',9.45945,NULL),(5435,119,5348,NULL,1,'2025-12-23 14:13:40',7.828,NULL),(5436,115,5349,NULL,1,'2025-12-23 14:13:40',12.272875,NULL),(5437,113,5350,NULL,1,'2025-12-23 14:13:40',33.975025,NULL),(5438,15,5351,NULL,1,'2025-12-23 14:13:40',11.4177,NULL),(5439,123,5352,NULL,1,'2025-12-23 14:13:40',17.3239,NULL),(5440,119,5353,NULL,1,'2025-12-23 14:13:40',6.84,NULL),(5441,115,5354,NULL,1,'2025-12-23 14:13:40',10.387,NULL),(5442,113,5355,NULL,1,'2025-12-23 14:13:40',49.71505,NULL),(5443,15,5356,NULL,1,'2025-12-23 14:13:40',27.859125,NULL),(5444,119,5357,NULL,1,'2025-12-23 14:13:40',15.73124,NULL),(5445,113,5358,NULL,1,'2025-12-23 14:13:40',24.205825,NULL),(5446,15,5359,NULL,1,'2025-12-23 14:13:40',30.854075,NULL),(5447,123,5360,NULL,1,'2025-12-23 14:13:40',4.125,NULL),(5448,119,5361,NULL,1,'2025-12-23 14:13:40',5.624,NULL),(5449,115,5362,NULL,1,'2025-12-23 14:13:40',1.1985,NULL),(5450,113,5363,NULL,1,'2025-12-23 14:13:40',14.760025,NULL),(5451,15,5364,NULL,1,'2025-12-23 14:13:40',22.0409,NULL),(5452,123,5365,NULL,1,'2025-12-23 14:13:40',4.18,NULL),(5453,115,5366,NULL,1,'2025-12-23 14:13:49',3.7741,NULL),(5454,113,5367,NULL,1,'2025-12-23 14:13:49',30.816275,NULL),(5455,15,5368,NULL,1,'2025-12-23 14:13:49',16.5158,NULL),(5456,119,5369,NULL,1,'2025-12-23 14:13:49',6.76324,NULL),(5457,115,5370,NULL,1,'2025-12-23 14:13:49',8.43133,NULL),(5458,113,5371,NULL,1,'2025-12-23 14:13:49',54.301975,NULL),(5459,15,5372,NULL,1,'2025-12-23 14:13:49',18.375,NULL),(5460,119,5373,NULL,1,'2025-12-23 14:13:49',21.5156,NULL),(5461,115,5374,NULL,1,'2025-12-23 14:13:49',1.86825,NULL),(5462,113,5375,NULL,1,'2025-12-23 14:13:49',27.00985,NULL),(5463,15,5376,NULL,1,'2025-12-23 14:13:49',10.279675,NULL),(5464,123,5377,NULL,1,'2025-12-23 14:13:49',4.675,NULL),(5465,119,5378,NULL,1,'2025-12-23 14:13:49',13.75448,NULL),(5466,115,5379,NULL,1,'2025-12-23 14:14:02',4.982,NULL),(5467,113,5380,NULL,1,'2025-12-23 14:14:02',87.17555,NULL),(5468,15,5381,NULL,1,'2025-12-23 14:14:02',72.4675,NULL),(5469,119,5382,NULL,1,'2025-12-23 14:14:02',20.74648,NULL),(5470,115,5383,NULL,1,'2025-12-23 14:14:02',14.7345,NULL),(5471,113,5384,NULL,1,'2025-12-23 14:14:02',27.02875,NULL),(5472,15,5385,NULL,1,'2025-12-23 14:14:02',45.29875,NULL),(5473,123,5386,NULL,1,'2025-12-23 14:14:02',7.1214,NULL),(5474,119,5387,NULL,1,'2025-12-23 14:14:02',3.344,NULL),(5475,113,5388,NULL,1,'2025-12-23 14:14:02',37.241225,NULL),(5476,15,5389,NULL,1,'2025-12-23 14:14:02',12.494475,NULL),(5477,123,5390,NULL,1,'2025-12-23 14:14:02',4.345,NULL),(5478,115,5391,NULL,1,'2025-12-23 14:14:24',5.734,NULL),(5479,113,5392,NULL,1,'2025-12-23 14:14:24',22.149575,NULL),(5480,15,5393,NULL,1,'2025-12-23 14:14:24',12.502525,NULL),(5481,123,5394,NULL,1,'2025-12-23 14:14:24',8.195,NULL),(5482,15,5395,NULL,1,'2025-12-23 14:14:24',29.464225,NULL),(5483,113,5396,NULL,1,'2025-12-23 14:14:24',18.3295,NULL),(5484,115,5397,NULL,1,'2025-12-23 14:14:24',8.45953,NULL),(5485,119,5398,NULL,1,'2025-12-23 14:14:24',27.132,NULL),(5486,115,5399,NULL,1,'2025-12-23 14:14:24',8.37775,NULL),(5487,113,5400,NULL,1,'2025-12-23 14:14:24',69.4925,NULL),(5488,15,5401,NULL,1,'2025-12-23 14:14:24',68.901875,NULL),(5489,123,5402,NULL,1,'2025-12-23 14:14:25',12.21,NULL),(5490,119,5403,NULL,1,'2025-12-23 14:14:25',9.272,NULL),(5491,115,5404,NULL,1,'2025-12-23 14:14:32',6.33231,NULL),(5492,113,5405,NULL,1,'2025-12-23 14:14:32',69.168225,NULL),(5493,15,5406,NULL,1,'2025-12-23 14:14:32',29.141525,NULL),(5494,119,5407,NULL,1,'2025-12-23 14:14:32',22.46788,NULL),(5495,115,5408,NULL,1,'2025-12-23 14:14:32',3.11328,NULL),(5496,113,5409,NULL,1,'2025-12-23 14:14:32',55.0536,NULL),(5497,15,5410,NULL,1,'2025-12-23 14:14:32',25.447275,NULL),(5498,123,5411,NULL,1,'2025-12-23 14:14:32',3.96,NULL),(5499,115,5412,NULL,1,'2025-12-23 14:14:32',4.7235,NULL),(5500,113,5413,NULL,1,'2025-12-23 14:14:32',22.68315,NULL),(5501,15,5414,NULL,1,'2025-12-23 14:14:32',31.275125,NULL),(5502,119,5415,NULL,1,'2025-12-23 14:14:39',24.073,NULL),(5503,119,5416,NULL,1,'2025-12-23 14:14:39',15.96,NULL),(5504,115,5417,NULL,1,'2025-12-23 14:14:39',3.5485,NULL),(5505,115,5418,NULL,1,'2025-12-23 14:14:39',2.761015,NULL),(5506,113,5419,NULL,1,'2025-12-23 14:14:39',19.3753,NULL),(5507,113,5420,NULL,1,'2025-12-23 14:14:39',21.826,NULL),(5508,15,5421,NULL,1,'2025-12-23 14:14:39',19.1457,NULL),(5509,15,5422,NULL,1,'2025-12-23 14:14:39',18.052475,NULL),(5510,119,5423,NULL,1,'2025-12-23 14:14:39',6.384,NULL),(5511,115,5424,NULL,1,'2025-12-23 14:14:39',2.889795,NULL),(5512,113,5425,NULL,1,'2025-12-23 14:14:39',15.24145,NULL),(5513,15,5426,NULL,1,'2025-12-23 14:14:39',7.897225,NULL),(5514,119,5427,NULL,1,'2025-12-23 14:14:48',28.0402,NULL),(5515,115,5428,NULL,1,'2025-12-23 14:14:48',18.059515,NULL),(5516,113,5429,NULL,1,'2025-12-23 14:14:48',61.01375,NULL),(5517,15,5430,NULL,1,'2025-12-23 14:14:48',54.590725,NULL),(5518,119,5431,NULL,1,'2025-12-23 14:14:48',27.474,NULL),(5519,115,5432,NULL,1,'2025-12-23 14:14:48',10.951,NULL),(5520,113,5433,NULL,1,'2025-12-23 14:14:48',42.231875,NULL),(5521,15,5434,NULL,1,'2025-12-23 14:14:48',48.7284,NULL),(5522,119,5435,NULL,1,'2025-12-23 14:14:48',3.94364,NULL),(5523,115,5436,NULL,1,'2025-12-23 14:14:48',5.2123,NULL),(5524,113,5437,NULL,1,'2025-12-23 14:14:48',32.8258,NULL),(5525,15,5438,NULL,1,'2025-12-23 14:14:48',29.319325,NULL),(5526,119,5439,NULL,1,'2025-12-23 14:14:55',12.70112,NULL),(5527,115,5440,NULL,1,'2025-12-23 14:14:55',2.5615,NULL),(5528,113,5441,NULL,1,'2025-12-23 14:14:55',22.46265,NULL),(5529,15,5442,NULL,1,'2025-12-23 14:14:55',22.925525,NULL),(5530,113,5443,NULL,1,'2025-12-23 14:14:55',18.38305,NULL),(5531,15,5444,NULL,1,'2025-12-23 14:14:55',21.568575,NULL),(5532,4,5445,705,1,'2025-12-24 11:15:25',989.9960000000001,NULL),(5533,10,5446,NULL,1,'2025-12-24 11:17:30',77,12),(5534,10,5447,NULL,1,'2025-12-24 11:22:22',113,12),(5535,10,5448,NULL,1,'2025-12-24 11:23:30',103,12),(5536,117,5449,NULL,1,'2025-12-24 11:24:00',4.8,26),(5537,117,5450,NULL,1,'2025-12-24 11:24:10',4.8,26),(5538,103,5451,NULL,2,'2025-12-24 11:25:04',442,2),(5539,3,5452,NULL,2,'2025-12-24 11:25:44',1103.92,3),(5540,3,5453,NULL,2,'2025-12-24 11:25:50',1103.92,3),(5541,2,5454,NULL,2,'2025-12-24 11:26:20',711.58,3),(5542,99,5455,NULL,2,'2025-12-24 11:29:54',1514.92,3),(5543,100,5456,NULL,2,'2025-12-24 11:30:21',1144.28,3),(5544,101,5457,NULL,2,'2025-12-24 11:30:47',246.99,3),(5545,101,5458,NULL,2,'2025-12-24 11:30:52',246.99,3),(5546,102,5459,NULL,2,'2025-12-24 11:32:30',437.5,3),(5547,109,5460,NULL,2,'2025-12-24 11:32:51',3068.63,3),(5548,108,5461,NULL,2,'2025-12-24 11:33:36',39.99,9),(5549,106,5462,NULL,2,'2025-12-24 11:34:00',146.97,9),(5550,106,5463,NULL,2,'2025-12-24 11:34:10',146.97,9),(5551,109,5464,NULL,2,'2025-12-24 11:34:39',488.42,3),(5552,39,5465,706,1,'2025-12-24 11:53:14',340,NULL),(5553,8,5466,707,1,'2025-12-24 11:56:04',4.71665,NULL),(5554,20,5466,707,1,'2025-12-24 11:56:04',82.66,NULL),(5559,8,5469,720,1,'2025-12-24 12:18:35',231.91,NULL),(5560,20,5469,720,1,'2025-12-24 12:18:35',505.73,NULL),(5561,1,5470,710,1,'2025-12-24 12:19:34',257.465,NULL),(5562,39,5471,714,1,'2025-12-24 12:26:11',212,NULL),(5563,1,5472,718,1,'2025-12-24 12:26:58',599.6,NULL),(5564,1,5473,716,1,'2025-12-24 12:28:14',347.1,NULL),(5565,16,5473,716,1,'2025-12-24 12:28:14',885.5599999993,NULL),(5566,20,5474,717,1,'2025-12-24 12:29:29',110.399984,NULL),(5567,20,5475,709,1,'2025-12-24 12:30:16',707.9999600000001,NULL),(5568,19,5476,715,1,'2025-12-24 12:31:39',114.5,NULL),(5569,5,5477,713,1,'2025-12-24 12:31:46',939.796,NULL),(5570,1,5478,708,1,'2025-12-24 12:32:50',6587.1700000008,NULL),(5571,5,5479,719,1,'2025-12-24 12:32:56',34.36,NULL),(5572,6,5479,719,1,'2025-12-24 12:32:56',265.8,NULL),(5573,40,5482,712,1,'2025-12-24 12:36:15',2026.15,NULL),(5574,4,5483,722,1,'2025-12-24 12:46:47',375,NULL),(5575,6,5484,721,1,'2025-12-24 12:46:51',1471.01,NULL),(5576,126,5485,NULL,1,'2025-12-24 13:06:13',129,27),(5577,127,5486,NULL,1,'2025-12-24 13:07:40',2644.28,27),(5578,126,5487,NULL,1,'2025-12-24 13:08:54',193.86,27),(5579,127,5488,NULL,1,'2025-12-24 13:09:37',2410.81,27),(5580,126,5489,NULL,1,'2025-12-24 13:10:38',320.17,27),(5581,127,5490,NULL,1,'2025-12-24 13:10:48',3038.89,27),(5582,126,5491,NULL,1,'2025-12-24 13:12:20',486.67,27),(5584,127,5493,NULL,1,'2025-12-24 13:13:21',3628.5,27),(5585,128,5494,NULL,2,'2025-12-24 13:19:40',14622.25,28),(5586,128,5495,NULL,2,'2025-12-24 13:20:16',13727.88,28),(5587,128,5496,NULL,2,'2025-12-24 13:24:12',17696.93,28),(5588,128,5497,NULL,2,'2025-12-24 13:24:37',17979.26,28),(5589,142,5498,NULL,1,'2025-12-24 13:42:34',300,6),(5590,10,5499,NULL,1,'2025-12-27 21:01:04',87,12),(5591,10,5500,NULL,1,'2025-12-27 21:01:32',100,12),(5592,10,5501,NULL,1,'2025-12-27 21:01:50',80,12),(5593,117,5502,NULL,1,'2025-12-27 21:08:10',1.5,26),(5594,10,5503,NULL,1,'2025-12-27 21:08:52',56,12),(5595,10,5504,NULL,1,'2025-12-27 21:09:13',102,12),(5596,10,5505,NULL,1,'2025-12-27 21:09:40',70,12),(5597,117,5506,NULL,1,'2025-12-27 21:10:05',0.9,26),(5598,103,5507,NULL,2,'2025-12-27 21:11:07',517,2),(5599,3,5508,NULL,2,'2025-12-27 21:11:31',1533.68,3),(5600,2,5509,NULL,2,'2025-12-27 21:11:54',212.97,3),(5601,99,5510,NULL,2,'2025-12-27 21:12:27',2223.35,3),(5602,100,5511,NULL,2,'2025-12-27 21:12:47',834.19,3),(5603,102,5512,NULL,2,'2025-12-27 21:13:30',213,3),(5604,109,5513,NULL,2,'2025-12-27 21:13:57',747.46,3),(5605,108,5514,NULL,2,'2025-12-27 21:14:39',100,9),(5606,106,5515,NULL,2,'2025-12-27 21:15:17',107.5,9),(5607,109,5516,NULL,2,'2025-12-27 21:16:03',436.95,3),(5608,103,5517,NULL,2,'2025-12-27 21:20:44',279,2),(5609,3,5518,NULL,2,'2025-12-27 21:21:15',1947.87,3),(5610,2,5519,NULL,2,'2025-12-27 21:21:48',519.49,3),(5611,99,5520,NULL,2,'2025-12-27 21:22:14',1149.97,3),(5612,100,5521,NULL,2,'2025-12-27 21:22:40',906.33,3),(5613,101,5522,NULL,2,'2025-12-27 21:23:07',122.46,3),(5614,109,5523,NULL,2,'2025-12-27 21:23:23',705.49,3),(5615,106,5524,NULL,2,'2025-12-27 21:23:53',153.99,9),(5616,109,5525,NULL,2,'2025-12-27 21:24:22',431.58,3),(5617,10,5526,NULL,1,'2025-12-28 11:46:18',71,12),(5618,10,5527,NULL,1,'2025-12-28 11:46:42',86,12),(5619,10,5528,NULL,1,'2025-12-28 11:47:03',98,12),(5620,117,5529,NULL,1,'2025-12-28 11:47:43',1.2,26),(5621,103,5530,NULL,2,'2025-12-28 11:49:23',92,2),(5622,3,5531,NULL,2,'2025-12-28 11:49:59',1069,3),(5623,2,5532,NULL,2,'2025-12-28 11:51:07',835.5,3),(5624,99,5533,NULL,2,'2025-12-28 11:52:48',1972,3),(5625,100,5534,NULL,2,'2025-12-28 11:53:49',901.5,3),(5626,101,5535,NULL,2,'2025-12-28 11:54:22',448,3),(5627,102,5536,NULL,2,'2025-12-28 11:54:52',202,3),(5628,109,5537,NULL,2,'2025-12-28 11:56:38',644,3),(5629,105,5538,NULL,2,'2025-12-28 11:57:03',191,9),(5630,108,5539,NULL,2,'2025-12-28 11:57:32',269.97,9),(5631,106,5540,NULL,2,'2025-12-28 11:57:59',124,9),(5632,109,5541,NULL,2,'2025-12-28 11:58:37',438.96,3),(5633,8,5542,724,1,'2025-12-29 11:47:31',113.63,NULL),(5634,20,5542,724,1,'2025-12-29 11:47:31',404.52,NULL),(5635,83,5543,723,1,'2025-12-29 11:47:41',100,NULL),(5636,1,5544,725,1,'2025-12-29 11:48:39',4644.36,NULL),(5637,20,5545,726,1,'2025-12-29 11:49:26',360,NULL),(5638,20,5546,727,1,'2025-12-29 11:50:45',595.4399639999999,NULL),(5639,5,5548,728,1,'2025-12-29 11:56:08',1084.8,NULL),(5640,6,5549,729,1,'2025-12-29 11:56:13',209.85,NULL),(5641,37,5550,NULL,1,'2025-12-29 12:44:19',950,15),(5642,14,5551,NULL,1,'2025-12-29 12:45:11',84.9,16),(5643,45,5552,NULL,1,'2025-12-29 12:45:47',11395.61,16),(5644,42,5553,NULL,1,'2025-12-29 12:46:17',30,16),(5645,37,5554,NULL,1,'2025-12-29 12:47:07',1650,15),(5646,132,5555,NULL,1,'2025-12-29 12:47:38',284,25),(5647,131,5556,NULL,1,'2025-12-29 12:48:14',1600,22),(5648,88,5557,NULL,1,'2025-12-29 12:50:22',1417,23),(5649,59,5558,NULL,1,'2025-12-29 12:51:05',4262.86,17),(5650,42,5559,NULL,1,'2025-12-29 12:51:37',45.88,16),(5651,51,5560,NULL,1,'2025-12-29 12:51:58',106.64,16),(5652,28,5561,NULL,1,'2025-12-29 12:52:29',240.21,4),(5653,54,5562,NULL,1,'2025-12-29 12:53:16',59.86,17),(5654,54,5563,NULL,1,'2025-12-29 12:53:47',136.31,17),(5655,90,5564,NULL,1,'2025-12-29 12:54:33',12375,23),(5656,142,5565,NULL,1,'2025-12-29 12:54:58',1500,6),(5657,59,5566,NULL,1,'2025-12-29 12:55:22',2254.71,17),(5658,59,5567,NULL,1,'2025-12-29 12:55:53',40910.55,17),(5659,134,5568,NULL,1,'2025-12-29 12:56:17',8511.43,4),(5660,132,5569,NULL,1,'2025-12-29 12:57:39',519,25),(5661,142,5570,NULL,1,'2025-12-29 12:59:21',76.07,6),(5662,54,5571,NULL,1,'2025-12-29 12:59:59',212.14,17),(5663,37,5572,NULL,1,'2025-12-29 13:00:37',4600,15),(5664,136,5573,NULL,1,'2025-12-29 13:01:45',476.11,4),(5665,116,5574,NULL,1,'2025-12-29 13:04:59',2.727,NULL),(5666,114,5575,NULL,1,'2025-12-29 13:04:59',6.76125,NULL),(5667,112,5576,NULL,1,'2025-12-29 13:04:59',6.26625,NULL),(5668,112,5577,NULL,1,'2025-12-29 13:04:59',3.896175,NULL),(5669,114,5578,NULL,1,'2025-12-29 13:04:59',6.797475,NULL),(5670,116,5579,NULL,1,'2025-12-29 13:04:59',2.8755,NULL),(5671,114,5580,NULL,1,'2025-12-29 13:04:59',6.256425,NULL),(5672,112,5581,NULL,1,'2025-12-29 13:04:59',1.597275,NULL),(5673,114,5582,NULL,1,'2025-12-29 13:05:10',8.5821,NULL),(5674,116,5583,NULL,1,'2025-12-29 13:05:10',5.90625,NULL),(5675,115,5584,NULL,1,'2025-12-29 13:05:10',1.222,NULL),(5676,113,5585,NULL,1,'2025-12-29 13:05:10',27.6101,NULL),(5677,112,5586,NULL,1,'2025-12-29 13:05:10',5.33685,NULL),(5678,119,5587,NULL,1,'2025-12-29 13:05:10',26.372,NULL),(5679,15,5588,NULL,1,'2025-12-29 13:05:10',29.6177,NULL),(5680,123,5589,NULL,1,'2025-12-29 13:05:10',17.7364,NULL),(5681,119,5590,NULL,1,'2025-12-29 13:05:10',11.248,NULL),(5682,123,5591,NULL,1,'2025-12-29 13:05:10',13.02785,NULL),(5683,123,5592,NULL,1,'2025-12-29 13:05:10',12.43,NULL),(5684,123,5593,NULL,1,'2025-12-29 13:05:10',11.4939,NULL),(5685,123,5594,NULL,1,'2025-12-29 13:05:10',4.345,NULL),(5686,15,5595,NULL,1,'2025-12-29 13:05:18',18.5213,NULL),(5687,119,5596,NULL,1,'2025-12-29 13:05:18',2.888,NULL),(5688,113,5597,NULL,1,'2025-12-29 13:05:18',23.483775,NULL),(5689,15,5598,NULL,1,'2025-12-29 13:05:18',22.0248,NULL),(5690,119,5599,NULL,1,'2025-12-29 13:05:18',9.348,NULL),(5691,115,5600,NULL,1,'2025-12-29 13:05:18',0.47,NULL),(5692,113,5601,NULL,1,'2025-12-29 13:05:18',23.86965,NULL),(5693,15,5602,NULL,1,'2025-12-29 13:05:18',5.6784,NULL),(5694,115,5603,NULL,1,'2025-12-29 13:05:18',1.2455,NULL),(5695,113,5604,NULL,1,'2025-12-29 13:05:18',7.083825,NULL),(5696,15,5605,NULL,1,'2025-12-29 13:05:18',14.968275,NULL),(5697,119,5606,NULL,1,'2025-12-29 13:05:18',13.452,NULL),(5698,115,5607,NULL,1,'2025-12-29 13:05:18',14.8285,NULL),(5699,113,5608,NULL,1,'2025-12-29 13:05:18',84.65135,NULL),(5700,15,5609,NULL,1,'2025-12-29 13:05:19',55.57405,NULL),(5701,142,5610,NULL,1,'2025-12-29 13:23:01',279.99,6),(5702,37,5611,NULL,1,'2025-12-29 13:25:56',1229.14,15),(5703,132,5612,NULL,1,'2025-12-29 13:26:31',599.39,25),(5704,133,5613,NULL,1,'2025-12-29 13:27:10',2573.44,25),(5705,52,5614,NULL,1,'2025-12-29 13:28:19',200,16),(5706,132,5615,NULL,1,'2025-12-29 13:29:03',11814.93,25),(5707,41,5616,NULL,1,'2025-12-29 13:38:40',91.6,16),(5708,4,5617,731,1,'2025-12-29 13:39:10',6.7648,NULL),(5709,5,5618,730,1,'2025-12-29 13:39:15',4543.53,NULL),(5710,20,5618,730,1,'2025-12-29 13:39:15',134.2,NULL),(5711,39,5618,730,1,'2025-12-29 13:39:15',102.1,NULL),(5712,132,5619,NULL,1,'2025-12-29 15:28:41',1398.06,25),(5713,10,5620,NULL,1,'2025-12-30 11:40:34',223,12),(5714,10,5621,NULL,1,'2025-12-30 11:47:36',158,12),(5715,10,5622,NULL,1,'2025-12-30 11:48:08',191,12),(5716,117,5623,NULL,1,'2025-12-30 11:48:43',3.45,26),(5717,10,5624,NULL,1,'2025-12-30 11:49:41',36,12),(5718,10,5625,NULL,1,'2025-12-30 11:50:10',90,12),(5719,10,5626,NULL,1,'2025-12-30 11:50:36',114,12),(5720,117,5627,NULL,1,'2025-12-30 11:51:06',2.25,26),(5721,103,5628,NULL,2,'2025-12-30 12:11:42',1389,2),(5722,3,5629,NULL,2,'2025-12-30 12:12:13',3249,3),(5723,2,5630,NULL,2,'2025-12-30 12:12:48',1595.5,3),(5724,99,5631,NULL,2,'2025-12-30 12:13:12',2714.19,3),(5725,100,5632,NULL,2,'2025-12-30 12:13:37',2718,3),(5726,101,5633,NULL,2,'2025-12-30 12:14:06',594,3),(5727,102,5634,NULL,2,'2025-12-30 12:14:23',488.49,3),(5728,109,5635,NULL,2,'2025-12-30 12:14:47',2294.5,3),(5729,105,5636,NULL,2,'2025-12-30 12:15:11',193,9),(5730,108,5637,NULL,2,'2025-12-30 12:15:36',110,9),(5731,106,5638,NULL,2,'2025-12-30 12:16:07',247,9),(5732,109,5639,NULL,2,'2025-12-30 12:16:30',634.95,3),(5733,103,5640,NULL,2,'2025-12-30 12:17:05',1211,2),(5734,3,5641,NULL,2,'2025-12-30 12:17:32',1040.69,3),(5735,2,5642,NULL,2,'2025-12-30 12:17:58',763.99,3),(5736,99,5643,NULL,2,'2025-12-30 12:18:20',1907.31,3),(5737,100,5644,NULL,2,'2025-12-30 12:18:42',1108.47,3),(5738,101,5645,NULL,2,'2025-12-30 12:19:04',162.96,3),(5739,102,5646,NULL,2,'2025-12-30 12:19:26',45.99,3),(5740,109,5647,NULL,2,'2025-12-30 12:19:59',1250.37,3),(5741,105,5648,NULL,2,'2025-12-30 12:20:17',190,9),(5742,108,5649,NULL,2,'2025-12-30 12:20:52',199,9),(5743,106,5650,NULL,2,'2025-12-30 12:21:11',220.99,9),(5744,109,5651,NULL,2,'2025-12-30 12:21:31',248.98,3),(5745,10,5652,NULL,1,'2025-12-31 15:48:24',94,12),(5746,10,5653,NULL,1,'2025-12-31 15:48:43',48,12),(5747,10,5654,NULL,1,'2025-12-31 15:49:10',144,12),(5748,117,5655,NULL,1,'2025-12-31 15:49:38',1.8,26),(5749,10,5656,NULL,1,'2025-12-31 15:53:48',99,12),(5750,10,5657,NULL,1,'2025-12-31 15:54:11',14,12),(5751,10,5658,NULL,1,'2025-12-31 15:54:34',118,12),(5752,117,5659,NULL,1,'2025-12-31 15:54:59',3.75,26),(5753,103,5660,NULL,2,'2025-12-31 15:59:25',494,2),(5754,3,5661,NULL,2,'2025-12-31 15:59:54',1882.69,3),(5755,2,5662,NULL,2,'2025-12-31 16:00:48',861.27,3),(5756,99,5663,NULL,2,'2025-12-31 16:01:09',1718.79,3),(5757,100,5664,NULL,2,'2025-12-31 16:01:35',960.62,3),(5758,101,5665,NULL,2,'2025-12-31 16:01:58',43,3),(5759,102,5666,NULL,2,'2025-12-31 16:02:15',572.97,3),(5760,109,5667,NULL,2,'2025-12-31 16:02:40',1674.04,3),(5761,105,5668,NULL,2,'2025-12-31 16:03:05',520.98,9),(5762,106,5669,NULL,2,'2025-12-31 16:03:35',198,9),(5763,109,5670,NULL,2,'2025-12-31 16:04:06',301.09,3),(5764,103,5671,NULL,2,'2025-12-31 16:04:27',565,2),(5765,3,5672,NULL,2,'2025-12-31 16:05:10',2086.46,3),(5766,2,5673,NULL,2,'2025-12-31 16:05:27',989.98,3),(5767,99,5674,NULL,2,'2025-12-31 16:05:57',1764.95,3),(5768,100,5675,NULL,2,'2025-12-31 16:06:17',1593.97,3),(5769,101,5676,NULL,2,'2025-12-31 16:06:43',666.5,3),(5770,102,5677,NULL,2,'2025-12-31 16:06:59',807.5,3),(5771,109,5678,NULL,2,'2025-12-31 16:07:14',1040.97,3),(5772,105,5679,NULL,2,'2025-12-31 16:07:37',70,9),(5773,108,5680,NULL,2,'2025-12-31 16:07:59',139,9),(5774,106,5681,NULL,2,'2025-12-31 16:08:17',441,9),(5775,109,5682,NULL,2,'2025-12-31 16:08:40',571.82,3),(5776,92,5683,NULL,1,'2026-01-03 12:20:42',2634.83,23),(5777,86,5684,NULL,1,'2026-01-03 12:21:52',1250,22),(5778,84,5685,NULL,1,'2026-01-03 12:22:25',1100,22),(5779,53,5686,NULL,1,'2026-01-03 12:22:57',4680.11,16),(5780,70,5687,NULL,1,'2026-01-03 12:23:16',2400,18),(5781,42,5688,NULL,1,'2026-01-03 12:23:41',150,16),(5782,131,5689,NULL,1,'2026-01-03 12:24:04',1600,22),(5783,98,5690,NULL,1,'2026-01-03 12:30:13',20000,25),(5784,132,5691,NULL,1,'2026-01-03 12:30:38',10000,25),(5785,133,5692,NULL,1,'2026-01-03 12:31:17',2500,25),(5786,5,5693,743,1,'2026-01-03 13:23:56',820,NULL),(5787,8,5694,742,1,'2026-01-03 13:25:02',225.86,NULL),(5788,1,5695,741,1,'2026-01-03 13:26:32',2352,NULL),(5789,16,5695,741,1,'2026-01-03 13:26:32',1739.0100000005,NULL),(5790,16,5696,740,1,'2026-01-03 13:28:06',598.86,NULL),(5791,1,5697,739,1,'2026-01-03 13:29:04',362.55000000077,NULL),(5792,5,5698,738,1,'2026-01-03 13:32:49',3499.5,NULL),(5793,6,5699,737,1,'2026-01-03 13:33:11',3809.31,NULL),(5794,1,5700,735,1,'2026-01-03 13:34:04',4356.4199999997,NULL),(5795,20,5701,736,1,'2026-01-03 13:34:34',1855.080084,NULL),(5796,4,5702,746,1,'2026-01-03 13:42:29',312.5,NULL),(5797,5,5703,745,1,'2026-01-03 13:42:33',850,NULL),(5798,5,5705,744,1,'2026-01-03 13:42:37',1009.9,NULL),(5799,4,5706,747,1,'2026-01-03 13:46:55',742.996,NULL),(5800,83,5707,748,1,'2026-01-03 13:47:35',80,NULL),(5801,5,5708,749,1,'2026-01-03 13:52:47',75.2,NULL),(5802,20,5708,749,1,'2026-01-03 13:52:47',498.96000000000004,NULL),(5803,10,5709,NULL,1,'2026-01-03 14:01:28',159,12),(5804,10,5710,NULL,1,'2026-01-03 14:01:50',134,12),(5805,117,5711,NULL,1,'2026-01-03 14:02:22',3,26),(5806,103,5712,NULL,2,'2026-01-03 14:03:06',227.5,2),(5807,3,5713,NULL,2,'2026-01-03 14:04:12',595.97,3),(5808,2,5714,NULL,2,'2026-01-03 14:04:38',846.38,3),(5809,99,5715,NULL,2,'2026-01-03 14:05:09',1899.95,3),(5810,100,5716,NULL,2,'2026-01-03 14:05:41',1818.48,3),(5811,101,5717,NULL,2,'2026-01-03 14:06:03',271.49,3),(5812,102,5718,NULL,2,'2026-01-03 14:06:25',332.97,3),(5813,109,5719,NULL,2,'2026-01-03 14:07:10',1999.46,3),(5814,105,5720,NULL,2,'2026-01-03 14:08:03',403.08,9),(5815,108,5721,NULL,2,'2026-01-03 14:08:45',230.97,9),(5816,106,5722,NULL,2,'2026-01-03 14:09:25',80,9),(5817,109,5723,NULL,2,'2026-01-03 14:10:04',586.83,3),(5818,6,5724,750,1,'2026-01-03 14:15:16',592,NULL),(5819,10,5725,NULL,1,'2026-01-05 13:15:02',151,12),(5820,10,5726,NULL,1,'2026-01-05 13:15:30',171,12),(5821,117,5727,NULL,1,'2026-01-05 13:16:17',1.95,26),(5822,10,5728,NULL,1,'2026-01-05 13:17:11',274,12),(5823,10,5729,NULL,1,'2026-01-05 13:17:37',233,12),(5824,117,5730,NULL,1,'2026-01-05 13:18:36',3.15,26),(5825,103,5731,NULL,2,'2026-01-05 13:21:02',1583,2),(5826,3,5732,NULL,2,'2026-01-05 13:21:50',3555.04,3),(5827,2,5733,NULL,2,'2026-01-05 13:22:16',1525.5,3),(5828,99,5734,NULL,2,'2026-01-05 13:23:02',4295.31,3),(5829,100,5735,NULL,2,'2026-01-05 13:24:15',1783.93,3),(5830,101,5736,NULL,2,'2026-01-05 13:25:02',904.5,3),(5831,102,5737,NULL,2,'2026-01-05 13:25:27',739.2,3),(5832,109,5738,NULL,2,'2026-01-05 13:26:24',2106.5,3),(5833,105,5739,NULL,2,'2026-01-05 13:26:43',533.5,9),(5834,108,5740,NULL,2,'2026-01-05 13:27:45',255,9),(5835,106,5741,NULL,2,'2026-01-05 13:28:47',104,9),(5836,109,5742,NULL,2,'2026-01-05 13:30:49',1421.88,3),(5837,103,5743,NULL,2,'2026-01-05 13:31:55',264,2),(5838,3,5744,NULL,2,'2026-01-05 13:32:52',960.25,3),(5839,2,5745,NULL,2,'2026-01-05 13:33:36',925.94,3),(5840,99,5746,NULL,2,'2026-01-05 13:34:21',2359.9,3),(5841,100,5747,NULL,2,'2026-01-05 13:35:04',1731.34,3),(5842,101,5748,NULL,2,'2026-01-05 13:35:42',461,3),(5843,109,5749,NULL,2,'2026-01-05 13:36:48',1045.5,3),(5844,105,5750,NULL,2,'2026-01-05 13:37:37',184,9),(5845,108,5751,NULL,2,'2026-01-05 13:38:28',228.2,9),(5846,106,5752,NULL,2,'2026-01-05 13:39:13',490.3,9),(5847,109,5753,NULL,2,'2026-01-05 13:39:46',454.95,3),(5850,10,5756,NULL,1,'2026-01-06 12:00:04',143,12),(5851,10,5757,NULL,1,'2026-01-06 12:00:31',89,12),(5852,103,5758,NULL,2,'2026-01-06 12:01:58',694,2),(5853,3,5759,NULL,2,'2026-01-06 12:02:58',947.44,3),(5854,2,5760,NULL,2,'2026-01-06 12:03:34',947.44,3),(5855,99,5761,NULL,2,'2026-01-06 12:04:18',807.45,3),(5856,100,5762,NULL,2,'2026-01-06 12:04:51',585.48,3),(5857,101,5763,NULL,2,'2026-01-06 12:06:33',216,3),(5858,109,5764,NULL,2,'2026-01-06 12:07:15',1067.91,3),(5859,105,5765,NULL,2,'2026-01-06 12:07:47',107,9),(5860,108,5766,NULL,2,'2026-01-06 12:08:29',71,9),(5861,106,5767,NULL,2,'2026-01-06 12:09:22',102.99,9),(5862,117,5768,NULL,1,'2026-01-06 12:10:05',2.4,26),(5863,109,5769,NULL,2,'2026-01-06 12:15:15',449.31,3),(5864,88,5770,NULL,1,'2026-01-06 14:13:57',23850,23),(5865,10,5771,NULL,1,'2026-01-07 11:35:27',122,12),(5866,10,5772,NULL,1,'2026-01-07 11:35:53',109,12),(5867,117,5773,NULL,1,'2026-01-07 11:36:10',1.5,26),(5868,103,5774,NULL,2,'2026-01-07 11:36:39',834,2),(5869,3,5775,NULL,2,'2026-01-07 11:37:11',1151.85,3),(5870,2,5776,NULL,2,'2026-01-07 11:38:01',932.95,3),(5871,99,5777,NULL,2,'2026-01-07 11:40:08',1212.46,3),(5872,100,5778,NULL,2,'2026-01-07 11:40:34',772,3),(5873,101,5779,NULL,2,'2026-01-07 11:40:57',280.47,3),(5874,109,5780,NULL,2,'2026-01-07 11:41:23',784.94,3),(5875,105,5781,NULL,2,'2026-01-07 11:41:49',156,9),(5876,108,5782,NULL,2,'2026-01-07 11:42:20',243.46,9),(5877,106,5783,NULL,2,'2026-01-07 11:42:45',193,9),(5878,109,5784,NULL,2,'2026-01-07 11:43:10',330.7,3),(5879,1,5785,761,1,'2026-01-07 12:13:58',1675,NULL),(5880,5,5786,760,1,'2026-01-07 12:15:14',519.8,NULL),(5881,5,5787,759,1,'2026-01-07 12:15:53',1401,NULL),(5882,16,5788,758,1,'2026-01-07 12:17:31',987,NULL),(5883,40,5789,757,1,'2026-01-07 12:18:27',800,NULL),(5884,19,5790,755,1,'2026-01-07 12:21:19',106,NULL),(5885,1,5791,754,1,'2026-01-07 12:24:04',899.4,NULL),(5886,1,5792,753,1,'2026-01-07 12:24:52',1388.54,NULL),(5887,6,5793,752,1,'2026-01-07 12:25:12',389,NULL),(5888,6,5794,751,1,'2026-01-07 12:25:41',2093.125,NULL),(5889,4,5795,762,1,'2026-01-07 12:26:43',120,NULL),(5890,5,5796,763,1,'2026-01-07 12:43:23',182,NULL),(5891,4,5797,756,1,'2026-01-07 12:43:30',136.8,NULL),(5892,39,5798,764,1,'2026-01-07 12:50:03',248,NULL),(5893,4,5799,765,1,'2026-01-07 13:11:30',1095.503,NULL),(5894,4,5800,771,1,'2026-01-08 12:50:18',6.3574,NULL),(5895,4,5801,770,1,'2026-01-08 12:50:22',95.8,NULL),(5896,5,5802,769,1,'2026-01-08 12:50:27',745,NULL),(5897,20,5802,769,1,'2026-01-08 12:50:27',46.68,NULL),(5898,41,5803,NULL,1,'2026-01-08 12:54:08',6.79,16),(5899,10,5804,NULL,1,'2026-01-08 12:54:31',84,12),(5900,10,5805,NULL,1,'2026-01-08 21:21:35',54,12),(5901,117,5806,NULL,1,'2026-01-08 21:26:09',2.85,26),(5902,103,5807,NULL,2,'2026-01-08 21:28:52',607,2),(5903,3,5808,NULL,2,'2026-01-08 21:29:33',756.44,3),(5904,2,5809,NULL,2,'2026-01-08 21:29:55',451.98,3),(5905,99,5810,NULL,2,'2026-01-08 21:30:42',1201.62,3),(5906,100,5811,NULL,2,'2026-01-08 21:31:25',1432.71,3),(5907,102,5812,NULL,2,'2026-01-08 21:31:51',400.99,3),(5908,109,5813,NULL,2,'2026-01-08 21:32:14',1486.26,3),(5909,106,5814,NULL,2,'2026-01-08 21:32:44',261.93,9),(5910,109,5815,NULL,2,'2026-01-08 21:33:05',346.09,3),(5911,10,5816,NULL,1,'2026-01-09 12:42:03',90,12),(5912,10,5817,NULL,1,'2026-01-09 12:42:29',139,12),(5913,103,5818,NULL,2,'2026-01-09 12:43:40',770,2),(5914,3,5819,NULL,2,'2026-01-09 12:46:59',1064.33,3),(5915,2,5820,NULL,2,'2026-01-09 12:47:54',1371.41,3),(5916,99,5821,NULL,2,'2026-01-09 12:49:05',1641.57,3),(5917,100,5822,NULL,2,'2026-01-09 12:51:02',1642.07,3),(5918,101,5823,NULL,2,'2026-01-09 12:51:31',449.19,3),(5919,102,5824,NULL,2,'2026-01-09 12:52:00',213,3),(5920,105,5825,NULL,2,'2026-01-09 12:55:22',250.8,9),(5921,106,5826,NULL,2,'2026-01-09 12:57:46',210.35,9),(5922,108,5827,NULL,2,'2026-01-09 12:58:27',210.35,9),(5923,109,5828,NULL,2,'2026-01-09 12:58:59',206.97,3),(5924,116,5829,NULL,1,'2026-01-09 13:03:51',2.8755,NULL),(5925,114,5830,NULL,1,'2026-01-09 13:03:51',12.315525,NULL),(5926,112,5831,NULL,1,'2026-01-09 13:03:51',10.285575,NULL),(5927,116,5832,NULL,1,'2026-01-09 13:03:51',5.413365,NULL),(5928,114,5833,NULL,1,'2026-01-09 13:03:51',10.745325,NULL),(5929,112,5834,NULL,1,'2026-01-09 13:03:51',3.38985,NULL),(5930,114,5835,NULL,1,'2026-01-09 13:03:51',5.79,NULL),(5931,112,5836,NULL,1,'2026-01-09 13:03:51',6.997125,NULL),(5932,114,5837,NULL,1,'2026-01-09 13:03:51',4.3911,NULL),(5933,112,5838,NULL,1,'2026-01-09 13:03:51',7.1058,NULL),(5934,114,5839,NULL,1,'2026-01-09 13:03:51',12.98505,NULL),(5935,112,5840,NULL,1,'2026-01-09 13:03:51',6.94455,NULL),(5936,116,5841,NULL,1,'2026-01-09 13:03:51',9.9792,NULL),(5937,114,5842,NULL,1,'2026-01-09 13:03:51',13.379475,NULL),(5938,112,5843,NULL,1,'2026-01-09 13:03:51',11.44125,NULL),(5939,116,5844,NULL,1,'2026-01-09 13:03:51',4.495095,NULL),(5940,114,5845,NULL,1,'2026-01-09 13:03:52',13.6386,NULL),(5941,112,5846,NULL,1,'2026-01-09 13:03:52',6.34785,NULL),(5942,116,5847,NULL,1,'2026-01-09 13:03:52',10.90125,NULL),(5943,114,5848,NULL,1,'2026-01-09 13:04:11',11.954775,NULL),(5944,112,5849,NULL,1,'2026-01-09 13:04:11',7.42485,NULL),(5945,123,5850,NULL,1,'2026-01-09 13:04:11',2.94195,NULL),(5946,123,5851,NULL,1,'2026-01-09 13:04:11',2.695,NULL),(5947,123,5852,NULL,1,'2026-01-09 13:04:11',15.4275,NULL),(5948,123,5853,NULL,1,'2026-01-09 13:04:11',3.5926,NULL),(5949,123,5854,NULL,1,'2026-01-09 13:04:11',17.49,NULL),(5950,115,5855,NULL,1,'2026-01-09 13:04:11',2.6085,NULL),(5951,113,5856,NULL,1,'2026-01-09 13:04:11',36.9726,NULL),(5952,15,5857,NULL,1,'2026-01-09 13:04:11',10.573325,NULL),(5953,123,5858,NULL,1,'2026-01-09 13:04:11',2.53,NULL),(5954,119,5859,NULL,1,'2026-01-09 13:04:11',7.372,NULL),(5955,115,5860,NULL,1,'2026-01-09 13:04:11',10.178085,NULL),(5956,113,5861,NULL,1,'2026-01-09 13:04:11',50.62575,NULL),(5957,15,5862,NULL,1,'2026-01-09 13:04:11',44.099825,NULL),(5958,123,5863,NULL,1,'2026-01-09 13:04:22',11.055,NULL),(5959,119,5864,NULL,1,'2026-01-09 13:04:22',11.704,NULL),(5960,115,5865,NULL,1,'2026-01-09 13:04:22',9.8465,NULL),(5961,113,5866,NULL,1,'2026-01-09 13:04:22',65.8084,NULL),(5962,15,5867,NULL,1,'2026-01-09 13:04:22',41.78125,NULL),(5963,119,5868,NULL,1,'2026-01-09 13:04:22',6.536,NULL),(5964,115,5869,NULL,1,'2026-01-09 13:04:22',6.97856,NULL),(5965,113,5870,NULL,1,'2026-01-09 13:04:22',30.440375,NULL),(5966,15,5871,NULL,1,'2026-01-09 13:04:22',32.332475,NULL),(5967,119,5872,NULL,1,'2026-01-09 13:04:22',6.194,NULL),(5968,113,5873,NULL,1,'2026-01-09 13:04:22',11.64345,NULL),(5969,15,5874,NULL,1,'2026-01-09 13:04:22',24.285975,NULL),(5970,115,5875,NULL,1,'2026-01-09 13:04:22',4.130595,NULL),(5971,113,5876,NULL,1,'2026-01-09 13:04:22',22.68875,NULL),(5972,15,5877,NULL,1,'2026-01-09 13:04:22',22.758575,NULL),(5973,123,5878,NULL,1,'2026-01-09 13:04:22',2.36445,NULL),(5974,119,5879,NULL,1,'2026-01-09 13:04:22',5.092,NULL),(5975,113,5880,NULL,1,'2026-01-09 13:04:30',23.623775,NULL),(5976,115,5881,NULL,1,'2026-01-09 13:04:30',3.4404,NULL),(5977,15,5882,NULL,1,'2026-01-09 13:04:30',25.863425,NULL),(5978,123,5883,NULL,1,'2026-01-09 13:04:30',12.0989,NULL),(5979,115,5884,NULL,1,'2026-01-09 13:04:30',7.390515,NULL),(5980,119,5885,NULL,1,'2026-01-09 13:04:30',5.7,NULL),(5981,113,5886,NULL,1,'2026-01-09 13:04:30',30.159675,NULL),(5982,15,5887,NULL,1,'2026-01-09 13:04:30',17.088225,NULL),(5983,123,5888,NULL,1,'2026-01-09 13:04:31',2.695,NULL),(5984,119,5889,NULL,1,'2026-01-09 13:04:31',17.176,NULL),(5985,115,5890,NULL,1,'2026-01-09 13:04:39',14.288,NULL),(5986,113,5891,NULL,1,'2026-01-09 13:04:39',43.67125,NULL),(5987,15,5892,NULL,1,'2026-01-09 13:04:39',33.97625,NULL),(5988,119,5893,NULL,1,'2026-01-09 13:04:39',48.08748,NULL),(5989,115,5894,NULL,1,'2026-01-09 13:04:39',12.336325,NULL),(5990,113,5895,NULL,1,'2026-01-09 13:04:39',84.875525,NULL),(5991,15,5896,NULL,1,'2026-01-09 13:04:39',59.29,NULL),(5992,128,5897,NULL,2,'2026-01-09 13:18:04',16757.59,28),(5993,127,5898,NULL,1,'2026-01-09 13:19:58',3658.59,27),(5994,126,5899,NULL,1,'2026-01-09 13:20:52',162.88,27),(5995,127,5900,NULL,1,'2026-01-09 13:21:41',350,27),(5996,128,5901,NULL,2,'2026-01-09 13:24:31',24181.79,28),(5997,127,5902,NULL,1,'2026-01-09 13:27:22',4846.84,27),(5998,126,5903,NULL,1,'2026-01-09 13:27:50',421.73,27),(5999,127,5904,NULL,1,'2026-01-09 13:28:20',100,27),(6000,128,5905,NULL,2,'2026-01-09 13:29:43',21069.58,28),(6001,127,5906,NULL,1,'2026-01-09 13:31:12',4336.05,27),(6002,126,5907,NULL,1,'2026-01-09 13:31:43',508.67,27),(6003,127,5908,NULL,1,'2026-01-09 13:34:06',3857.35,27),(6004,127,5909,NULL,1,'2026-01-09 13:34:38',100,27),(6005,126,5910,NULL,1,'2026-01-09 13:35:24',150,27),(6006,128,5911,NULL,2,'2026-01-09 13:36:58',19810.3,28),(6007,128,5912,NULL,2,'2026-01-09 13:40:50',8322.05,28),(6008,127,5913,NULL,1,'2026-01-09 13:42:02',1612.24,27),(6009,126,5914,NULL,1,'2026-01-09 13:42:46',106.93,27),(6010,128,5915,NULL,2,'2026-01-09 13:52:34',10938.71,28),(6011,127,5916,NULL,1,'2026-01-09 13:53:22',2206.18,27),(6012,126,5917,NULL,1,'2026-01-09 13:53:59',340.77,27),(6013,10,5918,NULL,1,'2026-01-11 11:28:45',134,12),(6014,10,5919,NULL,1,'2026-01-11 11:29:32',131,12),(6015,117,5920,NULL,1,'2026-01-11 11:30:17',4.35,26),(6016,103,5921,NULL,2,'2026-01-11 11:30:57',701,2),(6017,3,5922,NULL,2,'2026-01-11 11:31:30',1564.64,3),(6018,2,5923,NULL,2,'2026-01-11 11:32:48',673.96,3),(6019,99,5924,NULL,2,'2026-01-11 11:34:07',2163.56,3),(6020,100,5925,NULL,2,'2026-01-11 11:35:45',1045.36,3),(6021,101,5926,NULL,2,'2026-01-11 11:36:13',47.66,3),(6022,102,5927,NULL,2,'2026-01-11 11:36:45',171.31,3),(6023,109,5928,NULL,2,'2026-01-11 11:37:22',1923.86,3),(6024,109,5929,NULL,2,'2026-01-11 11:38:47',306.85,3),(6025,105,5930,NULL,2,'2026-01-11 11:42:54',395,9),(6026,108,5931,NULL,2,'2026-01-11 11:43:42',190.97,9),(6027,106,5932,NULL,2,'2026-01-11 11:46:03',333.91,9),(6028,103,5933,NULL,2,'2026-01-11 11:51:30',1052.75,2),(6029,3,5934,NULL,2,'2026-01-11 11:52:09',1037.45,3),(6030,2,5935,NULL,2,'2026-01-11 11:52:34',1395.75,3),(6031,99,5936,NULL,2,'2026-01-11 11:57:01',2193.4,3),(6032,100,5937,NULL,2,'2026-01-11 11:57:29',1579.96,3),(6033,101,5938,NULL,2,'2026-01-11 12:00:26',163,3),(6034,102,5939,NULL,2,'2026-01-11 12:00:48',287,3),(6035,109,5940,NULL,2,'2026-01-11 12:01:16',1641.5,3),(6036,109,5941,NULL,2,'2026-01-11 12:01:51',511.96,3),(6037,106,5942,NULL,2,'2026-01-11 12:02:36',237,9),(6038,10,5943,NULL,1,'2026-01-11 14:22:48',192,12),(6039,10,5944,NULL,1,'2026-01-11 14:23:41',181,12),(6040,117,5945,NULL,1,'2026-01-11 14:24:10',3,26),(6041,10,5946,NULL,1,'2026-01-12 10:31:59',248,12),(6042,10,5947,NULL,1,'2026-01-12 10:32:26',261,12),(6043,103,5948,NULL,2,'2026-01-12 10:32:56',1201,2),(6044,3,5949,NULL,2,'2026-01-12 10:37:33',3486.48,3),(6045,2,5950,NULL,2,'2026-01-12 10:38:32',1572.23,3),(6046,99,5951,NULL,2,'2026-01-12 10:39:41',4408.87,3),(6047,100,5952,NULL,2,'2026-01-12 10:39:59',1777.64,3),(6048,101,5953,NULL,2,'2026-01-12 10:40:29',154.75,3),(6049,102,5954,NULL,2,'2026-01-12 10:43:02',414,3),(6050,109,5955,NULL,2,'2026-01-12 10:43:30',1171.13,3),(6051,109,5956,NULL,2,'2026-01-12 10:44:25',1891.5,3),(6052,105,5957,NULL,2,'2026-01-12 12:00:57',366,9),(6053,106,5958,NULL,2,'2026-01-12 12:01:53',202,9),(6054,117,5959,NULL,1,'2026-01-12 12:02:48',3.15,26),(6055,39,5960,775,1,'2026-01-13 20:57:51',131.75,NULL),(6056,1,5961,778,1,'2026-01-13 20:58:25',1056.0700000008,NULL),(6057,1,5962,777,1,'2026-01-13 20:59:06',2081.7399999988,NULL),(6058,5,5963,779,1,'2026-01-13 20:59:44',825,NULL),(6059,8,5964,781,1,'2026-01-13 21:03:24',578.9,NULL),(6060,16,5965,785,1,'2026-01-13 21:04:58',690,NULL),(6061,1,5966,784,1,'2026-01-13 21:06:22',5297.34,NULL),(6062,1,5967,783,1,'2026-01-13 21:07:09',189.8,NULL),(6063,16,5967,783,1,'2026-01-13 21:07:09',634.44999999917,NULL),(6064,5,5968,780,1,'2026-01-13 21:08:11',820,NULL),(6065,1,5969,782,1,'2026-01-13 21:08:58',4141.725,NULL),(6066,6,5970,786,1,'2026-01-13 21:11:48',132.88,NULL),(6067,16,5970,786,1,'2026-01-13 21:11:48',887.564,NULL),(6068,17,5971,776,1,'2026-01-13 21:13:36',478.26,NULL),(6069,40,5973,774,1,'2026-01-13 21:15:57',1880.03,NULL),(6070,40,5975,773,1,'2026-01-13 21:17:41',507.4400024414,NULL),(6071,4,5976,787,1,'2026-01-14 21:12:09',749.7160000000001,NULL),(6072,6,5976,787,1,'2026-01-14 21:12:09',682.88,NULL),(6073,83,5977,788,1,'2026-01-14 21:15:05',100,NULL),(6074,20,5978,789,1,'2026-01-14 21:17:08',226.71,NULL),(6075,39,5978,789,1,'2026-01-14 21:17:08',12.06,NULL),(6076,39,5979,NULL,1,'2026-01-14 21:18:22',16.29,16),(6077,40,5980,790,1,'2026-01-14 21:26:09',156,NULL),(6078,6,5981,791,1,'2026-01-15 12:30:57',3260.345,NULL),(6079,20,5982,792,1,'2026-01-15 12:33:53',1996.110094,NULL),(6080,21,5982,792,1,'2026-01-15 12:33:53',274.53,NULL),(6081,10,5983,NULL,1,'2026-01-15 12:39:03',139,12),(6082,117,5984,NULL,1,'2026-01-15 12:45:01',2.55,26),(6083,103,5985,NULL,2,'2026-01-15 12:45:44',434,2),(6084,3,5986,NULL,2,'2026-01-15 12:46:47',969.96,3),(6085,2,5987,NULL,2,'2026-01-15 12:47:32',906.44,3),(6086,4,5988,793,1,'2026-01-15 12:47:41',126,NULL),(6087,99,5989,NULL,2,'2026-01-15 12:47:58',620.24,3),(6088,100,5990,NULL,2,'2026-01-15 12:48:24',817.34,3),(6089,102,5991,NULL,2,'2026-01-15 12:48:47',177.99,3),(6090,105,5992,NULL,2,'2026-01-15 12:49:31',93,9),(6091,108,5993,NULL,2,'2026-01-15 12:50:01',103,9),(6092,10,5994,NULL,1,'2026-01-15 12:56:32',162,12),(6093,117,5995,NULL,1,'2026-01-15 12:57:32',2.1,26),(6094,103,5996,NULL,2,'2026-01-15 13:05:07',273,2),(6095,3,5997,NULL,2,'2026-01-15 13:05:44',698.21,3),(6096,2,5998,NULL,2,'2026-01-15 13:08:00',491.97,3),(6097,99,5999,NULL,2,'2026-01-15 13:08:24',1132.29,3),(6098,100,6000,NULL,2,'2026-01-15 13:08:40',1034.24,3),(6099,101,6001,NULL,2,'2026-01-15 13:09:09',181.09,3),(6100,109,6002,NULL,2,'2026-01-15 13:09:33',784.71,3),(6101,105,6003,NULL,2,'2026-01-15 13:11:25',65.5,9),(6102,108,6004,NULL,2,'2026-01-15 13:14:57',69.99,9),(6103,109,6005,NULL,2,'2026-01-15 13:15:23',414.2,3),(6104,10,6006,NULL,1,'2026-01-15 13:17:07',88,12),(6105,10,6007,NULL,1,'2026-01-15 13:17:39',94,12),(6106,103,6008,NULL,2,'2026-01-15 13:18:57',462,2),(6107,3,6009,NULL,2,'2026-01-15 13:19:35',1032.29,3),(6108,2,6010,NULL,2,'2026-01-15 13:19:53',86,3),(6109,99,6011,NULL,2,'2026-01-15 13:20:16',1449.49,3),(6110,100,6012,NULL,2,'2026-01-15 13:21:35',978.66,3),(6111,101,6013,NULL,2,'2026-01-15 13:22:03',33.99,3),(6112,102,6014,NULL,2,'2026-01-15 13:22:22',261.96,3),(6113,109,6015,NULL,2,'2026-01-15 13:22:42',1014.59,3),(6114,108,6016,NULL,2,'2026-01-15 13:24:29',98.89,9),(6115,106,6017,NULL,2,'2026-01-15 13:26:00',261.12,9),(6116,109,6018,NULL,2,'2026-01-15 13:26:52',626.32,3),(6117,10,6019,NULL,1,'2026-01-16 10:10:37',71,12),(6118,10,6020,NULL,1,'2026-01-16 10:11:59',96,12),(6119,117,6021,NULL,1,'2026-01-16 10:16:11',2.7,26),(6120,103,6022,NULL,2,'2026-01-16 10:17:00',696,2),(6121,3,6023,NULL,2,'2026-01-16 10:17:36',415.21,3),(6122,2,6024,NULL,2,'2026-01-16 10:17:53',447.39,3),(6123,99,6025,NULL,2,'2026-01-16 10:18:18',1086.2,3),(6124,100,6026,NULL,2,'2026-01-16 10:18:33',1007.33,3),(6125,101,6027,NULL,2,'2026-01-16 10:18:52',79,3),(6126,102,6028,NULL,2,'2026-01-16 10:19:13',433,3),(6127,109,6029,NULL,2,'2026-01-16 10:19:39',1757.19,3),(6128,105,6030,NULL,2,'2026-01-16 10:20:00',145,9),(6129,108,6031,NULL,2,'2026-01-16 10:20:46',82,9),(6130,106,6032,NULL,2,'2026-01-16 10:23:37',150.98,9),(6131,109,6033,NULL,2,'2026-01-16 10:23:55',123.1,3),(6132,103,6034,NULL,2,'2026-01-17 11:43:09',476,2),(6133,3,6035,NULL,2,'2026-01-17 11:43:59',1004.92,3),(6134,2,6036,NULL,2,'2026-01-17 11:45:38',540.29,3),(6135,99,6037,NULL,2,'2026-01-17 11:46:21',2205.39,3),(6136,100,6038,NULL,2,'2026-01-17 11:46:42',1102.96,3),(6137,101,6039,NULL,2,'2026-01-17 11:47:31',172,3),(6138,102,6040,NULL,2,'2026-01-17 11:48:03',215.82,3),(6139,106,6041,NULL,2,'2026-01-17 11:50:05',179,9),(6140,109,6042,NULL,2,'2026-01-17 11:50:24',616.97,3),(6141,109,6043,NULL,2,'2026-01-17 11:51:37',51.99,3),(6142,10,6044,NULL,1,'2026-01-17 11:58:15',143,12),(6143,10,6045,NULL,1,'2026-01-17 11:58:38',117,12),(6144,117,6046,NULL,1,'2026-01-17 11:59:13',1.2,26),(6145,6,6047,799,1,'2026-01-17 12:42:58',6797.1,NULL),(6146,83,6048,800,1,'2026-01-17 12:44:39',80,NULL),(6147,1,6049,802,1,'2026-01-17 13:10:06',355.644,NULL),(6148,88,6050,NULL,1,'2026-01-17 21:07:21',550,23),(6149,6,6051,804,1,'2026-01-17 21:26:56',1184,NULL),(6150,10,6052,NULL,1,'2026-01-18 10:22:21',139,12),(6151,10,6053,NULL,1,'2026-01-18 10:51:07',156,12),(6152,117,6054,NULL,1,'2026-01-18 10:51:48',2.7,26),(6153,3,6055,NULL,2,'2026-01-18 10:54:21',2020.75,3),(6154,2,6056,NULL,2,'2026-01-18 10:55:02',1377,3),(6155,99,6057,NULL,2,'2026-01-18 10:55:24',2907.25,3),(6156,100,6058,NULL,2,'2026-01-18 10:55:45',1046,3),(6157,101,6059,NULL,2,'2026-01-18 10:57:08',143,3),(6158,102,6060,NULL,2,'2026-01-18 10:57:28',235.8,3),(6159,109,6061,NULL,2,'2026-01-18 10:57:46',2188.3,3),(6160,105,6062,NULL,2,'2026-01-18 10:58:09',106,9),(6161,106,6063,NULL,2,'2026-01-18 10:58:55',247,9),(6162,109,6064,NULL,2,'2026-01-18 10:59:19',161.48,3),(6163,103,6065,NULL,2,'2026-01-18 10:59:53',161.5,2),(6164,41,6066,NULL,1,'2026-01-18 21:03:39',82.8,16),(6165,41,6067,NULL,1,'2026-01-18 21:04:36',37.5,16),(6166,39,6068,NULL,1,'2026-01-18 21:15:24',164,16),(6167,117,6069,NULL,1,'2026-01-19 11:17:02',3.3,26),(6168,10,6070,NULL,1,'2026-01-19 11:17:52',233,12),(6169,10,6071,NULL,1,'2026-01-19 11:20:18',223,12),(6170,103,6072,NULL,2,'2026-01-19 11:21:08',1079,2),(6171,3,6073,NULL,2,'2026-01-19 11:21:40',2694.48,3),(6172,2,6074,NULL,2,'2026-01-19 11:22:08',1573,3),(6173,99,6075,NULL,2,'2026-01-19 11:22:39',3835.05,3),(6174,99,6076,NULL,2,'2026-01-19 11:23:04',1763.83,3),(6175,101,6077,NULL,2,'2026-01-19 11:23:34',406,3),(6176,102,6078,NULL,2,'2026-01-19 11:23:47',417,3),(6177,109,6079,NULL,2,'2026-01-19 11:24:13',1735.83,3),(6178,108,6080,NULL,2,'2026-01-19 11:25:21',127,9),(6179,106,6081,NULL,2,'2026-01-19 11:25:58',252.5,9),(6180,109,6082,NULL,2,'2026-01-19 11:26:22',634.93,3),(6181,10,6083,NULL,1,'2026-01-20 10:43:48',115,12),(6182,10,6084,NULL,1,'2026-01-20 10:44:16',154,12),(6183,117,6085,NULL,1,'2026-01-20 10:45:21',1.8,26),(6184,103,6086,NULL,2,'2026-01-20 10:47:08',710.25,2),(6185,3,6087,NULL,2,'2026-01-20 10:47:29',1750.31,3),(6186,2,6088,NULL,2,'2026-01-20 10:47:45',972.98,3),(6187,99,6089,NULL,2,'2026-01-20 10:48:06',1814.95,3),(6188,100,6090,NULL,2,'2026-01-20 10:49:03',1135.96,3),(6189,101,6091,NULL,2,'2026-01-20 10:50:01',493.99,3),(6190,102,6092,NULL,2,'2026-01-20 10:50:31',100,3),(6191,109,6093,NULL,2,'2026-01-20 10:51:00',1122.2,3),(6192,105,6094,NULL,2,'2026-01-20 10:51:26',108,9),(6193,108,6095,NULL,2,'2026-01-20 10:52:13',225.99,9),(6194,109,6096,NULL,2,'2026-01-20 10:52:34',340.81,3),(6195,10,6097,NULL,1,'2026-01-21 10:31:32',62,12),(6196,10,6098,NULL,1,'2026-01-21 10:31:59',68,12),(6197,117,6099,NULL,1,'2026-01-21 10:32:48',2.7,26),(6198,103,6100,NULL,2,'2026-01-21 10:40:04',0,2),(6199,3,6101,NULL,2,'2026-01-21 10:42:07',467.29,3),(6200,2,6102,NULL,2,'2026-01-21 10:44:10',737.27,3),(6201,99,6103,NULL,2,'2026-01-21 10:44:44',1494.29,3),(6202,100,6104,NULL,2,'2026-01-21 10:45:03',785.45,3),(6203,101,6105,NULL,2,'2026-01-21 10:45:36',84.99,3),(6204,102,6106,NULL,2,'2026-01-21 10:46:20',92,3),(6205,109,6107,NULL,2,'2026-01-21 10:46:55',1531.27,3),(6206,108,6108,NULL,2,'2026-01-21 10:49:01',88.48,9),(6207,106,6109,NULL,2,'2026-01-21 10:49:48',135.45,9),(6208,109,6110,NULL,2,'2026-01-21 10:50:09',203.21,3),(6215,5,6114,711,1,'2026-01-21 16:00:50',23.5,NULL),(6216,16,6114,711,1,'2026-01-21 16:00:50',998,NULL),(6217,10,6115,NULL,1,'2026-01-22 10:55:59',65,12),(6218,10,6116,NULL,1,'2026-01-22 10:56:21',145,12),(6219,117,6117,NULL,1,'2026-01-22 10:56:52',1.8,26),(6220,103,6118,NULL,2,'2026-01-22 10:57:23',222,2),(6221,3,6119,NULL,2,'2026-01-22 10:58:47',775.96,3),(6222,2,6120,NULL,2,'2026-01-22 10:59:39',625.44,3),(6223,100,6121,NULL,2,'2026-01-22 11:00:13',1333.48,3),(6224,100,6122,NULL,2,'2026-01-22 11:00:35',439.49,3),(6225,101,6123,NULL,2,'2026-01-22 11:05:22',226.12,3),(6226,102,6124,NULL,2,'2026-01-22 11:06:25',139.5,3),(6227,109,6125,NULL,2,'2026-01-22 11:06:49',1062.44,3),(6228,105,6126,NULL,2,'2026-01-22 11:07:14',67,9),(6229,108,6127,NULL,2,'2026-01-22 11:09:30',43.12,9),(6230,106,6128,NULL,2,'2026-01-22 11:12:52',43.12,9),(6231,109,6129,NULL,2,'2026-01-22 11:13:11',363.31,3),(6232,10,6130,NULL,1,'2026-01-23 10:36:09',88,12),(6233,10,6131,NULL,1,'2026-01-23 10:36:39',29,12),(6234,117,6132,NULL,1,'2026-01-23 10:37:38',2.4,26),(6235,103,6133,NULL,2,'2026-01-23 10:40:13',481,2),(6236,3,6134,NULL,2,'2026-01-23 10:40:38',963.73,3),(6237,2,6135,NULL,2,'2026-01-23 10:40:53',444.99,3),(6238,99,6136,NULL,2,'2026-01-23 10:41:17',1311.12,3),(6239,100,6137,NULL,2,'2026-01-23 10:41:35',372.97,3),(6240,102,6138,NULL,2,'2026-01-23 10:42:29',271.07,3),(6241,109,6139,NULL,2,'2026-01-23 10:42:49',1352.93,3),(6242,105,6140,NULL,2,'2026-01-23 10:43:17',81,9),(6243,106,6141,NULL,2,'2026-01-23 10:54:46',144,9),(6244,109,6142,NULL,2,'2026-01-23 10:55:02',132.99,3),(6245,103,6143,NULL,2,'2026-01-24 10:21:51',661.5,2),(6246,3,6144,NULL,2,'2026-01-24 10:22:40',1374.94,3),(6247,2,6145,NULL,2,'2026-01-24 10:25:03',1211.78,3),(6248,99,6146,NULL,2,'2026-01-24 10:25:36',1044.84,3),(6249,100,6147,NULL,2,'2026-01-24 10:25:56',440.46,3),(6250,101,6148,NULL,2,'2026-01-24 10:26:24',442.97,3),(6251,102,6149,NULL,2,'2026-01-24 10:26:48',167.5,3),(6252,109,6150,NULL,2,'2026-01-24 10:27:59',1322.7,3),(6253,108,6151,NULL,2,'2026-01-24 10:28:41',202.99,9),(6254,106,6152,NULL,2,'2026-01-24 10:31:52',112.98,9),(6255,109,6153,NULL,2,'2026-01-24 10:32:15',448.07,3),(6256,10,6154,NULL,1,'2026-01-24 11:03:28',135,12),(6257,10,6155,NULL,1,'2026-01-24 11:03:56',18,12),(6258,117,6156,NULL,1,'2026-01-24 11:04:46',2.7,26),(6259,10,6157,NULL,1,'2026-01-24 11:11:41',108,12),(6260,1,6158,815,1,'2026-01-24 12:43:36',423.32000000022,NULL),(6261,16,6158,815,1,'2026-01-24 12:43:36',598.82,NULL),(6262,20,6159,814,1,'2026-01-24 12:44:54',1373.34009,NULL),(6263,20,6160,813,1,'2026-01-24 12:46:42',103.860004,NULL),(6264,40,6162,812,1,'2026-01-24 12:47:01',507.4400024414,NULL),(6265,40,6164,811,1,'2026-01-24 12:50:47',3061.28,NULL),(6266,6,6165,810,1,'2026-01-24 13:04:17',3724.05,NULL),(6267,16,6166,809,1,'2026-01-24 13:05:50',552,NULL),(6268,5,6167,808,1,'2026-01-24 13:06:59',946.12,NULL),(6269,5,6169,807,1,'2026-01-24 13:09:31',747.12,NULL),(6270,1,6170,805,1,'2026-01-24 13:13:13',4619.895,NULL),(6271,4,6171,803,1,'2026-01-24 13:14:05',745.8860000000001,NULL),(6272,5,6171,803,1,'2026-01-24 13:14:05',1719.86,NULL),(6273,20,6171,803,1,'2026-01-24 13:14:05',68.94,NULL),(6274,39,6171,803,1,'2026-01-24 13:14:05',414.92,NULL),(6275,40,6171,803,1,'2026-01-24 13:14:05',638.94,NULL),(6276,41,6171,803,1,'2026-01-24 13:14:05',311.85,NULL),(6277,83,6172,816,1,'2026-01-24 13:16:20',100,NULL),(6278,19,6173,817,1,'2026-01-24 13:20:31',116.4,NULL),(6279,5,6174,818,1,'2026-01-24 13:22:32',182,NULL),(6280,4,6175,819,1,'2026-01-24 13:24:00',157.5,NULL),(6281,39,6176,820,1,'2026-01-24 13:26:20',229.25,NULL),(6282,40,6176,820,1,'2026-01-24 13:26:20',130.22,NULL),(6283,109,6177,NULL,2,'2026-01-24 14:06:12',991.17,3),(6284,116,6178,NULL,1,'2026-01-24 14:14:51',2.26125,NULL),(6285,114,6179,NULL,1,'2026-01-24 14:14:51',3.30345,NULL),(6286,112,6180,NULL,1,'2026-01-24 14:14:51',9.08835,NULL),(6287,116,6181,NULL,1,'2026-01-24 14:14:51',3.659445,NULL),(6288,114,6182,NULL,1,'2026-01-24 14:14:51',2.797275,NULL),(6289,112,6183,NULL,1,'2026-01-24 14:14:51',3.337425,NULL),(6290,116,6184,NULL,1,'2026-01-24 14:14:51',1.88325,NULL),(6291,114,6185,NULL,1,'2026-01-24 14:14:51',3.296175,NULL),(6292,112,6186,NULL,1,'2026-01-24 14:14:51',4.6908,NULL),(6293,116,6187,NULL,1,'2026-01-24 14:14:51',1.242,NULL),(6294,114,6188,NULL,1,'2026-01-24 14:14:51',5.890875,NULL),(6295,112,6189,NULL,1,'2026-01-24 14:14:51',5.529525,NULL),(6296,116,6190,NULL,1,'2026-01-24 14:14:51',1.35,NULL),(6297,114,6191,NULL,1,'2026-01-24 14:14:51',8.5197,NULL),(6298,112,6192,NULL,1,'2026-01-24 14:14:51',7.29735,NULL),(6299,116,6193,NULL,1,'2026-01-24 14:14:51',5.6295,NULL),(6300,113,6194,NULL,1,'2026-01-24 14:14:51',30.867025,NULL),(6301,112,6195,NULL,1,'2026-01-24 14:14:51',11.7975,NULL),(6302,116,6196,NULL,1,'2026-01-24 14:14:51',3.1833,NULL),(6303,114,6197,NULL,1,'2026-01-24 14:14:51',7.845,NULL),(6304,112,6198,NULL,1,'2026-01-24 14:14:51',10.3275,NULL),(6305,114,6199,NULL,1,'2026-01-24 14:14:51',8.2722,NULL),(6306,112,6200,NULL,1,'2026-01-24 14:14:51',4.052175,NULL),(6307,116,6201,NULL,1,'2026-01-24 14:14:51',5.8455,NULL),(6308,114,6202,NULL,1,'2026-01-24 14:14:51',7.554975,NULL),(6309,112,6203,NULL,1,'2026-01-24 14:14:51',3.355425,NULL),(6310,116,6204,NULL,1,'2026-01-24 14:14:52',3.53646,NULL),(6311,114,6205,NULL,1,'2026-01-24 14:14:52',7.33995,NULL),(6312,112,6206,NULL,1,'2026-01-24 14:14:52',0.645,NULL),(6313,114,6207,NULL,1,'2026-01-24 14:14:52',7.7568,NULL),(6314,112,6208,NULL,1,'2026-01-24 14:14:52',3.689775,NULL),(6315,116,6209,NULL,1,'2026-01-24 14:14:52',2.402865,NULL),(6316,114,6210,NULL,1,'2026-01-24 14:14:52',6.13005,NULL),(6317,112,6211,NULL,1,'2026-01-24 14:14:52',6.7983,NULL),(6318,116,6212,NULL,1,'2026-01-24 14:14:52',5.589,NULL),(6319,114,6213,NULL,1,'2026-01-24 14:14:52',13.3323,NULL),(6320,112,6214,NULL,1,'2026-01-24 14:14:52',11.791725,NULL),(6321,116,6215,NULL,1,'2026-01-24 14:14:52',3.8745,NULL),(6322,114,6216,NULL,1,'2026-01-24 14:14:52',11.8497,NULL),(6323,112,6217,NULL,1,'2026-01-24 14:14:52',10.468125,NULL),(6324,116,6218,NULL,1,'2026-01-24 14:14:52',2.312685,NULL),(6325,114,6219,NULL,1,'2026-01-24 14:14:52',7.8402,NULL),(6326,112,6220,NULL,1,'2026-01-24 14:14:52',5.0547,NULL),(6327,123,6221,NULL,1,'2026-01-24 14:14:52',7.645,NULL),(6328,123,6222,NULL,1,'2026-01-24 14:14:52',10.945,NULL),(6329,123,6223,NULL,1,'2026-01-24 14:14:52',6.05,NULL),(6330,123,6224,NULL,1,'2026-01-24 14:14:52',14.84835,NULL),(6331,123,6225,NULL,1,'2026-01-24 14:14:52',5.5,NULL),(6332,123,6226,NULL,1,'2026-01-24 14:14:52',2.19945,NULL),(6333,115,6227,NULL,1,'2026-01-24 14:14:52',5.804265,NULL),(6334,115,6228,NULL,1,'2026-01-24 14:14:52',5.804265,NULL),(6335,113,6229,NULL,1,'2026-01-24 14:14:52',26.5111,NULL),(6336,15,6230,NULL,1,'2026-01-24 14:14:52',19.3186,NULL),(6337,15,6231,NULL,1,'2026-01-24 14:14:52',19.3186,NULL),(6338,123,6232,NULL,1,'2026-01-24 14:14:52',4.015,NULL),(6339,119,6233,NULL,1,'2026-01-24 14:14:52',15.352,NULL),(6340,115,6234,NULL,1,'2026-01-24 14:14:52',6.77975,NULL),(6341,113,6235,NULL,1,'2026-01-24 14:14:52',40.96295,NULL),(6342,15,6236,NULL,1,'2026-01-24 14:14:52',14.532875,NULL),(6343,123,6237,NULL,1,'2026-01-24 14:14:52',21.9296,NULL),(6344,119,6238,NULL,1,'2026-01-24 14:14:52',20.748,NULL),(6345,115,6239,NULL,1,'2026-01-24 14:14:52',12.4315,NULL),(6346,113,6240,NULL,1,'2026-01-24 14:14:52',64.3384,NULL),(6347,15,6241,NULL,1,'2026-01-24 14:14:52',90.35215,NULL),(6348,119,6242,NULL,1,'2026-01-24 14:14:52',15.39,NULL),(6349,113,6243,NULL,1,'2026-01-24 14:14:52',53.13,NULL),(6350,119,6244,NULL,1,'2026-01-24 14:14:52',19.41648,NULL),(6351,115,6245,NULL,1,'2026-01-24 14:14:52',6.097545,NULL),(6352,113,6246,NULL,1,'2026-01-24 14:14:52',40.652675,NULL),(6353,15,6247,NULL,1,'2026-01-24 14:14:52',15.615075,NULL),(6354,119,6248,NULL,1,'2026-01-24 14:14:52',15.35124,NULL),(6355,115,6249,NULL,1,'2026-01-24 14:14:53',4.72303,NULL),(6356,113,6250,NULL,1,'2026-01-24 14:14:53',51.41115,NULL),(6357,15,6251,NULL,1,'2026-01-24 14:14:53',13.8824,NULL),(6358,119,6252,NULL,1,'2026-01-24 14:14:53',3.34324,NULL),(6359,115,6253,NULL,1,'2026-01-24 14:14:53',2.74057,NULL),(6360,113,6254,NULL,1,'2026-01-24 14:14:53',33.902225,NULL),(6361,15,6255,NULL,1,'2026-01-24 14:14:53',17.632125,NULL),(6362,115,6256,NULL,1,'2026-01-24 14:14:53',3.73556,NULL),(6363,113,6257,NULL,1,'2026-01-24 14:14:53',34.63075,NULL),(6364,15,6258,NULL,1,'2026-01-24 14:14:53',17.21475,NULL),(6365,119,6259,NULL,1,'2026-01-24 14:14:53',22.952,NULL),(6366,115,6260,NULL,1,'2026-01-24 14:14:53',0.8225,NULL),(6367,113,6261,NULL,1,'2026-01-24 14:14:53',22.12805,NULL),(6368,15,6262,NULL,1,'2026-01-24 14:14:53',17.533425,NULL),(6369,119,6263,NULL,1,'2026-01-24 14:14:53',12.54,NULL),(6370,115,6264,NULL,1,'2026-01-24 14:14:53',10.622,NULL),(6371,113,6265,NULL,1,'2026-01-24 14:14:53',88.527425,NULL),(6372,15,6266,NULL,1,'2026-01-24 14:14:53',55.5618,NULL),(6373,119,6267,NULL,1,'2026-01-24 14:14:53',8.208,NULL),(6374,115,6268,NULL,1,'2026-01-24 14:14:53',12.032,NULL),(6375,113,6269,NULL,1,'2026-01-24 14:14:53',41.302275,NULL),(6376,15,6270,NULL,1,'2026-01-24 14:14:53',20.34375,NULL),(6377,119,6271,NULL,1,'2026-01-24 14:14:53',14.288,NULL),(6378,115,6272,NULL,1,'2026-01-24 14:14:53',4.61728,NULL),(6379,15,6273,NULL,1,'2026-01-24 14:14:53',38.2494,NULL),(6380,113,6274,NULL,1,'2026-01-24 14:14:53',36.9145,NULL),(6381,119,6275,NULL,1,'2026-01-24 14:14:53',28.4962,NULL),(6382,115,6276,NULL,1,'2026-01-24 14:14:53',2.303,NULL),(6383,113,6277,NULL,1,'2026-01-24 14:14:53',20.2426,NULL),(6384,15,6278,NULL,1,'2026-01-24 14:14:53',24.011575,NULL),(6385,115,6279,NULL,1,'2026-01-24 14:14:53',9.07382,NULL),(6386,113,6280,NULL,1,'2026-01-24 14:14:53',19.072725,NULL),(6387,15,6281,NULL,1,'2026-01-24 14:14:53',11.9735,NULL),(6388,14,6282,NULL,1,'2026-01-24 20:22:00',184,16),(6389,14,6283,NULL,1,'2026-01-24 20:22:33',84.9,16),(6390,131,6284,NULL,1,'2026-01-24 20:23:14',176,22),(6391,136,6285,NULL,1,'2026-01-24 20:23:49',496.1,4),(6392,141,6286,NULL,1,'2026-01-24 20:24:24',100,22),(6393,142,6287,NULL,1,'2026-01-24 20:25:01',13.99,6),(6394,53,6288,NULL,1,'2026-01-24 20:26:42',2374.07,16),(6395,46,6289,NULL,1,'2026-01-24 20:27:29',578,16),(6396,28,6290,NULL,1,'2026-01-24 20:28:08',240.21,4),(6397,45,6291,NULL,1,'2026-01-24 20:28:36',10926.37,16),(6398,42,6292,NULL,1,'2026-01-24 20:29:07',30,16),(6399,132,6293,NULL,1,'2026-01-24 20:29:49',1415.73,25),(6400,131,6294,NULL,1,'2026-01-24 20:30:25',1600,22),(6401,77,6295,NULL,1,'2026-01-24 20:31:06',20000,19),(6402,126,6296,NULL,1,'2026-01-24 20:32:03',56.55,27),(6403,11,6297,NULL,1,'2026-01-24 20:33:26',59.42,13),(6404,77,6298,NULL,1,'2026-01-24 20:34:43',5161,19),(6405,88,6299,NULL,1,'2026-01-24 20:35:18',13980,23),(6406,91,6300,NULL,1,'2026-01-24 20:35:52',934.71,23),(6407,137,6301,NULL,1,'2026-01-24 20:36:45',123.54,4),(6408,132,6302,NULL,1,'2026-01-24 20:37:34',45.88,25),(6409,132,6303,NULL,1,'2026-01-24 20:38:18',483.89,25),(6410,59,6304,NULL,1,'2026-01-24 20:39:09',43547.19,17),(6411,11,6305,NULL,1,'2026-01-24 20:39:54',3043.49,13),(6412,31,6306,NULL,1,'2026-01-24 20:40:35',1166.04,13),(6413,59,6307,NULL,1,'2026-01-24 20:41:05',3381.33,17),(6414,51,6308,NULL,1,'2026-01-24 20:41:39',106.64,16),(6415,37,6309,NULL,1,'2026-01-24 21:25:46',70.79,15),(6416,10,6310,NULL,1,'2026-01-25 10:42:08',246,12),(6417,10,6311,NULL,1,'2026-01-25 10:42:38',215,12),(6418,117,6312,NULL,1,'2026-01-25 10:43:20',2.1,26),(6419,103,6313,NULL,2,'2026-01-25 10:44:12',547,2),(6420,3,6314,NULL,2,'2026-01-25 10:44:42',1553,3),(6421,2,6315,NULL,2,'2026-01-25 10:45:02',486.5,3),(6422,99,6316,NULL,2,'2026-01-25 10:45:25',1989.96,3),(6423,100,6317,NULL,2,'2026-01-25 10:45:40',737.89,3),(6424,101,6318,NULL,2,'2026-01-25 10:46:04',407.5,3),(6425,102,6319,NULL,2,'2026-01-25 10:46:23',139.5,3),(6426,109,6320,NULL,2,'2026-01-25 10:46:47',1309,3),(6427,105,6321,NULL,2,'2026-01-25 10:47:15',121.48,9),(6428,108,6322,NULL,2,'2026-01-25 10:48:13',336.5,9),(6429,106,6323,NULL,2,'2026-01-25 10:48:48',175,9),(6430,109,6324,NULL,2,'2026-01-25 10:49:28',116.99,3);

--
-- Table structure for table `status`
--

CREATE TABLE `status` (
  `idstatus` int(11) NOT NULL AUTO_INCREMENT,
  `nome` varchar(20) NOT NULL,
  `editar` int(11) DEFAULT NULL,
  `excluir` int(11) DEFAULT NULL,
  `pagar` int(11) DEFAULT NULL,
  `cancelar` int(11) DEFAULT NULL,
  `abrir` int(11) DEFAULT NULL,
  `fechar` int(11) DEFAULT NULL,
  PRIMARY KEY (`idstatus`)
) ENGINE=InnoDB AUTO_INCREMENT=11 DEFAULT CHARSET=utf8mb3 COLLATE=utf8mb3_unicode_ci;

--
-- Dumping data for table `status`
--

INSERT INTO `status` (`idstatus`, `nome`, `editar`, `excluir`, `pagar`, `cancelar`, `abrir`, `fechar`) VALUES (1,'PAGO',0,0,0,1,0,0),(2,'ABERTO',1,1,1,0,0,1),(3,'FECHADO',0,0,0,0,1,0),(5,'CANCELADO',0,0,0,0,NULL,NULL),(7,'NÃO IMPORTADO',1,1,1,1,NULL,NULL),(8,'IMPORTADO',1,1,1,1,NULL,NULL),(9,'EXCLUÍDO',1,1,1,1,NULL,NULL),(10,'RECEBIDO',0,0,0,1,NULL,NULL);

--
-- Table structure for table `system_document`
--

CREATE TABLE `system_document` (
  `id` int(11) NOT NULL,
  `category_id` int(11) NOT NULL,
  `system_user_id` int(11) DEFAULT NULL,
  `title` text NOT NULL,
  `description` text DEFAULT NULL,
  `submission_date` date DEFAULT NULL,
  `archive_date` date DEFAULT NULL,
  `filename` text DEFAULT NULL,
  PRIMARY KEY (`id`),
  KEY `fk_system_document_category_id` (`category_id`),
  KEY `fk_system_document_system_user_id` (`system_user_id`),
  CONSTRAINT `fk_system_document_category_id` FOREIGN KEY (`category_id`) REFERENCES `system_document_category` (`id`),
  CONSTRAINT `fk_system_document_system_user_id` FOREIGN KEY (`system_user_id`) REFERENCES `system_users` (`id`)
) ENGINE=InnoDB DEFAULT CHARSET=utf8mb3 COLLATE=utf8mb3_unicode_ci;

--
-- Dumping data for table `system_document`
--


--
-- Table structure for table `system_document_category`
--

CREATE TABLE `system_document_category` (
  `id` int(11) NOT NULL,
  `name` text NOT NULL,
  PRIMARY KEY (`id`)
) ENGINE=InnoDB DEFAULT CHARSET=utf8mb3 COLLATE=utf8mb3_unicode_ci;

--
-- Dumping data for table `system_document_category`
--


--
-- Table structure for table `system_document_group`
--

CREATE TABLE `system_document_group` (
  `id` int(11) NOT NULL,
  `document_id` int(11) NOT NULL,
  `system_group_id` int(11) NOT NULL,
  PRIMARY KEY (`id`),
  KEY `fk_system_document_group_document_id` (`document_id`),
  KEY `fk_system_document_group_system_group_id` (`system_group_id`),
  CONSTRAINT `fk_system_document_group_document_id` FOREIGN KEY (`document_id`) REFERENCES `system_document` (`id`),
  CONSTRAINT `fk_system_document_group_system_group_id` FOREIGN KEY (`system_group_id`) REFERENCES `system_group` (`id`)
) ENGINE=InnoDB DEFAULT CHARSET=utf8mb3 COLLATE=utf8mb3_unicode_ci;

--
-- Dumping data for table `system_document_group`
--


--
-- Table structure for table `system_document_user`
--

CREATE TABLE `system_document_user` (
  `id` int(11) NOT NULL,
  `document_id` int(11) NOT NULL,
  `system_user_id` int(11) NOT NULL,
  PRIMARY KEY (`id`),
  KEY `fk_system_document_user_document_id` (`document_id`),
  KEY `fk_system_document_user_system_user_id` (`system_user_id`),
  CONSTRAINT `fk_system_document_user_document_id` FOREIGN KEY (`document_id`) REFERENCES `system_document` (`id`),
  CONSTRAINT `fk_system_document_user_system_user_id` FOREIGN KEY (`system_user_id`) REFERENCES `system_users` (`id`)
) ENGINE=InnoDB DEFAULT CHARSET=utf8mb3 COLLATE=utf8mb3_unicode_ci;

--
-- Dumping data for table `system_document_user`
--


--
-- Table structure for table `system_group`
--

CREATE TABLE `system_group` (
  `id` int(11) NOT NULL,
  `name` text NOT NULL,
  `uuid` varchar(36) DEFAULT NULL,
  PRIMARY KEY (`id`)
) ENGINE=InnoDB DEFAULT CHARSET=utf8mb3 COLLATE=utf8mb3_unicode_ci;

--
-- Dumping data for table `system_group`
--

INSERT INTO `system_group` (`id`, `name`, `uuid`) VALUES (1,'Admin',NULL),(2,'Standard',NULL),(3,'Gestão do Estoque','9dfdc4ce-355f-4ac6-87aa-943f2afd5f28'),(4,'Módulo Financeiro','bae9fb4b-a860-477d-8466-71f9754cfe76'),(5,'Cadastros Básicos','11ee9035-53b8-4aa2-8846-ef0d9c485b41'),(6,'Central de Compras','c4da2aab-6e89-4ed7-9756-1d35a6d50ad4'),(8,'Auditoria ','bd547b3a-070d-44a4-9bbc-e36dce7e864a'),(9,'Configurações','15e88189-f800-49cd-897c-0689ad7125f6'),(10,'BChat Interno','87fda867-44a5-4520-8a55-5a07596d6d2e'),(11,'BChat Interno','87fda867-44a5-4520-8a55-5a07596d6d2e'),(12,'Manipulação de Insumo','ce2422a4-f399-4ce7-a7c8-ab2a5362b94c'),(13,'Relatórios','62c5f55b-b697-4e00-9882-5f3c15cc2e62'),(14,'Gerencial','deb98432-918c-4945-83ab-3efd3340616f');

--
-- Table structure for table `system_group_program`
--

CREATE TABLE `system_group_program` (
  `id` int(11) NOT NULL,
  `system_group_id` int(11) NOT NULL,
  `system_program_id` int(11) NOT NULL,
  `actions` text DEFAULT NULL,
  PRIMARY KEY (`id`),
  KEY `fk_system_group_program_system_group_id` (`system_group_id`),
  KEY `fk_system_group_program_system_program_id` (`system_program_id`),
  CONSTRAINT `fk_system_group_program_system_group_id` FOREIGN KEY (`system_group_id`) REFERENCES `system_group` (`id`),
  CONSTRAINT `fk_system_group_program_system_program_id` FOREIGN KEY (`system_program_id`) REFERENCES `system_program` (`id`)
) ENGINE=InnoDB DEFAULT CHARSET=utf8mb3 COLLATE=utf8mb3_unicode_ci;

--
-- Dumping data for table `system_group_program`
--

INSERT INTO `system_group_program` (`id`, `system_group_id`, `system_program_id`, `actions`) VALUES (12,2,10,NULL),(13,2,12,NULL),(14,2,13,NULL),(15,2,16,NULL),(16,2,17,NULL),(17,2,18,NULL),(18,2,19,NULL),(19,2,20,NULL),(21,2,22,NULL),(22,2,23,NULL),(23,2,24,NULL),(24,2,25,NULL),(120,5,102,NULL),(121,5,64,NULL),(122,5,67,NULL),(123,5,73,NULL),(124,5,99,NULL),(125,5,63,NULL),(126,5,72,NULL),(127,5,75,NULL),(128,5,94,NULL),(129,5,76,NULL),(130,5,77,NULL),(131,5,100,NULL),(132,5,57,NULL),(133,5,82,NULL),(134,5,101,NULL),(135,5,52,NULL),(136,5,91,NULL),(137,5,88,NULL),(138,5,65,NULL),(139,5,89,NULL),(140,5,51,NULL),(141,5,53,NULL),(142,5,93,NULL),(143,5,79,NULL),(144,5,87,NULL),(145,5,74,NULL),(146,5,54,NULL),(147,5,68,NULL),(148,6,71,NULL),(152,8,47,NULL),(153,9,55,NULL),(154,9,56,NULL),(256,10,111,NULL),(257,10,112,NULL),(258,10,113,NULL),(282,9,135,NULL),(284,6,109,NULL),(287,9,132,'[]'),(289,9,136,'[]'),(292,9,134,'[]'),(295,9,133,'[]'),(297,9,131,'[]'),(642,1,1,'[]'),(643,1,2,'[]'),(644,1,3,'[]'),(645,1,4,'[]'),(646,1,5,'[]'),(647,1,6,'[]'),(648,1,8,'[]'),(649,1,9,'[]'),(650,1,11,'[]'),(651,1,14,'[]'),(652,1,15,'[]'),(653,1,21,'[]'),(654,1,26,'[]'),(655,1,43,'[]'),(656,1,44,'[]'),(657,1,45,'[]'),(658,1,46,'[]'),(659,1,47,'[]'),(660,1,48,'[]'),(661,1,49,'[]'),(662,1,50,'[]'),(663,1,51,'[]'),(664,1,52,'[]'),(665,1,53,'[]'),(666,1,54,'[]'),(667,1,55,'[]'),(668,1,56,'[]'),(669,1,57,'[]'),(670,1,58,'[]'),(671,1,59,'[]'),(672,1,60,'[]'),(673,1,61,'[]'),(674,1,62,'[]'),(675,1,63,'[]'),(676,1,64,'[]'),(677,1,65,'[]'),(678,1,66,'[]'),(679,1,67,'[]'),(680,1,68,'[]'),(681,1,69,'[]'),(682,1,70,'[]'),(683,1,71,'[]'),(684,1,72,'[]'),(685,1,73,'[]'),(686,1,74,'[]'),(687,1,75,'[]'),(688,1,76,'[]'),(689,1,77,'[]'),(690,1,78,'[]'),(691,1,79,'[]'),(692,1,80,'[]'),(693,1,81,'[]'),(694,1,82,'[]'),(695,1,83,'[]'),(696,1,84,'[]'),(697,1,85,'[]'),(698,1,86,'[]'),(699,1,87,'[]'),(700,1,88,'[]'),(701,1,89,'[]'),(702,1,90,'[]'),(703,1,91,'[]'),(704,1,92,'[]'),(705,1,93,'[]'),(706,1,94,'[]'),(707,1,95,'[]'),(708,1,96,'[]'),(709,1,97,'[]'),(710,1,98,'[]'),(711,1,99,'[]'),(712,1,100,'[]'),(713,1,101,'[]'),(714,1,102,'[]'),(715,1,103,'[]'),(716,1,104,'[]'),(717,1,105,'[]'),(718,1,106,'[]'),(719,1,107,'[]'),(720,1,108,'[]'),(721,1,110,'[]'),(722,1,114,'[]'),(723,1,115,'[]'),(724,1,125,'[]'),(725,1,131,'[]'),(726,1,132,'[]'),(727,1,133,'[]'),(728,1,137,'[]'),(729,1,138,'[]'),(730,1,139,'[]'),(731,1,140,'[]'),(732,1,141,'[]'),(733,1,142,'[]'),(739,12,94,NULL),(740,12,95,NULL),(741,12,149,NULL),(742,12,150,NULL),(743,6,151,NULL),(744,6,152,NULL),(745,6,122,NULL),(809,13,69,NULL),(810,13,139,NULL),(811,13,144,NULL),(812,13,141,NULL),(813,13,138,NULL),(814,13,145,NULL),(815,13,146,NULL),(816,13,147,NULL),(817,13,148,NULL),(818,13,143,NULL),(819,13,70,NULL),(820,13,108,NULL),(821,13,107,NULL),(867,5,157,NULL),(868,5,158,NULL),(869,5,159,NULL),(870,5,160,NULL),(920,13,161,NULL),(921,12,162,NULL),(922,8,163,NULL),(953,14,46,NULL),(954,9,47,NULL),(955,13,164,NULL),(956,13,165,NULL),(983,3,19,'[]'),(984,3,20,'[]'),(985,3,43,'[]'),(986,3,44,'[]'),(987,3,45,'[]'),(988,3,46,'[]'),(989,3,59,'[]'),(990,3,60,'[]'),(991,3,61,'[]'),(992,3,62,'[]'),(993,3,71,'[]'),(994,3,82,'[]'),(995,3,85,'[]'),(996,3,86,'[]'),(997,3,87,'[]'),(998,3,88,'[]'),(999,3,94,'[]'),(1000,3,95,'[]'),(1001,3,104,'[]'),(1002,3,110,'[]'),(1003,3,116,'[]'),(1004,3,117,'[]'),(1005,3,118,'[]'),(1006,3,119,'[]'),(1007,3,120,'[]'),(1008,3,121,'[]'),(1009,3,122,'[]'),(1010,3,123,'[]'),(1011,3,124,'[]'),(1012,3,125,'[]'),(1013,3,126,'[]'),(1014,3,127,'[]'),(1015,3,128,'[]'),(1016,3,129,'[]'),(1017,3,130,'[]'),(1018,3,133,'[]'),(1019,3,134,'[]'),(1020,3,138,'[]'),(1021,3,139,'[]'),(1022,3,140,'[]'),(1023,3,141,'[]'),(1024,3,142,'[]'),(1025,3,146,'[]'),(1026,3,147,'[]'),(1027,3,149,'[]'),(1028,3,150,'[]'),(1029,3,153,'[]'),(1030,3,154,'[]'),(1031,3,155,'[]'),(1032,3,156,'[]'),(1033,3,157,'[]'),(1034,3,158,'[]'),(1035,3,159,'[]'),(1036,3,160,'[]'),(1037,3,162,'[]'),(1038,3,163,'[]'),(1039,3,166,'[]'),(1040,3,167,'[]'),(1041,3,168,'[]'),(1042,3,169,'[]'),(1043,3,170,'[]'),(1044,3,171,'[]'),(1045,3,172,'[]'),(1074,3,173,NULL),(1075,3,174,NULL),(1076,3,175,NULL),(1109,3,176,NULL),(1110,3,177,NULL),(1111,6,178,NULL),(1112,6,179,NULL),(1113,6,180,NULL),(1114,6,181,NULL),(1117,13,184,NULL),(1119,3,186,NULL),(1120,6,187,NULL),(1121,4,19,'[]'),(1122,4,20,'[]'),(1123,4,48,'[]'),(1124,4,49,'[]'),(1125,4,50,'[]'),(1126,4,58,'[]'),(1127,4,65,'[]'),(1128,4,66,'[]'),(1129,4,69,'[]'),(1130,4,78,'[]'),(1131,4,80,'[]'),(1132,4,81,'[]'),(1133,4,83,'[]'),(1134,4,84,'[]'),(1135,4,87,'[]'),(1136,4,90,'[]'),(1137,4,92,'[]'),(1138,4,96,'[]'),(1139,4,97,'[]'),(1140,4,98,'[]'),(1141,4,103,'[]'),(1142,4,105,'[]'),(1143,4,106,'[]'),(1144,4,107,'[]'),(1145,4,108,'[]'),(1146,4,125,'[]'),(1147,4,141,'[]'),(1148,4,144,'[]'),(1149,4,145,'[]'),(1150,4,148,'[]'),(1151,4,161,'[]'),(1152,4,165,'[]'),(1153,4,175,'[]'),(1154,4,182,'[]'),(1155,4,183,'[]'),(1156,4,185,'[]'),(1157,4,188,NULL),(1158,14,106,NULL),(1159,14,105,NULL);

--
-- Table structure for table `system_message`
--

CREATE TABLE `system_message` (
  `id` int(11) NOT NULL,
  `system_user_id` int(11) NOT NULL,
  `system_user_to_id` int(11) NOT NULL,
  `subject` text NOT NULL,
  `message` text DEFAULT NULL,
  `dt_message` datetime DEFAULT NULL,
  `checked` char(1) DEFAULT NULL,
  PRIMARY KEY (`id`),
  KEY `fk_system_message_system_user_id` (`system_user_id`),
  KEY `fk_system_message_system_user_to_id` (`system_user_to_id`),
  CONSTRAINT `fk_system_message_system_user_id` FOREIGN KEY (`system_user_id`) REFERENCES `system_users` (`id`),
  CONSTRAINT `fk_system_message_system_user_to_id` FOREIGN KEY (`system_user_to_id`) REFERENCES `system_users` (`id`)
) ENGINE=InnoDB DEFAULT CHARSET=utf8mb3 COLLATE=utf8mb3_unicode_ci;

--
-- Dumping data for table `system_message`
--


--
-- Table structure for table `system_notification`
--

CREATE TABLE `system_notification` (
  `id` int(11) NOT NULL,
  `system_user_id` int(11) NOT NULL,
  `system_user_to_id` int(11) NOT NULL,
  `subject` text DEFAULT NULL,
  `message` text DEFAULT NULL,
  `dt_message` datetime DEFAULT NULL,
  `action_url` text DEFAULT NULL,
  `action_label` text DEFAULT NULL,
  `icon` text DEFAULT NULL,
  `checked` char(1) DEFAULT NULL,
  PRIMARY KEY (`id`),
  KEY `fk_system_notification_system_user_id` (`system_user_id`),
  KEY `fk_system_notification_system_user_to_id` (`system_user_to_id`),
  CONSTRAINT `fk_system_notification_system_user_id` FOREIGN KEY (`system_user_id`) REFERENCES `system_users` (`id`),
  CONSTRAINT `fk_system_notification_system_user_to_id` FOREIGN KEY (`system_user_to_id`) REFERENCES `system_users` (`id`)
) ENGINE=InnoDB DEFAULT CHARSET=utf8mb3 COLLATE=utf8mb3_unicode_ci;

--
-- Dumping data for table `system_notification`
--

INSERT INTO `system_notification` (`id`, `system_user_id`, `system_user_to_id`, `subject`, `message`, `dt_message`, `action_url`, `action_label`, `icon`, `checked`) VALUES (1,3,3,'Auditoria de entrada - Fornecedor: MATEUS SUPERMERCADOS E VAREJO S.A. MIX RECIFE SANTO AMARO Número:  753 ','Os seguintes itens foram dados entrada com valor maior que o último preço de compra: Açúcar refinado (-1.49%)','2025-07-05 14:01:10','class=MovimentoList&method=onShow','Confirmar leitura','fas fa-audio-description','N'),(2,3,3,'Auditoria de entrada - Fornecedor: MATEUS SUPERMERCADOS E VAREJO S.A. MIX RECIFE SANTO AMARO Número:  190 ','Os seguintes itens foram dados entrada com valor maior que o último preço de compra: floco de milho 500gr (19.55%)','2025-07-05 14:03:23','class=MovimentoList&method=onShow','Confirmar leitura','fas fa-audio-description','N'),(3,3,3,'Auditoria de entrada - Fornecedor: KarneKeijo Logistica Integrada LTDA Número:  5640596 ','Os seguintes itens foram dados entrada com valor maior que o último preço de compra: Coxa e sobrecoxa (1.01%)','2025-07-05 14:06:19','class=MovimentoList&method=onShow','Confirmar leitura','fas fa-audio-description','N'),(4,3,3,'Auditoria de entrada - Fornecedor: NORSA REFRIGERANTES S.A Número:  3847348 ','Os seguintes itens foram dados entrada com valor maior que o último preço de compra: Coca cola ks (0.07%), Fanta 350ml (0.47%), Coca cola zero 350ml (-20.06%), Coca cola 1 litro (-21.46%), Coca cola lata 350ml (-0.29%), Coca cola zero 1 litro (-20.72%), Coca cola 2 litros (0.1%)','2025-07-05 14:18:28','class=MovimentoList&method=onShow','Confirmar leitura','fas fa-audio-description','N'),(5,3,3,'Auditoria de entrada - Fornecedor: MASTERBOI LTDA Número:  1628747 ','Os seguintes itens foram dados entrada com valor maior que o último preço de compra: Coxão mole (-0%)','2025-07-05 14:19:40','class=MovimentoList&method=onShow','Confirmar leitura','fas fa-audio-description','N'),(6,3,3,'Auditoria de entrada - Fornecedor: CEASA Número:  050725 ','Os seguintes itens foram dados entrada com valor maior que o último preço de compra: Coca cola 2 litros (-26.54%), Coca cola zero 2 litros (-21.79%)','2025-07-05 14:30:07','class=MovimentoList&method=onShow','Confirmar leitura','fas fa-audio-description','N'),(7,3,3,'Auditoria de entrada - Fornecedor: CEASA Número:  070725 ','Os seguintes itens foram dados entrada com valor maior que o último preço de compra: Acelga (40.64%), Repolho branco (11.43%), Chuchu (75%), Pepino japones (74.03%), Cenoura (-34.59%), Pimentão (-17.38%), Laranja (10%), Cebolinha (-31.25%), Heineken long neck 330ml  (2.43%), Abacaxi (25%)','2025-07-07 13:20:49','class=MovimentoList&method=onShow','Confirmar leitura','fas fa-audio-description','N'),(8,3,3,'Auditoria de entrada - Fornecedor: CEASA Número:  070725 ','Os seguintes itens foram dados entrada com valor maior que o último preço de compra: Acelga (40.64%), Repolho branco (11.43%), Chuchu (75%), Pepino japones (74.03%), Cenoura (-34.59%), Pimentão (-17.38%), Laranja (10%), Cebolinha (-31.25%), Heineken long neck 330ml  (2.43%), Abacaxi (25%)','2025-07-07 13:20:58','class=MovimentoList&method=onShow','Confirmar leitura','fas fa-audio-description','N'),(9,1,1,'Auditoria de entrada - Fornecedor: SUPERMERCADO Número:  94424 ','Os seguintes itens foram dados entrada com valor maior que o último preço de compra: adoçante  (INF%), Coca cola 1 litro (32.64%)','2025-07-07 19:20:50','class=MovimentoList&method=onShow','Confirmar leitura','fas fa-audio-description','Y'),(10,1,1,'Auditoria de entrada - Fornecedor: SUPERMERCADO Número:  94424 ','Os seguintes itens foram dados entrada com valor maior que o último preço de compra: adoçante  (INF%), Coca cola 1 litro (32.64%)','2025-07-07 19:21:13','class=MovimentoList&method=onShow','Confirmar leitura','fas fa-audio-description','Y'),(11,1,1,'Auditoria de entrada - Fornecedor: SUPERMERCADO Número:  94424 ','Os seguintes itens foram dados entrada com valor maior que o último preço de compra: adoçante  (INF%), Coca cola 1 litro (32.64%)','2025-07-07 19:22:39','class=MovimentoList&method=onShow','Confirmar leitura','fas fa-audio-description','Y'),(12,1,1,'Auditoria de entrada - Fornecedor: SUPERMERCADO Número:  94424 ','Os seguintes itens foram dados entrada com valor maior que o último preço de compra: Coca cola 1 litro (32.64%)','2025-07-07 19:27:13','class=MovimentoList&method=onShow','Confirmar leitura','fas fa-audio-description','Y'),(13,3,3,'Auditoria de entrada - Fornecedor: SUPERMERCADO Número:  94424 ','Os seguintes itens foram dados entrada com valor maior que o último preço de compra: Coca cola 1 litro (32.64%)','2025-07-08 12:32:09','class=MovimentoList&method=onShow','Confirmar leitura','fas fa-audio-description','N'),(14,3,3,'Auditoria de entrada - Fornecedor: SUPERMERCADO Número:  94424 ','Os seguintes itens foram dados entrada com valor maior que o último preço de compra: Coca cola 1 litro (32.64%)','2025-07-08 12:32:35','class=MovimentoList&method=onShow','Confirmar leitura','fas fa-audio-description','N'),(15,3,3,'Auditoria de entrada - Fornecedor: DGV COMERCIO DE ALIMENTOS LTDA Número:  8454 ','Os seguintes itens foram dados entrada com valor maior que o último preço de compra: Salmão fresco (-1.47%)','2025-07-08 19:54:45','class=MovimentoList&method=onShow','Confirmar leitura','fas fa-audio-description','N'),(16,3,3,'Auditoria de entrada - Fornecedor: NORSA REFRIGERANTES S.A Número:  3854095 ','Os seguintes itens foram dados entrada com valor maior que o último preço de compra: Coca cola ks (0.42%), Coca cola zero 350ml (-2.08%), Sprite 350ml (-0.47%), Coca coca zero ks (-3.26%)','2025-07-08 19:55:22','class=MovimentoList&method=onShow','Confirmar leitura','fas fa-audio-description','N'),(17,3,3,'Auditoria de entrada - Fornecedor: NORSA REFRIGERANTES S.A Número:  3854095 ','Os seguintes itens foram dados entrada com valor maior que o último preço de compra: Coca cola ks (0.42%), Coca cola zero 350ml (-2.08%), Sprite 350ml (-0.47%), Coca coca zero ks (-3.26%)','2025-07-08 19:55:54','class=MovimentoList&method=onShow','Confirmar leitura','fas fa-audio-description','N'),(18,3,3,'Auditoria de entrada - Fornecedor: MCA ALIMENTOS LTDA Número:  29505 ','Os seguintes itens foram dados entrada com valor maior que o último preço de compra: apresuntado (-30.26%), File de peito (-0.27%), Queijo mussarela (-3.3%)','2025-07-08 19:56:51','class=MovimentoList&method=onShow','Confirmar leitura','fas fa-audio-description','N'),(19,3,3,'Auditoria de entrada - Fornecedor: ESTIVAS NOVO PRADO LTDA Número:  2279146 ','Os seguintes itens foram dados entrada com valor maior que o último preço de compra: BISTECA SUINA CONG  (0.58%)','2025-07-08 19:57:20','class=MovimentoList&method=onShow','Confirmar leitura','fas fa-audio-description','N'),(20,3,3,'Auditoria de entrada - Fornecedor: DGV COMERCIO DE ALIMENTOS LTDA Número:  8454 ','Os seguintes itens foram dados entrada com valor maior que o último preço de compra: Salmão fresco (-1.47%)','2025-07-08 19:58:15','class=MovimentoList&method=onShow','Confirmar leitura','fas fa-audio-description','N'),(21,3,3,'Auditoria de entrada - Fornecedor: SAO BERNARDO RECICLAGEM E DISTRIB PLASTICOS Número:  2235 ','Os seguintes itens foram dados entrada com valor maior que o último preço de compra: Sacola P (125%), Sacola M (116.67%)','2025-07-08 20:39:56','class=MovimentoList&method=onShow','Confirmar leitura','fas fa-audio-description','N'),(22,3,3,'Auditoria de entrada - Fornecedor: SAO BERNARDO RECICLAGEM E DISTRIB PLASTICOS Número:  2235 ','Os seguintes itens foram dados entrada com valor maior que o último preço de compra: Sacola P (125%), Sacola M (116.67%)','2025-07-08 20:43:28','class=MovimentoList&method=onShow','Confirmar leitura','fas fa-audio-description','N'),(23,1,1,'Auditoria de entrada - Fornecedor: NORDESTE COMERCIO E IMPORTADORA DE ALIMENTOS LTDA Número:  1525331 ','Os seguintes itens foram dados entrada com valor maior que o último preço de compra: Coxão mole (-3.37%)','2025-07-10 19:40:58','class=MovimentoList&method=onShow','Confirmar leitura','fas fa-audio-description','Y'),(24,1,1,'Auditoria de entrada - Fornecedor: NORDESTE COMERCIO E IMPORTADORA DE ALIMENTOS LTDA Número:  1525331 ','Os seguintes itens foram dados entrada com valor maior que o último preço de compra: Coxão mole (-3.37%)','2025-07-10 19:41:18','class=MovimentoList&method=onShow','Confirmar leitura','fas fa-audio-description','Y'),(25,1,1,'Auditoria de entrada - Fornecedor: NORDESTE COMERCIO E IMPORTADORA DE ALIMENTOS LTDA Número:  1525331 ','Os seguintes itens foram dados entrada com valor maior que o último preço de compra: Coxão mole (-3.37%)','2025-07-10 19:41:24','class=MovimentoList&method=onShow','Confirmar leitura','fas fa-audio-description','Y'),(26,1,1,'Auditoria de entrada - Fornecedor: NORDESTE COMERCIO E IMPORTADORA DE ALIMENTOS LTDA Número:  1525331 ','Os seguintes itens foram dados entrada com valor maior que o último preço de compra: Coxão mole (-3.37%)','2025-07-10 21:15:48','class=MovimentoList&method=onShow','Confirmar leitura','fas fa-audio-description','Y'),(27,1,1,'Auditoria de entrada - Fornecedor: Doce Fruta Industria E Comercio Ltda Número:  3768 ','Os seguintes itens foram dados entrada com valor maior que o último preço de compra: Polpa caja (900%), Polpa graviola (900%), Polpa Maracujá (900%)','2025-07-10 21:16:12','class=MovimentoList&method=onShow','Confirmar leitura','fas fa-audio-description','Y'),(28,3,3,'Auditoria de entrada - Fornecedor: SAO BERNARDO RECICLAGEM E DISTRIB PLASTICOS Número:  2235 ','Os seguintes itens foram dados entrada com valor maior que o último preço de compra: Sacola P (125%), Sacola M (122.22%)','2025-07-12 11:52:34','class=MovimentoList&method=onShow','Confirmar leitura','fas fa-audio-description','N'),(29,3,3,'Auditoria de entrada - Fornecedor: SAO BERNARDO RECICLAGEM E DISTRIB PLASTICOS Número:  2235 ','Os seguintes itens foram dados entrada com valor maior que o último preço de compra: Sacola P (125%), Sacola M (122.22%)','2025-07-12 11:53:05','class=MovimentoList&method=onShow','Confirmar leitura','fas fa-audio-description','N'),(30,3,3,'Auditoria de entrada - Fornecedor: Doce Fruta Industria E Comercio Ltda Número:  3768 ','Os seguintes itens foram dados entrada com valor maior que o último preço de compra: Polpa caja (-90%), Polpa graviola (-90%), Polpa Maracujá (-90%)','2025-07-12 11:59:06','class=MovimentoList&method=onShow','Confirmar leitura','fas fa-audio-description','N'),(31,3,3,'Auditoria de entrada - Fornecedor: MASTERBOI LTDA Número:  1636912 ','Os seguintes itens foram dados entrada com valor maior que o último preço de compra: Coxão mole (2.38%)','2025-07-12 12:04:19','class=MovimentoList&method=onShow','Confirmar leitura','fas fa-audio-description','N'),(32,3,3,'Auditoria de entrada - Fornecedor: NORDESTE COMERCIO E IMPORTADORA DE ALIMENTOS LTDA Número:  1527827 ','Os seguintes itens foram dados entrada com valor maior que o último preço de compra: Coxão mole (-2.33%)','2025-07-12 12:04:48','class=MovimentoList&method=onShow','Confirmar leitura','fas fa-audio-description','N'),(33,3,3,'Auditoria de entrada - Fornecedor: Frigorifico Jahu Ltda - Filial Pina Número:  107789 ','Os seguintes itens foram dados entrada com valor maior que o último preço de compra: File de peixe pescada (-2.57%)','2025-07-12 12:07:20','class=MovimentoList&method=onShow','Confirmar leitura','fas fa-audio-description','N'),(34,3,3,'Auditoria de entrada - Fornecedor: Frigorifico Jahu Ltda - Filial Pina Número:  107789 ','Os seguintes itens foram dados entrada com valor maior que o último preço de compra: File de peixe pescada (-2.57%)','2025-07-12 12:07:42','class=MovimentoList&method=onShow','Confirmar leitura','fas fa-audio-description','N'),(35,3,3,'Auditoria de entrada - Fornecedor: Frigorifico Jahu Ltda - Filial Pina Número:  107789 ','Os seguintes itens foram dados entrada com valor maior que o último preço de compra: File de peixe pescada (-2.57%)','2025-07-12 12:07:52','class=MovimentoList&method=onShow','Confirmar leitura','fas fa-audio-description','N'),(36,3,3,'Auditoria de entrada - Fornecedor: COLORATA IND. COM. PROJETOS DE EMBALAGENS Número:  4320 ','Os seguintes itens foram dados entrada com valor maior que o último preço de compra: Embalagem fritura P (20%)','2025-07-12 12:20:11','class=MovimentoList&method=onShow','Confirmar leitura','fas fa-audio-description','N'),(37,1,1,'Auditoria de entrada - Fornecedor: Doce Fruta Industria E Comercio Ltda Número:  3768 ','Os seguintes itens foram dados entrada com valor maior que o último preço de compra: Polpa caja (-90%), Polpa graviola (-90%), Polpa Maracujá (-90%)','2025-07-14 11:14:11','class=MovimentoList&method=onShow','Confirmar leitura','fas fa-audio-description','Y'),(38,3,3,'Auditoria de entrada - Fornecedor: DGV COMERCIO DE ALIMENTOS LTDA Número:  8538 ','Os seguintes itens foram dados entrada com valor maior que o último preço de compra: Salmão fresco (-0.64%)','2025-07-15 23:41:36','class=MovimentoList&method=onShow','Confirmar leitura','fas fa-audio-description','N'),(39,3,3,'Auditoria de entrada - Fornecedor: KarneKeijo Logistica Integrada LTDA Número:  5650445 ','Os seguintes itens foram dados entrada com valor maior que o último preço de compra: Coxa e sobrecoxa (-1%), Calabresa (-5%)','2025-07-15 23:45:28','class=MovimentoList&method=onShow','Confirmar leitura','fas fa-audio-description','N'),(40,3,3,'Auditoria de entrada - Fornecedor: MAURICEA ALIMENTOS DO NORDESTE LTDA Número:  944633 ','Os seguintes itens foram dados entrada com valor maior que o último preço de compra: peixe em posta (-9.44%)','2025-07-15 23:50:50','class=MovimentoList&method=onShow','Confirmar leitura','fas fa-audio-description','N'),(41,3,3,'Auditoria de entrada - Fornecedor: Ambev S.A. - CDD Olinda Número:  559974 ','Os seguintes itens foram dados entrada com valor maior que o último preço de compra: Agua h2o limao (-5.31%), Guarana antarctica 350ml (-40.79%), Guarana antarctica Zero 350ml (-7.91%), Guarana antarctica 1 litro (18.26%)','2025-07-15 23:59:26','class=MovimentoList&method=onShow','Confirmar leitura','fas fa-audio-description','N'),(42,3,3,'Auditoria de entrada - Fornecedor: NORSA REFRIGERANTES S.A Número:  3861223 ','Os seguintes itens foram dados entrada com valor maior que o último preço de compra: Fanta 350ml (-1.05%), Agua tonica Schweppes 350ml (-14.14%), Coca cola 1 litro (-26.81%), Coca cola lata 350ml (-1.66%)','2025-07-16 00:01:07','class=MovimentoList&method=onShow','Confirmar leitura','fas fa-audio-description','N'),(43,3,3,'Auditoria de entrada - Fornecedor: TOMODACHI COMERCIO DE ALIMENTOS LTDA Número:  3344 ','Os seguintes itens foram dados entrada com valor maior que o último preço de compra: Sake Azuma Kirim (1219.33%)','2025-07-16 00:07:23','class=MovimentoList&method=onShow','Confirmar leitura','fas fa-audio-description','N'),(44,3,3,'Auditoria de entrada - Fornecedor: DEPOSITO DE OVO RAINHA DA PAZ Número:  4844 ','Os seguintes itens foram dados entrada com valor maior que o último preço de compra: ovos de galinha (-8%)','2025-07-16 00:08:43','class=MovimentoList&method=onShow','Confirmar leitura','fas fa-audio-description','N'),(45,3,3,'Auditoria de entrada - Fornecedor: DEPOSITO DE OVO RAINHA DA PAZ Número:  4844 ','Os seguintes itens foram dados entrada com valor maior que o último preço de compra: ovos de galinha (-8%)','2025-07-16 00:09:40','class=MovimentoList&method=onShow','Confirmar leitura','fas fa-audio-description','N'),(46,3,3,'Auditoria de entrada - Fornecedor: CEASA Número:  140725 ','Os seguintes itens foram dados entrada com valor maior que o último preço de compra: Acelga (38.96%), Repolho branco (28.21%), Chuchu (53.25%), Cenoura (-7.33%), Cebola branca (-36.36%), Pimentão (11.17%), Limão  (-1.04%), Cebolinha (21.21%), Laranja (-10.91%)','2025-07-16 00:25:00','class=MovimentoList&method=onShow','Confirmar leitura','fas fa-audio-description','N'),(47,3,3,'Auditoria de entrada - Fornecedor: CEASA Número:  140725 ','Os seguintes itens foram dados entrada com valor maior que o último preço de compra: Acelga (38.96%), Repolho branco (28.21%), Chuchu (53.25%), Cenoura (-7.33%), Cebola branca (-36.36%), Pimentão (11.17%), Limão  (-1.04%), Cebolinha (21.21%), Laranja (-10.91%)','2025-07-16 00:25:31','class=MovimentoList&method=onShow','Confirmar leitura','fas fa-audio-description','N'),(48,3,3,'Auditoria de entrada - Fornecedor: CEASA Número:  140725 ','Os seguintes itens foram dados entrada com valor maior que o último preço de compra: Acelga (38.96%), Repolho branco (28.21%), Chuchu (53.25%), Cenoura (-7.33%), Cebola branca (-36.36%), Pimentão (11.17%), Limão  (-1.04%), Cebolinha (21.21%), Laranja (-10.91%)','2025-07-16 00:25:56','class=MovimentoList&method=onShow','Confirmar leitura','fas fa-audio-description','N'),(49,3,3,'Auditoria de entrada - Fornecedor: CELESTE ALIMENTOS E PANIFICAÇÃO LTDA Número:  277646 ','Os seguintes itens foram dados entrada com valor maior que o último preço de compra: Salmão fresco (1.05%)','2025-07-16 11:36:38','class=MovimentoList&method=onShow','Confirmar leitura','fas fa-audio-description','N'),(50,3,3,'Auditoria de entrada - Fornecedor: CEASA Número:  160725 ','Os seguintes itens foram dados entrada com valor maior que o último preço de compra: Filme para seladora (-21.17%)','2025-07-16 20:58:47','class=MovimentoList&method=onShow','Confirmar leitura','fas fa-audio-description','N'),(51,3,3,'Auditoria de entrada - Fornecedor: SUPERMERCADO Número:  134054 ','Os seguintes itens foram dados entrada com valor maior que o último preço de compra: Coca cola 1 litro (36.63%), Coca cola zero 1 litro (31.39%)','2025-07-17 19:34:40','class=MovimentoList&method=onShow','Confirmar leitura','fas fa-audio-description','N'),(52,3,3,'Auditoria de entrada - Fornecedor: INDUSTRIA DE BEBIDAS IGARASSU LTDA Número:  304574 ','Os seguintes itens foram dados entrada com valor maior que o último preço de compra: Cerveja Heineken (4.16%)','2025-07-17 19:43:56','class=MovimentoList&method=onShow','Confirmar leitura','fas fa-audio-description','N'),(53,3,3,'Auditoria de entrada - Fornecedor: DISAL DISTRIBUIDORA DE ALIMENTOS LTDA Número:  230555 ','Os seguintes itens foram dados entrada com valor maior que o último preço de compra: Macarrão bifam 500g (-2.37%)','2025-07-17 19:45:43','class=MovimentoList&method=onShow','Confirmar leitura','fas fa-audio-description','N'),(54,3,3,'Auditoria de entrada - Fornecedor: SUPERMERCADO Número:  39514 ','Os seguintes itens foram dados entrada com valor maior que o último preço de compra: Heineken long neck 330ml  (-1.7%), Azeite extra virgem 500ml (-27.46%)','2025-07-18 21:06:17','class=MovimentoList&method=onShow','Confirmar leitura','fas fa-audio-description','N'),(55,3,3,'Auditoria de entrada - Fornecedor: COMERCIAL PROLAC LTDA Número:  474936 ','Os seguintes itens foram dados entrada com valor maior que o último preço de compra: Alga nori (-8.74%), Cogumelo fatiado (-18.5%)','2025-07-21 21:30:28','class=MovimentoList&method=onShow','Confirmar leitura','fas fa-audio-description','N'),(56,3,3,'Auditoria de entrada - Fornecedor: RICARDO BERNARDO DA SILVA JUNIOR Número:  7021 ','Os seguintes itens foram dados entrada com valor maior que o último preço de compra: Vinagre castelo 20l (-77.59%)','2025-07-21 21:32:20','class=MovimentoList&method=onShow','Confirmar leitura','fas fa-audio-description','N'),(57,3,3,'Auditoria de entrada - Fornecedor: CEASA Número:  210725 ','Os seguintes itens foram dados entrada com valor maior que o último preço de compra: Acelga (-22.9%), Repolho branco (-43.2%), Chuchu (12.71%), Cenoura (2.82%), Cebola branca (-10.86%), Pimentão (-27.57%), Alho (-22.96%), Pepino japones (1.59%), Limão  (-12.63%), Laranja (-4.08%)','2025-07-21 21:43:09','class=MovimentoList&method=onShow','Confirmar leitura','fas fa-audio-description','N'),(58,3,3,'Auditoria de entrada - Fornecedor: SUPERMERCADO Número:  538062 ','Os seguintes itens foram dados entrada com valor maior que o último preço de compra: Feijao carioca (51.83%)','2025-07-22 11:33:05','class=MovimentoList&method=onShow','Confirmar leitura','fas fa-audio-description','N'),(59,3,3,'Auditoria de entrada - Fornecedor: CEASA Número:  3194 ','Os seguintes itens foram dados entrada com valor maior que o último preço de compra: Camarão 41/50 inteiro (42.86%)','2025-07-22 21:30:27','class=MovimentoList&method=onShow','Confirmar leitura','fas fa-audio-description','N'),(60,3,3,'Auditoria de entrada - Fornecedor: TOMODACHI COMERCIO DE ALIMENTOS LTDA Número:  3462 ','Os seguintes itens foram dados entrada com valor maior que o último preço de compra: Vinagre castelo 20l (350%), Gengibre fatiado (13.64%)','2025-07-27 18:32:53','class=MovimentoList&method=onShow','Confirmar leitura','fas fa-audio-description','N'),(61,3,3,'Auditoria de entrada - Fornecedor: CEASA Número:  260725 ','Os seguintes itens foram dados entrada com valor maior que o último preço de compra: Alcool 70 (14.24%)','2025-07-27 20:36:46','class=MovimentoList&method=onShow','Confirmar leitura','fas fa-audio-description','N'),(62,3,3,'Auditoria de entrada - Fornecedor: CEASA Número:  260725 ','Os seguintes itens foram dados entrada com valor maior que o último preço de compra: Alcool 70 (14.24%)','2025-07-27 20:44:13','class=MovimentoList&method=onShow','Confirmar leitura','fas fa-audio-description','N'),(63,3,3,'Auditoria de entrada - Fornecedor: CEASA Número:  260725 ','Os seguintes itens foram dados entrada com valor maior que o último preço de compra: Alcool 70 (14.24%)','2025-07-27 20:48:17','class=MovimentoList&method=onShow','Confirmar leitura','fas fa-audio-description','N'),(64,3,3,'Auditoria de entrada - Fornecedor: CEASA Número:  260725 ','Os seguintes itens foram dados entrada com valor maior que o último preço de compra: Alcool 70 (14.24%)','2025-07-27 20:48:26','class=MovimentoList&method=onShow','Confirmar leitura','fas fa-audio-description','N'),(65,3,3,'Auditoria de entrada - Fornecedor: CEASA Número:  280725 ','Os seguintes itens foram dados entrada com valor maior que o último preço de compra: Chuchu (103.01%), Cenoura (13.74%), Pimentão (48.71%)','2025-07-29 13:55:17','class=MovimentoList&method=onShow','Confirmar leitura','fas fa-audio-description','N'),(66,3,3,'Auditoria de entrada - Fornecedor: MAURICEA ALIMENTOS DO NORDESTE LTDA Número:  948140 ','Os seguintes itens foram dados entrada com valor maior que o último preço de compra: peixe em posta (10.43%)','2025-07-31 11:58:08','class=MovimentoList&method=onShow','Confirmar leitura','fas fa-audio-description','N'),(67,3,3,'Auditoria de entrada - Fornecedor: ESTIVAS NOVO PRADO LTDA Número:  2291462 ','Os seguintes itens foram dados entrada com valor maior que o último preço de compra: Pe suino salgada (11.11%), apresuntado (31.37%)','2025-08-07 08:56:48','class=MovimentoList&method=onShow','Confirmar leitura','fas fa-audio-description','N'),(68,3,3,'Auditoria de entrada - Fornecedor: SUPERMERCADO Número:  090825 ','Os seguintes itens foram dados entrada com valor maior que o último preço de compra: Coca cola zero 350ml (18.4%)','2025-08-09 15:25:09','class=MovimentoList&method=onShow','Confirmar leitura','fas fa-audio-description','N'),(69,3,3,'Auditoria de entrada - Fornecedor: CEASA Número:  040825 ','Os seguintes itens foram dados entrada com valor maior que o último preço de compra: Repolho branco (10.29%), Limão  (89.76%)','2025-08-11 08:34:23','class=MovimentoList&method=onShow','Confirmar leitura','fas fa-audio-description','N'),(70,3,3,'Auditoria de entrada - Fornecedor: REGINALDOI AGUA Número:  080825 ','Os seguintes itens foram dados entrada com valor maior que o último preço de compra: Agua Mineral 20 litros (17.86%)','2025-08-11 08:38:01','class=MovimentoList&method=onShow','Confirmar leitura','fas fa-audio-description','N'),(71,3,3,'Auditoria de entrada - Fornecedor: SUPERMERCADO Número:  715455 ','Os seguintes itens foram dados entrada com valor maior que o último preço de compra: Abacaxi (299.5%)','2025-08-11 08:40:12','class=MovimentoList&method=onShow','Confirmar leitura','fas fa-audio-description','N'),(72,3,3,'Auditoria de entrada - Fornecedor: SUPERMERCADO Número:  427921 ','Os seguintes itens foram dados entrada com valor maior que o último preço de compra: Abacaxi (189%)','2025-08-11 08:41:50','class=MovimentoList&method=onShow','Confirmar leitura','fas fa-audio-description','N'),(73,3,3,'Auditoria de entrada - Fornecedor: MATEUS SUPERMERCADOS E VAREJO S.A. MIX RECIFE SANTO AMARO Número:  5505 ','Os seguintes itens foram dados entrada com valor maior que o último preço de compra: Sabão em barra (17.14%)','2025-08-11 08:48:32','class=MovimentoList&method=onShow','Confirmar leitura','fas fa-audio-description','N'),(74,3,3,'Auditoria de entrada - Fornecedor: CEASA Número:  1108 ','Os seguintes itens foram dados entrada com valor maior que o último preço de compra: Repolho branco (35.33%), Cebola branca (35.21%), Cenoura (21.68%), Pimentão (57.92%)','2025-08-12 10:37:40','class=MovimentoList&method=onShow','Confirmar leitura','fas fa-audio-description','N'),(75,3,3,'Auditoria de entrada - Fornecedor: INDUSTRIA DE BEBIDAS IGARASSU LTDA Número:  330111 ','Os seguintes itens foram dados entrada com valor maior que o último preço de compra: Cerveja Devassa 600ml (3259.03%), Cerveja Heineken (2310.38%)','2025-08-14 12:37:33','class=MovimentoList&method=onShow','Confirmar leitura','fas fa-audio-description','N'),(76,3,3,'Auditoria de entrada - Fornecedor: INDUSTRIA DE BEBIDAS IGARASSU LTDA Número:  330111 ','Os seguintes itens foram dados entrada com valor maior que o último preço de compra: Cerveja Devassa 600ml (3259.03%), Cerveja Heineken (2310.38%)','2025-08-14 12:38:19','class=MovimentoList&method=onShow','Confirmar leitura','fas fa-audio-description','N'),(77,3,3,'Auditoria de entrada - Fornecedor: INDUSTRIA DE BEBIDAS IGARASSU LTDA Número:  330111 ','Os seguintes itens foram dados entrada com valor maior que o último preço de compra: Cerveja Devassa 600ml (39.89%)','2025-08-14 12:39:34','class=MovimentoList&method=onShow','Confirmar leitura','fas fa-audio-description','N'),(78,3,3,'Auditoria de entrada - Fornecedor: INDUSTRIA DE BEBIDAS IGARASSU LTDA Número:  330111 ','Os seguintes itens foram dados entrada com valor maior que o último preço de compra: Cerveja Devassa 600ml (39.89%)','2025-08-14 12:40:42','class=MovimentoList&method=onShow','Confirmar leitura','fas fa-audio-description','N'),(79,3,3,'Auditoria de entrada - Fornecedor: NORSA REFRIGERANTES S.A Número:  3887949 ','Os seguintes itens foram dados entrada com valor maior que o último preço de compra: Agua mineral sem gas (18.69%)','2025-08-14 12:42:06','class=MovimentoList&method=onShow','Confirmar leitura','fas fa-audio-description','N'),(80,3,3,'Auditoria de entrada - Fornecedor: CEASA Número:  180825 ','Os seguintes itens foram dados entrada com valor maior que o último preço de compra: Acelga (31.33%), Repolho branco (12.81%), Chuchu (28.37%), Pimentão (25%)','2025-08-23 13:18:03','class=MovimentoList&method=onShow','Confirmar leitura','fas fa-audio-description','N'),(81,3,3,'Auditoria de entrada - Fornecedor: SUPERMERCADO Número:  31523 ','Os seguintes itens foram dados entrada com valor maior que o último preço de compra: Heineken zero long neck (16%), Coca cola zero 2 litros (56.93%)','2025-08-23 20:27:48','class=MovimentoList&method=onShow','Confirmar leitura','fas fa-audio-description','N'),(82,3,3,'Auditoria de entrada - Fornecedor: SUPERMERCADO Número:  11158 ','Os seguintes itens foram dados entrada com valor maior que o último preço de compra: Guarana antarctica 1 litro (26.33%), Agua h2o limao (18.06%), Agua h2o limoneto (13.08%)','2025-08-24 20:55:38','class=MovimentoList&method=onShow','Confirmar leitura','fas fa-audio-description','N'),(83,3,3,'Auditoria de entrada - Fornecedor: CEASA Número:  250825 ','Os seguintes itens foram dados entrada com valor maior que o último preço de compra: Abacaxi (20%)','2025-08-27 14:05:02','class=MovimentoList&method=onShow','Confirmar leitura','fas fa-audio-description','N'),(84,3,3,'Auditoria de entrada - Fornecedor: SUPERMERCADO Número:  93884 ','Os seguintes itens foram dados entrada com valor maior que o último preço de compra: Feijao carioca (20.05%)','2025-08-27 14:12:36','class=MovimentoList&method=onShow','Confirmar leitura','fas fa-audio-description','N'),(85,3,3,'Auditoria de entrada - Fornecedor: SUPERMERCADO Número:  480141 ','Os seguintes itens foram dados entrada com valor maior que o último preço de compra: Sabão em po 400g (47.9%)','2025-08-27 14:13:52','class=MovimentoList&method=onShow','Confirmar leitura','fas fa-audio-description','N'),(86,3,3,'Auditoria de entrada - Fornecedor: SUPERMERCADO Número:  480141 ','Os seguintes itens foram dados entrada com valor maior que o último preço de compra: Sabão em po 400g (47.9%)','2025-08-27 14:14:19','class=MovimentoList&method=onShow','Confirmar leitura','fas fa-audio-description','N'),(87,3,3,'Auditoria de entrada - Fornecedor: SUPERMERCADO Número:  480141 ','Os seguintes itens foram dados entrada com valor maior que o último preço de compra: Sabão em po 400g (47.9%)','2025-08-27 14:14:32','class=MovimentoList&method=onShow','Confirmar leitura','fas fa-audio-description','N'),(88,3,3,'Auditoria de entrada - Fornecedor: CAMAROES L. VANNAMEI Número:  3395 ','Os seguintes itens foram dados entrada com valor maior que o último preço de compra: Camarão 41/50 inteiro (22.58%)','2025-08-28 21:15:40','class=MovimentoList&method=onShow','Confirmar leitura','fas fa-audio-description','N'),(89,3,3,'Auditoria de entrada - Fornecedor: TOMODACHI COMERCIO DE ALIMENTOS LTDA Número:  3872 ','Os seguintes itens foram dados entrada com valor maior que o último preço de compra: Hashi quadrado (25%)','2025-08-30 15:28:15','class=MovimentoList&method=onShow','Confirmar leitura','fas fa-audio-description','N'),(90,3,3,'Auditoria de entrada - Fornecedor: ALFPACK INDUSTRIA E COMERCIO DE EMBALAGENS LTDA Número:  290825 ','Os seguintes itens foram dados entrada com valor maior que o último preço de compra: Embalagem YG70 M (37.5%)','2025-08-31 15:00:19','class=MovimentoList&method=onShow','Confirmar leitura','fas fa-audio-description','N'),(91,3,3,'Auditoria de entrada - Fornecedor: Frigorifico Jahu Ltda - Filial Pina Número:  115441 ','Os seguintes itens foram dados entrada com valor maior que o último preço de compra: File de peixe pescada (10.55%)','2025-09-03 20:52:29','class=MovimentoList&method=onShow','Confirmar leitura','fas fa-audio-description','N'),(92,3,3,'Auditoria de entrada - Fornecedor: NORSA REFRIGERANTES S.A Número:  3910676 ','Os seguintes itens foram dados entrada com valor maior que o último preço de compra: Coca cola 2 litros (33.98%)','2025-09-03 20:56:50','class=MovimentoList&method=onShow','Confirmar leitura','fas fa-audio-description','N'),(93,3,3,'Auditoria de entrada - Fornecedor: ALFPACK INDUSTRIA E COMERCIO DE EMBALAGENS LTDA Número:  60211 ','Os seguintes itens foram dados entrada com valor maior que o último preço de compra: Embalagem YG38 P (52.86%)','2025-09-04 21:15:06','class=MovimentoList&method=onShow','Confirmar leitura','fas fa-audio-description','N'),(94,3,3,'Auditoria de entrada - Fornecedor: MC COMERCIO DE EQUIPAMENTOS E EMBALAGENS Número:  66230 ','Os seguintes itens foram dados entrada com valor maior que o último preço de compra: Filme para seladora (26.86%)','2025-09-04 21:16:06','class=MovimentoList&method=onShow','Confirmar leitura','fas fa-audio-description','N'),(95,3,3,'Auditoria de entrada - Fornecedor: CEASA Número:  010925 ','Os seguintes itens foram dados entrada com valor maior que o último preço de compra: Chuchu (56.4%), Cebola branca (27.12%), Pepino japones (10.5%), Alho (11.11%)','2025-09-04 21:27:48','class=MovimentoList&method=onShow','Confirmar leitura','fas fa-audio-description','N'),(96,3,3,'Auditoria de entrada - Fornecedor: SUPERMERCADO Número:  12126 ','Os seguintes itens foram dados entrada com valor maior que o último preço de compra: Agua h2o limao (26.23%)','2025-09-05 13:07:00','class=MovimentoList&method=onShow','Confirmar leitura','fas fa-audio-description','N'),(97,3,3,'Auditoria de entrada - Fornecedor: CEASA Número:  080925 ','Os seguintes itens foram dados entrada com valor maior que o último preço de compra: Acelga (26.03%), Limão  (205.75%), Abacaxi (25%)','2025-09-10 11:35:44','class=MovimentoList&method=onShow','Confirmar leitura','fas fa-audio-description','N'),(98,3,3,'Auditoria de entrada - Fornecedor: SUPERMERCADO Número:  548902 ','Os seguintes itens foram dados entrada com valor maior que o último preço de compra: Limão  (18.05%)','2025-09-10 11:38:23','class=MovimentoList&method=onShow','Confirmar leitura','fas fa-audio-description','N'),(99,3,3,'Auditoria de entrada - Fornecedor: DEGUSTA DELICIAS GELADAS GESTORA DE ATIVOS LTDA Número:  9397 ','Os seguintes itens foram dados entrada com valor maior que o último preço de compra: CX PALETA MORANGO C/ LEITE C. 18 UND - DEGUSTA (101.91%)','2025-09-10 11:44:09','class=MovimentoList&method=onShow','Confirmar leitura','fas fa-audio-description','N'),(100,3,3,'Auditoria de entrada - Fornecedor: Ambev S.A. - CDD Olinda Número:  648966 ','Os seguintes itens foram dados entrada com valor maior que o último preço de compra: Guarana antarctica Zero 350ml (60.84%), Guarana antarctica 350ml (43.37%)','2025-09-10 11:51:09','class=MovimentoList&method=onShow','Confirmar leitura','fas fa-audio-description','N'),(101,3,3,'Auditoria de entrada - Fornecedor: NORSA REFRIGERANTES S.A Número:  3917939 ','Os seguintes itens foram dados entrada com valor maior que o último preço de compra: Coca cola 1 litro (22.96%)','2025-09-10 12:18:09','class=MovimentoList&method=onShow','Confirmar leitura','fas fa-audio-description','N'),(102,3,3,'Auditoria de entrada - Fornecedor: INDUSTRIA DE BEBIDAS IGARASSU LTDA Número:  353475 ','Os seguintes itens foram dados entrada com valor maior que o último preço de compra: Cerveja Heineken (22.27%)','2025-09-10 12:20:15','class=MovimentoList&method=onShow','Confirmar leitura','fas fa-audio-description','N'),(103,3,3,'Auditoria de entrada - Fornecedor: SUPERMERCADO Número:  12398 ','Os seguintes itens foram dados entrada com valor maior que o último preço de compra: Heineken long neck 330ml  (13.11%)','2025-09-10 14:01:33','class=MovimentoList&method=onShow','Confirmar leitura','fas fa-audio-description','N'),(104,3,3,'Auditoria de entrada - Fornecedor: SUPERMERCADO Número:  103706 ','Os seguintes itens foram dados entrada com valor maior que o último preço de compra: Coca cola zero 1 litro (66.11%)','2025-09-12 14:00:53','class=MovimentoList&method=onShow','Confirmar leitura','fas fa-audio-description','N'),(105,3,3,'Auditoria de entrada - Fornecedor: NORSA REFRIGERANTES S.A Número:  3925054 ','Os seguintes itens foram dados entrada com valor maior que o último preço de compra: Agua mineral sem gas (14.95%)','2025-09-18 12:52:00','class=MovimentoList&method=onShow','Confirmar leitura','fas fa-audio-description','N'),(106,3,3,'Auditoria de entrada - Fornecedor: CEASA Número:  150925 ','Os seguintes itens foram dados entrada com valor maior que o último preço de compra: Chuchu (38.24%), Cenoura (18.18%)','2025-09-18 13:08:30','class=MovimentoList&method=onShow','Confirmar leitura','fas fa-audio-description','N'),(107,3,3,'Auditoria de entrada - Fornecedor: DEPOSITO DE OVO RAINHA DA PAZ Número:  0860 ','Os seguintes itens foram dados entrada com valor maior que o último preço de compra: ovos de galinha (11.63%)','2025-09-18 13:10:05','class=MovimentoList&method=onShow','Confirmar leitura','fas fa-audio-description','N'),(108,3,3,'Auditoria de entrada - Fornecedor: SUPERMERCADO Número:  13183 ','Os seguintes itens foram dados entrada com valor maior que o último preço de compra: Agua tonica Schweppes 350ml (37.3%)','2025-09-18 13:29:58','class=MovimentoList&method=onShow','Confirmar leitura','fas fa-audio-description','N'),(109,3,3,'Auditoria de entrada - Fornecedor: SUPERMERCADO Número:  526676 ','Os seguintes itens foram dados entrada com valor maior que o último preço de compra: Tomate (111.7%)','2025-09-23 11:42:52','class=MovimentoList&method=onShow','Confirmar leitura','fas fa-audio-description','N'),(110,3,3,'Auditoria de entrada - Fornecedor: SUPERMERCADO Número:  319988 ','Os seguintes itens foram dados entrada com valor maior que o último preço de compra: Coca cola zero 350ml (44.08%), Coca cola 1 litro (51.51%), Coca cola lata 350ml (39.52%)','2025-09-23 11:52:10','class=MovimentoList&method=onShow','Confirmar leitura','fas fa-audio-description','N'),(111,3,3,'Auditoria de entrada - Fornecedor: CEASA Número:  220925 ','Os seguintes itens foram dados entrada com valor maior que o último preço de compra: Acelga (27.11%), Pimentão (11.79%), Pepino japones (25%)','2025-09-23 12:28:20','class=MovimentoList&method=onShow','Confirmar leitura','fas fa-audio-description','N'),(112,3,3,'Auditoria de entrada - Fornecedor: NORSA REFRIGERANTES S.A Número:  3937101 ','Os seguintes itens foram dados entrada com valor maior que o último preço de compra: Coca cola zero 1 litro (24.12%)','2025-09-27 12:48:13','class=MovimentoList&method=onShow','Confirmar leitura','fas fa-audio-description','N'),(113,3,3,'Auditoria de entrada - Fornecedor: Ambev S.A. - CDD Olinda Número:  676618 ','Os seguintes itens foram dados entrada com valor maior que o último preço de compra: Cerveja Brahma 600ml (50.72%)','2025-09-27 12:52:39','class=MovimentoList&method=onShow','Confirmar leitura','fas fa-audio-description','N'),(114,3,3,'Auditoria de entrada - Fornecedor: MAURICEA ALIMENTOS DO NORDESTE LTDA Número:  2836450 ','Os seguintes itens foram dados entrada com valor maior que o último preço de compra: Coxa de frango (12.92%)','2025-10-06 11:33:21','class=MovimentoList&method=onShow','Confirmar leitura','fas fa-audio-description','N'),(115,3,3,'Auditoria de entrada - Fornecedor: SUPERMERCADO Número:  82829 ','Os seguintes itens foram dados entrada com valor maior que o último preço de compra: floco de milho 500gr (62.24%)','2025-10-08 10:42:47','class=MovimentoList&method=onShow','Confirmar leitura','fas fa-audio-description','N'),(116,3,3,'Auditoria de entrada - Fornecedor: SUPERMERCADO Número:  106312 ','Os seguintes itens foram dados entrada com valor maior que o último preço de compra: Coca cola lata 350ml (29.74%)','2025-10-08 11:16:17','class=MovimentoList&method=onShow','Confirmar leitura','fas fa-audio-description','N'),(117,3,3,'Auditoria de entrada - Fornecedor: SUPERMERCADO Número:  106630 ','Os seguintes itens foram dados entrada com valor maior que o último preço de compra: Coca cola 1 litro (31.38%), Agua h2o limoneto (22.73%)','2025-10-08 11:44:19','class=MovimentoList&method=onShow','Confirmar leitura','fas fa-audio-description','N'),(118,3,3,'Auditoria de entrada - Fornecedor: SUPERMERCADO Número:  63499 ','Os seguintes itens foram dados entrada com valor maior que o último preço de compra: Feijao carioca (34.15%)','2025-10-08 11:53:38','class=MovimentoList&method=onShow','Confirmar leitura','fas fa-audio-description','N'),(119,3,3,'Auditoria de entrada - Fornecedor: SUPERMERCADO Número:  63499 ','Os seguintes itens foram dados entrada com valor maior que o último preço de compra: Feijao carioca (34.15%)','2025-10-08 11:56:48','class=MovimentoList&method=onShow','Confirmar leitura','fas fa-audio-description','N'),(120,3,3,'Auditoria de entrada - Fornecedor: KarneKeijo Logistica Integrada LTDA Número:  5734889 ','Os seguintes itens foram dados entrada com valor maior que o último preço de compra: apresuntado (15.65%)','2025-10-08 12:19:44','class=MovimentoList&method=onShow','Confirmar leitura','fas fa-audio-description','N'),(121,3,3,'Auditoria de entrada - Fornecedor: MAURICEA ALIMENTOS DO NORDESTE LTDA Número:  2840296 ','Os seguintes itens foram dados entrada com valor maior que o último preço de compra: Coxa de frango (11.01%)','2025-10-08 12:20:50','class=MovimentoList&method=onShow','Confirmar leitura','fas fa-audio-description','N'),(122,3,3,'Auditoria de entrada - Fornecedor: NORSA REFRIGERANTES S.A Número:  3947334 ','Os seguintes itens foram dados entrada com valor maior que o último preço de compra: Coca cola zero 1 litro (24.14%), Coca cola 2 litros (23.58%)','2025-10-08 12:26:26','class=MovimentoList&method=onShow','Confirmar leitura','fas fa-audio-description','N'),(123,3,3,'Auditoria de entrada - Fornecedor: CEASA Número:  041025 ','Os seguintes itens foram dados entrada com valor maior que o último preço de compra: Canudo (50%), Pimenta do reino (12.5%), Pote 30ml (54.55%), Filme P (43.68%)','2025-10-09 14:41:21','class=MovimentoList&method=onShow','Confirmar leitura','fas fa-audio-description','N'),(124,3,3,'Auditoria de entrada - Fornecedor: CEASA Número:  041025 ','Os seguintes itens foram dados entrada com valor maior que o último preço de compra: Canudo (50%), Pimenta do reino (12.5%), Pote 30ml (54.55%), Filme P (43.68%)','2025-10-09 14:41:34','class=MovimentoList&method=onShow','Confirmar leitura','fas fa-audio-description','N'),(125,3,3,'Auditoria de entrada - Fornecedor: CEASA Número:  041025 ','Os seguintes itens foram dados entrada com valor maior que o último preço de compra: Canudo (50%), Pimenta do reino (12.5%), Pote 30ml (54.55%), Filme P (43.68%)','2025-10-11 14:34:00','class=MovimentoList&method=onShow','Confirmar leitura','fas fa-audio-description','N'),(126,3,3,'Auditoria de entrada - Fornecedor: DEPOSITO DE OVO RAINHA DA PAZ Número:  3146 ','Os seguintes itens foram dados entrada com valor maior que o último preço de compra: ovos de galinha (20.51%)','2025-10-14 21:49:10','class=MovimentoList&method=onShow','Confirmar leitura','fas fa-audio-description','N'),(127,3,3,'Auditoria de entrada - Fornecedor: CEASA Número:  131025 ','Os seguintes itens foram dados entrada com valor maior que o último preço de compra: Repolho branco (25.21%), Cebola branca (10.53%), Pimentão (72.45%), Pepino japones (113.89%)','2025-10-16 12:19:56','class=MovimentoList&method=onShow','Confirmar leitura','fas fa-audio-description','N'),(128,3,3,'Auditoria de entrada - Fornecedor: SUPERMERCADO Número:  6310000 ','Os seguintes itens foram dados entrada com valor maior que o último preço de compra: Tomate (11.2%), Limão  (32.88%)','2025-10-16 12:54:49','class=MovimentoList&method=onShow','Confirmar leitura','fas fa-audio-description','N'),(129,3,3,'Auditoria de entrada - Fornecedor: SUPERMERCADO Número:  41082 ','Os seguintes itens foram dados entrada com valor maior que o último preço de compra: Guarana antarctica 350ml (16.39%)','2025-10-16 13:01:36','class=MovimentoList&method=onShow','Confirmar leitura','fas fa-audio-description','N'),(130,3,3,'Auditoria de entrada - Fornecedor: SUPERMERCADO Número:  15743 ','Os seguintes itens foram dados entrada com valor maior que o último preço de compra: Guarana antarctica 350ml (23.83%), Guarana antarctica Zero 350ml (24.72%)','2025-10-16 13:06:10','class=MovimentoList&method=onShow','Confirmar leitura','fas fa-audio-description','N'),(131,3,3,'Auditoria de entrada - Fornecedor: MATEUS SUPERMERCADOS E VAREJO S.A. MIX RECIFE SANTO AMARO Número:  3806 ','Os seguintes itens foram dados entrada com valor maior que o último preço de compra: Oleo de soja (17.84%)','2025-10-21 10:42:42','class=MovimentoList&method=onShow','Confirmar leitura','fas fa-audio-description','N'),(132,3,3,'Auditoria de entrada - Fornecedor: KarneKeijo Logistica Integrada LTDA Número:  5747646 ','Os seguintes itens foram dados entrada com valor maior que o último preço de compra: Calabresa (25.39%)','2025-10-21 11:58:10','class=MovimentoList&method=onShow','Confirmar leitura','fas fa-audio-description','N'),(133,3,3,'Auditoria de entrada - Fornecedor: Doce Fruta Industria E Comercio Ltda Número:  4161 ','Os seguintes itens foram dados entrada com valor maior que o último preço de compra: Polpa Maracujá (11.11%)','2025-10-21 11:59:22','class=MovimentoList&method=onShow','Confirmar leitura','fas fa-audio-description','N'),(134,3,3,'Auditoria de entrada - Fornecedor: CEASA Número:  201025 ','Os seguintes itens foram dados entrada com valor maior que o último preço de compra: Chuchu (26.44%), Cebola branca (47.62%)','2025-10-24 11:09:24','class=MovimentoList&method=onShow','Confirmar leitura','fas fa-audio-description','N'),(135,3,3,'Auditoria de entrada - Fornecedor: KarneKeijo Logistica Integrada LTDA Número:  5756567 ','Os seguintes itens foram dados entrada com valor maior que o último preço de compra: Coxa e sobrecoxa (10.21%)','2025-10-29 21:06:05','class=MovimentoList&method=onShow','Confirmar leitura','fas fa-audio-description','N'),(136,3,3,'Auditoria de entrada - Fornecedor: CEASA Número:  271025 ','Os seguintes itens foram dados entrada com valor maior que o último preço de compra: Pimentão (25.97%), Repolho branco (36.94%), Abacaxi (25%)','2025-10-29 21:34:45','class=MovimentoList&method=onShow','Confirmar leitura','fas fa-audio-description','N'),(137,3,3,'Auditoria de entrada - Fornecedor: SUPERMERCADO Número:  17402 ','Os seguintes itens foram dados entrada com valor maior que o último preço de compra: Coca cola lata 350ml (30.91%)','2025-10-29 21:41:38','class=MovimentoList&method=onShow','Confirmar leitura','fas fa-audio-description','N'),(138,3,3,'Auditoria de entrada - Fornecedor: SUPERMERCADO Número:  76962 ','Os seguintes itens foram dados entrada com valor maior que o último preço de compra: Esponja de aço (10.1%)','2025-10-30 14:06:02','class=MovimentoList&method=onShow','Confirmar leitura','fas fa-audio-description','N'),(139,3,3,'Auditoria de entrada - Fornecedor: MAURICEA ALIMENTOS DO NORDESTE LTDA Número:  2853802 ','Os seguintes itens foram dados entrada com valor maior que o último preço de compra: Coxa de frango (22%)','2025-11-04 14:20:07','class=MovimentoList&method=onShow','Confirmar leitura','fas fa-audio-description','N'),(140,3,3,'Auditoria de entrada - Fornecedor: BUNGE ALIMENTOS S/A Número:  936279 ','Os seguintes itens foram dados entrada com valor maior que o último preço de compra: Farinha trigo 25kg (11.01%)','2025-11-04 14:22:46','class=MovimentoList&method=onShow','Confirmar leitura','fas fa-audio-description','N'),(141,3,3,'Auditoria de entrada - Fornecedor: ALFPACK INDUSTRIA E COMERCIO DE EMBALAGENS LTDA Número:  63475 ','Os seguintes itens foram dados entrada com valor maior que o último preço de compra: Embalagem YG70 M (40.26%)','2025-11-04 20:08:01','class=MovimentoList&method=onShow','Confirmar leitura','fas fa-audio-description','N'),(142,3,3,'Auditoria de entrada - Fornecedor: SUPERMERCADO Número:  54 ','Os seguintes itens foram dados entrada com valor maior que o último preço de compra: Agua sanitaria (40%)','2025-11-04 20:20:24','class=MovimentoList&method=onShow','Confirmar leitura','fas fa-audio-description','N'),(143,3,3,'Auditoria de entrada - Fornecedor: SUPERMERCADO Número:  54 ','Os seguintes itens foram dados entrada com valor maior que o último preço de compra: Agua sanitaria (40%)','2025-11-04 20:21:33','class=MovimentoList&method=onShow','Confirmar leitura','fas fa-audio-description','N'),(144,3,3,'Auditoria de entrada - Fornecedor: SUPERMERCADO Número:  54 ','Os seguintes itens foram dados entrada com valor maior que o último preço de compra: Agua sanitaria (40%)','2025-11-04 20:21:47','class=MovimentoList&method=onShow','Confirmar leitura','fas fa-audio-description','N'),(145,3,3,'Auditoria de entrada - Fornecedor: DEGUSTA DELICIAS GELADAS GESTORA DE ATIVOS LTDA Número:  11337 ','Os seguintes itens foram dados entrada com valor maior que o último preço de compra: CX PICOLETA COOKIES 22 UND- DEGUSTA (33.14%), CX PALETA NINHO TRUFADO 18 UND - DEGUSTA (11.15%), CX PALETA NUTELLINO 18 UND - DEGUSTA (11.15%)','2025-11-10 13:26:27','class=MovimentoList&method=onShow','Confirmar leitura','fas fa-audio-description','N'),(146,3,3,'Auditoria de entrada - Fornecedor: SUPERMERCADO Número:  4894 ','Os seguintes itens foram dados entrada com valor maior que o último preço de compra: Tomate (24.31%)','2025-11-10 14:07:30','class=MovimentoList&method=onShow','Confirmar leitura','fas fa-audio-description','N'),(147,3,3,'Auditoria de entrada - Fornecedor: SUPERMERCADO Número:  4894 ','Os seguintes itens foram dados entrada com valor maior que o último preço de compra: Tomate (24.31%)','2025-11-10 14:08:23','class=MovimentoList&method=onShow','Confirmar leitura','fas fa-audio-description','N'),(148,3,3,'Auditoria de entrada - Fornecedor: SUPERMERCADO Número:  335609 ','Os seguintes itens foram dados entrada com valor maior que o último preço de compra: Guarana antarctica 350ml (19.1%), Agua h2o limoneto (15.05%)','2025-11-10 14:22:46','class=MovimentoList&method=onShow','Confirmar leitura','fas fa-audio-description','N'),(149,3,3,'Auditoria de entrada - Fornecedor: CEASA Número:  031125 ','Os seguintes itens foram dados entrada com valor maior que o último preço de compra: Chuchu (12.63%), Abacaxi (20%), Alho (11.54%), Pepino japones (37.78%), Limão  (29.03%)','2025-11-11 20:39:11','class=MovimentoList&method=onShow','Confirmar leitura','fas fa-audio-description','N'),(150,3,3,'Auditoria de entrada - Fornecedor: CEASA Número:  101125 ','Os seguintes itens foram dados entrada com valor maior que o último preço de compra: Pimenta malagueta (41.17%)','2025-11-11 20:53:55','class=MovimentoList&method=onShow','Confirmar leitura','fas fa-audio-description','N'),(151,3,3,'Auditoria de entrada - Fornecedor: CEASA Número:  101125 ','Os seguintes itens foram dados entrada com valor maior que o último preço de compra: Pimenta malagueta (41.17%)','2025-11-11 20:54:19','class=MovimentoList&method=onShow','Confirmar leitura','fas fa-audio-description','N'),(152,3,3,'Auditoria de entrada - Fornecedor: Ambev S.A. - CDD Olinda Número:  762008 ','Os seguintes itens foram dados entrada com valor maior que o último preço de compra: Guarana antarctica Zero 350ml (22.48%)','2025-11-13 14:05:00','class=MovimentoList&method=onShow','Confirmar leitura','fas fa-audio-description','N'),(153,3,3,'Auditoria de entrada - Fornecedor: DISAL DISTRIBUIDORA DE ALIMENTOS LTDA Número:  237043 ','Os seguintes itens foram dados entrada com valor maior que o último preço de compra: Alga kombu (16.65%)','2025-11-13 14:07:33','class=MovimentoList&method=onShow','Confirmar leitura','fas fa-audio-description','N'),(154,3,3,'Auditoria de entrada - Fornecedor: NOVO ATACADO COMERCIO DE ALIMENTOS S.A Número:  284 ','Os seguintes itens foram dados entrada com valor maior que o último preço de compra: Oleo de soja (12.21%)','2025-11-15 10:48:26','class=MovimentoList&method=onShow','Confirmar leitura','fas fa-audio-description','N'),(155,3,3,'Auditoria de entrada - Fornecedor: CEASA Número:  081125 ','Os seguintes itens foram dados entrada com valor maior que o último preço de compra: Guarana indata 2 litro (12.57%), Saco de lixo fino 60litros (350%), luva uso geral (64.71%)','2025-11-17 20:51:25','class=MovimentoList&method=onShow','Confirmar leitura','fas fa-audio-description','N'),(156,3,3,'Auditoria de entrada - Fornecedor: SUPERMERCADO Número:  6308 ','Os seguintes itens foram dados entrada com valor maior que o último preço de compra: Limão  (38.57%)','2025-11-17 20:53:47','class=MovimentoList&method=onShow','Confirmar leitura','fas fa-audio-description','N'),(157,3,3,'Auditoria de entrada - Fornecedor: CEASA Número:  171125 ','Os seguintes itens foram dados entrada com valor maior que o último preço de compra: Acelga (29%), Repolho branco (33.33%), Chuchu (20.93%), Cenoura (16.51%), Pimentão (10.5%), Gengibre in natura (50%)','2025-11-18 13:03:34','class=MovimentoList&method=onShow','Confirmar leitura','fas fa-audio-description','N'),(158,3,3,'Auditoria de entrada - Fornecedor: NORSA REFRIGERANTES S.A Número:  4019272 ','Os seguintes itens foram dados entrada com valor maior que o último preço de compra: Fanta 350ml (16.97%), Coca cola 2 litros (23.58%)','2025-11-29 15:23:34','class=MovimentoList&method=onShow','Confirmar leitura','fas fa-audio-description','N'),(159,3,3,'Auditoria de entrada - Fornecedor: CEASA Número:  241125 ','Os seguintes itens foram dados entrada com valor maior que o último preço de compra: Cenoura (12.6%), Cebola branca (96%)','2025-11-29 20:58:02','class=MovimentoList&method=onShow','Confirmar leitura','fas fa-audio-description','N'),(160,3,3,'Auditoria de entrada - Fornecedor: SUPERMERCADO Número:  61156 ','Os seguintes itens foram dados entrada com valor maior que o último preço de compra: farinha de trigo 1kg (13.97%), Esponja dupla face (58.93%)','2025-11-29 21:36:59','class=MovimentoList&method=onShow','Confirmar leitura','fas fa-audio-description','N'),(161,3,3,'Auditoria de entrada - Fornecedor: COMERCIAL PROLAC LTDA Número:  491433 ','Os seguintes itens foram dados entrada com valor maior que o último preço de compra: Cogumelo fatiado (100%)','2025-12-05 21:38:25','class=MovimentoList&method=onShow','Confirmar leitura','fas fa-audio-description','N'),(162,3,3,'Auditoria de entrada - Fornecedor: Ambev S.A. - CDD Olinda Número:  793476 ','Os seguintes itens foram dados entrada com valor maior que o último preço de compra: Guarana antarctica 2 litos (31.26%)','2025-12-05 21:47:15','class=MovimentoList&method=onShow','Confirmar leitura','fas fa-audio-description','N'),(163,3,3,'Auditoria de entrada - Fornecedor: DEGUSTA DELICIAS GELADAS GESTORA DE ATIVOS LTDA Número:  12149 ','Os seguintes itens foram dados entrada com valor maior que o último preço de compra: CX PALETA MORANGO C/ LEITE C. 18 UND - DEGUSTA (11.15%)','2025-12-05 21:53:57','class=MovimentoList&method=onShow','Confirmar leitura','fas fa-audio-description','N'),(164,3,3,'Auditoria de entrada - Fornecedor: CEASA Número:  011225 ','Os seguintes itens foram dados entrada com valor maior que o último preço de compra: Chuchu (18%), Pepino japones (32.42%), Cebolinha (66.67%)','2025-12-07 21:28:00','class=MovimentoList&method=onShow','Confirmar leitura','fas fa-audio-description','N'),(165,3,3,'Auditoria de entrada - Fornecedor: NORSA REFRIGERANTES S.A Número:  4032006 ','Os seguintes itens foram dados entrada com valor maior que o último preço de compra: Coca cola 2 litros (15.85%)','2025-12-10 13:29:19','class=MovimentoList&method=onShow','Confirmar leitura','fas fa-audio-description','N'),(166,3,3,'Auditoria de entrada - Fornecedor: NORSA REFRIGERANTES S.A Número:  4032029 ','Os seguintes itens foram dados entrada com valor maior que o último preço de compra: Coca cola zero 1 litro (12.21%)','2025-12-10 13:29:50','class=MovimentoList&method=onShow','Confirmar leitura','fas fa-audio-description','N'),(167,3,3,'Auditoria de entrada - Fornecedor: FRINSCAL DISTR IMPORT DE ALIMENTOS LTDA PE Número:  1782357 ','Os seguintes itens foram dados entrada com valor maior que o último preço de compra: Batata pre frita (12.17%)','2025-12-10 13:39:00','class=MovimentoList&method=onShow','Confirmar leitura','fas fa-audio-description','N'),(168,3,3,'Auditoria de entrada - Fornecedor: DEPOSITO DE OVO RAINHA DA PAZ Número:  1392 ','Os seguintes itens foram dados entrada com valor maior que o último preço de compra: ovos de galinha (40%)','2025-12-10 13:51:43','class=MovimentoList&method=onShow','Confirmar leitura','fas fa-audio-description','N'),(169,3,3,'Auditoria de entrada - Fornecedor: CEASA Número:  081225 ','Os seguintes itens foram dados entrada com valor maior que o último preço de compra: Acelga (35.22%), Macaxeira (25.52%)','2025-12-14 17:24:19','class=MovimentoList&method=onShow','Confirmar leitura','fas fa-audio-description','N'),(170,3,3,'Auditoria de entrada - Fornecedor: MAURICEA ALIMENTOS DO NORDESTE LTDA Número:  2873951 ','Os seguintes itens foram dados entrada com valor maior que o último preço de compra: Meio de asa (13.56%)','2025-12-17 11:00:59','class=MovimentoList&method=onShow','Confirmar leitura','fas fa-audio-description','N'),(171,3,3,'Auditoria de entrada - Fornecedor: INDUSTRIA DE BEBIDAS IGARASSU LTDA Número:  450713 ','Os seguintes itens foram dados entrada com valor maior que o último preço de compra: Heineken long neck 330ml  (52.18%), Heineken zero long neck (34.37%)','2025-12-17 11:16:44','class=MovimentoList&method=onShow','Confirmar leitura','fas fa-audio-description','N'),(172,3,3,'Auditoria de entrada - Fornecedor: SUPERMERCADO Número:  12165 ','Os seguintes itens foram dados entrada com valor maior que o último preço de compra: Tomate (20.16%), Limão  (89.35%)','2025-12-17 11:29:10','class=MovimentoList&method=onShow','Confirmar leitura','fas fa-audio-description','N'),(173,3,3,'Auditoria de entrada - Fornecedor: SUPERMERCADO Número:  12165 ','Os seguintes itens foram dados entrada com valor maior que o último preço de compra: Tomate (20.16%), Limão  (89.35%)','2025-12-17 11:29:25','class=MovimentoList&method=onShow','Confirmar leitura','fas fa-audio-description','N'),(174,3,3,'Auditoria de entrada - Fornecedor: CEASA Número:  131225 ','Os seguintes itens foram dados entrada com valor maior que o último preço de compra: Corante Amarelo 500gr (25%), Amido de milho (maizena) (2268.42%)','2025-12-17 12:09:47','class=MovimentoList&method=onShow','Confirmar leitura','fas fa-audio-description','N'),(175,3,3,'Auditoria de entrada - Fornecedor: CEASA Número:  131225 ','Os seguintes itens foram dados entrada com valor maior que o último preço de compra: Corante Amarelo 500gr (25%), Amido de milho (maizena) (2268.42%)','2025-12-17 12:10:10','class=MovimentoList&method=onShow','Confirmar leitura','fas fa-audio-description','N'),(176,3,3,'Auditoria de entrada - Fornecedor: CEASA Número:  131225 ','Os seguintes itens foram dados entrada com valor maior que o último preço de compra: Corante Amarelo 500gr (25%), Amido de milho (maizena) (2268.42%)','2025-12-17 12:10:16','class=MovimentoList&method=onShow','Confirmar leitura','fas fa-audio-description','N'),(177,3,3,'Auditoria de entrada - Fornecedor: CEASA Número:  131225 ','Os seguintes itens foram dados entrada com valor maior que o último preço de compra: Corante Amarelo 500gr (25%), Amido de milho (maizena) (2268.42%)','2025-12-17 12:10:29','class=MovimentoList&method=onShow','Confirmar leitura','fas fa-audio-description','N'),(178,3,3,'Auditoria de entrada - Fornecedor: CEASA Número:  131225 ','Os seguintes itens foram dados entrada com valor maior que o último preço de compra: Corante Amarelo 500gr (25%), Amido de milho (maizena) (2268.42%)','2025-12-17 12:21:48','class=MovimentoList&method=onShow','Confirmar leitura','fas fa-audio-description','N'),(179,3,3,'Auditoria de entrada - Fornecedor: CEASA Número:  131225 ','Os seguintes itens foram dados entrada com valor maior que o último preço de compra: Corante Amarelo 500gr (25%), Amido de milho (maizena) (2268.42%)','2025-12-17 12:22:05','class=MovimentoList&method=onShow','Confirmar leitura','fas fa-audio-description','N'),(180,3,3,'Auditoria de entrada - Fornecedor: CEASA Número:  131225 ','Os seguintes itens foram dados entrada com valor maior que o último preço de compra: Corante Amarelo 500gr (25%), Amido de milho (maizena) (2268.42%)','2025-12-17 12:33:44','class=MovimentoList&method=onShow','Confirmar leitura','fas fa-audio-description','N'),(181,3,3,'Auditoria de entrada - Fornecedor: CEASA Número:  131225 ','Os seguintes itens foram dados entrada com valor maior que o último preço de compra: Corante Amarelo 500gr (25%), Amido de milho (maizena) (2268.42%)','2025-12-17 12:44:45','class=MovimentoList&method=onShow','Confirmar leitura','fas fa-audio-description','N'),(182,3,3,'Auditoria de entrada - Fornecedor: CEASA Número:  151225 ','Os seguintes itens foram dados entrada com valor maior que o último preço de compra: Chuchu (49.07%), Cenoura (16.92%), Cebola branca (20%), Alho (13.21%)','2025-12-17 13:21:07','class=MovimentoList&method=onShow','Confirmar leitura','fas fa-audio-description','N'),(183,3,3,'Auditoria de entrada - Fornecedor: CEASA Número:  221225 ','Os seguintes itens foram dados entrada com valor maior que o último preço de compra: Repolho branco (16.83%), Chuchu (48.45%), Pimentão (39.57%), Laranja (12.5%)','2025-12-24 11:15:18','class=MovimentoList&method=onShow','Confirmar leitura','fas fa-audio-description','N'),(184,3,3,'Auditoria de entrada - Fornecedor: SUPERMERCADO Número:  119353 ','Os seguintes itens foram dados entrada com valor maior que o último preço de compra: Coca cola lata 350ml (25.45%), Coca cola zero 350ml (31.01%), Agua h2o limao (19.8%)','2025-12-24 11:52:57','class=MovimentoList&method=onShow','Confirmar leitura','fas fa-audio-description','N'),(185,3,3,'Auditoria de entrada - Fornecedor: SUPERMERCADO Número:  119353 ','Os seguintes itens foram dados entrada com valor maior que o último preço de compra: Coca cola lata 350ml (25.45%), Coca cola zero 350ml (31.01%), Agua h2o limao (19.8%)','2025-12-24 11:54:58','class=MovimentoList&method=onShow','Confirmar leitura','fas fa-audio-description','N'),(186,3,3,'Auditoria de entrada - Fornecedor: DISAL DISTRIBUIDORA DE ALIMENTOS LTDA Número:  239381 ','Os seguintes itens foram dados entrada com valor maior que o último preço de compra: GERGELIM  (12.44%)','2025-12-24 12:10:23','class=MovimentoList&method=onShow','Confirmar leitura','fas fa-audio-description','N'),(187,3,3,'Auditoria de entrada - Fornecedor: KarneKeijo Logistica Integrada LTDA Número:  5819150 ','Os seguintes itens foram dados entrada com valor maior que o último preço de compra: Kani kama (300.06%)','2025-12-24 12:28:51','class=MovimentoList&method=onShow','Confirmar leitura','fas fa-audio-description','N'),(188,3,3,'Auditoria de entrada - Fornecedor: DGV COMERCIO DE ALIMENTOS LTDA Número:  42415 ','Os seguintes itens foram dados entrada com valor maior que o último preço de compra: Salmão fresco (22.65%)','2025-12-24 12:40:17','class=MovimentoList&method=onShow','Confirmar leitura','fas fa-audio-description','N'),(189,3,3,'Auditoria de entrada - Fornecedor: SUPERMERCADO Número:  13883 ','Os seguintes itens foram dados entrada com valor maior que o último preço de compra: Tomate (50.34%)','2025-12-29 13:36:40','class=MovimentoList&method=onShow','Confirmar leitura','fas fa-audio-description','N'),(190,3,3,'Auditoria de entrada - Fornecedor: Frigorifico Jahu Ltda - Filial Pina Número:  134063 ','Os seguintes itens foram dados entrada com valor maior que o último preço de compra: Salmão fresco (11.98%)','2026-01-03 13:33:07','class=MovimentoList&method=onShow','Confirmar leitura','fas fa-audio-description','N'),(191,3,3,'Auditoria de entrada - Fornecedor: CAMIL ALIMENTOS S/A Número:  0286076 ','Os seguintes itens foram dados entrada com valor maior que o último preço de compra: Arroz Branco (12.75%)','2026-01-03 13:38:06','class=MovimentoList&method=onShow','Confirmar leitura','fas fa-audio-description','N'),(192,3,3,'Auditoria de entrada - Fornecedor: CEASA Número:  301225 ','Os seguintes itens foram dados entrada com valor maior que o último preço de compra: Acelga (40.57%)','2026-01-03 13:46:44','class=MovimentoList&method=onShow','Confirmar leitura','fas fa-audio-description','N'),(193,3,3,'Auditoria de entrada - Fornecedor: CEASA Número:  050125 ','Os seguintes itens foram dados entrada com valor maior que o último preço de compra: Acelga (11.74%), Abacaxi (25%)','2026-01-07 13:11:21','class=MovimentoList&method=onShow','Confirmar leitura','fas fa-audio-description','N'),(194,3,3,'Auditoria de entrada - Fornecedor: KarneKeijo Logistica Integrada LTDA Número:  5839402 ','Os seguintes itens foram dados entrada com valor maior que o último preço de compra: apresuntado (80.82%)','2026-01-13 21:11:40','class=MovimentoList&method=onShow','Confirmar leitura','fas fa-audio-description','N'),(195,3,3,'Auditoria de entrada - Fornecedor: DEGUSTA DELICIAS GELADAS GESTORA DE ATIVOS LTDA Número:  12934 ','Os seguintes itens foram dados entrada com valor maior que o último preço de compra: CX PALETA DOCE DE LEITE 18 UND - DEGUSTA (11.15%)','2026-01-13 21:13:20','class=MovimentoList&method=onShow','Confirmar leitura','fas fa-audio-description','N'),(196,3,3,'Auditoria de entrada - Fornecedor: CEASA Número:  120126 ','Os seguintes itens foram dados entrada com valor maior que o último preço de compra: Chuchu (249.14%), Limão  (131.95%)','2026-01-14 21:11:49','class=MovimentoList&method=onShow','Confirmar leitura','fas fa-audio-description','N'),(197,3,3,'Auditoria de entrada - Fornecedor: CEASA Número:  120126 ','Os seguintes itens foram dados entrada com valor maior que o último preço de compra: Chuchu (249.14%), Limão  (131.95%)','2026-01-14 21:12:03','class=MovimentoList&method=onShow','Confirmar leitura','fas fa-audio-description','N'),(198,3,3,'Auditoria de entrada - Fornecedor: NORSA REFRIGERANTES S.A Número:  4087809 ','Os seguintes itens foram dados entrada com valor maior que o último preço de compra: Coca cola 1 litro (10.54%), Coca cola zero 1 litro (10.48%), Agua mineral sem gas (11.73%)','2026-01-15 12:33:45','class=MovimentoList&method=onShow','Confirmar leitura','fas fa-audio-description','N'),(199,3,3,'Auditoria de entrada - Fornecedor: CEASA Número:  150126 ','Os seguintes itens foram dados entrada com valor maior que o último preço de compra: Embalagem sunomono (21.88%), Saco de lixo fino 60litros (11.11%)','2026-01-17 20:52:43','class=MovimentoList&method=onShow','Confirmar leitura','fas fa-audio-description','N'),(200,3,3,'Auditoria de entrada - Fornecedor: CEASA Número:  150126 ','Os seguintes itens foram dados entrada com valor maior que o último preço de compra: Embalagem sunomono (21.88%), Saco de lixo fino 60litros (11.11%)','2026-01-17 20:52:58','class=MovimentoList&method=onShow','Confirmar leitura','fas fa-audio-description','N'),(201,3,3,'Auditoria de entrada - Fornecedor: CEASA Número:  150126 ','Os seguintes itens foram dados entrada com valor maior que o último preço de compra: Embalagem sunomono (21.88%), Saco de lixo fino 60litros (11.11%), floco de milho 500gr (35.71%), farinha de trigo 1kg (10.03%)','2026-01-18 16:30:47','class=MovimentoList&method=onShow','Confirmar leitura','fas fa-audio-description','N'),(202,3,3,'Auditoria de entrada - Fornecedor: CEASA Número:  150126 ','Os seguintes itens foram dados entrada com valor maior que o último preço de compra: Embalagem sunomono (21.88%), Saco de lixo fino 60litros (11.11%), floco de milho 500gr (35.71%), farinha de trigo 1kg (10.03%)','2026-01-18 16:33:07','class=MovimentoList&method=onShow','Confirmar leitura','fas fa-audio-description','N'),(203,3,3,'Auditoria de entrada - Fornecedor: CEASA Número:  150126 ','Os seguintes itens foram dados entrada com valor maior que o último preço de compra: Embalagem sunomono (21.88%), Saco de lixo fino 60litros (11.11%), floco de milho 500gr (35.71%), farinha de trigo 1kg (10.03%)','2026-01-18 16:34:23','class=MovimentoList&method=onShow','Confirmar leitura','fas fa-audio-description','N'),(204,3,3,'Auditoria de entrada - Fornecedor: CEASA Número:  150126 ','Os seguintes itens foram dados entrada com valor maior que o último preço de compra: Embalagem sunomono (21.88%), Saco de lixo fino 60litros (11.11%), floco de milho 500gr (35.71%), farinha de trigo 1kg (10.03%)','2026-01-18 16:35:43','class=MovimentoList&method=onShow','Confirmar leitura','fas fa-audio-description','N'),(205,3,3,'Auditoria de entrada - Fornecedor: CEASA Número:  150126 ','Os seguintes itens foram dados entrada com valor maior que o último preço de compra: Embalagem sunomono (21.88%), Saco de lixo fino 60litros (11.11%), floco de milho 500gr (35.71%), farinha de trigo 1kg (10.03%)','2026-01-18 16:36:00','class=MovimentoList&method=onShow','Confirmar leitura','fas fa-audio-description','N'),(206,3,3,'Auditoria de entrada - Fornecedor: CEASA Número:  150126 ','Os seguintes itens foram dados entrada com valor maior que o último preço de compra: Embalagem sunomono (21.88%), Saco de lixo fino 60litros (11.11%), floco de milho 500gr (35.71%), farinha de trigo 1kg (10.03%)','2026-01-18 16:36:33','class=MovimentoList&method=onShow','Confirmar leitura','fas fa-audio-description','N'),(207,3,3,'Auditoria de entrada - Fornecedor: CEASA Número:  150126 ','Os seguintes itens foram dados entrada com valor maior que o último preço de compra: Embalagem sunomono (21.88%), Saco de lixo fino 60litros (11.11%), floco de milho 500gr (35.71%), farinha de trigo 1kg (10.03%), Acelga (15.99%), Cenoura (16.17%), Cebola branca (37.44%)','2026-01-18 21:10:28','class=MovimentoList&method=onShow','Confirmar leitura','fas fa-audio-description','N'),(208,3,3,'Auditoria de entrada - Fornecedor: CEASA Número:  150126 ','Os seguintes itens foram dados entrada com valor maior que o último preço de compra: Embalagem sunomono (21.88%), Saco de lixo fino 60litros (11.11%), floco de milho 500gr (35.71%), farinha de trigo 1kg (10.03%), Acelga (15.99%), Cenoura (16.17%), Cebola branca (37.44%)','2026-01-18 21:13:40','class=MovimentoList&method=onShow','Confirmar leitura','fas fa-audio-description','N'),(209,3,3,'Auditoria de entrada - Fornecedor: CEASA Número:  150126 ','Os seguintes itens foram dados entrada com valor maior que o último preço de compra: Embalagem sunomono (21.88%), Saco de lixo fino 60litros (11.11%), floco de milho 500gr (35.71%), farinha de trigo 1kg (10.03%), Acelga (15.99%), Cenoura (16.17%), Cebola branca (37.44%)','2026-01-18 21:14:01','class=MovimentoList&method=onShow','Confirmar leitura','fas fa-audio-description','N'),(210,3,3,'Auditoria de entrada - Fornecedor: KarneKeijo Logistica Integrada LTDA Número:  5845518 ','Os seguintes itens foram dados entrada com valor maior que o último preço de compra: Costela boi em tira (15.48%)','2026-01-24 12:42:51','class=MovimentoList&method=onShow','Confirmar leitura','fas fa-audio-description','N'),(211,3,3,'Auditoria de entrada - Fornecedor: KarneKeijo Logistica Integrada LTDA Número:  5845518 ','Os seguintes itens foram dados entrada com valor maior que o último preço de compra: Costela boi em tira (15.48%)','2026-01-24 12:43:27','class=MovimentoList&method=onShow','Confirmar leitura','fas fa-audio-description','N'),(212,3,3,'Auditoria de entrada - Fornecedor: BUNGE ALIMENTOS S/A Número:  953854 ','Os seguintes itens foram dados entrada com valor maior que o último preço de compra: Farinha trigo 25kg (13.72%)','2026-01-24 13:09:22','class=MovimentoList&method=onShow','Confirmar leitura','fas fa-audio-description','N'),(213,3,3,'Auditoria de entrada - Fornecedor: CEASA Número:  150126 ','Os seguintes itens foram dados entrada com valor maior que o último preço de compra: Embalagem sunomono (21.88%), Saco de lixo fino 60litros (11.11%), floco de milho 500gr (35.71%), farinha de trigo 1kg (10.03%), Acelga (15.99%), Cenoura (16.17%), Cebola branca (37.44%)','2026-01-24 13:13:56','class=MovimentoList&method=onShow','Confirmar leitura','fas fa-audio-description','N'),(214,3,3,'Auditoria de entrada - Fornecedor: Doce Fruta Industria E Comercio Ltda Número:  4551 ','Os seguintes itens foram dados entrada com valor maior que o último preço de compra: Polpa graviola (12.5%)','2026-01-24 13:20:25','class=MovimentoList&method=onShow','Confirmar leitura','fas fa-audio-description','N');

--
-- Table structure for table `system_preference`
--

CREATE TABLE `system_preference` (
  `id` varchar(255) NOT NULL,
  `preference` text DEFAULT NULL,
  PRIMARY KEY (`id`)
) ENGINE=InnoDB DEFAULT CHARSET=utf8mb3 COLLATE=utf8mb3_unicode_ci;

--
-- Dumping data for table `system_preference`
--

INSERT INTO `system_preference` (`id`, `preference`) VALUES ('1_user_datagrid_properties','{\"MovimentoContasPagarList\":{\"hideColumns\":[],\"pageLimit\":10},\"MovimentoContasReceberList\":{\"hideColumns\":[],\"pageLimit\":10}}'),('builder_user_themes','{\"1\":\"dark\",\"3\":\"light\",\"4\":\"light\"}');

--
-- Table structure for table `system_program`
--

CREATE TABLE `system_program` (
  `id` int(11) NOT NULL,
  `name` text NOT NULL,
  `controller` text NOT NULL,
  `actions` text DEFAULT NULL,
  PRIMARY KEY (`id`)
) ENGINE=InnoDB DEFAULT CHARSET=utf8mb3 COLLATE=utf8mb3_unicode_ci;

--
-- Dumping data for table `system_program`
--

INSERT INTO `system_program` (`id`, `name`, `controller`, `actions`) VALUES (1,'System Group Form','SystemGroupForm',NULL),(2,'System Group List','SystemGroupList',NULL),(3,'System Program Form','SystemProgramForm',NULL),(4,'System Program List','SystemProgramList',NULL),(5,'System User Form','SystemUserForm',NULL),(6,'System User List','SystemUserList',NULL),(7,'Common Page','CommonPage',NULL),(8,'System PHP Info','SystemPHPInfoView',NULL),(9,'System ChangeLog View','SystemChangeLogView',NULL),(10,'Welcome View','WelcomeView',NULL),(11,'System Sql Log','SystemSqlLogList',NULL),(12,'System Profile View','SystemProfileView',NULL),(13,'System Profile Form','SystemProfileForm',NULL),(14,'System SQL Panel','SystemSQLPanel',NULL),(15,'System Access Log','SystemAccessLogList',NULL),(16,'System Message Form','SystemMessageForm',NULL),(17,'System Message List','SystemMessageList',NULL),(18,'System Message Form View','SystemMessageFormView',NULL),(19,'System Notification List','SystemNotificationList',NULL),(20,'System Notification Form View','SystemNotificationFormView',NULL),(21,'System Document Category List','SystemDocumentCategoryFormList',NULL),(22,'System Document Form','SystemDocumentForm',NULL),(23,'System Document Upload Form','SystemDocumentUploadForm',NULL),(24,'System Document List','SystemDocumentList',NULL),(25,'System Shared Document List','SystemSharedDocumentList',NULL),(26,'System Unit Form','SystemUnitForm',NULL),(27,'System Unit List','SystemUnitList',NULL),(28,'System Access stats','SystemAccessLogStats',NULL),(29,'System Preference form','SystemPreferenceForm',NULL),(30,'System Support form','SystemSupportForm',NULL),(31,'System PHP Error','SystemPHPErrorLogView',NULL),(32,'System Database Browser','SystemDatabaseExplorer',NULL),(33,'System Table List','SystemTableList',NULL),(34,'System Data Browser','SystemDataBrowser',NULL),(35,'System Menu Editor','SystemMenuEditor',NULL),(36,'System Request Log','SystemRequestLogList',NULL),(37,'System Request Log View','SystemRequestLogView',NULL),(38,'System Administration Dashboard','SystemAdministrationDashboard',NULL),(39,'System Log Dashboard','SystemLogDashboard',NULL),(40,'System Session dump','SystemSessionDumpView',NULL),(41,'Files diff','SystemFilesDiff',NULL),(42,'System Information','SystemInformationView',NULL),(43,'Ajuste Custo Medio Form','AjusteCustoMedioForm',NULL),(44,'Ajuste Custo Medio List','AjusteCustoMedioList',NULL),(45,'Ajuste Saldo Estoque Form','AjusteSaldoEstoqueForm',NULL),(46,'Ajuste Saldo Estoque List','AjusteSaldoEstoqueList',NULL),(47,'Auditoria List','AuditoriaList',NULL),(48,'Baixa Movimento Financeiro','BaixaMovimentoFinanceiro',NULL),(49,'Baixa Movimento Financeiro Receber','BaixaMovimentoFinanceiroReceber',NULL),(50,'Baixa Movimento Financeiro Receber2','BaixaMovimentoFinanceiroReceber2',NULL),(51,'Categoria Form','CategoriaForm',NULL),(52,'Categoria List','CategoriaList',NULL),(53,'Cliente Fornecedor Form','ClienteFornecedorForm',NULL),(54,'Cliente Fornecedor List','ClienteFornecedorList',NULL),(55,'Configuracao Form','ConfiguracaoForm',NULL),(56,'Configuracao List','ConfiguracaoList',NULL),(57,'Contas Form','ContasForm',NULL),(58,'Contas List','ContasList',NULL),(59,'Contas Pagar Entrada','ContasPagarEntrada',NULL),(60,'Contas Receber Saida','ContasReceberSaida',NULL),(61,'Dashboard Estoque','DashboardEstoque',NULL),(62,'Dashboard Financeiro','DashboardFinanceiro',NULL),(63,'Estoque Form','EstoqueForm',NULL),(64,'Estoque List','EstoqueList',NULL),(65,'Fechamento Mes Form','FechamentoMesForm',NULL),(66,'Fechamento Mes List','FechamentoMesList',NULL),(67,'Ficha Tecnica Form','FichaTecnicaForm',NULL),(68,'Ficha Tecnica List','FichaTecnicaList',NULL),(69,'Filtro Analitico Despesas','FiltroAnaliticoDespesas',NULL),(70,'Filtro Resumo Plano Contas','FiltroResumoPlanoContas',NULL),(71,'Historico Compras List','HistoricoComprasList',NULL),(72,'Item Form','ItemForm',NULL),(73,'Item List','ItemList',NULL),(74,'Itens Fichatecnica Form','ItensFichatecnicaForm',NULL),(75,'Itens Fichatecnica List','ItensFichatecnicaList',NULL),(76,'Itens Movimento Form','ItensMovimentoForm',NULL),(77,'Itens Movimento List','ItensMovimentoList',NULL),(78,'Mov Bancaria List','MovBancariaList',NULL),(79,'Movimento Balanco Form','MovimentoBalancoForm',NULL),(80,'Movimento Contas Pagar List','MovimentoContasPagarList',NULL),(81,'Movimento Contas Receber List','MovimentoContasReceberList',NULL),(82,'Movimento Entrada Form','MovimentoEntradaForm',NULL),(83,'Movimento Financeiro Pagar Form','MovimentoFinanceiroPagarForm',NULL),(84,'Movimento Financeiro Receber Form','MovimentoFinanceiroReceberForm',NULL),(85,'Movimento Form View','MovimentoFormView',NULL),(86,'Movimento List','MovimentoList',NULL),(87,'Movimento Requisicao Form','MovimentoRequisicaoForm',NULL),(88,'Movimento Saida Form','MovimentoSaidaForm',NULL),(89,'Movimento Transferencia Form','MovimentoTransferenciaForm',NULL),(90,'Pcn1Form','Pcn1Form',NULL),(91,'Pcn1List','Pcn1List',NULL),(92,'Pcn2Form','Pcn2Form',NULL),(93,'Pcn2List','Pcn2List',NULL),(94,'Processamento Form','ProcessamentoForm',NULL),(95,'Processamento List','ProcessamentoList',NULL),(96,'Quitar Conta Pagar Lote Form','QuitarContaPagarLoteForm',NULL),(97,'Quitar Conta Receber Lote Form','QuitarContaReceberLoteForm',NULL),(98,'Rateio Simple List','RateioSimpleList',NULL),(99,'Sub Categoria Form','SubCategoriaForm',NULL),(100,'Tipo Documento Form','TipoDocumentoForm',NULL),(101,'Tipo Documento List','TipoDocumentoList',NULL),(102,'Transferencia Bancaria Form','TransferenciaBancariaForm',NULL),(103,'Transferencia Bancaria List','TransferenciaBancariaList',NULL),(104,'Transferencia Itens Pela Listagem','TransferenciaItensPelaListagem',NULL),(105,'Vendas Form','VendasForm',NULL),(106,'Vendas List','VendasList',NULL),(107,'Relatório Diário','RelatorioDiario',NULL),(108,'Rel_conta_bancaria','Rel_conta_bancaria',NULL),(109,'Movimento List Ordem Compras','MovimentoListOrdemCompras',NULL),(110,'Estoque Itens Simple List','EstoqueItensSimpleList',NULL),(111,'Form de adicionar usuário ao grupo de chat','SystemAddUserGroupForm',NULL),(112,'Form para iniciar um chat','SystemNewChatForm',NULL),(113,'Form para iniciar um chat em grupo','SystemNewChatGroupForm',NULL),(114,'Listagem para monitorar usuários online','SystemUserMonitorHeaderList',NULL),(115,'Formulário de imoportação de registros','SystemDataImportForm',NULL),(116,'escolheParcelasform','MovimentoForm',NULL),(117,'selecionaParcelas','MovBancariaForm',NULL),(118,'Emissão movimento','MovimentoEntradaDocument',NULL),(119,'Parcelas','parcelasEstoque',NULL),(120,'Emissão transferência','MovimentoTransferenciaDocument',NULL),(121,'Emissão saída','MovimentoSaidaDocument',NULL),(122,'Saldo estoque','EstoqueItensHeaderList',NULL),(123,'Emissão balanço','MovimentoBalancoDocument',NULL),(124,'Emissão ordem de compra','MovimentoOrdemCompraDocument',NULL),(125,'Emissão requisição','MovimentoRequisicaoDocument',NULL),(126,'Manifesto em lote','ManifestoLote',NULL),(127,'Manifesto NFE','ManifestoNFE',NULL),(128,'Painel NFe','PainelEntradaList',NULL),(129,'Cadastro de associação','FornecedorCodigoTempForm',NULL),(130,'Cadastro de associação','FornecedorCodigoTempHeaderList',NULL),(131,'Cadastro de empresa','EmpresaForm',NULL),(132,'Empresa','EmpresaSimpleList',NULL),(133,'Cadastro de associação','FornecedorCodigoForm',NULL),(134,'Associação ','FornecedorCodigoHeaderList',NULL),(135,'Cadastro de cfop','CfopForm',NULL),(136,'Cfops','CfopHeaderList',NULL),(137,'Movimento Document','MovimentoDocument',NULL),(138,'Estoque Fisico Report','EstoqueFisicoReport',NULL),(139,'Histórico de Transferência Analítica ','TransferenciaReport',NULL),(140,'Histórico de compra ( fornecedor )','HistoricoCompraFornecedorReport',NULL),(141,'Requisições Analítica ','RequisicaoReport',NULL),(142,'Histórico de compra ( categoria )','HistoricoCompraCategoriaReport',NULL),(143,'Consumo/Estoque Inicial','EConsumoincialReport',NULL),(144,'Relatório de Receitas Sintéticas','RelReceitaSinteticaReport',NULL),(145,'Relatório de Despesas Analíticas','RelDespesasAnaliticaReport',NULL),(146,'Histórico de compra ( fornecedor )','EHistoricoCompraFornecedorReport',NULL),(147,'Histórico de compra ( categoria )','EHistoricoCompraCategReport',NULL),(148,'Relatório de Despesas Sintéticas','RelDespesaSinteticaReport',NULL),(149,'Ficha Técnica','FtForm',NULL),(150,'Ficha Técnica','FtList',NULL),(151,'Ordem de Compras','OcForm',NULL),(152,'Ordem de Compra','OcList',NULL),(153,'Lançamento dos itens','ItensMovimentoEntradaForm',NULL),(154,'Itens Entrada','ItensMovimentoEntradaSimpleList',NULL),(155,'Parcelas do movimento entrada','MovimentoParcelasEntradaForm',NULL),(156,'Parcelas da entrada ','MovimentoParcelasEntradaSimpleList',NULL),(157,'Cadastro de cidade','CidadeForm',NULL),(158,'Cidades','CidadeHeaderList',NULL),(159,'Cadastro de estado','EstadoForm',NULL),(160,'Estados','EstadoHeaderList',NULL),(161,'Despesas analíticas ','EDespesasanaliticasnewReport',NULL),(162,'Beneficiamentos','BeneficiamentoList',NULL),(163,'Cadastro de beneficiamento','BeneficiamentoForm',NULL),(164,'Consulta - Inventário de Itens','ItemConsultaReport',NULL),(165,'Resumo despesas','EDespesasresumoReport',NULL),(166,'Itens Balanço','ItensMovimentoBalancoSimpleList',NULL),(167,'Lançamento dos itens balanço','ItensMovimentoBalancoForm',NULL),(168,'Itens Saída','ItensMovimentoSaidaSimpleList',NULL),(169,'Lançamento dos itens saída','ItensMovimentoSaidaForm',NULL),(170,'Parcelas da saida','MovimentoParcelasSaidaSimpleList',NULL),(171,'Parcelas do movimento saida','MovimentoParcelasSaidaForm',NULL),(172,'Importar NFE - XML','ImportarNFE',NULL),(173,'Movimento','EstoqueDocument',NULL),(174,'Lançamento dos itens Requisicao','ItensMovimentoRequisicaoForm',NULL),(175,'Itens Requisição','ItensMovimentoRequisicaoSimpleList',NULL),(176,'Lançamento dos itens Transferência','ItensMovimentoTransferenciaForm',NULL),(177,'Itens Transferência','ItensMovimentoTransferenciaSimpleList',NULL),(178,'Lançamento de itens da ordem de compra','ItensOcForm',NULL),(179,'Itens ordem de compra','ItensOcSimpleList',NULL),(180,'Ordem de compra','OcDocument',NULL),(181,'Importar OC','ImportarOcForm',NULL),(182,'Fechamento mensal','FechamentoMensalForm',NULL),(183,'Fechamento mensal','FechamentoMensalList',NULL),(184,'Despesas semestral','EComparacaodespesasReport',NULL),(185,'Fechamento mensal','FechamentoMesalDocument',NULL),(186,'Itens movimento','ItensMovimentoSimpleList',NULL),(187,'Importar Movimento OC ','ImportarMovimentoOCForm',NULL),(188,'Fluxo de Caixa','FluxoCaixa',NULL);

--
-- Table structure for table `system_unit`
--

CREATE TABLE `system_unit` (
  `id` int(11) NOT NULL,
  `name` text NOT NULL,
  `connection_name` text DEFAULT NULL,
  PRIMARY KEY (`id`)
) ENGINE=InnoDB DEFAULT CHARSET=utf8mb3 COLLATE=utf8mb3_unicode_ci;

--
-- Dumping data for table `system_unit`
--

INSERT INTO `system_unit` (`id`, `name`, `connection_name`) VALUES (1,'Valong Encruzilhada','matriz'),(2,'Valong Espinheiro','matriz');

--
-- Table structure for table `system_user_group`
--

CREATE TABLE `system_user_group` (
  `id` int(11) NOT NULL,
  `system_user_id` int(11) NOT NULL,
  `system_group_id` int(11) NOT NULL,
  PRIMARY KEY (`id`),
  KEY `fk_system_user_group_system_user_id` (`system_user_id`),
  KEY `fk_system_user_group_system_group_id` (`system_group_id`),
  CONSTRAINT `fk_system_user_group_system_group_id` FOREIGN KEY (`system_group_id`) REFERENCES `system_group` (`id`),
  CONSTRAINT `fk_system_user_group_system_user_id` FOREIGN KEY (`system_user_id`) REFERENCES `system_users` (`id`)
) ENGINE=InnoDB DEFAULT CHARSET=utf8mb3 COLLATE=utf8mb3_unicode_ci;

--
-- Dumping data for table `system_user_group`
--

INSERT INTO `system_user_group` (`id`, `system_user_id`, `system_group_id`) VALUES (2,2,2),(57,4,13),(75,4,4),(76,1,1),(77,1,2),(78,1,3),(79,1,4),(80,1,5),(81,1,6),(82,1,8),(83,1,9),(84,1,10),(85,1,11),(86,1,12),(87,1,13),(88,1,14),(89,3,3),(90,3,4),(91,3,5),(92,3,6),(93,3,8),(94,3,12),(95,3,13);

--
-- Table structure for table `system_user_program`
--

CREATE TABLE `system_user_program` (
  `id` int(11) NOT NULL,
  `system_user_id` int(11) NOT NULL,
  `system_program_id` int(11) NOT NULL,
  PRIMARY KEY (`id`),
  KEY `fk_system_user_program_system_user_id` (`system_user_id`),
  KEY `fk_system_user_program_system_program_id` (`system_program_id`),
  CONSTRAINT `fk_system_user_program_system_program_id` FOREIGN KEY (`system_program_id`) REFERENCES `system_program` (`id`),
  CONSTRAINT `fk_system_user_program_system_user_id` FOREIGN KEY (`system_user_id`) REFERENCES `system_users` (`id`)
) ENGINE=InnoDB DEFAULT CHARSET=utf8mb3 COLLATE=utf8mb3_unicode_ci;

--
-- Dumping data for table `system_user_program`
--

INSERT INTO `system_user_program` (`id`, `system_user_id`, `system_program_id`) VALUES (1,2,7),(417,4,62),(418,1,1),(419,1,2),(420,1,3),(421,1,4),(422,1,5),(423,1,6),(424,1,7),(425,1,8),(426,1,9),(427,1,10),(428,1,11),(429,1,12),(430,1,13),(431,1,14),(432,1,15),(433,1,16),(434,1,17),(435,1,18),(436,1,19),(437,1,20),(438,1,21),(439,1,22),(440,1,23),(441,1,24),(442,1,25),(443,1,26),(444,1,27),(445,1,28),(446,1,29),(447,1,30),(448,1,31),(449,1,32),(450,1,33),(451,1,34),(452,1,35),(453,1,36),(454,1,37),(455,1,38),(456,1,39),(457,1,40),(458,1,41),(459,1,42),(460,1,43),(461,1,44),(462,1,45),(463,1,46),(464,1,47),(465,1,48),(466,1,49),(467,1,50),(468,1,51),(469,1,52),(470,1,53),(471,1,54),(472,1,55),(473,1,56),(474,1,57),(475,1,58),(476,1,59),(477,1,60),(478,1,61),(479,1,62),(480,1,63),(481,1,64),(482,1,65),(483,1,66),(484,1,67),(485,1,68),(486,1,69),(487,1,70),(488,1,71),(489,1,72),(490,1,73),(491,1,74),(492,1,75),(493,1,76),(494,1,77),(495,1,78),(496,1,79),(497,1,80),(498,1,81),(499,1,82),(500,1,83),(501,1,84),(502,1,85),(503,1,86),(504,1,87),(505,1,88),(506,1,89),(507,1,90),(508,1,91),(509,1,92),(510,1,93),(511,1,94),(512,1,95),(513,1,96),(514,1,97),(515,1,98),(516,1,99),(517,1,100),(518,1,101),(519,1,102),(520,1,103),(521,1,104),(522,1,105),(523,1,106),(524,1,107),(525,1,108),(526,1,109),(527,1,110),(528,1,111),(529,1,112),(530,1,113),(531,1,114),(532,1,115),(533,1,116),(534,1,117),(535,1,118),(536,1,119),(537,1,120),(538,1,121),(539,1,122),(540,1,123),(541,1,124),(542,1,125),(543,1,126),(544,1,127),(545,1,128),(546,1,129),(547,1,130),(548,1,131),(549,1,132),(550,1,133),(551,1,134),(552,1,135),(553,1,136),(554,1,137),(555,1,144),(556,1,145),(557,1,148),(558,1,182),(559,1,183),(560,1,185),(561,3,12),(562,3,13),(563,3,65),(564,3,66),(565,3,182),(566,3,183),(567,3,185);

--
-- Table structure for table `system_user_unit`
--

CREATE TABLE `system_user_unit` (
  `id` int(11) NOT NULL,
  `system_user_id` int(11) NOT NULL,
  `system_unit_id` int(11) NOT NULL,
  PRIMARY KEY (`id`),
  KEY `fk_system_user_unit_system_user_id` (`system_user_id`),
  KEY `fk_system_user_unit_system_unit_id` (`system_unit_id`),
  CONSTRAINT `fk_system_user_unit_system_unit_id` FOREIGN KEY (`system_unit_id`) REFERENCES `system_unit` (`id`),
  CONSTRAINT `fk_system_user_unit_system_user_id` FOREIGN KEY (`system_user_id`) REFERENCES `system_users` (`id`)
) ENGINE=InnoDB DEFAULT CHARSET=utf8mb3 COLLATE=utf8mb3_unicode_ci;

--
-- Dumping data for table `system_user_unit`
--

INSERT INTO `system_user_unit` (`id`, `system_user_id`, `system_unit_id`) VALUES (9,4,1),(10,1,1),(11,1,2),(12,3,1);

--
-- Table structure for table `tipo_conta`
--

CREATE TABLE `tipo_conta` (
  `idtipo_conta` int(11) NOT NULL AUTO_INCREMENT,
  `descricao` varchar(30) NOT NULL,
  PRIMARY KEY (`idtipo_conta`)
) ENGINE=InnoDB AUTO_INCREMENT=6 DEFAULT CHARSET=utf8mb3 COLLATE=utf8mb3_unicode_ci;

--
-- Dumping data for table `tipo_conta`
--

INSERT INTO `tipo_conta` (`idtipo_conta`, `descricao`) VALUES (1,'Dinheiro'),(2,'Conta Corrente'),(3,'Poupança'),(4,'Investimento'),(5,'Outros');

--
-- Table structure for table `tipo_documento`
--

CREATE TABLE `tipo_documento` (
  `id` int(11) NOT NULL AUTO_INCREMENT,
  `tipo_movimento_id` int(11) NOT NULL,
  `idempresa` int(11) NOT NULL,
  `nome` varchar(50) NOT NULL,
  `created_at` datetime DEFAULT NULL,
  `gera_financeiro` char(1) NOT NULL,
  `contabil` char(1) NOT NULL,
  PRIMARY KEY (`id`),
  KEY `fk_tipo_documento_tipo_movimento_id` (`tipo_movimento_id`),
  KEY `fk_tipo_documento_idempresa` (`idempresa`),
  CONSTRAINT `fk_tipo_documento_idempresa` FOREIGN KEY (`idempresa`) REFERENCES `system_unit` (`id`),
  CONSTRAINT `fk_tipo_documento_tipo_movimento_id` FOREIGN KEY (`tipo_movimento_id`) REFERENCES `tipo_movimento` (`idtipo_movimento`)
) ENGINE=InnoDB AUTO_INCREMENT=12 DEFAULT CHARSET=utf8mb3 COLLATE=utf8mb3_unicode_ci;

--
-- Dumping data for table `tipo_documento`
--

INSERT INTO `tipo_documento` (`id`, `tipo_movimento_id`, `idempresa`, `nome`, `created_at`, `gera_financeiro`, `contabil`) VALUES (1,1,1,'Nota Fiscal','2023-06-03 00:00:00','S','S'),(2,1,1,'Cupom Fiscal','2023-06-03 00:00:00','S','S'),(3,2,1,'Venda','2023-06-03 00:00:00','S','N'),(4,3,1,'Transferência ','2023-06-03 00:00:00','N','N'),(5,1,1,'Bonificação','2023-06-03 00:00:00','N','N'),(6,2,1,'Doação','2023-06-03 00:00:00','N','N'),(7,4,1,'Requisição','2023-06-03 00:00:00','N','N'),(8,5,1,'Balanço','2023-06-03 00:00:00','N','N'),(9,6,1,'Ordem de Compra','2023-06-03 00:00:00','N','N'),(10,1,1,'Pedido','2025-06-04 14:40:09','S','N'),(11,4,1,'Perca Justificada','2025-08-02 22:16:41','N','N');

--
-- Table structure for table `tipo_financeiro`
--

CREATE TABLE `tipo_financeiro` (
  `idtipo_financeiro` int(11) NOT NULL AUTO_INCREMENT,
  `nome` varchar(20) NOT NULL,
  PRIMARY KEY (`idtipo_financeiro`)
) ENGINE=InnoDB AUTO_INCREMENT=3 DEFAULT CHARSET=utf8mb3 COLLATE=utf8mb3_unicode_ci;

--
-- Dumping data for table `tipo_financeiro`
--

INSERT INTO `tipo_financeiro` (`idtipo_financeiro`, `nome`) VALUES (1,'Despesa'),(2,'Receita');

--
-- Table structure for table `tipo_movimento`
--

CREATE TABLE `tipo_movimento` (
  `idtipo_movimento` int(11) NOT NULL AUTO_INCREMENT,
  `nome` varchar(50) NOT NULL,
  PRIMARY KEY (`idtipo_movimento`)
) ENGINE=InnoDB AUTO_INCREMENT=7 DEFAULT CHARSET=utf8mb3 COLLATE=utf8mb3_unicode_ci;

--
-- Dumping data for table `tipo_movimento`
--

INSERT INTO `tipo_movimento` (`idtipo_movimento`, `nome`) VALUES (1,'Entrada'),(2,'Saída'),(3,'Transferência '),(4,'Requisição'),(5,'Balanço'),(6,'Ordem de Compra');

--
-- Table structure for table `transferencia_bancaria`
--

CREATE TABLE `transferencia_bancaria` (
  `idtransferencia_bancaria` int(11) NOT NULL AUTO_INCREMENT,
  `contas_origem_id` int(11) NOT NULL,
  `contas_destino_id` int(11) NOT NULL,
  `iduser` int(11) NOT NULL,
  `idempresa` int(11) NOT NULL,
  `descricao` varchar(50) NOT NULL,
  `data_cancelamento` datetime DEFAULT NULL,
  `status` char(1) NOT NULL DEFAULT 'A',
  `valor` double NOT NULL,
  `competencia` date NOT NULL,
  `created_at` datetime DEFAULT NULL,
  PRIMARY KEY (`idtransferencia_bancaria`),
  KEY `fk_transferencia_bancaria_contas_origem_id` (`contas_origem_id`),
  KEY `fk_transferencia_bancaria_contas_destino_id` (`contas_destino_id`),
  KEY `fk_transferencia_bancaria_iduser` (`iduser`),
  KEY `fk_transferencia_bancaria_idempresa` (`idempresa`),
  CONSTRAINT `fk_transferencia_bancaria_contas_destino_id` FOREIGN KEY (`contas_destino_id`) REFERENCES `contas_bancaria` (`id`),
  CONSTRAINT `fk_transferencia_bancaria_contas_origem_id` FOREIGN KEY (`contas_origem_id`) REFERENCES `contas_bancaria` (`id`),
  CONSTRAINT `fk_transferencia_bancaria_idempresa` FOREIGN KEY (`idempresa`) REFERENCES `system_unit` (`id`),
  CONSTRAINT `fk_transferencia_bancaria_iduser` FOREIGN KEY (`iduser`) REFERENCES `system_users` (`id`)
) ENGINE=InnoDB AUTO_INCREMENT=25 DEFAULT CHARSET=utf8mb3 COLLATE=utf8mb3_unicode_ci;

--
-- Dumping data for table `transferencia_bancaria`
--

INSERT INTO `transferencia_bancaria` (`idtransferencia_bancaria`, `contas_origem_id`, `contas_destino_id`, `iduser`, `idempresa`, `descricao`, `data_cancelamento`, `status`, `valor`, `competencia`, `created_at`) VALUES (3,10,9,1,1,'pagamento ceasa espinheiro 21/07 e 28/07',NULL,'A',1276,'2025-07-30','2025-07-30 11:54:06'),(4,10,9,1,1,'pagamento ceasa espinheiro e bv',NULL,'A',1316,'2025-08-11','2025-08-12 10:03:32'),(5,10,9,1,1,'dinheiro ceasa espinheiro/ bv 15/09',NULL,'A',930.5,'2025-09-15','2025-09-19 19:42:28'),(6,10,9,1,1,'dinheiro ceasa espinheiro/bv 22/09',NULL,'A',995,'2025-09-23','2025-09-23 13:29:44'),(7,9,10,1,1,'troco da ceasa 15/09 e 22/09',NULL,'A',579,'2025-09-23','2025-09-23 13:34:09'),(8,10,9,1,1,'dinheiro para ceasa',NULL,'A',1700,'2025-10-08','2025-10-08 13:43:15'),(9,10,9,1,1,'dinheiro ceasa 13/10',NULL,'A',1758,'2025-10-13','2025-10-15 09:11:59'),(10,10,9,1,1,'igualar saldo do dinheiro 16/10','2025-10-16 21:49:00','C',2823,'2025-10-16','2025-10-16 21:55:38'),(11,10,9,1,1,'igualar saldo dinheiro 16/10',NULL,'A',3053.5,'2025-10-16','2025-10-16 22:00:35'),(12,10,9,1,1,'ceasa 20/10','2025-10-21 13:14:00','C',0.13,'2025-10-21','2025-10-21 13:29:06'),(13,10,9,1,1,'ceasa 20/10',NULL,'A',1350,'2025-10-20','2025-10-21 13:31:44'),(14,10,9,1,1,'ceasa 27/10',NULL,'A',1350,'2025-10-27','2025-10-28 14:34:02'),(15,10,9,1,1,'ceasa 03/11',NULL,'A',1845,'2025-11-06','2025-11-06 13:51:04'),(16,10,9,1,1,'CEASA 24/11',NULL,'A',1670,'2025-11-24','2025-11-27 11:13:06'),(17,10,9,1,1,'pagamento Sérgio 30/11',NULL,'A',600,'2025-11-30','2025-12-01 22:51:23'),(18,10,9,1,1,'ceasa 15/12',NULL,'A',1883,'2025-12-15','2025-12-17 10:08:01'),(19,10,9,1,1,'pagamento sergio 600,00 23/12',NULL,'A',600,'2025-12-23','2025-12-23 12:54:53'),(20,10,9,1,1,'ceasa 29/12',NULL,'A',1678,'2025-12-29','2025-12-31 10:21:56'),(21,10,9,1,1,'a mais',NULL,'A',231.79,'2025-12-31','2025-12-31 16:19:43'),(22,10,9,1,1,'ceasa 05/01/26',NULL,'A',2000,'2026-01-06','2026-01-06 14:34:05'),(23,10,9,1,1,'igualar saldo 07/01',NULL,'A',40.5,'2026-01-07','2026-01-07 11:55:37'),(24,10,9,1,1,'ceasa 12/01/26',NULL,'A',1490,'2026-01-14','2026-01-14 21:13:22');

--
-- Table structure for table `unidade`
--

CREATE TABLE `unidade` (
  `idunidade` int(11) NOT NULL AUTO_INCREMENT,
  `nome` varchar(20) NOT NULL,
  PRIMARY KEY (`idunidade`)
) ENGINE=InnoDB AUTO_INCREMENT=23 DEFAULT CHARSET=utf8mb3 COLLATE=utf8mb3_unicode_ci;

--
-- Dumping data for table `unidade`
--

INSERT INTO `unidade` (`idunidade`, `nome`) VALUES (1,'Unidade'),(2,'Garrafa'),(3,'Bobona'),(4,'Lata'),(5,'Litro'),(6,'Molho'),(7,'M³'),(8,'M²'),(9,'Saco'),(10,'Sacola'),(11,'Caixa'),(12,'Rolo'),(13,'Bandeja'),(14,'Quilo'),(15,'Pacote'),(16,'Fardo'),(17,'Dose'),(18,'Balde'),(19,'Bombona'),(20,'Bisnaga'),(21,'Metro'),(22,'Pote');

--
-- Table structure for table `vendas`
--

CREATE TABLE `vendas` (
  `idvendas` int(11) NOT NULL AUTO_INCREMENT,
  `iduser` int(11) NOT NULL,
  `idempresa` int(11) NOT NULL,
  `valor` double NOT NULL,
  `competencia` date NOT NULL,
  `qtd_pessoas` int(11) NOT NULL,
  `media` double DEFAULT NULL,
  `origem` char(1) NOT NULL,
  `updated_at` datetime DEFAULT NULL,
  `created_at` datetime DEFAULT NULL,
  PRIMARY KEY (`idvendas`),
  KEY `fk_vendas_iduser` (`iduser`),
  KEY `fk_vendas_idempresa` (`idempresa`),
  CONSTRAINT `fk_vendas_idempresa` FOREIGN KEY (`idempresa`) REFERENCES `system_unit` (`id`),
  CONSTRAINT `fk_vendas_iduser` FOREIGN KEY (`iduser`) REFERENCES `system_users` (`id`)
) ENGINE=InnoDB AUTO_INCREMENT=2 DEFAULT CHARSET=utf8mb3 COLLATE=utf8mb3_unicode_ci;

--
-- Dumping data for table `vendas`
--


--
-- Dumping events for database 'noss2142_valong'
--

--
-- Dumping routines for database 'noss2142_valong'
--


